Aug 31 12:40:45.468846 dv-cinder-806696-1-iscsi neutron-server[75029]: DEBUG oslo_concurrency.lockutils [None req-95082d5c-9054-4dce-8f8c-1656b6602701 admin admin] Lock "event-dispatch" released by "neutron.plugins.ml2.ovo_rpc._ObjectChangeHandler.dispatch_events" :: held 0.062s {{(pid=75029) inner /usr/local/lib/python3.8/dist-packages/oslo_concurrency/lockutils.py:367}}
Aug 31 12:40:45.519456 dv-cinder-806696-1-iscsi neutron-server[75030]: DEBUG neutron.wsgi [-] (75030) accepted ('10.222.0.20', 53368) {{(pid=75030) server /usr/local/lib/python3.8/dist-packages/eventlet/wsgi.py:992}}
Aug 31 12:40:45.526015 dv-cinder-806696-1-iscsi neutron-server[75030]: WARNING keystonemiddleware.auth_token [-] A valid token was submitted as a service token, but it was not a valid service token. This is incorrect but backwards compatible behaviour. This will be removed in future releases.
Aug 31 12:40:45.528201 dv-cinder-806696-1-iscsi neutron-server[75029]: DEBUG neutron.plugins.ml2.drivers.mech_agent [None req-95082d5c-9054-4dce-8f8c-1656b6602701 admin admin] Checking segment: {'id': '1911d735-cae5-4976-89c5-730a45507b4e', 'network_type': 'vlan', 'physical_network': 'physnet1', 'segmentation_id': 705, 'network_id': 'cdf4cc4e-5ff5-4e5b-8408-33abee3fedd2'} for mappings: {'physnet1': 'br-data'} with network types: ['local', 'flat', 'vlan'] {{(pid=75029) check_segment_for_agent /opt/stack/neutron/neutron/plugins/ml2/drivers/mech_agent.py:340}}
Aug 31 12:40:45.528659 dv-cinder-806696-1-iscsi neutron-server[75029]: DEBUG neutron.scheduler.dhcp_agent_scheduler [None req-95082d5c-9054-4dce-8f8c-1656b6602701 admin admin] Network hostable DHCP agents. Network: cdf4cc4e-5ff5-4e5b-8408-33abee3fedd2, hostable agents: ['3f9bf542-32f0-4f92-befb-5112ca66dc8d'], hosted agents: [] {{(pid=75029) _get_network_hostable_dhcp_agents /opt/stack/neutron/neutron/scheduler/dhcp_agent_scheduler.py:329}}
Aug 31 12:40:45.558079 dv-cinder-806696-1-iscsi neutron-server[75029]: DEBUG neutron.scheduler.dhcp_agent_scheduler [None req-95082d5c-9054-4dce-8f8c-1656b6602701 admin admin] Network cdf4cc4e-5ff5-4e5b-8408-33abee3fedd2 is scheduled to be hosted by DHCP agent 3f9bf542-32f0-4f92-befb-5112ca66dc8d with binding_index 1 {{(pid=75029) bind /opt/stack/neutron/neutron/scheduler/dhcp_agent_scheduler.py:227}}
Aug 31 12:40:45.565469 dv-cinder-806696-1-iscsi neutron-server[75030]: DEBUG neutron_lib.callbacks.manager [None req-2890244b-b703-41fd-a349-6042f7d006ad admin admin] Notify callbacks ['neutron.plugins.ml2.plugin.SecurityGroupDbMixin._ensure_default_security_group_handler-3716159'] for network, before_create {{(pid=75030) _notify_loop /usr/local/lib/python3.8/dist-packages/neutron_lib/callbacks/manager.py:192}}
Aug 31 12:40:45.574476 dv-cinder-806696-1-iscsi neutron-server[75029]: DEBUG neutron.scheduler.base_scheduler [None req-95082d5c-9054-4dce-8f8c-1656b6602701 admin admin] Resources bound (agent type, host, resource id): (DHCP agent, dv-cinder-806696-1-iscsi, cdf4cc4e-5ff5-4e5b-8408-33abee3fedd2) {{(pid=75029) schedule /opt/stack/neutron/neutron/scheduler/base_scheduler.py:57}}
Aug 31 12:40:45.595713 dv-cinder-806696-1-iscsi neutron-server[75029]: DEBUG neutron.pecan_wsgi.hooks.policy_enforcement [None req-95082d5c-9054-4dce-8f8c-1656b6602701 admin admin] Attributes excluded by policy engine: ['shared', 'network'] {{(pid=75029) _exclude_attributes_by_policy /opt/stack/neutron/neutron/pecan_wsgi/hooks/policy_enforcement.py:255}}
Aug 31 12:40:45.597156 dv-cinder-806696-1-iscsi neutron-server[75029]: DEBUG neutron_lib.callbacks.manager [None req-95082d5c-9054-4dce-8f8c-1656b6602701 admin admin] Notify callbacks ['neutron.api.rpc.agentnotifiers.dhcp_rpc_agent_api.DhcpAgentNotifyAPI._send_dhcp_notification-3805289'] for subnet, before_response {{(pid=75029) _notify_loop /usr/local/lib/python3.8/dist-packages/neutron_lib/callbacks/manager.py:192}}
Aug 31 12:40:45.636534 dv-cinder-806696-1-iscsi neutron-server[75031]: DEBUG neutron.api.rpc.handlers.dhcp_rpc [None req-dc0d8518-a4e1-4272-88e1-e1a7e94552b5 None None] Network cdf4cc4e-5ff5-4e5b-8408-33abee3fedd2 requested from dv-cinder-806696-1-iscsi {{(pid=75031) get_network_info /opt/stack/neutron/neutron/api/rpc/handlers/dhcp_rpc.py:198}}
Aug 31 12:40:45.643329 dv-cinder-806696-1-iscsi neutron-server[75029]: INFO neutron.wsgi [None req-95082d5c-9054-4dce-8f8c-1656b6602701 admin admin] 10.222.0.20 "POST /v2.0/subnets HTTP/1.1" status: 201 len: 847 time: 0.5874393
Aug 31 12:40:45.645310 dv-cinder-806696-1-iscsi neutron-server[75029]: DEBUG neutron.wsgi [-] (75029) accepted ('10.222.0.20', 53374) {{(pid=75029) server /usr/local/lib/python3.8/dist-packages/eventlet/wsgi.py:992}}
Aug 31 12:40:45.659350 dv-cinder-806696-1-iscsi neutron-server[75029]: DEBUG neutron.api.v2.base [None req-f185cdde-bb55-4994-81f1-a128843ced3a admin admin] Request body: {'router': {'name': 'tempest-AttachVolumeTestJSON-1443209437-router', 'tenant_id': 'bbc0021c7ae14637bd31f6b6d6788b92', 'external_gateway_info': {'network_id': '6bcb2948-d129-46b9-b32a-896fcf69f35e'}}} {{(pid=75029) prepare_request_body /opt/stack/neutron/neutron/api/v2/base.py:719}}
Aug 31 12:40:45.668251 dv-cinder-806696-1-iscsi neutron-server[75029]: DEBUG neutron.db.quota.driver [None req-f185cdde-bb55-4994-81f1-a128843ced3a admin admin] Resources subnetpool have unlimited quota limit. It is not required to calculate headroom {{(pid=75029) make_reservation /opt/stack/neutron/neutron/db/quota/driver.py:219}}
Aug 31 12:40:45.678440 dv-cinder-806696-1-iscsi neutron-server[75029]: DEBUG neutron.quota.resource [None req-f185cdde-bb55-4994-81f1-a128843ced3a admin admin] Usage tracker for resource:router and tenant:bbc0021c7ae14637bd31f6b6d6788b92 is out of sync, need to count used quota {{(pid=75029) count_used /opt/stack/neutron/neutron/quota/resource.py:270}}
Aug 31 12:40:45.687532 dv-cinder-806696-1-iscsi neutron-server[75029]: DEBUG neutron.quota.resource [None req-f185cdde-bb55-4994-81f1-a128843ced3a admin admin] Quota usage for router was recalculated. Used quota:0. {{(pid=75029) count_used /opt/stack/neutron/neutron/quota/resource.py:290}}
Aug 31 12:40:45.702480 dv-cinder-806696-1-iscsi neutron-server[75029]: DEBUG neutron.db.quota.driver [None req-f185cdde-bb55-4994-81f1-a128843ced3a admin admin] Attempting to reserve 1 items for resource router. Total usage: 0; quota limit: 100; headroom:100 {{(pid=75029) make_reservation /opt/stack/neutron/neutron/db/quota/driver.py:246}}
Aug 31 12:40:45.722912 dv-cinder-806696-1-iscsi neutron-server[75029]: DEBUG neutron_lib.callbacks.manager [None req-f185cdde-bb55-4994-81f1-a128843ced3a admin admin] Notify callbacks ['neutron.services.l3_router.l3_router_plugin.L3_HA_NAT_db_mixin._before_router_create-771714', 'neutron.services.l3_router.service_providers.driver_controller.DriverController._check_router_request-4570'] for router, before_create {{(pid=75029) _notify_loop /usr/local/lib/python3.8/dist-packages/neutron_lib/callbacks/manager.py:192}}
Aug 31 12:40:45.724188 dv-cinder-806696-1-iscsi neutron-server[75029]: DEBUG neutron_lib.callbacks.manager [None req-f185cdde-bb55-4994-81f1-a128843ced3a admin admin] Notify callbacks ['neutron.services.l3_router.l3_router_plugin.L3_HA_NAT_db_mixin._precommit_router_create-771809', 'neutron.services.l3_router.l3_router_plugin.DVRResourceOperationHandler._set_distributed_flag-772665', 'neutron.services.l3_router.l3_router_plugin.RouterAvailabilityZoneMixin._process_az_request-696889', 'neutron.services.l3_router.service_providers.driver_controller.DriverController._set_router_provider-4385'] for router, precommit_create {{(pid=75029) _notify_loop /usr/local/lib/python3.8/dist-packages/neutron_lib/callbacks/manager.py:192}}
Aug 31 12:40:45.767627 dv-cinder-806696-1-iscsi neutron-server[75029]: DEBUG neutron_lib.callbacks.manager [None req-f185cdde-bb55-4994-81f1-a128843ced3a admin admin] Notify callbacks [] for router_controller, precommit_add_association {{(pid=75029) _notify_loop /usr/local/lib/python3.8/dist-packages/neutron_lib/callbacks/manager.py:192}}
Aug 31 12:40:45.846637 dv-cinder-806696-1-iscsi neutron-server[75030]: DEBUG neutron.plugins.ml2.drivers.helpers [None req-2890244b-b703-41fd-a349-6042f7d006ad admin admin] vlan segment allocate from pool success with {'vlan_id': 706, 'physical_network': 'physnet1'} {{(pid=75030) allocate_partially_specified_segment /opt/stack/neutron/neutron/plugins/ml2/drivers/helpers.py:149}}
Aug 31 12:40:46.011283 dv-cinder-806696-1-iscsi neutron-server[75030]: DEBUG neutron_lib.callbacks.manager [None req-2890244b-b703-41fd-a349-6042f7d006ad admin admin] Notify callbacks ['neutron.plugins.ml2.plugin.Ml2Plugin._handle_segment_change-3845396'] for segment, precommit_create {{(pid=75030) _notify_loop /usr/local/lib/python3.8/dist-packages/neutron_lib/callbacks/manager.py:192}}
Aug 31 12:40:46.011623 dv-cinder-806696-1-iscsi neutron-server[75030]: INFO neutron.db.segments_db [None req-2890244b-b703-41fd-a349-6042f7d006ad admin admin] Added segment 8ffdb318-843b-4c72-821e-21c3d1959ea7 of type vlan for network c76c8b1b-76ba-46a7-9d96-50478ad4ca39
Aug 31 12:40:46.076275 dv-cinder-806696-1-iscsi neutron-server[75030]: DEBUG neutron.pecan_wsgi.hooks.policy_enforcement [req-9e56944a-673f-45d6-8152-a05ed869c454 req-ce114e6c-d2a9-47c7-bc63-e922aa8632c9 tempest-DeleteServersTestJSON-1656393901 tempest-DeleteServersTestJSON-1656393901-project] Attributes excluded by policy engine: ['vlan_transparent', 'provider:network_type', 'provider:physical_network', 'provider:segmentation_id'] {{(pid=75030) _exclude_attributes_by_policy /opt/stack/neutron/neutron/pecan_wsgi/hooks/policy_enforcement.py:255}}
Aug 31 12:40:46.078175 dv-cinder-806696-1-iscsi neutron-server[75030]: DEBUG neutron.quota.resource [req-9e56944a-673f-45d6-8152-a05ed869c454 req-ce114e6c-d2a9-47c7-bc63-e922aa8632c9 tempest-DeleteServersTestJSON-1656393901 tempest-DeleteServersTestJSON-1656393901-project] Synchronizing usage tracker for tenant:51c00b4ab8fa42cbbd3abcd16a9779d9 on resource:network {{(pid=75030) resync /opt/stack/neutron/neutron/quota/resource.py:241}}
Aug 31 12:40:46.136744 dv-cinder-806696-1-iscsi neutron-server[75030]: DEBUG neutron_lib.callbacks.manager [None req-2890244b-b703-41fd-a349-6042f7d006ad admin admin] Notify callbacks ['neutron.services.auto_allocate.db._ensure_external_network_default_value_callback-8758035379110'] for network, precommit_create {{(pid=75030) _notify_loop /usr/local/lib/python3.8/dist-packages/neutron_lib/callbacks/manager.py:192}}
Aug 31 12:40:46.164698 dv-cinder-806696-1-iscsi neutron-server[75030]: DEBUG neutron.quota.resource [req-9e56944a-673f-45d6-8152-a05ed869c454 req-ce114e6c-d2a9-47c7-bc63-e922aa8632c9 tempest-DeleteServersTestJSON-1656393901 tempest-DeleteServersTestJSON-1656393901-project] Unset dirty status for tenant:51c00b4ab8fa42cbbd3abcd16a9779d9 on resource:network {{(pid=75030) _resync /opt/stack/neutron/neutron/quota/resource.py:233}}
Aug 31 12:40:46.181823 dv-cinder-806696-1-iscsi neutron-server[75030]: INFO neutron.wsgi [req-9e56944a-673f-45d6-8152-a05ed869c454 req-ce114e6c-d2a9-47c7-bc63-e922aa8632c9 tempest-DeleteServersTestJSON-1656393901 tempest-DeleteServersTestJSON-1656393901-project] 10.222.0.20 "GET /v2.0/networks?id=d4687712-a6a9-451f-be02-c3ec21ef8d72 HTTP/1.1" status: 200 len: 811 time: 0.6583729
Aug 31 12:40:46.215786 dv-cinder-806696-1-iscsi neutron-server[75030]: INFO neutron.wsgi [req-9e56944a-673f-45d6-8152-a05ed869c454 req-b8cbb3f1-21ce-4555-a6b4-31b7e6e5002a tempest-DeleteServersTestJSON-1656393901 tempest-DeleteServersTestJSON-1656393901-project] 10.222.0.20 "GET /v2.0/quotas/51c00b4ab8fa42cbbd3abcd16a9779d9 HTTP/1.1" status: 200 len: 375 time: 0.0331054
Aug 31 12:40:46.285269 dv-cinder-806696-1-iscsi neutron-server[75029]: DEBUG neutron_lib.callbacks.manager [None req-f185cdde-bb55-4994-81f1-a128843ced3a admin admin] Notify callbacks ['neutron.services.l3_router.l3_router_plugin.DVRResourceOperationHandler._handle_distributed_migration-772619', 'neutron.services.l3_router.l3_router_plugin.L3_HA_NAT_db_mixin._validate_migration-771740', 'neutron.services.l3_router.service_providers.driver_controller.DriverController._update_router_provider-4407'] for router, precommit_update {{(pid=75029) _notify_loop /usr/local/lib/python3.8/dist-packages/neutron_lib/callbacks/manager.py:192}}
Aug 31 12:40:46.313711 dv-cinder-806696-1-iscsi neutron-server[75030]: INFO neutron.wsgi [req-9e56944a-673f-45d6-8152-a05ed869c454 req-8293d07d-1a93-4249-a104-254a672b91e0 tempest-DeleteServersTestJSON-1656393901 tempest-DeleteServersTestJSON-1656393901-project] 10.222.0.20 "GET /v2.0/ports?tenant_id=51c00b4ab8fa42cbbd3abcd16a9779d9&fields=id HTTP/1.1" status: 200 len: 210 time: 0.0969229
Aug 31 12:40:46.326913 dv-cinder-806696-1-iscsi neutron-server[75030]: DEBUG neutron_lib.callbacks.manager [None req-2890244b-b703-41fd-a349-6042f7d006ad admin admin] Notify callbacks ['neutron.plugins.ml2.ovo_rpc._ObjectChangeHandler.handle_event-706100', 'neutron.api.rpc.agentnotifiers.dhcp_rpc_agent_api.DhcpAgentNotifyAPI._native_event_send_dhcp_notification-3805395'] for network, after_create {{(pid=75030) _notify_loop /usr/local/lib/python3.8/dist-packages/neutron_lib/callbacks/manager.py:192}}
Aug 31 12:40:46.328516 dv-cinder-806696-1-iscsi neutron-server[75030]: DEBUG neutron.pecan_wsgi.hooks.policy_enforcement [None req-2890244b-b703-41fd-a349-6042f7d006ad admin admin] Attributes excluded by policy engine: ['vlan_transparent'] {{(pid=75030) _exclude_attributes_by_policy /opt/stack/neutron/neutron/pecan_wsgi/hooks/policy_enforcement.py:255}}
Aug 31 12:40:46.329746 dv-cinder-806696-1-iscsi neutron-server[75030]: DEBUG neutron_lib.callbacks.manager [None req-2890244b-b703-41fd-a349-6042f7d006ad admin admin] Notify callbacks ['neutron.api.rpc.agentnotifiers.dhcp_rpc_agent_api.DhcpAgentNotifyAPI._send_dhcp_notification-3805289'] for network, before_response {{(pid=75030) _notify_loop /usr/local/lib/python3.8/dist-packages/neutron_lib/callbacks/manager.py:192}}
Aug 31 12:40:46.349345 dv-cinder-806696-1-iscsi neutron-server[75030]: DEBUG oslo_concurrency.lockutils [-] Lock "event-dispatch" acquired by "neutron.plugins.ml2.ovo_rpc._ObjectChangeHandler.dispatch_events" :: waited 0.000s {{(pid=75030) inner /usr/local/lib/python3.8/dist-packages/oslo_concurrency/lockutils.py:355}}
Aug 31 12:40:46.359483 dv-cinder-806696-1-iscsi neutron-server[75031]: DEBUG neutron.api.rpc.handlers.dhcp_rpc [None req-5107f1cc-a6e7-4839-a112-cb9d3b2e2930 None None] Create dhcp port {'port': {'name': '', 'admin_state_up': True, 'device_id': 'dhcpab42aabc-91b4-5433-aa7b-c5f54506c2b5-cdf4cc4e-5ff5-4e5b-8408-33abee3fedd2', 'network_id': 'cdf4cc4e-5ff5-4e5b-8408-33abee3fedd2', 'tenant_id': 'bbc0021c7ae14637bd31f6b6d6788b92', 'fixed_ips': [{'subnet_id': '94dde0f6-505e-49f7-a6e0-0f635fe8a49b'}]}} from dv-cinder-806696-1-iscsi. {{(pid=75031) create_dhcp_port /opt/stack/neutron/neutron/api/rpc/handlers/dhcp_rpc.py:264}}
Aug 31 12:40:46.362780 dv-cinder-806696-1-iscsi neutron-server[75031]: DEBUG neutron_lib.callbacks.manager [None req-5107f1cc-a6e7-4839-a112-cb9d3b2e2930 None None] Notify callbacks ['neutron.plugins.ml2.plugin.SecurityGroupDbMixin._ensure_default_security_group_handler-3716159'] for port, before_create {{(pid=75031) _notify_loop /usr/local/lib/python3.8/dist-packages/neutron_lib/callbacks/manager.py:192}}
Aug 31 12:40:46.379207 dv-cinder-806696-1-iscsi neutron-server[75030]: INFO neutron.wsgi [None req-2890244b-b703-41fd-a349-6042f7d006ad admin admin] 10.222.0.20 "POST /v2.0/networks HTTP/1.1" status: 201 len: 892 time: 2.9033139
Aug 31 12:40:46.420895 dv-cinder-806696-1-iscsi neutron-server[75030]: DEBUG neutron.wsgi [-] (75030) accepted ('10.222.0.20', 53404) {{(pid=75030) server /usr/local/lib/python3.8/dist-packages/eventlet/wsgi.py:992}}
Aug 31 12:40:46.435559 dv-cinder-806696-1-iscsi neutron-server[75030]: DEBUG neutron.api.v2.base [None req-088d496f-faa1-4999-a5e7-b59378d588ce admin admin] Request body: {'subnet': {'network_id': 'c76c8b1b-76ba-46a7-9d96-50478ad4ca39', 'cidr': '172.20.0.0/28', 'name': 'tempest-ServerRescueNegativeTestJSON-1995168865-subnet', 'tenant_id': 'e101f99d41ad4ff2af28836ed0fdc976', 'enable_dhcp': False, 'ip_version': 4}} {{(pid=75030) prepare_request_body /opt/stack/neutron/neutron/api/v2/base.py:719}}
Aug 31 12:40:46.453664 dv-cinder-806696-1-iscsi neutron-server[75030]: DEBUG neutron.db.quota.driver [None req-088d496f-faa1-4999-a5e7-b59378d588ce admin admin] Resources subnetpool have unlimited quota limit. It is not required to calculate headroom {{(pid=75030) make_reservation /opt/stack/neutron/neutron/db/quota/driver.py:219}}
Aug 31 12:40:46.462506 dv-cinder-806696-1-iscsi neutron-server[75030]: DEBUG neutron.quota.resource [None req-088d496f-faa1-4999-a5e7-b59378d588ce admin admin] Usage tracker for resource:subnet and tenant:e101f99d41ad4ff2af28836ed0fdc976 is out of sync, need to count used quota {{(pid=75030) count_used /opt/stack/neutron/neutron/quota/resource.py:270}}
Aug 31 12:40:46.467299 dv-cinder-806696-1-iscsi neutron-server[75030]: DEBUG neutron.quota.resource [None req-088d496f-faa1-4999-a5e7-b59378d588ce admin admin] Quota usage for subnet was recalculated. Used quota:0. {{(pid=75030) count_used /opt/stack/neutron/neutron/quota/resource.py:290}}
Aug 31 12:40:46.470514 dv-cinder-806696-1-iscsi neutron-server[75030]: DEBUG neutron.api.rpc.handlers.resources_rpc [None req-2890244b-b703-41fd-a349-6042f7d006ad admin admin] Pushing event updated for resources: {'Network': ['ID=c76c8b1b-76ba-46a7-9d96-50478ad4ca39,revision_number=1']} {{(pid=75030) push /opt/stack/neutron/neutron/api/rpc/handlers/resources_rpc.py:237}}
Aug 31 12:40:46.473879 dv-cinder-806696-1-iscsi neutron-server[75030]: DEBUG oslo_concurrency.lockutils [None req-2890244b-b703-41fd-a349-6042f7d006ad admin admin] Lock "event-dispatch" released by "neutron.plugins.ml2.ovo_rpc._ObjectChangeHandler.dispatch_events" :: held 0.125s {{(pid=75030) inner /usr/local/lib/python3.8/dist-packages/oslo_concurrency/lockutils.py:367}}
Aug 31 12:40:46.479169 dv-cinder-806696-1-iscsi neutron-server[75030]: DEBUG neutron.db.quota.driver [None req-088d496f-faa1-4999-a5e7-b59378d588ce admin admin] Attempting to reserve 1 items for resource subnet. Total usage: 0; quota limit: 100; headroom:100 {{(pid=75030) make_reservation /opt/stack/neutron/neutron/db/quota/driver.py:246}}
Aug 31 12:40:46.495256 dv-cinder-806696-1-iscsi neutron-server[75030]: DEBUG neutron.pecan_wsgi.hooks.quota_enforcement [None req-088d496f-faa1-4999-a5e7-b59378d588ce admin admin] Made reservation on behalf of e101f99d41ad4ff2af28836ed0fdc976 for: {'subnet': 1} {{(pid=75030) before /opt/stack/neutron/neutron/pecan_wsgi/hooks/quota_enforcement.py:53}}
Aug 31 12:40:46.499070 dv-cinder-806696-1-iscsi neutron-server[75030]: DEBUG neutron_lib.callbacks.manager [None req-088d496f-faa1-4999-a5e7-b59378d588ce admin admin] Notify callbacks [] for subnet, before_create {{(pid=75030) _notify_loop /usr/local/lib/python3.8/dist-packages/neutron_lib/callbacks/manager.py:192}}
Aug 31 12:40:46.542173 dv-cinder-806696-1-iscsi neutron-server[75031]: DEBUG neutron.plugins.ml2.rpc [None req-0c6057da-44ea-437d-9580-92235f29f80e None None] Network c76c8b1b-76ba-46a7-9d96-50478ad4ca39 details requested by agent ovs-agent-dv-cinder-806696-1-iscsi with host dv-cinder-806696-1-iscsi {{(pid=75031) get_network_details /opt/stack/neutron/neutron/plugins/ml2/rpc.py:232}}
Aug 31 12:40:46.684119 dv-cinder-806696-1-iscsi neutron-server[75029]: DEBUG neutron_lib.callbacks.manager [None req-f185cdde-bb55-4994-81f1-a128843ced3a admin admin] Notify callbacks [] for router_gateway, before_create {{(pid=75029) _notify_loop /usr/local/lib/python3.8/dist-packages/neutron_lib/callbacks/manager.py:192}}
Aug 31 12:40:46.735015 dv-cinder-806696-1-iscsi neutron-server[75031]: DEBUG neutron.db.db_base_plugin_common [None req-5107f1cc-a6e7-4839-a112-cb9d3b2e2930 None None] Allocated IP 172.20.0.2 (cdf4cc4e-5ff5-4e5b-8408-33abee3fedd2/94dde0f6-505e-49f7-a6e0-0f635fe8a49b/a20bc959-3e9f-4573-aafe-7b94bb625b99) {{(pid=75031) _store_ip_allocation /opt/stack/neutron/neutron/db/db_base_plugin_common.py:131}}
Aug 31 12:40:46.744587 dv-cinder-806696-1-iscsi neutron-server[75029]: DEBUG neutron_lib.callbacks.manager [None req-f185cdde-bb55-4994-81f1-a128843ced3a admin admin] Notify callbacks ['neutron.plugins.ml2.plugin.SecurityGroupDbMixin._ensure_default_security_group_handler-3716159'] for port, before_create {{(pid=75029) _notify_loop /usr/local/lib/python3.8/dist-packages/neutron_lib/callbacks/manager.py:192}}
Aug 31 12:40:46.888465 dv-cinder-806696-1-iscsi neutron-server[75030]: DEBUG neutron_lib.callbacks.manager [None req-088d496f-faa1-4999-a5e7-b59378d588ce admin admin] Notify callbacks ['neutron.plugins.ml2.ovo_rpc._ObjectChangeHandler.handle_event-140720', 'neutron.api.rpc.agentnotifiers.dhcp_rpc_agent_api.DhcpAgentNotifyAPI._native_event_send_dhcp_notification-3805395'] for subnet, after_create {{(pid=75030) _notify_loop /usr/local/lib/python3.8/dist-packages/neutron_lib/callbacks/manager.py:192}}
Aug 31 12:40:46.900956 dv-cinder-806696-1-iscsi neutron-server[75030]: DEBUG oslo_concurrency.lockutils [None req-8ee72a16-3efb-44b1-b840-c93d6a32bcd6 admin admin] Lock "event-dispatch" acquired by "neutron.plugins.ml2.ovo_rpc._ObjectChangeHandler.dispatch_events" :: waited 0.000s {{(pid=75030) inner /usr/local/lib/python3.8/dist-packages/oslo_concurrency/lockutils.py:355}}
Aug 31 12:40:46.940979 dv-cinder-806696-1-iscsi neutron-server[75029]: DEBUG neutron.db.db_base_plugin_common [None req-f185cdde-bb55-4994-81f1-a128843ced3a admin admin] Allocated IP 172.27.1.173 (6bcb2948-d129-46b9-b32a-896fcf69f35e/c4e92f24-b1af-40ad-a029-b14cf09f9503/61953dd3-f69c-4d0f-8a5d-76e6c3fe3941) {{(pid=75029) _store_ip_allocation /opt/stack/neutron/neutron/db/db_base_plugin_common.py:131}}
Aug 31 12:40:47.017793 dv-cinder-806696-1-iscsi neutron-server[75030]: DEBUG neutron.plugins.ml2.drivers.mech_agent [None req-088d496f-faa1-4999-a5e7-b59378d588ce admin admin] Checking segment: {'id': '8ffdb318-843b-4c72-821e-21c3d1959ea7', 'network_type': 'vlan', 'physical_network': 'physnet1', 'segmentation_id': 706, 'network_id': 'c76c8b1b-76ba-46a7-9d96-50478ad4ca39'} for mappings: {'physnet1': 'br-data'} with network types: ['local', 'flat', 'vlan'] {{(pid=75030) check_segment_for_agent /opt/stack/neutron/neutron/plugins/ml2/drivers/mech_agent.py:340}}
Aug 31 12:40:47.018089 dv-cinder-806696-1-iscsi neutron-server[75030]: DEBUG neutron.scheduler.dhcp_agent_scheduler [None req-088d496f-faa1-4999-a5e7-b59378d588ce admin admin] Network hostable DHCP agents. Network: c76c8b1b-76ba-46a7-9d96-50478ad4ca39, hostable agents: ['3f9bf542-32f0-4f92-befb-5112ca66dc8d'], hosted agents: [] {{(pid=75030) _get_network_hostable_dhcp_agents /opt/stack/neutron/neutron/scheduler/dhcp_agent_scheduler.py:329}}
Aug 31 12:40:47.093921 dv-cinder-806696-1-iscsi neutron-server[75030]: DEBUG neutron.scheduler.dhcp_agent_scheduler [None req-088d496f-faa1-4999-a5e7-b59378d588ce admin admin] Network c76c8b1b-76ba-46a7-9d96-50478ad4ca39 is scheduled to be hosted by DHCP agent 3f9bf542-32f0-4f92-befb-5112ca66dc8d with binding_index 1 {{(pid=75030) bind /opt/stack/neutron/neutron/scheduler/dhcp_agent_scheduler.py:227}}
Aug 31 12:40:47.107061 dv-cinder-806696-1-iscsi neutron-server[75030]: DEBUG neutron.api.rpc.handlers.resources_rpc [None req-088d496f-faa1-4999-a5e7-b59378d588ce admin admin] Pushing event updated for resources: {'Subnet': ['ID=6bf950c9-ae77-4c52-8a72-5d765e890f09,revision_number=0']} {{(pid=75030) push /opt/stack/neutron/neutron/api/rpc/handlers/resources_rpc.py:237}}
Aug 31 12:40:47.109663 dv-cinder-806696-1-iscsi neutron-server[75030]: DEBUG oslo_concurrency.lockutils [None req-088d496f-faa1-4999-a5e7-b59378d588ce admin admin] Lock "event-dispatch" released by "neutron.plugins.ml2.ovo_rpc._ObjectChangeHandler.dispatch_events" :: held 0.209s {{(pid=75030) inner /usr/local/lib/python3.8/dist-packages/oslo_concurrency/lockutils.py:367}}
Aug 31 12:40:47.112673 dv-cinder-806696-1-iscsi neutron-server[75030]: DEBUG neutron.scheduler.base_scheduler [None req-088d496f-faa1-4999-a5e7-b59378d588ce admin admin] Resources bound (agent type, host, resource id): (DHCP agent, dv-cinder-806696-1-iscsi, c76c8b1b-76ba-46a7-9d96-50478ad4ca39) {{(pid=75030) schedule /opt/stack/neutron/neutron/scheduler/base_scheduler.py:57}}
Aug 31 12:40:47.118636 dv-cinder-806696-1-iscsi neutron-server[75030]: DEBUG neutron.pecan_wsgi.hooks.policy_enforcement [None req-088d496f-faa1-4999-a5e7-b59378d588ce admin admin] Attributes excluded by policy engine: ['shared', 'network'] {{(pid=75030) _exclude_attributes_by_policy /opt/stack/neutron/neutron/pecan_wsgi/hooks/policy_enforcement.py:255}}
Aug 31 12:40:47.119252 dv-cinder-806696-1-iscsi neutron-server[75030]: DEBUG neutron_lib.callbacks.manager [None req-088d496f-faa1-4999-a5e7-b59378d588ce admin admin] Notify callbacks ['neutron.api.rpc.agentnotifiers.dhcp_rpc_agent_api.DhcpAgentNotifyAPI._send_dhcp_notification-3805289'] for subnet, before_response {{(pid=75030) _notify_loop /usr/local/lib/python3.8/dist-packages/neutron_lib/callbacks/manager.py:192}}
Aug 31 12:40:47.156839 dv-cinder-806696-1-iscsi neutron-server[75030]: INFO neutron.wsgi [None req-088d496f-faa1-4999-a5e7-b59378d588ce admin admin] 10.222.0.20 "POST /v2.0/subnets HTTP/1.1" status: 201 len: 856 time: 0.7348356
Aug 31 12:40:47.157914 dv-cinder-806696-1-iscsi neutron-server[75030]: DEBUG neutron.wsgi [-] (75030) accepted ('10.222.0.20', 53428) {{(pid=75030) server /usr/local/lib/python3.8/dist-packages/eventlet/wsgi.py:992}}
Aug 31 12:40:47.165210 dv-cinder-806696-1-iscsi neutron-server[75031]: DEBUG neutron.api.rpc.handlers.dhcp_rpc [None req-fbcbbf09-cfeb-42bd-92af-40b44af19d8a None None] Network c76c8b1b-76ba-46a7-9d96-50478ad4ca39 requested from dv-cinder-806696-1-iscsi {{(pid=75031) get_network_info /opt/stack/neutron/neutron/api/rpc/handlers/dhcp_rpc.py:198}}
Aug 31 12:40:47.165674 dv-cinder-806696-1-iscsi neutron-server[75030]: DEBUG neutron.api.v2.base [None req-15d15f73-3939-4173-a188-a25be6e8db87 admin admin] Request body: {'router': {'name': 'tempest-ServerRescueNegativeTestJSON-1995168865-router', 'tenant_id': 'e101f99d41ad4ff2af28836ed0fdc976', 'external_gateway_info': {'network_id': '6bcb2948-d129-46b9-b32a-896fcf69f35e'}}} {{(pid=75030) prepare_request_body /opt/stack/neutron/neutron/api/v2/base.py:719}}
Aug 31 12:40:47.174515 dv-cinder-806696-1-iscsi neutron-server[75030]: DEBUG neutron.db.quota.driver [None req-15d15f73-3939-4173-a188-a25be6e8db87 admin admin] Resources subnetpool have unlimited quota limit. It is not required to calculate headroom {{(pid=75030) make_reservation /opt/stack/neutron/neutron/db/quota/driver.py:219}}
Aug 31 12:40:47.185510 dv-cinder-806696-1-iscsi neutron-server[75030]: DEBUG neutron.quota.resource [None req-15d15f73-3939-4173-a188-a25be6e8db87 admin admin] Usage tracker for resource:router and tenant:e101f99d41ad4ff2af28836ed0fdc976 is out of sync, need to count used quota {{(pid=75030) count_used /opt/stack/neutron/neutron/quota/resource.py:270}}
Aug 31 12:40:47.194554 dv-cinder-806696-1-iscsi neutron-server[75030]: DEBUG neutron.quota.resource [None req-15d15f73-3939-4173-a188-a25be6e8db87 admin admin] Quota usage for router was recalculated. Used quota:0. {{(pid=75030) count_used /opt/stack/neutron/neutron/quota/resource.py:290}}
Aug 31 12:40:47.211225 dv-cinder-806696-1-iscsi neutron-server[75030]: DEBUG neutron.db.quota.driver [None req-15d15f73-3939-4173-a188-a25be6e8db87 admin admin] Attempting to reserve 1 items for resource router. Total usage: 0; quota limit: 100; headroom:100 {{(pid=75030) make_reservation /opt/stack/neutron/neutron/db/quota/driver.py:246}}
Aug 31 12:40:47.239732 dv-cinder-806696-1-iscsi neutron-server[75030]: DEBUG neutron_lib.callbacks.manager [None req-15d15f73-3939-4173-a188-a25be6e8db87 admin admin] Notify callbacks ['neutron.services.l3_router.l3_router_plugin.L3_HA_NAT_db_mixin._before_router_create-771714', 'neutron.services.l3_router.service_providers.driver_controller.DriverController._check_router_request-4570'] for router, before_create {{(pid=75030) _notify_loop /usr/local/lib/python3.8/dist-packages/neutron_lib/callbacks/manager.py:192}}
Aug 31 12:40:47.242034 dv-cinder-806696-1-iscsi neutron-server[75030]: DEBUG neutron_lib.callbacks.manager [None req-15d15f73-3939-4173-a188-a25be6e8db87 admin admin] Notify callbacks ['neutron.services.l3_router.l3_router_plugin.L3_HA_NAT_db_mixin._precommit_router_create-771809', 'neutron.services.l3_router.l3_router_plugin.DVRResourceOperationHandler._set_distributed_flag-772665', 'neutron.services.l3_router.l3_router_plugin.RouterAvailabilityZoneMixin._process_az_request-696889', 'neutron.services.l3_router.service_providers.driver_controller.DriverController._set_router_provider-4385'] for router, precommit_create {{(pid=75030) _notify_loop /usr/local/lib/python3.8/dist-packages/neutron_lib/callbacks/manager.py:192}}
Aug 31 12:40:47.297487 dv-cinder-806696-1-iscsi neutron-server[75030]: DEBUG neutron_lib.callbacks.manager [None req-15d15f73-3939-4173-a188-a25be6e8db87 admin admin] Notify callbacks [] for router_controller, precommit_add_association {{(pid=75030) _notify_loop /usr/local/lib/python3.8/dist-packages/neutron_lib/callbacks/manager.py:192}}
Aug 31 12:40:47.307318 dv-cinder-806696-1-iscsi neutron-server[75029]: DEBUG neutron.wsgi [-] (75029) accepted ('10.222.0.20', 53444) {{(pid=75029) server /usr/local/lib/python3.8/dist-packages/eventlet/wsgi.py:992}}
Aug 31 12:40:47.321580 dv-cinder-806696-1-iscsi neutron-server[75029]: WARNING keystonemiddleware.auth_token [-] A valid token was submitted as a service token, but it was not a valid service token. This is incorrect but backwards compatible behaviour. This will be removed in future releases.
Aug 31 12:40:47.326531 dv-cinder-806696-1-iscsi neutron-server[75029]: DEBUG neutron_lib.callbacks.manager [None req-f185cdde-bb55-4994-81f1-a128843ced3a admin admin] Notify callbacks [] for port, precommit_create {{(pid=75029) _notify_loop /usr/local/lib/python3.8/dist-packages/neutron_lib/callbacks/manager.py:192}}
Aug 31 12:40:47.442629 dv-cinder-806696-1-iscsi neutron-server[75032]: DEBUG neutron.db.agents_db [None req-03a4866f-d978-4f92-b190-2fa26077b1ee None None] Agent healthcheck: found 6 active agents {{(pid=75032) agent_health_check /opt/stack/neutron/neutron/db/agents_db.py:328}}
Aug 31 12:40:47.493889 dv-cinder-806696-1-iscsi neutron-server[75031]: DEBUG neutron_lib.callbacks.manager [None req-5107f1cc-a6e7-4839-a112-cb9d3b2e2930 None None] Notify callbacks [] for port, precommit_create {{(pid=75031) _notify_loop /usr/local/lib/python3.8/dist-packages/neutron_lib/callbacks/manager.py:192}}
Aug 31 12:40:47.505674 dv-cinder-806696-1-iscsi neutron-server[75031]: DEBUG neutron.db.provisioning_blocks [None req-5107f1cc-a6e7-4839-a112-cb9d3b2e2930 None None] Transition to ACTIVE for port object a20bc959-3e9f-4573-aafe-7b94bb625b99 will not be triggered until provisioned by entity L2. {{(pid=75031) add_provisioning_component /opt/stack/neutron/neutron/db/provisioning_blocks.py:73}}
Aug 31 12:40:47.528235 dv-cinder-806696-1-iscsi neutron-server[75031]: DEBUG neutron.db.provisioning_blocks [None req-5107f1cc-a6e7-4839-a112-cb9d3b2e2930 None None] Transition to ACTIVE for port object a20bc959-3e9f-4573-aafe-7b94bb625b99 will not be triggered until provisioned by entity DHCP. {{(pid=75031) add_provisioning_component /opt/stack/neutron/neutron/db/provisioning_blocks.py:73}}
Aug 31 12:40:47.571915 dv-cinder-806696-1-iscsi neutron-server[75031]: DEBUG neutron_lib.callbacks.manager [None req-5107f1cc-a6e7-4839-a112-cb9d3b2e2930 None None] Notify callbacks ['neutron.plugins.ml2.plugin.SecurityGroupServerNotifierRpcMixin.notify_sg_on_port_change-3716344', 'neutron.plugins.ml2.ovo_rpc._ObjectChangeHandler.handle_event-140708', 'neutron.api.rpc.agentnotifiers.dhcp_rpc_agent_api.DhcpAgentNotifyAPI._native_event_send_dhcp_notification-3805395', 'neutron.db.l3_dvrscheduler_db._notify_l3_agent_new_port-8758035395615'] for port, after_create {{(pid=75031) _notify_loop /usr/local/lib/python3.8/dist-packages/neutron_lib/callbacks/manager.py:192}}
Aug 31 12:40:47.588331 dv-cinder-806696-1-iscsi neutron-server[75031]: DEBUG oslo_concurrency.lockutils [-] Lock "event-dispatch" acquired by "neutron.plugins.ml2.ovo_rpc._ObjectChangeHandler.dispatch_events" :: waited 0.000s {{(pid=75031) inner /usr/local/lib/python3.8/dist-packages/oslo_concurrency/lockutils.py:355}}
Aug 31 12:40:47.598225 dv-cinder-806696-1-iscsi neutron-server[75029]: DEBUG neutron.pecan_wsgi.hooks.policy_enforcement [req-51738924-6c30-4dc7-8640-b41050fc352e req-3e131adf-a174-43ae-93bb-a9dff48461d3 tempest-AttachVolumeNegativeTest-1525977067 tempest-AttachVolumeNegativeTest-1525977067-project] Attributes excluded by policy engine: ['vlan_transparent', 'provider:network_type', 'provider:physical_network', 'provider:segmentation_id'] {{(pid=75029) _exclude_attributes_by_policy /opt/stack/neutron/neutron/pecan_wsgi/hooks/policy_enforcement.py:255}}
Aug 31 12:40:47.599949 dv-cinder-806696-1-iscsi neutron-server[75029]: INFO neutron.wsgi [req-51738924-6c30-4dc7-8640-b41050fc352e req-3e131adf-a174-43ae-93bb-a9dff48461d3 tempest-AttachVolumeNegativeTest-1525977067 tempest-AttachVolumeNegativeTest-1525977067-project] 10.222.0.20 "GET /v2.0/networks?id=192ab7b6-eb83-48c3-805b-63fa7350b284 HTTP/1.1" status: 200 len: 815 time: 0.2917235
Aug 31 12:40:47.601624 dv-cinder-806696-1-iscsi neutron-server[75029]: DEBUG neutron_lib.callbacks.manager [None req-f185cdde-bb55-4994-81f1-a128843ced3a admin admin] Notify callbacks ['neutron.plugins.ml2.plugin.SecurityGroupServerNotifierRpcMixin.notify_sg_on_port_change-3716344', 'neutron.plugins.ml2.ovo_rpc._ObjectChangeHandler.handle_event-140708', 'neutron.api.rpc.agentnotifiers.dhcp_rpc_agent_api.DhcpAgentNotifyAPI._native_event_send_dhcp_notification-3805395', 'neutron.db.l3_dvrscheduler_db._notify_l3_agent_new_port-8758035395615'] for port, after_create {{(pid=75029) _notify_loop /usr/local/lib/python3.8/dist-packages/neutron_lib/callbacks/manager.py:192}}
Aug 31 12:40:47.608316 dv-cinder-806696-1-iscsi neutron-server[75029]: DEBUG oslo_concurrency.lockutils [None req-0fd1e5e6-7154-4362-99f1-97267cd62885 admin admin] Lock "event-dispatch" acquired by "neutron.plugins.ml2.ovo_rpc._ObjectChangeHandler.dispatch_events" :: waited 0.000s {{(pid=75029) inner /usr/local/lib/python3.8/dist-packages/oslo_concurrency/lockutils.py:355}}
Aug 31 12:40:47.670146 dv-cinder-806696-1-iscsi neutron-server[75031]: DEBUG neutron.scheduler.dhcp_agent_scheduler [None req-5107f1cc-a6e7-4839-a112-cb9d3b2e2930 None None] Network cdf4cc4e-5ff5-4e5b-8408-33abee3fedd2 is already hosted by enough agents. {{(pid=75031) _get_dhcp_agents_hosting_network /opt/stack/neutron/neutron/scheduler/dhcp_agent_scheduler.py:275}}
Aug 31 12:40:47.674639 dv-cinder-806696-1-iscsi neutron-server[75031]: DEBUG neutron.api.rpc.handlers.dhcp_rpc [None req-45e9b517-2fb9-4c65-84bf-4f3984bc2388 None None] Network c76c8b1b-76ba-46a7-9d96-50478ad4ca39 requested from dv-cinder-806696-1-iscsi {{(pid=75031) get_network_info /opt/stack/neutron/neutron/api/rpc/handlers/dhcp_rpc.py:198}}
Aug 31 12:40:47.691307 dv-cinder-806696-1-iscsi neutron-server[75031]: DEBUG neutron.api.rpc.handlers.resources_rpc [None req-5107f1cc-a6e7-4839-a112-cb9d3b2e2930 None None] Pushing event updated for resources: {'Port': ['ID=a20bc959-3e9f-4573-aafe-7b94bb625b99,revision_number=1']} {{(pid=75031) push /opt/stack/neutron/neutron/api/rpc/handlers/resources_rpc.py:237}}
Aug 31 12:40:47.697998 dv-cinder-806696-1-iscsi neutron-server[75029]: DEBUG neutron.scheduler.dhcp_agent_scheduler [None req-f185cdde-bb55-4994-81f1-a128843ced3a admin admin] Network 6bcb2948-d129-46b9-b32a-896fcf69f35e is already hosted by enough agents. {{(pid=75029) _get_dhcp_agents_hosting_network /opt/stack/neutron/neutron/scheduler/dhcp_agent_scheduler.py:275}}
Aug 31 12:40:47.711664 dv-cinder-806696-1-iscsi neutron-server[75029]: DEBUG neutron.scheduler.base_scheduler [None req-f185cdde-bb55-4994-81f1-a128843ced3a admin admin] Resources bound (agent type, host, resource id): {{(pid=75029) schedule /opt/stack/neutron/neutron/scheduler/base_scheduler.py:57}}
Aug 31 12:40:47.715566 dv-cinder-806696-1-iscsi neutron-server[75031]: DEBUG neutron.scheduler.base_scheduler [None req-5107f1cc-a6e7-4839-a112-cb9d3b2e2930 None None] Resources bound (agent type, host, resource id): {{(pid=75031) schedule /opt/stack/neutron/neutron/scheduler/base_scheduler.py:57}}
Aug 31 12:40:47.722575 dv-cinder-806696-1-iscsi neutron-server[75029]: DEBUG neutron.db.l3_dvrscheduler_db [None req-f185cdde-bb55-4994-81f1-a128843ced3a admin admin] Received port after_create {{(pid=75029) _notify_l3_agent_new_port /opt/stack/neutron/neutron/db/l3_dvrscheduler_db.py:535}}
Aug 31 12:40:47.722799 dv-cinder-806696-1-iscsi neutron-server[75031]: DEBUG neutron.api.rpc.callbacks.version_manager [None req-5107f1cc-a6e7-4839-a112-cb9d3b2e2930 None None] Version for resource type ConntrackHelper changed None to 1.0 on consumer Open vSwitch agent@dv-cinder-806696-1-iscsi {{(pid=75031) _set_version /opt/stack/neutron/neutron/api/rpc/callbacks/version_manager.py:113}}
Aug 31 12:40:47.723055 dv-cinder-806696-1-iscsi neutron-server[75031]: DEBUG neutron.api.rpc.callbacks.version_manager [None req-5107f1cc-a6e7-4839-a112-cb9d3b2e2930 None None] Version for resource type Log changed None to 1.0 on consumer Open vSwitch agent@dv-cinder-806696-1-iscsi {{(pid=75031) _set_version /opt/stack/neutron/neutron/api/rpc/callbacks/version_manager.py:113}}
Aug 31 12:40:47.723387 dv-cinder-806696-1-iscsi neutron-server[75031]: DEBUG neutron.api.rpc.callbacks.version_manager [None req-5107f1cc-a6e7-4839-a112-cb9d3b2e2930 None None] Version for resource type Network changed None to 1.1 on consumer Open vSwitch agent@dv-cinder-806696-1-iscsi {{(pid=75031) _set_version /opt/stack/neutron/neutron/api/rpc/callbacks/version_manager.py:113}}
Aug 31 12:40:47.723718 dv-cinder-806696-1-iscsi neutron-server[75031]: DEBUG neutron.api.rpc.callbacks.version_manager [None req-5107f1cc-a6e7-4839-a112-cb9d3b2e2930 None None] Version for resource type Port changed None to 1.5 on consumer Open vSwitch agent@dv-cinder-806696-1-iscsi {{(pid=75031) _set_version /opt/stack/neutron/neutron/api/rpc/callbacks/version_manager.py:113}}
Aug 31 12:40:47.726106 dv-cinder-806696-1-iscsi neutron-server[75031]: DEBUG neutron.api.rpc.callbacks.version_manager [None req-5107f1cc-a6e7-4839-a112-cb9d3b2e2930 None None] Version for resource type PortForwarding changed None to 1.2 on consumer Open vSwitch agent@dv-cinder-806696-1-iscsi {{(pid=75031) _set_version /opt/stack/neutron/neutron/api/rpc/callbacks/version_manager.py:113}}
Aug 31 12:40:47.726446 dv-cinder-806696-1-iscsi neutron-server[75031]: DEBUG neutron.api.rpc.callbacks.version_manager [None req-5107f1cc-a6e7-4839-a112-cb9d3b2e2930 None None] Version for resource type QosPolicy changed None to 1.8 on consumer Open vSwitch agent@dv-cinder-806696-1-iscsi {{(pid=75031) _set_version /opt/stack/neutron/neutron/api/rpc/callbacks/version_manager.py:113}}
Aug 31 12:40:47.726811 dv-cinder-806696-1-iscsi neutron-server[75031]: DEBUG neutron.api.rpc.callbacks.version_manager [None req-5107f1cc-a6e7-4839-a112-cb9d3b2e2930 None None] Version for resource type SecurityGroup changed None to 1.2 on consumer Open vSwitch agent@dv-cinder-806696-1-iscsi {{(pid=75031) _set_version /opt/stack/neutron/neutron/api/rpc/callbacks/version_manager.py:113}}
Aug 31 12:40:47.727206 dv-cinder-806696-1-iscsi neutron-server[75031]: DEBUG neutron.api.rpc.callbacks.version_manager [None req-5107f1cc-a6e7-4839-a112-cb9d3b2e2930 None None] Version for resource type SecurityGroupRule changed None to 1.0 on consumer Open vSwitch agent@dv-cinder-806696-1-iscsi {{(pid=75031) _set_version /opt/stack/neutron/neutron/api/rpc/callbacks/version_manager.py:113}}
Aug 31 12:40:47.727536 dv-cinder-806696-1-iscsi neutron-server[75031]: DEBUG neutron.api.rpc.callbacks.version_manager [None req-5107f1cc-a6e7-4839-a112-cb9d3b2e2930 None None] Version for resource type SubPort changed None to 1.0 on consumer Open vSwitch agent@dv-cinder-806696-1-iscsi {{(pid=75031) _set_version /opt/stack/neutron/neutron/api/rpc/callbacks/version_manager.py:113}}
Aug 31 12:40:47.727858 dv-cinder-806696-1-iscsi neutron-server[75031]: DEBUG neutron.api.rpc.callbacks.version_manager [None req-5107f1cc-a6e7-4839-a112-cb9d3b2e2930 None None] Version for resource type Subnet changed None to 1.1 on consumer Open vSwitch agent@dv-cinder-806696-1-iscsi {{(pid=75031) _set_version /opt/stack/neutron/neutron/api/rpc/callbacks/version_manager.py:113}}
Aug 31 12:40:47.728179 dv-cinder-806696-1-iscsi neutron-server[75031]: DEBUG neutron.api.rpc.callbacks.version_manager [None req-5107f1cc-a6e7-4839-a112-cb9d3b2e2930 None None] Version for resource type Trunk changed None to 1.1 on consumer Open vSwitch agent@dv-cinder-806696-1-iscsi {{(pid=75031) _set_version /opt/stack/neutron/neutron/api/rpc/callbacks/version_manager.py:113}}
Aug 31 12:40:47.729229 dv-cinder-806696-1-iscsi neutron-server[75031]: DEBUG neutron.api.rpc.callbacks.version_manager [None req-5107f1cc-a6e7-4839-a112-cb9d3b2e2930 None None] Tracked resource versions report:
Aug 31 12:40:47.729229 dv-cinder-806696-1-iscsi neutron-server[75031]: pushed versions:
Aug 31 12:40:47.729229 dv-cinder-806696-1-iscsi neutron-server[75031]: { 'ConntrackHelper': {'1.0'},
Aug 31 12:40:47.729229 dv-cinder-806696-1-iscsi neutron-server[75031]: 'Log': {'1.0'},
Aug 31 12:40:47.729229 dv-cinder-806696-1-iscsi neutron-server[75031]: 'Network': {'1.1'},
Aug 31 12:40:47.729229 dv-cinder-806696-1-iscsi neutron-server[75031]: 'Port': {'1.5'},
Aug 31 12:40:47.729229 dv-cinder-806696-1-iscsi neutron-server[75031]: 'PortForwarding': {'1.2'},
Aug 31 12:40:47.729229 dv-cinder-806696-1-iscsi neutron-server[75031]: 'QosPolicy': {'1.8'},
Aug 31 12:40:47.729229 dv-cinder-806696-1-iscsi neutron-server[75031]: 'SecurityGroup': {'1.2'},
Aug 31 12:40:47.729229 dv-cinder-806696-1-iscsi neutron-server[75031]: 'SecurityGroupRule': {'1.0'},
Aug 31 12:40:47.729229 dv-cinder-806696-1-iscsi neutron-server[75031]: 'SubPort': {'1.0'},
Aug 31 12:40:47.729229 dv-cinder-806696-1-iscsi neutron-server[75031]: 'Subnet': {'1.1'},
Aug 31 12:40:47.729229 dv-cinder-806696-1-iscsi neutron-server[75031]: 'Trunk': {'1.1'}}
Aug 31 12:40:47.729229 dv-cinder-806696-1-iscsi neutron-server[75031]: consumer versions:
Aug 31 12:40:47.729229 dv-cinder-806696-1-iscsi neutron-server[75031]: { DHCP agent@dv-cinder-806696-1-iscsi: {},
Aug 31 12:40:47.729229 dv-cinder-806696-1-iscsi neutron-server[75031]: HyperV agent@hv-cinder-80669: {},
Aug 31 12:40:47.729229 dv-cinder-806696-1-iscsi neutron-server[75031]: L3 agent@dv-cinder-806696-1-iscsi: {},
Aug 31 12:40:47.729229 dv-cinder-806696-1-iscsi neutron-server[75031]: Metadata agent@dv-cinder-806696-1-iscsi: {},
Aug 31 12:40:47.729229 dv-cinder-806696-1-iscsi neutron-server[75031]: Metering agent@dv-cinder-806696-1-iscsi: {},
Aug 31 12:40:47.729229 dv-cinder-806696-1-iscsi neutron-server[75031]: Open vSwitch agent@dv-cinder-806696-1-iscsi: { 'ConntrackHelper': '1.0',
Aug 31 12:40:47.729229 dv-cinder-806696-1-iscsi neutron-server[75031]: 'Log': '1.0',
Aug 31 12:40:47.729229 dv-cinder-806696-1-iscsi neutron-server[75031]: 'Network': '1.1',
Aug 31 12:40:47.729229 dv-cinder-806696-1-iscsi neutron-server[75031]: 'Port': '1.5',
Aug 31 12:40:47.729229 dv-cinder-806696-1-iscsi neutron-server[75031]: 'PortForwarding': '1.2',
Aug 31 12:40:47.729229 dv-cinder-806696-1-iscsi neutron-server[75031]: 'QosPolicy': '1.8',
Aug 31 12:40:47.729229 dv-cinder-806696-1-iscsi neutron-server[75031]: 'SecurityGroup': '1.2',
Aug 31 12:40:47.729229 dv-cinder-806696-1-iscsi neutron-server[75031]: 'SecurityGroupRule': '1.0',
Aug 31 12:40:47.729229 dv-cinder-806696-1-iscsi neutron-server[75031]: 'SubPort': '1.0',
Aug 31 12:40:47.729229 dv-cinder-806696-1-iscsi neutron-server[75031]: 'Subnet': '1.1',
Aug 31 12:40:47.729229 dv-cinder-806696-1-iscsi neutron-server[75031]: 'Trunk': '1.1'}}
Aug 31 12:40:47.729229 dv-cinder-806696-1-iscsi neutron-server[75031]: {{(pid=75031) report /opt/stack/neutron/neutron/api/rpc/callbacks/version_manager.py:175}}
Aug 31 12:40:47.753748 dv-cinder-806696-1-iscsi neutron-server[75031]: DEBUG neutron.db.l3_dvrscheduler_db [None req-5107f1cc-a6e7-4839-a112-cb9d3b2e2930 None None] Received port after_create {{(pid=75031) _notify_l3_agent_new_port /opt/stack/neutron/neutron/db/l3_dvrscheduler_db.py:535}}
Aug 31 12:40:47.763000 dv-cinder-806696-1-iscsi neutron-server[75030]: DEBUG neutron_lib.callbacks.manager [None req-15d15f73-3939-4173-a188-a25be6e8db87 admin admin] Notify callbacks ['neutron.services.l3_router.l3_router_plugin.DVRResourceOperationHandler._handle_distributed_migration-772619', 'neutron.services.l3_router.l3_router_plugin.L3_HA_NAT_db_mixin._validate_migration-771740', 'neutron.services.l3_router.service_providers.driver_controller.DriverController._update_router_provider-4407'] for router, precommit_update {{(pid=75030) _notify_loop /usr/local/lib/python3.8/dist-packages/neutron_lib/callbacks/manager.py:192}}
Aug 31 12:40:47.844527 dv-cinder-806696-1-iscsi neutron-server[75029]: INFO neutron.wsgi [req-51738924-6c30-4dc7-8640-b41050fc352e req-f9fbeea5-86f7-4b9d-a695-55f85d8d85ee tempest-AttachVolumeNegativeTest-1525977067 tempest-AttachVolumeNegativeTest-1525977067-project] 10.222.0.20 "GET /v2.0/quotas/5e2f935ddba640e7bccb60e70c8b0f58 HTTP/1.1" status: 200 len: 375 time: 0.2376370
Aug 31 12:40:47.846580 dv-cinder-806696-1-iscsi neutron-server[75029]: DEBUG neutron.api.rpc.handlers.resources_rpc [None req-f185cdde-bb55-4994-81f1-a128843ced3a admin admin] Pushing event updated for resources: {'Port': ['ID=61953dd3-f69c-4d0f-8a5d-76e6c3fe3941,revision_number=1']} {{(pid=75029) push /opt/stack/neutron/neutron/api/rpc/handlers/resources_rpc.py:237}}
Aug 31 12:40:47.851123 dv-cinder-806696-1-iscsi neutron-server[75029]: DEBUG oslo_concurrency.lockutils [None req-f185cdde-bb55-4994-81f1-a128843ced3a admin admin] Lock "event-dispatch" released by "neutron.plugins.ml2.ovo_rpc._ObjectChangeHandler.dispatch_events" :: held 0.243s {{(pid=75029) inner /usr/local/lib/python3.8/dist-packages/oslo_concurrency/lockutils.py:367}}
Aug 31 12:40:47.882629 dv-cinder-806696-1-iscsi neutron-server[75031]: DEBUG neutron.plugins.ml2.managers [None req-5107f1cc-a6e7-4839-a112-cb9d3b2e2930 None None] Attempting to bind port a20bc959-3e9f-4573-aafe-7b94bb625b99 on host dv-cinder-806696-1-iscsi for vnic_type normal with profile {{(pid=75031) bind_port /opt/stack/neutron/neutron/plugins/ml2/managers.py:790}}
Aug 31 12:40:47.883517 dv-cinder-806696-1-iscsi neutron-server[75031]: DEBUG neutron.plugins.ml2.managers [None req-5107f1cc-a6e7-4839-a112-cb9d3b2e2930 None None] Attempting to bind port a20bc959-3e9f-4573-aafe-7b94bb625b99 by drivers openvswitch,hyperv on host dv-cinder-806696-1-iscsi at level 0 using segments [{'id': '1911d735-cae5-4976-89c5-730a45507b4e', 'network_type': 'vlan', 'physical_network': 'physnet1', 'segmentation_id': 705, 'network_id': 'cdf4cc4e-5ff5-4e5b-8408-33abee3fedd2'}] {{(pid=75031) _bind_port_level /opt/stack/neutron/neutron/plugins/ml2/managers.py:815}}
Aug 31 12:40:47.884367 dv-cinder-806696-1-iscsi neutron-server[75031]: DEBUG neutron.plugins.ml2.drivers.mech_agent [None req-5107f1cc-a6e7-4839-a112-cb9d3b2e2930 None None] Attempting to bind port a20bc959-3e9f-4573-aafe-7b94bb625b99 on network cdf4cc4e-5ff5-4e5b-8408-33abee3fedd2 {{(pid=75031) bind_port /opt/stack/neutron/neutron/plugins/ml2/drivers/mech_agent.py:85}}
Aug 31 12:40:47.896644 dv-cinder-806696-1-iscsi neutron-server[75031]: DEBUG oslo_concurrency.lockutils [None req-5107f1cc-a6e7-4839-a112-cb9d3b2e2930 None None] Lock "event-dispatch" released by "neutron.plugins.ml2.ovo_rpc._ObjectChangeHandler.dispatch_events" :: held 0.308s {{(pid=75031) inner /usr/local/lib/python3.8/dist-packages/oslo_concurrency/lockutils.py:367}}
Aug 31 12:40:47.915211 dv-cinder-806696-1-iscsi neutron-server[75029]: INFO neutron.wsgi [req-51738924-6c30-4dc7-8640-b41050fc352e req-edc34b03-7be7-408a-a69f-def06ba58b6e tempest-AttachVolumeNegativeTest-1525977067 tempest-AttachVolumeNegativeTest-1525977067-project] 10.222.0.20 "GET /v2.0/ports?tenant_id=5e2f935ddba640e7bccb60e70c8b0f58&fields=id HTTP/1.1" status: 200 len: 210 time: 0.0608854
Aug 31 12:40:47.929147 dv-cinder-806696-1-iscsi neutron-server[75029]: DEBUG neutron_lib.callbacks.manager [None req-f185cdde-bb55-4994-81f1-a128843ced3a admin admin] Notify callbacks [] for router_gateway, after_create {{(pid=75029) _notify_loop /usr/local/lib/python3.8/dist-packages/neutron_lib/callbacks/manager.py:192}}
Aug 31 12:40:47.929881 dv-cinder-806696-1-iscsi neutron-server[75029]: DEBUG neutron_lib.callbacks.manager [None req-f185cdde-bb55-4994-81f1-a128843ced3a admin admin] Notify callbacks ['neutron.services.l3_router.l3_router_plugin.L3_HA_NAT_db_mixin._after_router_create-771733', 'neutron.services.l3_router.l3_router_plugin.DVRResourceOperationHandler._create_snat_interfaces_after_change-772328'] for router, after_create {{(pid=75029) _notify_loop /usr/local/lib/python3.8/dist-packages/neutron_lib/callbacks/manager.py:192}}
