Aug 31 03:04:30.243001 dv-cinder-806665-1-iscsi neutron-server[93994]: DEBUG neutron.api.rpc.handlers.resources_rpc [None req-42eaf0da-def9-40a0-b432-7c56c5e6ec04 admin admin] Pushing event updated for resources: {'SecurityGroup': ['ID=4f76e47a-a660-4bf2-8684-a2ed71809add,revision_number=1']} {{(pid=93994) push /opt/stack/neutron/neutron/api/rpc/handlers/resources_rpc.py:237}}
Aug 31 03:04:30.246066 dv-cinder-806665-1-iscsi neutron-server[93995]: DEBUG neutron.wsgi [-] (93995) accepted ('10.222.0.39', 48912) {{(pid=93995) server /usr/local/lib/python3.8/dist-packages/eventlet/wsgi.py:982}}
Aug 31 03:04:30.266227 dv-cinder-806665-1-iscsi neutron-server[93995]: DEBUG neutron.pecan_wsgi.hooks.quota_enforcement [None req-cc6c755a-ff25-4f7f-b360-3cceb97762b7 admin admin] Made reservation on behalf of b969381b31514174b4a28e1c0d43f737 for: {'subnet': 1} {{(pid=93995) before /opt/stack/neutron/neutron/pecan_wsgi/hooks/quota_enforcement.py:53}}
Aug 31 03:04:30.269592 dv-cinder-806665-1-iscsi neutron-server[93995]: DEBUG neutron_lib.callbacks.manager [None req-cc6c755a-ff25-4f7f-b360-3cceb97762b7 admin admin] Notify callbacks ['neutron.services.segments.plugin.SegmentHostRoutes.host_routes_before_create-25524033'] for subnet, before_create {{(pid=93995) _notify_loop /usr/local/lib/python3.8/dist-packages/neutron_lib/callbacks/manager.py:192}}
Aug 31 03:04:30.373461 dv-cinder-806665-1-iscsi neutron-server[93995]: DEBUG neutron_lib.callbacks.manager [None req-3c23df5e-26dd-441f-a13d-720603928152 admin admin] Notify callbacks [] for security_group, before_delete {{(pid=93995) _notify_loop /usr/local/lib/python3.8/dist-packages/neutron_lib/callbacks/manager.py:192}}
Aug 31 03:04:30.410474 dv-cinder-806665-1-iscsi neutron-server[93995]: DEBUG neutron_lib.callbacks.manager [None req-3c23df5e-26dd-441f-a13d-720603928152 admin admin] Notify callbacks [] for security_group, precommit_delete {{(pid=93995) _notify_loop /usr/local/lib/python3.8/dist-packages/neutron_lib/callbacks/manager.py:192}}
Aug 31 03:04:30.501571 dv-cinder-806665-1-iscsi neutron-server[93996]: DEBUG neutron.plugins.ml2.db [None req-01219ed7-f74e-42b7-a30f-f886287aaba3 None None] get_ports_and_sgs() called for port_ids ['b8bfc8b7-3eb5-44e9-a0c6-7ddf8ea86aa5'] {{(pid=93996) get_ports_and_sgs /opt/stack/neutron/neutron/plugins/ml2/db.py:156}}
Aug 31 03:04:30.531113 dv-cinder-806665-1-iscsi neutron-server[93995]: DEBUG neutron_lib.callbacks.manager [None req-3c23df5e-26dd-441f-a13d-720603928152 admin admin] Notify callbacks ['neutron.plugins.ml2.ovo_rpc._ObjectChangeHandler.handle_event-469962'] for security_group, after_delete {{(pid=93995) _notify_loop /usr/local/lib/python3.8/dist-packages/neutron_lib/callbacks/manager.py:192}}
Aug 31 03:04:30.534732 dv-cinder-806665-1-iscsi neutron-server[93995]: DEBUG neutron_lib.callbacks.manager [None req-3c23df5e-26dd-441f-a13d-720603928152 admin admin] Notify callbacks [] for security_group, before_response {{(pid=93995) _notify_loop /usr/local/lib/python3.8/dist-packages/neutron_lib/callbacks/manager.py:192}}
Aug 31 03:04:30.538946 dv-cinder-806665-1-iscsi neutron-server[93995]: INFO neutron.wsgi [None req-3c23df5e-26dd-441f-a13d-720603928152 admin admin] 10.222.0.39 "DELETE /v2.0/security-groups/4f76e47a-a660-4bf2-8684-a2ed71809add HTTP/1.1" status: 204 len: 168 time: 0.2908888
Aug 31 03:04:30.560279 dv-cinder-806665-1-iscsi neutron-server[93996]: DEBUG neutron.plugins.ml2.db [None req-01219ed7-f74e-42b7-a30f-f886287aaba3 None None] get_ports_and_sgs() called for port_ids ['ff470622-5f4c-4e8e-808f-480c993ae235'] {{(pid=93996) get_ports_and_sgs /opt/stack/neutron/neutron/plugins/ml2/db.py:156}}
Aug 31 03:04:30.581168 dv-cinder-806665-1-iscsi neutron-server[93995]: DEBUG neutron.api.rpc.handlers.resources_rpc [None req-3c23df5e-26dd-441f-a13d-720603928152 admin admin] Pushing event deleted for resources: {'SecurityGroup': ['ID=4f76e47a-a660-4bf2-8684-a2ed71809add,revision_number=None']} {{(pid=93995) push /opt/stack/neutron/neutron/api/rpc/handlers/resources_rpc.py:237}}
Aug 31 03:04:30.590021 dv-cinder-806665-1-iscsi neutron-server[93995]: DEBUG neutron_lib.callbacks.manager [None req-cc6c755a-ff25-4f7f-b360-3cceb97762b7 admin admin] Notify callbacks ['neutron.plugins.ml2.ovo_rpc._ObjectChangeHandler.handle_event-474294', 'neutron.api.rpc.agentnotifiers.dhcp_rpc_agent_api.DhcpAgentNotifyAPI._native_event_send_dhcp_notification-626531', 'neutron.services.segments.plugin.NovaSegmentNotifier._notify_subnet_created-25455247', 'neutron.services.segments.plugin.SegmentHostRoutes.host_routes_after_create-25524055'] for subnet, after_create {{(pid=93995) _notify_loop /usr/local/lib/python3.8/dist-packages/neutron_lib/callbacks/manager.py:192}}
Aug 31 03:04:30.633903 dv-cinder-806665-1-iscsi neutron-server[93994]: DEBUG neutron.pecan_wsgi.hooks.policy_enforcement [req-2344df9b-8913-45eb-a15f-aba321cf873a req-c79b6e0e-dd57-440a-b353-9de4d15d6c49 tempest-AttachVolumeNegativeTest-1019722755 tempest-AttachVolumeNegativeTest-1019722755-project] Attributes excluded by policy engine: ['standard_attr_id', 'binding:profile', 'binding:host_id', 'binding:vif_type', 'binding:vif_details'] {{(pid=93994) _exclude_attributes_by_policy /opt/stack/neutron/neutron/pecan_wsgi/hooks/policy_enforcement.py:255}}
Aug 31 03:04:30.635976 dv-cinder-806665-1-iscsi neutron-server[93994]: INFO neutron.wsgi [req-2344df9b-8913-45eb-a15f-aba321cf873a req-c79b6e0e-dd57-440a-b353-9de4d15d6c49 tempest-AttachVolumeNegativeTest-1019722755 tempest-AttachVolumeNegativeTest-1019722755-project] 10.222.0.39 "GET /v2.0/ports?device_id=6fe00e8a-07a3-4e65-a153-e07648d7dbfb HTTP/1.1" status: 200 len: 945 time: 0.0905340
Aug 31 03:04:30.768893 dv-cinder-806665-1-iscsi neutron-server[93994]: INFO neutron.wsgi [req-2344df9b-8913-45eb-a15f-aba321cf873a req-fe265366-a561-4624-8a75-cc5b911699e2 tempest-AttachVolumeNegativeTest-1019722755 tempest-AttachVolumeNegativeTest-1019722755-project] 10.222.0.39 "GET /v2.0/security-groups?id=91979b36-9e44-42b9-b38f-b93669abf9cd&fields=id&fields=name HTTP/1.1" status: 200 len: 286 time: 0.1247146
Aug 31 03:04:30.810240 dv-cinder-806665-1-iscsi neutron-server[93995]: DEBUG neutron.api.rpc.handlers.resources_rpc [None req-cc6c755a-ff25-4f7f-b360-3cceb97762b7 admin admin] Pushing event updated for resources: {'Subnet': ['ID=9d2cd2e6-a8d3-4041-89b8-0ea1f75194f0,revision_number=0']} {{(pid=93995) push /opt/stack/neutron/neutron/api/rpc/handlers/resources_rpc.py:237}}
Aug 31 03:04:30.814935 dv-cinder-806665-1-iscsi neutron-server[93995]: DEBUG neutron.plugins.ml2.drivers.mech_agent [None req-cc6c755a-ff25-4f7f-b360-3cceb97762b7 admin admin] Checking segment: {'id': '6a7d72e2-ba23-4501-955b-1fc10cdfd9d7', 'network_type': 'vlan', 'physical_network': 'physnet1', 'segmentation_id': 410, 'network_id': 'c8478b88-bb2c-413b-821e-d0aa11a333ba'} for mappings: {'physnet1': 'br-data'} with network types: ['local', 'flat', 'vlan'] {{(pid=93995) check_segment_for_agent /opt/stack/neutron/neutron/plugins/ml2/drivers/mech_agent.py:352}}
Aug 31 03:04:30.815308 dv-cinder-806665-1-iscsi neutron-server[93995]: DEBUG neutron.scheduler.dhcp_agent_scheduler [None req-cc6c755a-ff25-4f7f-b360-3cceb97762b7 admin admin] Network hostable DHCP agents. Network: c8478b88-bb2c-413b-821e-d0aa11a333ba, hostable agents: ['3c966aba-13f4-4f03-aff2-5698fd0b2f7b'], hosted agents: [] {{(pid=93995) _get_network_hostable_dhcp_agents /opt/stack/neutron/neutron/scheduler/dhcp_agent_scheduler.py:329}}
Aug 31 03:04:30.846070 dv-cinder-806665-1-iscsi neutron-server[93995]: DEBUG neutron.pecan_wsgi.hooks.policy_enforcement [req-2ef1641c-4035-40f3-9f18-d840c03ab266 req-5e0ea11e-b806-459d-a4d8-2bf28d843fb9 tempest-ServerRescueNegativeTestJSON-590296599 tempest-ServerRescueNegativeTestJSON-590296599-project] Attributes excluded by policy engine: ['standard_attr_id', 'binding:profile', 'binding:host_id', 'binding:vif_type', 'binding:vif_details'] {{(pid=93995) _exclude_attributes_by_policy /opt/stack/neutron/neutron/pecan_wsgi/hooks/policy_enforcement.py:255}}
Aug 31 03:04:30.847797 dv-cinder-806665-1-iscsi neutron-server[93995]: INFO neutron.wsgi [req-2ef1641c-4035-40f3-9f18-d840c03ab266 req-5e0ea11e-b806-459d-a4d8-2bf28d843fb9 tempest-ServerRescueNegativeTestJSON-590296599 tempest-ServerRescueNegativeTestJSON-590296599-project] 10.222.0.39 "GET /v2.0/ports?device_id=03eb0d60-b7c3-4c06-9c41-7cff1307b369 HTTP/1.1" status: 200 len: 945 time: 0.1495035
Aug 31 03:04:30.853664 dv-cinder-806665-1-iscsi neutron-server[93995]: DEBUG neutron.scheduler.dhcp_agent_scheduler [None req-cc6c755a-ff25-4f7f-b360-3cceb97762b7 admin admin] Network c8478b88-bb2c-413b-821e-d0aa11a333ba is scheduled to be hosted by DHCP agent 3c966aba-13f4-4f03-aff2-5698fd0b2f7b with binding_index 1 {{(pid=93995) bind /opt/stack/neutron/neutron/scheduler/dhcp_agent_scheduler.py:227}}
Aug 31 03:04:30.918099 dv-cinder-806665-1-iscsi neutron-server[93995]: DEBUG neutron.scheduler.base_scheduler [None req-cc6c755a-ff25-4f7f-b360-3cceb97762b7 admin admin] Resources bound (agent type, host, resource id): (DHCP agent, dv-cinder-806665-1-iscsi, c8478b88-bb2c-413b-821e-d0aa11a333ba) {{(pid=93995) schedule /opt/stack/neutron/neutron/scheduler/base_scheduler.py:57}}
Aug 31 03:04:30.929223 dv-cinder-806665-1-iscsi neutron-server[93995]: DEBUG neutron.pecan_wsgi.hooks.policy_enforcement [None req-cc6c755a-ff25-4f7f-b360-3cceb97762b7 admin admin] Attributes excluded by policy engine: ['standard_attr_id', 'shared', 'segment_id', 'network'] {{(pid=93995) _exclude_attributes_by_policy /opt/stack/neutron/neutron/pecan_wsgi/hooks/policy_enforcement.py:255}}
Aug 31 03:04:30.929823 dv-cinder-806665-1-iscsi neutron-server[93995]: DEBUG neutron_lib.callbacks.manager [None req-cc6c755a-ff25-4f7f-b360-3cceb97762b7 admin admin] Notify callbacks ['neutron.api.rpc.agentnotifiers.dhcp_rpc_agent_api.DhcpAgentNotifyAPI._send_dhcp_notification-626577'] for subnet, before_response {{(pid=93995) _notify_loop /usr/local/lib/python3.8/dist-packages/neutron_lib/callbacks/manager.py:192}}
Aug 31 03:04:30.937363 dv-cinder-806665-1-iscsi neutron-server[93996]: DEBUG neutron.api.rpc.handlers.dhcp_rpc [None req-df8b919a-f7ad-4829-b8c9-95add62a2a12 None None] Network c8478b88-bb2c-413b-821e-d0aa11a333ba requested from dv-cinder-806665-1-iscsi {{(pid=93996) get_network_info /opt/stack/neutron/neutron/api/rpc/handlers/dhcp_rpc.py:218}}
Aug 31 03:04:31.012220 dv-cinder-806665-1-iscsi neutron-server[93995]: INFO neutron.wsgi [req-2ef1641c-4035-40f3-9f18-d840c03ab266 req-621ce33f-2057-4b5d-91e3-00f104f50879 tempest-ServerRescueNegativeTestJSON-590296599 tempest-ServerRescueNegativeTestJSON-590296599-project] 10.222.0.39 "GET /v2.0/security-groups?id=73e0e0e6-ffc6-43dd-bc8a-dd2ab44fdbc5&fields=id&fields=name HTTP/1.1" status: 200 len: 286 time: 0.1508503
Aug 31 03:04:31.017370 dv-cinder-806665-1-iscsi neutron-server[93994]: DEBUG neutron.pecan_wsgi.hooks.policy_enforcement [req-40c73da7-cf6a-4d19-a022-38344da09b01 req-71dddb73-adca-4b83-9176-f450c66ff62f tempest-DeleteServersTestJSON-1913132716 tempest-DeleteServersTestJSON-1913132716-project] Attributes excluded by policy engine: ['standard_attr_id', 'binding:profile', 'binding:host_id', 'binding:vif_type', 'binding:vif_details'] {{(pid=93994) _exclude_attributes_by_policy /opt/stack/neutron/neutron/pecan_wsgi/hooks/policy_enforcement.py:255}}
Aug 31 03:04:31.019530 dv-cinder-806665-1-iscsi neutron-server[93994]: INFO neutron.wsgi [req-40c73da7-cf6a-4d19-a022-38344da09b01 req-71dddb73-adca-4b83-9176-f450c66ff62f tempest-DeleteServersTestJSON-1913132716 tempest-DeleteServersTestJSON-1913132716-project] 10.222.0.39 "GET /v2.0/ports?device_id=50886484-227b-4feb-8822-c59ed4c17c8e HTTP/1.1" status: 200 len: 944 time: 0.1246285
Aug 31 03:04:31.022332 dv-cinder-806665-1-iscsi neutron-server[93995]: INFO neutron.wsgi [None req-cc6c755a-ff25-4f7f-b360-3cceb97762b7 admin admin] 10.222.0.39 "POST /v2.0/subnets HTTP/1.1" status: 201 len: 846 time: 0.7993217
Aug 31 03:04:31.089204 dv-cinder-806665-1-iscsi neutron-server[93994]: INFO neutron.wsgi [req-40c73da7-cf6a-4d19-a022-38344da09b01 req-2756fb72-1680-45bd-af4f-a39196278781 tempest-DeleteServersTestJSON-1913132716 tempest-DeleteServersTestJSON-1913132716-project] 10.222.0.39 "GET /v2.0/security-groups?id=f6376593-1919-4a61-8bbe-ef45ae7bd41c&fields=id&fields=name HTTP/1.1" status: 200 len: 286 time: 0.0606761
Aug 31 03:04:31.179575 dv-cinder-806665-1-iscsi neutron-server[93996]: DEBUG neutron.plugins.ml2.rpc [None req-01219ed7-f74e-42b7-a30f-f886287aaba3 None None] Device 26042ac4-c619-4a22-9148-45ab89bec21e up at agent hyperv_hv-cinder-80666 {{(pid=93996) update_device_up /opt/stack/neutron/neutron/plugins/ml2/rpc.py:296}}
Aug 31 03:04:31.226470 dv-cinder-806665-1-iscsi neutron-server[93996]: DEBUG neutron.api.rpc.handlers.dhcp_rpc [None req-4c580624-252d-4d38-948b-bc262d040eef None None] Network c8478b88-bb2c-413b-821e-d0aa11a333ba requested from dv-cinder-806665-1-iscsi {{(pid=93996) get_network_info /opt/stack/neutron/neutron/api/rpc/handlers/dhcp_rpc.py:218}}
Aug 31 03:04:31.309681 dv-cinder-806665-1-iscsi neutron-server[93996]: DEBUG neutron.db.provisioning_blocks [None req-01219ed7-f74e-42b7-a30f-f886287aaba3 None None] Provisioning for port 26042ac4-c619-4a22-9148-45ab89bec21e completed by entity L2. {{(pid=93996) provisioning_complete /opt/stack/neutron/neutron/db/provisioning_blocks.py:133}}
Aug 31 03:04:31.319123 dv-cinder-806665-1-iscsi neutron-server[93996]: DEBUG neutron.db.provisioning_blocks [None req-01219ed7-f74e-42b7-a30f-f886287aaba3 None None] Provisioning complete for port 26042ac4-c619-4a22-9148-45ab89bec21e triggered by entity L2. {{(pid=93996) provisioning_complete /opt/stack/neutron/neutron/db/provisioning_blocks.py:139}}
Aug 31 03:04:31.319900 dv-cinder-806665-1-iscsi neutron-server[93996]: DEBUG neutron_lib.callbacks.manager [None req-01219ed7-f74e-42b7-a30f-f886287aaba3 None None] Notify callbacks ['neutron.plugins.ml2.plugin.Ml2Plugin._port_provisioned-7876623'] for port, provisioning_complete {{(pid=93996) _notify_loop /usr/local/lib/python3.8/dist-packages/neutron_lib/callbacks/manager.py:192}}
Aug 31 03:04:31.341488 dv-cinder-806665-1-iscsi neutron-server[93995]: DEBUG neutron.pecan_wsgi.hooks.policy_enforcement [req-57eb4339-ca37-4f92-b3a8-34b8debd2a28 req-ac3f9109-9e52-404e-9438-dd7daea537dd tempest-AttachVolumeShelveTestJSON-1376551387 tempest-AttachVolumeShelveTestJSON-1376551387-project] Attributes excluded by policy engine: ['standard_attr_id', 'binding:profile', 'binding:host_id', 'binding:vif_type', 'binding:vif_details'] {{(pid=93995) _exclude_attributes_by_policy /opt/stack/neutron/neutron/pecan_wsgi/hooks/policy_enforcement.py:255}}
Aug 31 03:04:31.343340 dv-cinder-806665-1-iscsi neutron-server[93995]: INFO neutron.wsgi [req-57eb4339-ca37-4f92-b3a8-34b8debd2a28 req-ac3f9109-9e52-404e-9438-dd7daea537dd tempest-AttachVolumeShelveTestJSON-1376551387 tempest-AttachVolumeShelveTestJSON-1376551387-project] 10.222.0.39 "GET /v2.0/ports?device_id=bf596392-da2c-4ba4-8104-9a2a73643bc0 HTTP/1.1" status: 200 len: 944 time: 0.0837307
Aug 31 03:04:31.392156 dv-cinder-806665-1-iscsi neutron-server[93995]: INFO neutron.wsgi [req-57eb4339-ca37-4f92-b3a8-34b8debd2a28 req-816bd1f6-e5b0-4888-9e0c-7444bb9f5f5b tempest-AttachVolumeShelveTestJSON-1376551387 tempest-AttachVolumeShelveTestJSON-1376551387-project] 10.222.0.39 "GET /v2.0/security-groups?id=0fc29125-4113-463e-8723-78c1600c1ed2&fields=id&fields=name HTTP/1.1" status: 200 len: 312 time: 0.0424011
Aug 31 03:04:31.467986 dv-cinder-806665-1-iscsi neutron-server[93996]: DEBUG neutron_lib.callbacks.manager [None req-01219ed7-f74e-42b7-a30f-f886287aaba3 None None] Notify callbacks ['neutron.plugins.ml2.plugin.SecurityGroupDbMixin._ensure_default_security_group_handler-7918552'] for port, before_update {{(pid=93996) _notify_loop /usr/local/lib/python3.8/dist-packages/neutron_lib/callbacks/manager.py:192}}
Aug 31 03:04:31.492623 dv-cinder-806665-1-iscsi neutron-server[93996]: DEBUG neutron.notifiers.nova [-] Sending events: [{'server_uuid': 'e559ca09-0ed5-4051-8271-f6af5e1ff4cb', 'name': 'network-vif-plugged', 'status': 'completed', 'tag': '26042ac4-c619-4a22-9148-45ab89bec21e'}] {{(pid=93996) send_events /opt/stack/neutron/neutron/notifiers/nova.py:262}}
Aug 31 03:04:31.560878 dv-cinder-806665-1-iscsi neutron-server[93996]: DEBUG neutron.plugins.ml2.db [None req-01219ed7-f74e-42b7-a30f-f886287aaba3 None None] For port 26042ac4-c619-4a22-9148-45ab89bec21e, host hv-cinder-80666, got binding levels [PortBindingLevel(driver='hyperv',host='hv-cinder-80666',level=0,port_id=26042ac4-c619-4a22-9148-45ab89bec21e,segment=NetworkSegment(88a5d82c-d266-4efa-b762-590f8eef938d),segment_id=88a5d82c-d266-4efa-b762-590f8eef938d)] {{(pid=93996) get_binding_level_objs /opt/stack/neutron/neutron/plugins/ml2/db.py:74}}
Aug 31 03:04:31.565340 dv-cinder-806665-1-iscsi neutron-server[93996]: DEBUG neutron_lib.callbacks.manager [None req-01219ed7-f74e-42b7-a30f-f886287aaba3 None None] Notify callbacks ['neutron.plugins.ml2.plugin.SecurityGroupServerNotifierRpcMixin._notify_sg_on_port_change-7918495', 'neutron.plugins.ml2.ovo_rpc._ObjectChangeHandler.handle_event-39993', 'neutron.api.rpc.agentnotifiers.dhcp_rpc_agent_api.DhcpAgentNotifyAPI._native_event_send_dhcp_notification-626531', 'neutron.db.l3_db.L3RpcNotifierMixin._notify_gateway_port_ip_changed-8754338231251', 'neutron.db.l3_dvrscheduler_db._notify_l3_agent_port_update-8754337700136', 'neutron.db.l3_hascheduler_db._notify_l3_agent_ha_port_update-8754337700154'] for port, after_update {{(pid=93996) _notify_loop /usr/local/lib/python3.8/dist-packages/neutron_lib/callbacks/manager.py:192}}
Aug 31 03:04:31.566138 dv-cinder-806665-1-iscsi neutron-server[93996]: DEBUG neutron.plugins.ml2.rpc [None req-01219ed7-f74e-42b7-a30f-f886287aaba3 None None] Device e1f07fa0-7280-4db4-964b-c8959e32f5aa up at agent hyperv_hv-cinder-80666 {{(pid=93996) update_device_up /opt/stack/neutron/neutron/plugins/ml2/rpc.py:296}}
Aug 31 03:04:31.662313 dv-cinder-806665-1-iscsi neutron-server[93996]: DEBUG neutron.api.rpc.handlers.resources_rpc [None req-01219ed7-f74e-42b7-a30f-f886287aaba3 None None] Pushing event updated for resources: {'Port': ['ID=26042ac4-c619-4a22-9148-45ab89bec21e,revision_number=5']} {{(pid=93996) push /opt/stack/neutron/neutron/api/rpc/handlers/resources_rpc.py:237}}
Aug 31 03:04:31.681394 dv-cinder-806665-1-iscsi neutron-server[93996]: DEBUG neutron.db.provisioning_blocks [None req-01219ed7-f74e-42b7-a30f-f886287aaba3 None None] Provisioning for port e1f07fa0-7280-4db4-964b-c8959e32f5aa completed by entity L2. {{(pid=93996) provisioning_complete /opt/stack/neutron/neutron/db/provisioning_blocks.py:133}}
Aug 31 03:04:31.685857 dv-cinder-806665-1-iscsi neutron-server[93996]: DEBUG neutron.db.provisioning_blocks [None req-01219ed7-f74e-42b7-a30f-f886287aaba3 None None] Provisioning complete for port e1f07fa0-7280-4db4-964b-c8959e32f5aa triggered by entity L2. {{(pid=93996) provisioning_complete /opt/stack/neutron/neutron/db/provisioning_blocks.py:139}}
Aug 31 03:04:31.686241 dv-cinder-806665-1-iscsi neutron-server[93996]: DEBUG neutron_lib.callbacks.manager [None req-01219ed7-f74e-42b7-a30f-f886287aaba3 None None] Notify callbacks ['neutron.plugins.ml2.plugin.Ml2Plugin._port_provisioned-7876623'] for port, provisioning_complete {{(pid=93996) _notify_loop /usr/local/lib/python3.8/dist-packages/neutron_lib/callbacks/manager.py:192}}
Aug 31 03:04:31.758993 dv-cinder-806665-1-iscsi neutron-server[93996]: DEBUG novaclient.v2.client [-] REQ: curl -g -i --cacert "/opt/stack/data/ca-bundle.pem" -X POST http://10.222.0.39/compute/v2.1/os-server-external-events -H "Accept: application/json" -H "Content-Type: application/json" -H "User-Agent: python-novaclient" -H "X-Auth-Token: {SHA256}0cadfe568828c5b1f47dd8831b8163f3fdf752dfcbc1c09e6d6e8f62a57d0428" -H "X-OpenStack-Nova-API-Version: 2.1" -H "X-OpenStack-Request-ID: req-4e29a8db-1ff9-4cd8-9577-140d96fd2169" -d '{"events": [{"server_uuid": "e559ca09-0ed5-4051-8271-f6af5e1ff4cb", "name": "network-vif-plugged", "status": "completed", "tag": "26042ac4-c619-4a22-9148-45ab89bec21e"}]}' {{(pid=93996) _http_log_request /usr/local/lib/python3.8/dist-packages/keystoneauth1/session.py:519}}
Aug 31 03:04:31.772148 dv-cinder-806665-1-iscsi neutron-server[93996]: DEBUG neutron_lib.callbacks.manager [None req-01219ed7-f74e-42b7-a30f-f886287aaba3 None None] Notify callbacks ['neutron.plugins.ml2.plugin.SecurityGroupDbMixin._ensure_default_security_group_handler-7918552'] for port, before_update {{(pid=93996) _notify_loop /usr/local/lib/python3.8/dist-packages/neutron_lib/callbacks/manager.py:192}}
Aug 31 03:04:31.809372 dv-cinder-806665-1-iscsi neutron-server[93996]: DEBUG neutron.plugins.ml2.db [None req-01219ed7-f74e-42b7-a30f-f886287aaba3 None None] For port e1f07fa0-7280-4db4-964b-c8959e32f5aa, host hv-cinder-80666, got binding levels [PortBindingLevel(driver='hyperv',host='hv-cinder-80666',level=0,port_id=e1f07fa0-7280-4db4-964b-c8959e32f5aa,segment=NetworkSegment(82122390-827d-42a3-bab9-c2089cb1fc40),segment_id=82122390-827d-42a3-bab9-c2089cb1fc40)] {{(pid=93996) get_binding_level_objs /opt/stack/neutron/neutron/plugins/ml2/db.py:74}}
Aug 31 03:04:31.816149 dv-cinder-806665-1-iscsi neutron-server[93996]: DEBUG neutron_lib.callbacks.manager [None req-01219ed7-f74e-42b7-a30f-f886287aaba3 None None] Notify callbacks ['neutron.plugins.ml2.plugin.SecurityGroupServerNotifierRpcMixin._notify_sg_on_port_change-7918495', 'neutron.plugins.ml2.ovo_rpc._ObjectChangeHandler.handle_event-39993', 'neutron.api.rpc.agentnotifiers.dhcp_rpc_agent_api.DhcpAgentNotifyAPI._native_event_send_dhcp_notification-626531', 'neutron.db.l3_db.L3RpcNotifierMixin._notify_gateway_port_ip_changed-8754338231251', 'neutron.db.l3_dvrscheduler_db._notify_l3_agent_port_update-8754337700136', 'neutron.db.l3_hascheduler_db._notify_l3_agent_ha_port_update-8754337700154'] for port, after_update {{(pid=93996) _notify_loop /usr/local/lib/python3.8/dist-packages/neutron_lib/callbacks/manager.py:192}}
Aug 31 03:04:31.816953 dv-cinder-806665-1-iscsi neutron-server[93996]: DEBUG neutron.plugins.ml2.rpc [None req-01219ed7-f74e-42b7-a30f-f886287aaba3 None None] Device 7d961084-60b2-44f3-be07-3c8be78bce8a up at agent hyperv_hv-cinder-80666 {{(pid=93996) update_device_up /opt/stack/neutron/neutron/plugins/ml2/rpc.py:296}}
Aug 31 03:04:31.897800 dv-cinder-806665-1-iscsi neutron-server[93996]: DEBUG neutron.api.rpc.handlers.resources_rpc [None req-01219ed7-f74e-42b7-a30f-f886287aaba3 None None] Pushing event updated for resources: {'Port': ['ID=e1f07fa0-7280-4db4-964b-c8959e32f5aa,revision_number=5']} {{(pid=93996) push /opt/stack/neutron/neutron/api/rpc/handlers/resources_rpc.py:237}}
Aug 31 03:04:31.897955 dv-cinder-806665-1-iscsi neutron-server[93995]: DEBUG neutron.pecan_wsgi.hooks.policy_enforcement [req-0a462fc7-add9-4ccc-bd12-a309193d34d4 req-1460f9a3-b601-4b63-a5cb-c8b003f134c4 tempest-AttachVolumeNegativeTest-1019722755 tempest-AttachVolumeNegativeTest-1019722755-project] Attributes excluded by policy engine: ['standard_attr_id', 'binding:profile', 'binding:host_id', 'binding:vif_type', 'binding:vif_details'] {{(pid=93995) _exclude_attributes_by_policy /opt/stack/neutron/neutron/pecan_wsgi/hooks/policy_enforcement.py:255}}
Aug 31 03:04:31.906961 dv-cinder-806665-1-iscsi neutron-server[93995]: INFO neutron.wsgi [req-0a462fc7-add9-4ccc-bd12-a309193d34d4 req-1460f9a3-b601-4b63-a5cb-c8b003f134c4 tempest-AttachVolumeNegativeTest-1019722755 tempest-AttachVolumeNegativeTest-1019722755-project] 10.222.0.39 "GET /v2.0/ports?device_id=6fe00e8a-07a3-4e65-a153-e07648d7dbfb HTTP/1.1" status: 200 len: 945 time: 0.0703962
Aug 31 03:04:31.910147 dv-cinder-806665-1-iscsi neutron-server[93996]: DEBUG neutron.db.provisioning_blocks [None req-01219ed7-f74e-42b7-a30f-f886287aaba3 None None] Provisioning for port 7d961084-60b2-44f3-be07-3c8be78bce8a completed by entity L2. {{(pid=93996) provisioning_complete /opt/stack/neutron/neutron/db/provisioning_blocks.py:133}}
Aug 31 03:04:31.916082 dv-cinder-806665-1-iscsi neutron-server[93996]: DEBUG neutron.db.provisioning_blocks [None req-01219ed7-f74e-42b7-a30f-f886287aaba3 None None] Provisioning complete for port 7d961084-60b2-44f3-be07-3c8be78bce8a triggered by entity L2. {{(pid=93996) provisioning_complete /opt/stack/neutron/neutron/db/provisioning_blocks.py:139}}
Aug 31 03:04:31.916633 dv-cinder-806665-1-iscsi neutron-server[93996]: DEBUG neutron_lib.callbacks.manager [None req-01219ed7-f74e-42b7-a30f-f886287aaba3 None None] Notify callbacks ['neutron.plugins.ml2.plugin.Ml2Plugin._port_provisioned-7876623'] for port, provisioning_complete {{(pid=93996) _notify_loop /usr/local/lib/python3.8/dist-packages/neutron_lib/callbacks/manager.py:192}}
Aug 31 03:04:31.971067 dv-cinder-806665-1-iscsi neutron-server[93995]: INFO neutron.wsgi [req-0a462fc7-add9-4ccc-bd12-a309193d34d4 req-261ef315-753f-4613-936a-5c8dcfaaf16b tempest-AttachVolumeNegativeTest-1019722755 tempest-AttachVolumeNegativeTest-1019722755-project] 10.222.0.39 "GET /v2.0/security-groups?id=91979b36-9e44-42b9-b38f-b93669abf9cd&fields=id&fields=name HTTP/1.1" status: 200 len: 286 time: 0.0629737
Aug 31 03:04:32.026260 dv-cinder-806665-1-iscsi neutron-server[93996]: DEBUG neutron_lib.callbacks.manager [None req-01219ed7-f74e-42b7-a30f-f886287aaba3 None None] Notify callbacks ['neutron.plugins.ml2.plugin.SecurityGroupDbMixin._ensure_default_security_group_handler-7918552'] for port, before_update {{(pid=93996) _notify_loop /usr/local/lib/python3.8/dist-packages/neutron_lib/callbacks/manager.py:192}}
Aug 31 03:04:32.107415 dv-cinder-806665-1-iscsi neutron-server[93994]: DEBUG neutron.wsgi [-] (93994) accepted ('10.222.0.39', 49008) {{(pid=93994) server /usr/local/lib/python3.8/dist-packages/eventlet/wsgi.py:982}}
Aug 31 03:04:32.126923 dv-cinder-806665-1-iscsi neutron-server[93994]: DEBUG neutron.api.v2.base [None req-3a2d75e0-6bb1-4ba0-90f8-0d02a1853d84 admin admin] Request body: {'network': {'name': 'tempest-VolumesActionsTest-721244372-network', 'tenant_id': 'efd3f22e12e34dfb817144eefc2e9746'}} {{(pid=93994) prepare_request_body /opt/stack/neutron/neutron/api/v2/base.py:730}}
Aug 31 03:04:32.160749 dv-cinder-806665-1-iscsi neutron-server[93994]: DEBUG neutron.pecan_wsgi.hooks.quota_enforcement [None req-3a2d75e0-6bb1-4ba0-90f8-0d02a1853d84 admin admin] Made reservation on behalf of efd3f22e12e34dfb817144eefc2e9746 for: {'network': 1} {{(pid=93994) before /opt/stack/neutron/neutron/pecan_wsgi/hooks/quota_enforcement.py:53}}
Aug 31 03:04:32.164339 dv-cinder-806665-1-iscsi neutron-server[93994]: DEBUG neutron_lib.callbacks.manager [None req-3a2d75e0-6bb1-4ba0-90f8-0d02a1853d84 admin admin] Notify callbacks ['neutron.plugins.ml2.plugin.SecurityGroupDbMixin._ensure_default_security_group_handler-7918552'] for network, before_create {{(pid=93994) _notify_loop /usr/local/lib/python3.8/dist-packages/neutron_lib/callbacks/manager.py:192}}
Aug 31 03:04:32.186504 dv-cinder-806665-1-iscsi neutron-server[93994]: DEBUG neutron_lib.callbacks.manager [None req-3a2d75e0-6bb1-4ba0-90f8-0d02a1853d84 admin admin] Notify callbacks [] for security_group, before_create {{(pid=93994) _notify_loop /usr/local/lib/python3.8/dist-packages/neutron_lib/callbacks/manager.py:192}}
Aug 31 03:04:32.293966 dv-cinder-806665-1-iscsi neutron-server[93995]: DEBUG neutron.pecan_wsgi.hooks.policy_enforcement [req-60480639-d47f-429f-b60d-34645cc46b8e req-e7969cc8-9103-4a0a-b36e-2278ff5e7cc4 tempest-ServerRescueNegativeTestJSON-590296599 tempest-ServerRescueNegativeTestJSON-590296599-project] Attributes excluded by policy engine: ['standard_attr_id', 'binding:profile', 'binding:host_id', 'binding:vif_type', 'binding:vif_details'] {{(pid=93995) _exclude_attributes_by_policy /opt/stack/neutron/neutron/pecan_wsgi/hooks/policy_enforcement.py:255}}
Aug 31 03:04:32.309222 dv-cinder-806665-1-iscsi neutron-server[93996]: DEBUG novaclient.v2.client [-] RESP: [200] Connection: close Content-Length: 183 Content-Type: application/json Date: Tue, 31 Aug 2021 03:04:31 GMT OpenStack-API-Version: compute 2.1 Server: Apache/2.4.41 (Ubuntu) Vary: OpenStack-API-Version,X-OpenStack-Nova-API-Version X-OpenStack-Nova-API-Version: 2.1 x-compute-request-id: req-1eee5966-7126-4304-af6b-1e6f077a6bbd x-openstack-request-id: req-1eee5966-7126-4304-af6b-1e6f077a6bbd {{(pid=93996) _http_log_response /usr/local/lib/python3.8/dist-packages/keystoneauth1/session.py:550}}
Aug 31 03:04:32.311585 dv-cinder-806665-1-iscsi neutron-server[93996]: DEBUG novaclient.v2.client [-] RESP BODY: {"events": [{"server_uuid": "e559ca09-0ed5-4051-8271-f6af5e1ff4cb", "name": "network-vif-plugged", "status": "completed", "tag": "26042ac4-c619-4a22-9148-45ab89bec21e", "code": 200}]} {{(pid=93996) _http_log_response /usr/local/lib/python3.8/dist-packages/keystoneauth1/session.py:582}}
Aug 31 03:04:32.312483 dv-cinder-806665-1-iscsi neutron-server[93996]: DEBUG novaclient.v2.client [-] POST call to compute for http://10.222.0.39/compute/v2.1/os-server-external-events used request id req-1eee5966-7126-4304-af6b-1e6f077a6bbd {{(pid=93996) request /usr/local/lib/python3.8/dist-packages/keystoneauth1/session.py:954}}
Aug 31 03:04:32.312983 dv-cinder-806665-1-iscsi neutron-server[93996]: INFO neutron.notifiers.nova [-] Nova event response: {'server_uuid': 'e559ca09-0ed5-4051-8271-f6af5e1ff4cb', 'name': 'network-vif-plugged', 'status': 'completed', 'tag': '26042ac4-c619-4a22-9148-45ab89bec21e', 'code': 200}
Aug 31 03:04:32.320764 dv-cinder-806665-1-iscsi neutron-server[93995]: INFO neutron.wsgi [req-60480639-d47f-429f-b60d-34645cc46b8e req-e7969cc8-9103-4a0a-b36e-2278ff5e7cc4 tempest-ServerRescueNegativeTestJSON-590296599 tempest-ServerRescueNegativeTestJSON-590296599-project] 10.222.0.39 "GET /v2.0/ports?device_id=03eb0d60-b7c3-4c06-9c41-7cff1307b369 HTTP/1.1" status: 200 len: 945 time: 0.1502900
Aug 31 03:04:32.357490 dv-cinder-806665-1-iscsi neutron-server[93996]: DEBUG neutron.plugins.ml2.db [None req-01219ed7-f74e-42b7-a30f-f886287aaba3 None None] For port 7d961084-60b2-44f3-be07-3c8be78bce8a, host hv-cinder-80666, got binding levels [PortBindingLevel(driver='hyperv',host='hv-cinder-80666',level=0,port_id=7d961084-60b2-44f3-be07-3c8be78bce8a,segment=NetworkSegment(95ccbc82-0846-41a7-a56d-401f5e7a5bb2),segment_id=95ccbc82-0846-41a7-a56d-401f5e7a5bb2)] {{(pid=93996) get_binding_level_objs /opt/stack/neutron/neutron/plugins/ml2/db.py:74}}
Aug 31 03:04:32.365784 dv-cinder-806665-1-iscsi neutron-server[93996]: DEBUG neutron_lib.callbacks.manager [None req-01219ed7-f74e-42b7-a30f-f886287aaba3 None None] Notify callbacks ['neutron.plugins.ml2.plugin.SecurityGroupServerNotifierRpcMixin._notify_sg_on_port_change-7918495', 'neutron.plugins.ml2.ovo_rpc._ObjectChangeHandler.handle_event-39993', 'neutron.api.rpc.agentnotifiers.dhcp_rpc_agent_api.DhcpAgentNotifyAPI._native_event_send_dhcp_notification-626531', 'neutron.db.l3_db.L3RpcNotifierMixin._notify_gateway_port_ip_changed-8754338231251', 'neutron.db.l3_dvrscheduler_db._notify_l3_agent_port_update-8754337700136', 'neutron.db.l3_hascheduler_db._notify_l3_agent_ha_port_update-8754337700154'] for port, after_update {{(pid=93996) _notify_loop /usr/local/lib/python3.8/dist-packages/neutron_lib/callbacks/manager.py:192}}
Aug 31 03:04:32.393845 dv-cinder-806665-1-iscsi neutron-server[93994]: DEBUG neutron_lib.callbacks.manager [None req-3a2d75e0-6bb1-4ba0-90f8-0d02a1853d84 admin admin] Notify callbacks [] for security_group, precommit_create {{(pid=93994) _notify_loop /usr/local/lib/python3.8/dist-packages/neutron_lib/callbacks/manager.py:192}}
Aug 31 03:04:32.407969 dv-cinder-806665-1-iscsi neutron-server[93994]: DEBUG neutron_lib.callbacks.manager [None req-3a2d75e0-6bb1-4ba0-90f8-0d02a1853d84 admin admin] Notify callbacks ['neutron.plugins.ml2.ovo_rpc._ObjectChangeHandler.handle_event-469962'] for security_group, after_create {{(pid=93994) _notify_loop /usr/local/lib/python3.8/dist-packages/neutron_lib/callbacks/manager.py:192}}
Aug 31 03:04:32.429427 dv-cinder-806665-1-iscsi neutron-server[93994]: DEBUG neutron.plugins.ml2.drivers.helpers [None req-3a2d75e0-6bb1-4ba0-90f8-0d02a1853d84 admin admin] vlan segment allocate from pool success with {'vlan_id': 405, 'physical_network': 'physnet1'} {{(pid=93994) allocate_partially_specified_segment /opt/stack/neutron/neutron/plugins/ml2/drivers/helpers.py:153}}
Aug 31 03:04:32.442109 dv-cinder-806665-1-iscsi neutron-server[93994]: DEBUG neutron_lib.callbacks.manager [None req-3a2d75e0-6bb1-4ba0-90f8-0d02a1853d84 admin admin] Notify callbacks ['neutron.plugins.ml2.plugin.Ml2Plugin._handle_segment_change-7875627'] for segment, precommit_create {{(pid=93994) _notify_loop /usr/local/lib/python3.8/dist-packages/neutron_lib/callbacks/manager.py:192}}
Aug 31 03:04:32.442751 dv-cinder-806665-1-iscsi neutron-server[93994]: INFO neutron.db.segments_db [None req-3a2d75e0-6bb1-4ba0-90f8-0d02a1853d84 admin admin] Added segment 5707f8ab-27b4-43b5-a754-757a7eeca5a6 of type vlan for network 1b906905-5d08-4a79-8a55-8cbcb775e5e9
Aug 31 03:04:32.467628 dv-cinder-806665-1-iscsi neutron-server[93995]: INFO neutron.wsgi [req-60480639-d47f-429f-b60d-34645cc46b8e req-a6c20e48-0ea9-4ed0-b4ee-0ebe55031565 tempest-ServerRescueNegativeTestJSON-590296599 tempest-ServerRescueNegativeTestJSON-590296599-project] 10.222.0.39 "GET /v2.0/security-groups?id=73e0e0e6-ffc6-43dd-bc8a-dd2ab44fdbc5&fields=id&fields=name HTTP/1.1" status: 200 len: 286 time: 0.1493118
Aug 31 03:04:32.475512 dv-cinder-806665-1-iscsi neutron-server[93996]: DEBUG neutron.api.rpc.handlers.resources_rpc [None req-01219ed7-f74e-42b7-a30f-f886287aaba3 None None] Pushing event updated for resources: {'Port': ['ID=7d961084-60b2-44f3-be07-3c8be78bce8a,revision_number=5']} {{(pid=93996) push /opt/stack/neutron/neutron/api/rpc/handlers/resources_rpc.py:237}}
Aug 31 03:04:32.506801 dv-cinder-806665-1-iscsi neutron-server[93995]: DEBUG neutron.pecan_wsgi.hooks.policy_enforcement [req-01d7759c-bbad-428b-9082-2ed7a98ee0b3 req-b9bb5785-9cbf-423d-974a-02ef62641d3f service neutron] Attributes excluded by policy engine: ['standard_attr_id'] {{(pid=93995) _exclude_attributes_by_policy /opt/stack/neutron/neutron/pecan_wsgi/hooks/policy_enforcement.py:255}}
Aug 31 03:04:32.508955 dv-cinder-806665-1-iscsi neutron-server[93995]: INFO neutron.wsgi [req-01d7759c-bbad-428b-9082-2ed7a98ee0b3 req-b9bb5785-9cbf-423d-974a-02ef62641d3f service neutron] 10.222.0.45 "GET /v2.0/ports?device_id=e559ca09-0ed5-4051-8271-f6af5e1ff4cb HTTP/1.1" status: 200 len: 1098 time: 0.1345115
Aug 31 03:04:32.551165 dv-cinder-806665-1-iscsi neutron-server[93995]: DEBUG neutron_lib.callbacks.manager [req-01d7759c-bbad-428b-9082-2ed7a98ee0b3 req-e542f4de-6a5d-4f87-887c-bdf2d1b56471 service neutron] Notify callbacks [] for security_group, before_create {{(pid=93995) _notify_loop /usr/local/lib/python3.8/dist-packages/neutron_lib/callbacks/manager.py:192}}
Aug 31 03:04:32.626230 dv-cinder-806665-1-iscsi neutron-server[93995]: DEBUG neutron.pecan_wsgi.hooks.policy_enforcement [req-74291f59-2519-41f6-8efc-5d37626e16ca req-82c11c5f-721c-4474-a62a-df5fdef8c5cd tempest-AttachVolumeShelveTestJSON-1376551387 tempest-AttachVolumeShelveTestJSON-1376551387-project] Attributes excluded by policy engine: ['standard_attr_id', 'binding:profile', 'binding:host_id', 'binding:vif_type', 'binding:vif_details'] {{(pid=93995) _exclude_attributes_by_policy /opt/stack/neutron/neutron/pecan_wsgi/hooks/policy_enforcement.py:255}}
Aug 31 03:04:32.626230 dv-cinder-806665-1-iscsi neutron-server[93995]: INFO neutron.wsgi [req-74291f59-2519-41f6-8efc-5d37626e16ca req-82c11c5f-721c-4474-a62a-df5fdef8c5cd tempest-AttachVolumeShelveTestJSON-1376551387 tempest-AttachVolumeShelveTestJSON-1376551387-project] 10.222.0.39 "GET /v2.0/ports?device_id=bf596392-da2c-4ba4-8104-9a2a73643bc0 HTTP/1.1" status: 200 len: 944 time: 0.0763233
Aug 31 03:04:32.694673 dv-cinder-806665-1-iscsi neutron-server[93995]: INFO neutron.wsgi [req-74291f59-2519-41f6-8efc-5d37626e16ca req-9cf1a5f5-a674-4dd9-88c8-cd40d4f185dc tempest-AttachVolumeShelveTestJSON-1376551387 tempest-AttachVolumeShelveTestJSON-1376551387-project] 10.222.0.39 "GET /v2.0/security-groups?id=0fc29125-4113-463e-8723-78c1600c1ed2&fields=id&fields=name HTTP/1.1" status: 200 len: 312 time: 0.0592158
Aug 31 03:04:32.734709 dv-cinder-806665-1-iscsi neutron-server[93995]: DEBUG neutron_lib.callbacks.manager [req-01d7759c-bbad-428b-9082-2ed7a98ee0b3 req-e542f4de-6a5d-4f87-887c-bdf2d1b56471 service neutron] Notify callbacks [] for security_group, precommit_create {{(pid=93995) _notify_loop /usr/local/lib/python3.8/dist-packages/neutron_lib/callbacks/manager.py:192}}
Aug 31 03:04:32.740168 dv-cinder-806665-1-iscsi neutron-server[93995]: DEBUG neutron_lib.callbacks.manager [req-01d7759c-bbad-428b-9082-2ed7a98ee0b3 req-e542f4de-6a5d-4f87-887c-bdf2d1b56471 service neutron] Notify callbacks ['neutron.plugins.ml2.ovo_rpc._ObjectChangeHandler.handle_event-469962'] for security_group, after_create {{(pid=93995) _notify_loop /usr/local/lib/python3.8/dist-packages/neutron_lib/callbacks/manager.py:192}}
Aug 31 03:04:32.741243 dv-cinder-806665-1-iscsi neutron-server[93994]: DEBUG neutron_lib.callbacks.manager [None req-3a2d75e0-6bb1-4ba0-90f8-0d02a1853d84 admin admin] Notify callbacks ['neutron.services.auto_allocate.db._ensure_external_network_default_value_callback-8754337717351'] for network, precommit_create {{(pid=93994) _notify_loop /usr/local/lib/python3.8/dist-packages/neutron_lib/callbacks/manager.py:192}}
Aug 31 03:04:32.760668 dv-cinder-806665-1-iscsi neutron-server[93994]: DEBUG neutron.api.rpc.handlers.resources_rpc [None req-3a2d75e0-6bb1-4ba0-90f8-0d02a1853d84 admin admin] Pushing event updated for resources: {'SecurityGroup': ['ID=2997dfec-3495-40fc-9f4c-7c079e212c61,revision_number=1']} {{(pid=93994) push /opt/stack/neutron/neutron/api/rpc/handlers/resources_rpc.py:237}}
Aug 31 03:04:32.775057 dv-cinder-806665-1-iscsi neutron-server[93995]: INFO neutron.wsgi [req-01d7759c-bbad-428b-9082-2ed7a98ee0b3 req-e542f4de-6a5d-4f87-887c-bdf2d1b56471 service neutron] 10.222.0.45 "GET /v2.0/security-groups?id=73e0e0e6-ffc6-43dd-bc8a-dd2ab44fdbc5&fields=id&fields=name HTTP/1.1" status: 200 len: 286 time: 0.2579327
Aug 31 03:04:32.785421 dv-cinder-806665-1-iscsi neutron-server[93995]: DEBUG neutron.api.rpc.handlers.resources_rpc [None req-e542f4de-6a5d-4f87-887c-bdf2d1b56471 service neutron] Pushing event updated for resources: {'SecurityGroup': ['ID=e5a76edd-edba-43cb-a530-670f36c92077,revision_number=1']} {{(pid=93995) push /opt/stack/neutron/neutron/api/rpc/handlers/resources_rpc.py:237}}
Aug 31 03:04:32.796259 dv-cinder-806665-1-iscsi neutron-server[93994]: DEBUG neutron.pecan_wsgi.hooks.policy_enforcement [req-a5f57ec9-e341-4ad9-bb34-8e5a0042d9d6 req-bc62810c-5873-4a79-be62-e897b2077135 tempest-DeleteServersTestJSON-1913132716 tempest-DeleteServersTestJSON-1913132716-project] Attributes excluded by policy engine: ['standard_attr_id', 'binding:profile', 'binding:host_id', 'binding:vif_type', 'binding:vif_details'] {{(pid=93994) _exclude_attributes_by_policy /opt/stack/neutron/neutron/pecan_wsgi/hooks/policy_enforcement.py:255}}
Aug 31 03:04:32.803906 dv-cinder-806665-1-iscsi neutron-server[93994]: INFO neutron.wsgi [req-a5f57ec9-e341-4ad9-bb34-8e5a0042d9d6 req-bc62810c-5873-4a79-be62-e897b2077135 tempest-DeleteServersTestJSON-1913132716 tempest-DeleteServersTestJSON-1913132716-project] 10.222.0.39 "GET /v2.0/ports?device_id=50886484-227b-4feb-8822-c59ed4c17c8e HTTP/1.1" status: 200 len: 945 time: 0.4070692
Aug 31 03:04:32.812991 dv-cinder-806665-1-iscsi neutron-server[93994]: DEBUG neutron_lib.callbacks.manager [None req-3a2d75e0-6bb1-4ba0-90f8-0d02a1853d84 admin admin] Notify callbacks ['neutron.plugins.ml2.ovo_rpc._ObjectChangeHandler.handle_event-474141', 'neutron.api.rpc.agentnotifiers.dhcp_rpc_agent_api.DhcpAgentNotifyAPI._native_event_send_dhcp_notification-626531'] for network, after_create {{(pid=93994) _notify_loop /usr/local/lib/python3.8/dist-packages/neutron_lib/callbacks/manager.py:192}}
Aug 31 03:04:32.813895 dv-cinder-806665-1-iscsi neutron-server[93994]: DEBUG neutron.pecan_wsgi.hooks.policy_enforcement [None req-3a2d75e0-6bb1-4ba0-90f8-0d02a1853d84 admin admin] Attributes excluded by policy engine: ['standard_attr_id', 'vlan_transparent'] {{(pid=93994) _exclude_attributes_by_policy /opt/stack/neutron/neutron/pecan_wsgi/hooks/policy_enforcement.py:255}}
Aug 31 03:04:32.814469 dv-cinder-806665-1-iscsi neutron-server[93994]: DEBUG neutron_lib.callbacks.manager [None req-3a2d75e0-6bb1-4ba0-90f8-0d02a1853d84 admin admin] Notify callbacks ['neutron.api.rpc.agentnotifiers.dhcp_rpc_agent_api.DhcpAgentNotifyAPI._send_dhcp_notification-626577'] for network, before_response {{(pid=93994) _notify_loop /usr/local/lib/python3.8/dist-packages/neutron_lib/callbacks/manager.py:192}}
Aug 31 03:04:32.888886 dv-cinder-806665-1-iscsi neutron-server[93994]: INFO neutron.wsgi [None req-3a2d75e0-6bb1-4ba0-90f8-0d02a1853d84 admin admin] 10.222.0.39 "POST /v2.0/networks HTTP/1.1" status: 201 len: 881 time: 0.7786138
Aug 31 03:04:32.891763 dv-cinder-806665-1-iscsi neutron-server[93995]: DEBUG neutron.wsgi [-] (93995) accepted ('10.222.0.39', 49036) {{(pid=93995) server /usr/local/lib/python3.8/dist-packages/eventlet/wsgi.py:982}}
Aug 31 03:04:32.896683 dv-cinder-806665-1-iscsi neutron-server[93995]: DEBUG neutron.api.v2.base [None req-e579a8a7-e50e-41e1-9df5-779d11a56aa2 admin admin] Request body: {'subnet': {'network_id': '1b906905-5d08-4a79-8a55-8cbcb775e5e9', 'cidr': '172.20.0.0/28', 'name': 'tempest-VolumesActionsTest-721244372-subnet', 'tenant_id': 'efd3f22e12e34dfb817144eefc2e9746', 'enable_dhcp': False, 'ip_version': 4}} {{(pid=93995) prepare_request_body /opt/stack/neutron/neutron/api/v2/base.py:730}}
Aug 31 03:04:32.900927 dv-cinder-806665-1-iscsi neutron-server[93994]: INFO neutron.wsgi [req-a5f57ec9-e341-4ad9-bb34-8e5a0042d9d6 req-7bf56589-b322-4be5-95ea-739b72fd8f56 tempest-DeleteServersTestJSON-1913132716 tempest-DeleteServersTestJSON-1913132716-project] 10.222.0.39 "GET /v2.0/security-groups?id=f6376593-1919-4a61-8bbe-ef45ae7bd41c&fields=id&fields=name HTTP/1.1" status: 200 len: 286 time: 0.0960131
Aug 31 03:04:32.908492 dv-cinder-806665-1-iscsi neutron-server[93994]: DEBUG neutron.api.rpc.handlers.resources_rpc [None req-3a2d75e0-6bb1-4ba0-90f8-0d02a1853d84 admin admin] Pushing event updated for resources: {'Network': ['ID=1b906905-5d08-4a79-8a55-8cbcb775e5e9,revision_number=1']} {{(pid=93994) push /opt/stack/neutron/neutron/api/rpc/handlers/resources_rpc.py:237}}
Aug 31 03:04:32.919751 dv-cinder-806665-1-iscsi neutron-server[93995]: DEBUG neutron.pecan_wsgi.hooks.quota_enforcement [None req-e579a8a7-e50e-41e1-9df5-779d11a56aa2 admin admin] Made reservation on behalf of efd3f22e12e34dfb817144eefc2e9746 for: {'subnet': 1} {{(pid=93995) before /opt/stack/neutron/neutron/pecan_wsgi/hooks/quota_enforcement.py:53}}
Aug 31 03:04:32.920442 dv-cinder-806665-1-iscsi neutron-server[93996]: DEBUG neutron.plugins.ml2.rpc [None req-a92b9270-2126-48db-9350-ad64b17106b6 None None] Network 1b906905-5d08-4a79-8a55-8cbcb775e5e9 details requested by agent ovs-agent-dv-cinder-806665-1-iscsi with host dv-cinder-806665-1-iscsi {{(pid=93996) get_network_details /opt/stack/neutron/neutron/plugins/ml2/rpc.py:248}}
Aug 31 03:04:32.922401 dv-cinder-806665-1-iscsi neutron-server[93995]: DEBUG neutron_lib.callbacks.manager [None req-e579a8a7-e50e-41e1-9df5-779d11a56aa2 admin admin] Notify callbacks ['neutron.services.segments.plugin.SegmentHostRoutes.host_routes_before_create-25524033'] for subnet, before_create {{(pid=93995) _notify_loop /usr/local/lib/python3.8/dist-packages/neutron_lib/callbacks/manager.py:192}}
Aug 31 03:04:32.971111 dv-cinder-806665-1-iscsi neutron-server[93995]: DEBUG neutron.wsgi [-] (93995) accepted ('10.222.0.39', 49038) {{(pid=93995) server /usr/local/lib/python3.8/dist-packages/eventlet/wsgi.py:982}}
Aug 31 03:04:33.108437 dv-cinder-806665-1-iscsi neutron-server[93995]: DEBUG neutron_lib.callbacks.manager [None req-be19d5a0-5e1d-4e57-b9c5-64660eac932a admin admin] Notify callbacks [] for security_group, before_create {{(pid=93995) _notify_loop /usr/local/lib/python3.8/dist-packages/neutron_lib/callbacks/manager.py:192}}
Aug 31 03:04:33.169187 dv-cinder-806665-1-iscsi neutron-server[93995]: DEBUG neutron_lib.callbacks.manager [None req-e579a8a7-e50e-41e1-9df5-779d11a56aa2 admin admin] Notify callbacks ['neutron.plugins.ml2.ovo_rpc._ObjectChangeHandler.handle_event-474294', 'neutron.api.rpc.agentnotifiers.dhcp_rpc_agent_api.DhcpAgentNotifyAPI._native_event_send_dhcp_notification-626531', 'neutron.services.segments.plugin.NovaSegmentNotifier._notify_subnet_created-25455247', 'neutron.services.segments.plugin.SegmentHostRoutes.host_routes_after_create-25524055'] for subnet, after_create {{(pid=93995) _notify_loop /usr/local/lib/python3.8/dist-packages/neutron_lib/callbacks/manager.py:192}}
Aug 31 03:04:33.171599 dv-cinder-806665-1-iscsi neutron-server[93996]: DEBUG neutron.plugins.ml2.rpc [None req-01219ed7-f74e-42b7-a30f-f886287aaba3 None None] Device ff470622-5f4c-4e8e-808f-480c993ae235 up at agent hyperv_hv-cinder-80666 {{(pid=93996) update_device_up /opt/stack/neutron/neutron/plugins/ml2/rpc.py:296}}
Aug 31 03:04:33.182354 dv-cinder-806665-1-iscsi neutron-server[93995]: DEBUG neutron.pecan_wsgi.hooks.policy_enforcement [req-7de5afc5-8030-4277-8d22-95443f5f4f35 req-9e09b098-72c7-4f16-b6f5-bfb77f8ea71c tempest-AttachVolumeNegativeTest-1019722755 tempest-AttachVolumeNegativeTest-1019722755-project] Attributes excluded by policy engine: ['standard_attr_id', 'binding:profile', 'binding:host_id', 'binding:vif_type', 'binding:vif_details'] {{(pid=93995) _exclude_attributes_by_policy /opt/stack/neutron/neutron/pecan_wsgi/hooks/policy_enforcement.py:255}}
Aug 31 03:04:33.183969 dv-cinder-806665-1-iscsi neutron-server[93995]: INFO neutron.wsgi [req-7de5afc5-8030-4277-8d22-95443f5f4f35 req-9e09b098-72c7-4f16-b6f5-bfb77f8ea71c tempest-AttachVolumeNegativeTest-1019722755 tempest-AttachVolumeNegativeTest-1019722755-project] 10.222.0.39 "GET /v2.0/ports?device_id=6fe00e8a-07a3-4e65-a153-e07648d7dbfb HTTP/1.1" status: 200 len: 946 time: 0.1511478
Aug 31 03:04:33.225986 dv-cinder-806665-1-iscsi neutron-server[93996]: DEBUG neutron.db.provisioning_blocks [None req-01219ed7-f74e-42b7-a30f-f886287aaba3 None None] Provisioning for port ff470622-5f4c-4e8e-808f-480c993ae235 completed by entity L2. {{(pid=93996) provisioning_complete /opt/stack/neutron/neutron/db/provisioning_blocks.py:133}}
Aug 31 03:04:33.230187 dv-cinder-806665-1-iscsi neutron-server[93996]: DEBUG neutron.db.provisioning_blocks [None req-01219ed7-f74e-42b7-a30f-f886287aaba3 None None] Provisioning complete for port ff470622-5f4c-4e8e-808f-480c993ae235 triggered by entity L2. {{(pid=93996) provisioning_complete /opt/stack/neutron/neutron/db/provisioning_blocks.py:139}}
Aug 31 03:04:33.230584 dv-cinder-806665-1-iscsi neutron-server[93996]: DEBUG neutron_lib.callbacks.manager [None req-01219ed7-f74e-42b7-a30f-f886287aaba3 None None] Notify callbacks ['neutron.plugins.ml2.plugin.Ml2Plugin._port_provisioned-7876623'] for port, provisioning_complete {{(pid=93996) _notify_loop /usr/local/lib/python3.8/dist-packages/neutron_lib/callbacks/manager.py:192}}
Aug 31 03:04:33.284931 dv-cinder-806665-1-iscsi neutron-server[93995]: DEBUG neutron.api.rpc.handlers.resources_rpc [None req-e579a8a7-e50e-41e1-9df5-779d11a56aa2 admin admin] Pushing event updated for resources: {'Subnet': ['ID=aae4b41a-35f5-4995-8470-b626aa1ea4c8,revision_number=0']} {{(pid=93995) push /opt/stack/neutron/neutron/api/rpc/handlers/resources_rpc.py:237}}
Aug 31 03:04:33.304339 dv-cinder-806665-1-iscsi neutron-server[93995]: INFO neutron.wsgi [req-7de5afc5-8030-4277-8d22-95443f5f4f35 req-b7243421-4b1a-403b-8a8d-c1f074a180c2 tempest-AttachVolumeNegativeTest-1019722755 tempest-AttachVolumeNegativeTest-1019722755-project] 10.222.0.39 "GET /v2.0/security-groups?id=91979b36-9e44-42b9-b38f-b93669abf9cd&fields=id&fields=name HTTP/1.1" status: 200 len: 286 time: 0.0916932
Aug 31 03:04:33.320743 dv-cinder-806665-1-iscsi neutron-server[93996]: DEBUG neutron_lib.callbacks.manager [None req-01219ed7-f74e-42b7-a30f-f886287aaba3 None None] Notify callbacks ['neutron.plugins.ml2.plugin.SecurityGroupDbMixin._ensure_default_security_group_handler-7918552'] for port, before_update {{(pid=93996) _notify_loop /usr/local/lib/python3.8/dist-packages/neutron_lib/callbacks/manager.py:192}}
Aug 31 03:04:33.321564 dv-cinder-806665-1-iscsi neutron-server[93995]: DEBUG neutron.plugins.ml2.drivers.mech_agent [None req-e579a8a7-e50e-41e1-9df5-779d11a56aa2 admin admin] Checking segment: {'id': '5707f8ab-27b4-43b5-a754-757a7eeca5a6', 'network_type': 'vlan', 'physical_network': 'physnet1', 'segmentation_id': 405, 'network_id': '1b906905-5d08-4a79-8a55-8cbcb775e5e9'} for mappings: {'physnet1': 'br-data'} with network types: ['local', 'flat', 'vlan'] {{(pid=93995) check_segment_for_agent /opt/stack/neutron/neutron/plugins/ml2/drivers/mech_agent.py:352}}
Aug 31 03:04:33.321564 dv-cinder-806665-1-iscsi neutron-server[93995]: DEBUG neutron.scheduler.dhcp_agent_scheduler [None req-e579a8a7-e50e-41e1-9df5-779d11a56aa2 admin admin] Network hostable DHCP agents. Network: 1b906905-5d08-4a79-8a55-8cbcb775e5e9, hostable agents: ['3c966aba-13f4-4f03-aff2-5698fd0b2f7b'], hosted agents: [] {{(pid=93995) _get_network_hostable_dhcp_agents /opt/stack/neutron/neutron/scheduler/dhcp_agent_scheduler.py:329}}
