Aug 30 19:28:43.984495 dv-cinder-806631-1-iscsi neutron-server[93880]: DEBUG neutron.scheduler.base_scheduler [req-9543ef6d-545f-4a3b-ab42-e99e54b919ef req-65b8ce01-bfa2-4f43-a56b-79602ff2928a tempest-ServerRescueNegativeTestJSON-1009986005 tempest-ServerRescueNegativeTestJSON-1009986005-project] Resources bound (agent type, host, resource id): {{(pid=93880) schedule /opt/stack/neutron/neutron/scheduler/base_scheduler.py:57}}
Aug 30 19:28:43.993344 dv-cinder-806631-1-iscsi neutron-server[93879]: DEBUG neutron.api.rpc.handlers.resources_rpc [None req-c9480608-fd8c-4f7f-beb5-60c30aba963a service neutron] Pushing event updated for resources: {'Port': ['ID=1e4fbb45-14d6-4db9-b5b2-0f973ebb83a6,revision_number=2']} {{(pid=93879) push /opt/stack/neutron/neutron/api/rpc/handlers/resources_rpc.py:237}}
Aug 30 19:28:44.009004 dv-cinder-806631-1-iscsi neutron-server[93880]: DEBUG neutron.db.l3_dvrscheduler_db [req-9543ef6d-545f-4a3b-ab42-e99e54b919ef req-65b8ce01-bfa2-4f43-a56b-79602ff2928a tempest-ServerRescueNegativeTestJSON-1009986005 tempest-ServerRescueNegativeTestJSON-1009986005-project] Received port after_create {{(pid=93880) _notify_l3_agent_new_port /opt/stack/neutron/neutron/db/l3_dvrscheduler_db.py:535}}
Aug 30 19:28:44.080865 dv-cinder-806631-1-iscsi neutron-server[93880]: DEBUG neutron.api.rpc.handlers.resources_rpc [None req-65b8ce01-bfa2-4f43-a56b-79602ff2928a tempest-ServerRescueNegativeTestJSON-1009986005 tempest-ServerRescueNegativeTestJSON-1009986005-project] Pushing event updated for resources: {'Port': ['ID=26050540-fc54-4102-a190-92a4f9dc05da,revision_number=1']} {{(pid=93880) push /opt/stack/neutron/neutron/api/rpc/handlers/resources_rpc.py:237}}
Aug 30 19:28:44.103224 dv-cinder-806631-1-iscsi neutron-server[93880]: DEBUG neutron.pecan_wsgi.hooks.policy_enforcement [req-9543ef6d-545f-4a3b-ab42-e99e54b919ef req-65b8ce01-bfa2-4f43-a56b-79602ff2928a tempest-ServerRescueNegativeTestJSON-1009986005 tempest-ServerRescueNegativeTestJSON-1009986005-project] Attributes excluded by policy engine: ['standard_attr_id', 'binding:profile', 'binding:host_id', 'binding:vif_type', 'binding:vif_details', 'network'] {{(pid=93880) _exclude_attributes_by_policy /opt/stack/neutron/neutron/pecan_wsgi/hooks/policy_enforcement.py:255}}
Aug 30 19:28:44.103497 dv-cinder-806631-1-iscsi neutron-server[93879]: DEBUG neutron.plugins.ml2.managers [req-00408cf1-a25a-4d71-88e7-4777ec746f0b req-c9480608-fd8c-4f7f-beb5-60c30aba963a service neutron] Attempting to bind port 1e4fbb45-14d6-4db9-b5b2-0f973ebb83a6 on host hv-cinder-80663 for vnic_type normal with profile {{(pid=93879) bind_port /opt/stack/neutron/neutron/plugins/ml2/managers.py:790}}
Aug 30 19:28:44.103581 dv-cinder-806631-1-iscsi neutron-server[93880]: DEBUG neutron_lib.callbacks.manager [req-9543ef6d-545f-4a3b-ab42-e99e54b919ef req-65b8ce01-bfa2-4f43-a56b-79602ff2928a tempest-ServerRescueNegativeTestJSON-1009986005 tempest-ServerRescueNegativeTestJSON-1009986005-project] Notify callbacks ['neutron.notifiers.nova.Notifier._send_nova_notification-24419', 'neutron.api.rpc.agentnotifiers.dhcp_rpc_agent_api.DhcpAgentNotifyAPI._send_dhcp_notification-761233'] for port, before_response {{(pid=93880) _notify_loop /usr/local/lib/python3.8/dist-packages/neutron_lib/callbacks/manager.py:192}}
Aug 30 19:28:44.103789 dv-cinder-806631-1-iscsi neutron-server[93879]: DEBUG neutron.plugins.ml2.managers [req-00408cf1-a25a-4d71-88e7-4777ec746f0b req-c9480608-fd8c-4f7f-beb5-60c30aba963a service neutron] Attempting to bind port 1e4fbb45-14d6-4db9-b5b2-0f973ebb83a6 by drivers openvswitch,hyperv on host hv-cinder-80663 at level 0 using segments [{'id': '74c91926-e187-4ffa-b443-3f594ca9aa06', 'network_type': 'vlan', 'physical_network': 'physnet1', 'segmentation_id': 908, 'network_id': 'da96a337-ed4b-4cde-8d4d-0aa9216bd8ff'}] {{(pid=93879) _bind_port_level /opt/stack/neutron/neutron/plugins/ml2/managers.py:815}}
Aug 30 19:28:44.104033 dv-cinder-806631-1-iscsi neutron-server[93879]: DEBUG neutron.plugins.ml2.drivers.mech_agent [req-00408cf1-a25a-4d71-88e7-4777ec746f0b req-c9480608-fd8c-4f7f-beb5-60c30aba963a service neutron] Attempting to bind port 1e4fbb45-14d6-4db9-b5b2-0f973ebb83a6 on network da96a337-ed4b-4cde-8d4d-0aa9216bd8ff {{(pid=93879) bind_port /opt/stack/neutron/neutron/plugins/ml2/drivers/mech_agent.py:85}}
Aug 30 19:28:44.117969 dv-cinder-806631-1-iscsi neutron-server[93879]: DEBUG neutron.plugins.ml2.drivers.mech_agent [req-00408cf1-a25a-4d71-88e7-4777ec746f0b req-c9480608-fd8c-4f7f-beb5-60c30aba963a service neutron] Port 1e4fbb45-14d6-4db9-b5b2-0f973ebb83a6 on network da96a337-ed4b-4cde-8d4d-0aa9216bd8ff not bound, no agent of type Open vSwitch agent registered on host hv-cinder-80663 {{(pid=93879) bind_port /opt/stack/neutron/neutron/plugins/ml2/drivers/mech_agent.py:97}}
Aug 30 19:28:44.118247 dv-cinder-806631-1-iscsi neutron-server[93879]: DEBUG neutron.plugins.ml2.drivers.mech_agent [req-00408cf1-a25a-4d71-88e7-4777ec746f0b req-c9480608-fd8c-4f7f-beb5-60c30aba963a service neutron] Attempting to bind port 1e4fbb45-14d6-4db9-b5b2-0f973ebb83a6 on network da96a337-ed4b-4cde-8d4d-0aa9216bd8ff {{(pid=93879) bind_port /opt/stack/neutron/neutron/plugins/ml2/drivers/mech_agent.py:85}}
Aug 30 19:28:44.122926 dv-cinder-806631-1-iscsi neutron-server[93880]: INFO neutron.wsgi [req-9543ef6d-545f-4a3b-ab42-e99e54b919ef req-65b8ce01-bfa2-4f43-a56b-79602ff2928a tempest-ServerRescueNegativeTestJSON-1009986005 tempest-ServerRescueNegativeTestJSON-1009986005-project] 10.222.0.84 "POST /v2.0/ports HTTP/1.1" status: 201 len: 933 time: 2.3579974
Aug 30 19:28:44.127509 dv-cinder-806631-1-iscsi neutron-server[93879]: DEBUG neutron.plugins.ml2.db [req-3eca5f0c-581d-416a-9a3e-bfb09b9ca43c req-2f94026c-be0a-46b3-aed1-07a5fd43e1e8 service neutron] For port 3fa94f8e-b438-45d3-82c0-9ff0e42d44e8, host hv-cinder-80663, cleared binding levels {{(pid=93879) clear_binding_levels /opt/stack/neutron/neutron/plugins/ml2/db.py:87}}
Aug 30 19:28:44.145847 dv-cinder-806631-1-iscsi neutron-server[93879]: DEBUG neutron.plugins.ml2.drivers.mech_agent [req-00408cf1-a25a-4d71-88e7-4777ec746f0b req-c9480608-fd8c-4f7f-beb5-60c30aba963a service neutron] Checking agent: {'id': 'd4ad408f-34e6-494b-82c3-003e6783f9fe', 'agent_type': 'HyperV agent', 'binary': 'neutron-hyperv-agent', 'topic': 'N/A', 'host': 'hv-cinder-80663', 'admin_state_up': True, 'created_at': datetime.datetime(2021, 8, 30, 19, 26, 29), 'started_at': datetime.datetime(2021, 8, 30, 19, 26, 29), 'heartbeat_timestamp': datetime.datetime(2021, 8, 30, 19, 28, 29), 'description': None, 'resources_synced': None, 'availability_zone': None, 'alive': True, 'configurations': {'vswitch_mappings': {'physnet1$': 'br-data'}}, 'resource_versions': {}} {{(pid=93879) bind_port /opt/stack/neutron/neutron/plugins/ml2/drivers/mech_agent.py:104}}
Aug 30 19:28:44.146181 dv-cinder-806631-1-iscsi neutron-server[93879]: DEBUG neutron.plugins.ml2.drivers.mech_agent [req-00408cf1-a25a-4d71-88e7-4777ec746f0b req-c9480608-fd8c-4f7f-beb5-60c30aba963a service neutron] Checking segment: {'id': '74c91926-e187-4ffa-b443-3f594ca9aa06', 'network_type': 'vlan', 'physical_network': 'physnet1', 'segmentation_id': 908, 'network_id': 'da96a337-ed4b-4cde-8d4d-0aa9216bd8ff'} for mappings: {'physnet1$': 'br-data'} with network types: ['local', 'flat', 'vlan'] {{(pid=93879) check_segment_for_agent /opt/stack/neutron/neutron/plugins/ml2/drivers/mech_agent.py:352}}
Aug 30 19:28:44.146564 dv-cinder-806631-1-iscsi neutron-server[93879]: DEBUG neutron.plugins.ml2.drivers.mech_agent [req-00408cf1-a25a-4d71-88e7-4777ec746f0b req-c9480608-fd8c-4f7f-beb5-60c30aba963a service neutron] Bound using segment: {'id': '74c91926-e187-4ffa-b443-3f594ca9aa06', 'network_type': 'vlan', 'physical_network': 'physnet1', 'segmentation_id': 908, 'network_id': 'da96a337-ed4b-4cde-8d4d-0aa9216bd8ff'} {{(pid=93879) bind_port /opt/stack/neutron/neutron/plugins/ml2/drivers/mech_agent.py:114}}
Aug 30 19:28:44.146996 dv-cinder-806631-1-iscsi neutron-server[93879]: DEBUG neutron.plugins.ml2.managers [req-00408cf1-a25a-4d71-88e7-4777ec746f0b req-c9480608-fd8c-4f7f-beb5-60c30aba963a service neutron] Bound port: 1e4fbb45-14d6-4db9-b5b2-0f973ebb83a6, host: hv-cinder-80663, vif_type: hyperv, vif_details: {"connectivity": "legacy", "port_filter": false}, binding_levels: [{'bound_driver': 'hyperv', 'bound_segment': {'id': '74c91926-e187-4ffa-b443-3f594ca9aa06', 'network_type': 'vlan', 'physical_network': 'physnet1', 'segmentation_id': 908, 'network_id': 'da96a337-ed4b-4cde-8d4d-0aa9216bd8ff'}}] {{(pid=93879) _bind_port_level /opt/stack/neutron/neutron/plugins/ml2/managers.py:928}}
Aug 30 19:28:44.147350 dv-cinder-806631-1-iscsi neutron-server[93879]: DEBUG neutron_lib.callbacks.manager [req-00408cf1-a25a-4d71-88e7-4777ec746f0b req-c9480608-fd8c-4f7f-beb5-60c30aba963a service neutron] Notify callbacks ['neutron.plugins.ml2.plugin.SecurityGroupDbMixin._ensure_default_security_group_handler-1692026'] for port, before_update {{(pid=93879) _notify_loop /usr/local/lib/python3.8/dist-packages/neutron_lib/callbacks/manager.py:192}}
Aug 30 19:28:44.164667 dv-cinder-806631-1-iscsi neutron-server[93879]: DEBUG neutron.plugins.ml2.db [req-3eca5f0c-581d-416a-9a3e-bfb09b9ca43c req-2f94026c-be0a-46b3-aed1-07a5fd43e1e8 service neutron] For port 3fa94f8e-b438-45d3-82c0-9ff0e42d44e8, host hv-cinder-80663, set binding levels [PortBindingLevel(driver='hyperv',host='hv-cinder-80663',level=0,port_id=3fa94f8e-b438-45d3-82c0-9ff0e42d44e8,segment=NetworkSegment(d2cf4b8e-1436-489e-bb6a-882ed6c94dbf),segment_id=d2cf4b8e-1436-489e-bb6a-882ed6c94dbf)] {{(pid=93879) set_binding_levels /opt/stack/neutron/neutron/plugins/ml2/db.py:59}}
Aug 30 19:28:44.181184 dv-cinder-806631-1-iscsi neutron-server[93879]: DEBUG neutron_lib.callbacks.manager [req-3eca5f0c-581d-416a-9a3e-bfb09b9ca43c req-2f94026c-be0a-46b3-aed1-07a5fd43e1e8 service neutron] Notify callbacks ['neutron.plugins.ml2.plugin.SecurityGroupServerNotifierRpcMixin._notify_sg_on_port_change-1691965', 'neutron.plugins.ml2.ovo_rpc._ObjectChangeHandler.handle_event-98600', 'neutron.api.rpc.agentnotifiers.dhcp_rpc_agent_api.DhcpAgentNotifyAPI._native_event_send_dhcp_notification-761187', 'neutron.db.l3_db.L3RpcNotifierMixin._notify_gateway_port_ip_changed-8745311134675', 'neutron.db.l3_dvrscheduler_db._notify_l3_agent_port_update-8745310550056', 'neutron.db.l3_hascheduler_db._notify_l3_agent_ha_port_update-8745310550074', 'neutron.services.segments.plugin.NovaSegmentNotifier._notify_port_updated-26381411'] for port, after_update {{(pid=93879) _notify_loop /usr/local/lib/python3.8/dist-packages/neutron_lib/callbacks/manager.py:192}}
Aug 30 19:28:44.302202 dv-cinder-806631-1-iscsi neutron-server[93879]: DEBUG neutron.pecan_wsgi.hooks.policy_enforcement [req-3eca5f0c-581d-416a-9a3e-bfb09b9ca43c req-2f94026c-be0a-46b3-aed1-07a5fd43e1e8 service neutron] Attributes excluded by policy engine: ['standard_attr_id'] {{(pid=93879) _exclude_attributes_by_policy /opt/stack/neutron/neutron/pecan_wsgi/hooks/policy_enforcement.py:255}}
Aug 30 19:28:44.302826 dv-cinder-806631-1-iscsi neutron-server[93879]: DEBUG neutron_lib.callbacks.manager [req-3eca5f0c-581d-416a-9a3e-bfb09b9ca43c req-2f94026c-be0a-46b3-aed1-07a5fd43e1e8 service neutron] Notify callbacks ['neutron.notifiers.nova.Notifier._send_nova_notification-24419', 'neutron.api.rpc.agentnotifiers.dhcp_rpc_agent_api.DhcpAgentNotifyAPI._send_dhcp_notification-761233'] for port, before_response {{(pid=93879) _notify_loop /usr/local/lib/python3.8/dist-packages/neutron_lib/callbacks/manager.py:192}}
Aug 30 19:28:44.304241 dv-cinder-806631-1-iscsi neutron-server[93879]: INFO neutron.wsgi [req-3eca5f0c-581d-416a-9a3e-bfb09b9ca43c req-2f94026c-be0a-46b3-aed1-07a5fd43e1e8 service neutron] 10.222.0.84 "PUT /v2.0/ports/3fa94f8e-b438-45d3-82c0-9ff0e42d44e8 HTTP/1.1" status: 200 len: 1093 time: 2.2877252
Aug 30 19:28:44.304681 dv-cinder-806631-1-iscsi neutron-server[93879]: DEBUG neutron.notifiers.nova [-] Sending events: [{'name': 'network-changed', 'server_uuid': '1f296d0c-5940-4c54-bb58-e2d756c46033', 'tag': '3fa94f8e-b438-45d3-82c0-9ff0e42d44e8'}] {{(pid=93879) send_events /opt/stack/neutron/neutron/notifiers/nova.py:262}}
Aug 30 19:28:44.310353 dv-cinder-806631-1-iscsi neutron-server[93879]: DEBUG neutron.notifiers.nova [req-08f9e44f-df5e-4e46-9ae1-662ed5b5bcff req-1ff9f6e1-fcd5-46cc-9f63-7eb9e982d4c1 service neutron] Ignoring state change previous_port_status: DOWN current_port_status: DOWN port_id 1360178d-682e-4094-acdd-aed1c54246ae {{(pid=93879) record_port_status_changed /opt/stack/neutron/neutron/notifiers/nova.py:224}}
Aug 30 19:28:44.323907 dv-cinder-806631-1-iscsi neutron-server[93879]: DEBUG neutron_lib.callbacks.manager [req-08f9e44f-df5e-4e46-9ae1-662ed5b5bcff req-1ff9f6e1-fcd5-46cc-9f63-7eb9e982d4c1 service neutron] Notify callbacks [] for port, precommit_update {{(pid=93879) _notify_loop /usr/local/lib/python3.8/dist-packages/neutron_lib/callbacks/manager.py:192}}
Aug 30 19:28:44.335938 dv-cinder-806631-1-iscsi neutron-server[93879]: DEBUG neutron.api.rpc.handlers.resources_rpc [None req-2f94026c-be0a-46b3-aed1-07a5fd43e1e8 service neutron] Pushing event updated for resources: {'Port': ['ID=3fa94f8e-b438-45d3-82c0-9ff0e42d44e8,revision_number=3']} {{(pid=93879) push /opt/stack/neutron/neutron/api/rpc/handlers/resources_rpc.py:237}}
Aug 30 19:28:44.348086 dv-cinder-806631-1-iscsi neutron-server[93879]: DEBUG neutron.plugins.ml2.db [req-00408cf1-a25a-4d71-88e7-4777ec746f0b req-c9480608-fd8c-4f7f-beb5-60c30aba963a service neutron] For port 1e4fbb45-14d6-4db9-b5b2-0f973ebb83a6, host hv-cinder-80663, cleared binding levels {{(pid=93879) clear_binding_levels /opt/stack/neutron/neutron/plugins/ml2/db.py:87}}
Aug 30 19:28:44.350813 dv-cinder-806631-1-iscsi neutron-server[93879]: DEBUG neutron.db.provisioning_blocks [req-08f9e44f-df5e-4e46-9ae1-662ed5b5bcff req-1ff9f6e1-fcd5-46cc-9f63-7eb9e982d4c1 service neutron] Transition to ACTIVE for port object 1360178d-682e-4094-acdd-aed1c54246ae will not be triggered until provisioned by entity L2. {{(pid=93879) add_provisioning_component /opt/stack/neutron/neutron/db/provisioning_blocks.py:73}}
Aug 30 19:28:44.352642 dv-cinder-806631-1-iscsi neutron-server[93879]: DEBUG neutron.plugins.ml2.db [req-00408cf1-a25a-4d71-88e7-4777ec746f0b req-c9480608-fd8c-4f7f-beb5-60c30aba963a service neutron] For port 1e4fbb45-14d6-4db9-b5b2-0f973ebb83a6, host hv-cinder-80663, set binding levels [PortBindingLevel(driver='hyperv',host='hv-cinder-80663',level=0,port_id=1e4fbb45-14d6-4db9-b5b2-0f973ebb83a6,segment=NetworkSegment(74c91926-e187-4ffa-b443-3f594ca9aa06),segment_id=74c91926-e187-4ffa-b443-3f594ca9aa06)] {{(pid=93879) set_binding_levels /opt/stack/neutron/neutron/plugins/ml2/db.py:59}}
Aug 30 19:28:44.356131 dv-cinder-806631-1-iscsi neutron-server[93879]: DEBUG neutron_lib.callbacks.manager [req-08f9e44f-df5e-4e46-9ae1-662ed5b5bcff req-1ff9f6e1-fcd5-46cc-9f63-7eb9e982d4c1 service neutron] Notify callbacks ['neutron.plugins.ml2.plugin.SecurityGroupServerNotifierRpcMixin._notify_sg_on_port_change-1691965', 'neutron.plugins.ml2.ovo_rpc._ObjectChangeHandler.handle_event-98600', 'neutron.api.rpc.agentnotifiers.dhcp_rpc_agent_api.DhcpAgentNotifyAPI._native_event_send_dhcp_notification-761187', 'neutron.db.l3_db.L3RpcNotifierMixin._notify_gateway_port_ip_changed-8745311134675', 'neutron.db.l3_dvrscheduler_db._notify_l3_agent_port_update-8745310550056', 'neutron.db.l3_hascheduler_db._notify_l3_agent_ha_port_update-8745310550074', 'neutron.services.segments.plugin.NovaSegmentNotifier._notify_port_updated-26381411'] for port, after_update {{(pid=93879) _notify_loop /usr/local/lib/python3.8/dist-packages/neutron_lib/callbacks/manager.py:192}}
Aug 30 19:28:44.364003 dv-cinder-806631-1-iscsi neutron-server[93879]: DEBUG neutron_lib.callbacks.manager [req-00408cf1-a25a-4d71-88e7-4777ec746f0b req-c9480608-fd8c-4f7f-beb5-60c30aba963a service neutron] Notify callbacks ['neutron.plugins.ml2.plugin.SecurityGroupServerNotifierRpcMixin._notify_sg_on_port_change-1691965', 'neutron.plugins.ml2.ovo_rpc._ObjectChangeHandler.handle_event-98600', 'neutron.api.rpc.agentnotifiers.dhcp_rpc_agent_api.DhcpAgentNotifyAPI._native_event_send_dhcp_notification-761187', 'neutron.db.l3_db.L3RpcNotifierMixin._notify_gateway_port_ip_changed-8745311134675', 'neutron.db.l3_dvrscheduler_db._notify_l3_agent_port_update-8745310550056', 'neutron.db.l3_hascheduler_db._notify_l3_agent_ha_port_update-8745310550074', 'neutron.services.segments.plugin.NovaSegmentNotifier._notify_port_updated-26381411'] for port, after_update {{(pid=93879) _notify_loop /usr/local/lib/python3.8/dist-packages/neutron_lib/callbacks/manager.py:192}}
Aug 30 19:28:44.410980 dv-cinder-806631-1-iscsi neutron-server[93879]: DEBUG neutron.pecan_wsgi.hooks.policy_enforcement [req-00408cf1-a25a-4d71-88e7-4777ec746f0b req-c9480608-fd8c-4f7f-beb5-60c30aba963a service neutron] Attributes excluded by policy engine: ['standard_attr_id'] {{(pid=93879) _exclude_attributes_by_policy /opt/stack/neutron/neutron/pecan_wsgi/hooks/policy_enforcement.py:255}}
Aug 30 19:28:44.411600 dv-cinder-806631-1-iscsi neutron-server[93879]: DEBUG neutron_lib.callbacks.manager [req-00408cf1-a25a-4d71-88e7-4777ec746f0b req-c9480608-fd8c-4f7f-beb5-60c30aba963a service neutron] Notify callbacks ['neutron.notifiers.nova.Notifier._send_nova_notification-24419', 'neutron.api.rpc.agentnotifiers.dhcp_rpc_agent_api.DhcpAgentNotifyAPI._send_dhcp_notification-761233'] for port, before_response {{(pid=93879) _notify_loop /usr/local/lib/python3.8/dist-packages/neutron_lib/callbacks/manager.py:192}}
Aug 30 19:28:44.412963 dv-cinder-806631-1-iscsi neutron-server[93879]: INFO neutron.wsgi [req-00408cf1-a25a-4d71-88e7-4777ec746f0b req-c9480608-fd8c-4f7f-beb5-60c30aba963a service neutron] 10.222.0.84 "PUT /v2.0/ports/1e4fbb45-14d6-4db9-b5b2-0f973ebb83a6 HTTP/1.1" status: 200 len: 1093 time: 2.4020996
Aug 30 19:28:44.442450 dv-cinder-806631-1-iscsi neutron-server[93879]: DEBUG neutron.api.rpc.handlers.resources_rpc [None req-1ff9f6e1-fcd5-46cc-9f63-7eb9e982d4c1 service neutron] Pushing event updated for resources: {'Port': ['ID=1360178d-682e-4094-acdd-aed1c54246ae,revision_number=2']} {{(pid=93879) push /opt/stack/neutron/neutron/api/rpc/handlers/resources_rpc.py:237}}
Aug 30 19:28:44.542834 dv-cinder-806631-1-iscsi neutron-server[93879]: DEBUG neutron.plugins.ml2.managers [req-08f9e44f-df5e-4e46-9ae1-662ed5b5bcff req-1ff9f6e1-fcd5-46cc-9f63-7eb9e982d4c1 service neutron] Attempting to bind port 1360178d-682e-4094-acdd-aed1c54246ae on host hv-cinder-80663 for vnic_type normal with profile {{(pid=93879) bind_port /opt/stack/neutron/neutron/plugins/ml2/managers.py:790}}
Aug 30 19:28:44.543173 dv-cinder-806631-1-iscsi neutron-server[93879]: DEBUG neutron.plugins.ml2.managers [req-08f9e44f-df5e-4e46-9ae1-662ed5b5bcff req-1ff9f6e1-fcd5-46cc-9f63-7eb9e982d4c1 service neutron] Attempting to bind port 1360178d-682e-4094-acdd-aed1c54246ae by drivers openvswitch,hyperv on host hv-cinder-80663 at level 0 using segments [{'id': '1c055bee-3645-44e2-bcde-7ea4e30afcd4', 'network_type': 'vlan', 'physical_network': 'physnet1', 'segmentation_id': 934, 'network_id': '6b4e9d69-293f-4773-987d-032ac806a270'}] {{(pid=93879) _bind_port_level /opt/stack/neutron/neutron/plugins/ml2/managers.py:815}}
Aug 30 19:28:44.543500 dv-cinder-806631-1-iscsi neutron-server[93879]: DEBUG neutron.plugins.ml2.drivers.mech_agent [req-08f9e44f-df5e-4e46-9ae1-662ed5b5bcff req-1ff9f6e1-fcd5-46cc-9f63-7eb9e982d4c1 service neutron] Attempting to bind port 1360178d-682e-4094-acdd-aed1c54246ae on network 6b4e9d69-293f-4773-987d-032ac806a270 {{(pid=93879) bind_port /opt/stack/neutron/neutron/plugins/ml2/drivers/mech_agent.py:85}}
Aug 30 19:28:44.546076 dv-cinder-806631-1-iscsi neutron-server[93879]: DEBUG neutron.api.rpc.handlers.resources_rpc [None req-c9480608-fd8c-4f7f-beb5-60c30aba963a service neutron] Pushing event updated for resources: {'Port': ['ID=1e4fbb45-14d6-4db9-b5b2-0f973ebb83a6,revision_number=3']} {{(pid=93879) push /opt/stack/neutron/neutron/api/rpc/handlers/resources_rpc.py:237}}
Aug 30 19:28:44.551422 dv-cinder-806631-1-iscsi neutron-server[93879]: DEBUG neutron.plugins.ml2.drivers.mech_agent [req-08f9e44f-df5e-4e46-9ae1-662ed5b5bcff req-1ff9f6e1-fcd5-46cc-9f63-7eb9e982d4c1 service neutron] Port 1360178d-682e-4094-acdd-aed1c54246ae on network 6b4e9d69-293f-4773-987d-032ac806a270 not bound, no agent of type Open vSwitch agent registered on host hv-cinder-80663 {{(pid=93879) bind_port /opt/stack/neutron/neutron/plugins/ml2/drivers/mech_agent.py:97}}
Aug 30 19:28:44.551748 dv-cinder-806631-1-iscsi neutron-server[93879]: DEBUG neutron.plugins.ml2.drivers.mech_agent [req-08f9e44f-df5e-4e46-9ae1-662ed5b5bcff req-1ff9f6e1-fcd5-46cc-9f63-7eb9e982d4c1 service neutron] Attempting to bind port 1360178d-682e-4094-acdd-aed1c54246ae on network 6b4e9d69-293f-4773-987d-032ac806a270 {{(pid=93879) bind_port /opt/stack/neutron/neutron/plugins/ml2/drivers/mech_agent.py:85}}
Aug 30 19:28:44.557170 dv-cinder-806631-1-iscsi neutron-server[93879]: DEBUG neutron.plugins.ml2.drivers.mech_agent [req-08f9e44f-df5e-4e46-9ae1-662ed5b5bcff req-1ff9f6e1-fcd5-46cc-9f63-7eb9e982d4c1 service neutron] Checking agent: {'id': 'd4ad408f-34e6-494b-82c3-003e6783f9fe', 'agent_type': 'HyperV agent', 'binary': 'neutron-hyperv-agent', 'topic': 'N/A', 'host': 'hv-cinder-80663', 'admin_state_up': True, 'created_at': datetime.datetime(2021, 8, 30, 19, 26, 29), 'started_at': datetime.datetime(2021, 8, 30, 19, 26, 29), 'heartbeat_timestamp': datetime.datetime(2021, 8, 30, 19, 28, 29), 'description': None, 'resources_synced': None, 'availability_zone': None, 'alive': True, 'configurations': {'vswitch_mappings': {'physnet1$': 'br-data'}}, 'resource_versions': {}} {{(pid=93879) bind_port /opt/stack/neutron/neutron/plugins/ml2/drivers/mech_agent.py:104}}
Aug 30 19:28:44.557553 dv-cinder-806631-1-iscsi neutron-server[93879]: DEBUG neutron.plugins.ml2.drivers.mech_agent [req-08f9e44f-df5e-4e46-9ae1-662ed5b5bcff req-1ff9f6e1-fcd5-46cc-9f63-7eb9e982d4c1 service neutron] Checking segment: {'id': '1c055bee-3645-44e2-bcde-7ea4e30afcd4', 'network_type': 'vlan', 'physical_network': 'physnet1', 'segmentation_id': 934, 'network_id': '6b4e9d69-293f-4773-987d-032ac806a270'} for mappings: {'physnet1$': 'br-data'} with network types: ['local', 'flat', 'vlan'] {{(pid=93879) check_segment_for_agent /opt/stack/neutron/neutron/plugins/ml2/drivers/mech_agent.py:352}}
Aug 30 19:28:44.557938 dv-cinder-806631-1-iscsi neutron-server[93879]: DEBUG neutron.plugins.ml2.drivers.mech_agent [req-08f9e44f-df5e-4e46-9ae1-662ed5b5bcff req-1ff9f6e1-fcd5-46cc-9f63-7eb9e982d4c1 service neutron] Bound using segment: {'id': '1c055bee-3645-44e2-bcde-7ea4e30afcd4', 'network_type': 'vlan', 'physical_network': 'physnet1', 'segmentation_id': 934, 'network_id': '6b4e9d69-293f-4773-987d-032ac806a270'} {{(pid=93879) bind_port /opt/stack/neutron/neutron/plugins/ml2/drivers/mech_agent.py:114}}
Aug 30 19:28:44.558364 dv-cinder-806631-1-iscsi neutron-server[93879]: DEBUG neutron.plugins.ml2.managers [req-08f9e44f-df5e-4e46-9ae1-662ed5b5bcff req-1ff9f6e1-fcd5-46cc-9f63-7eb9e982d4c1 service neutron] Bound port: 1360178d-682e-4094-acdd-aed1c54246ae, host: hv-cinder-80663, vif_type: hyperv, vif_details: {"connectivity": "legacy", "port_filter": false}, binding_levels: [{'bound_driver': 'hyperv', 'bound_segment': {'id': '1c055bee-3645-44e2-bcde-7ea4e30afcd4', 'network_type': 'vlan', 'physical_network': 'physnet1', 'segmentation_id': 934, 'network_id': '6b4e9d69-293f-4773-987d-032ac806a270'}}] {{(pid=93879) _bind_port_level /opt/stack/neutron/neutron/plugins/ml2/managers.py:928}}
Aug 30 19:28:44.558721 dv-cinder-806631-1-iscsi neutron-server[93879]: DEBUG neutron_lib.callbacks.manager [req-08f9e44f-df5e-4e46-9ae1-662ed5b5bcff req-1ff9f6e1-fcd5-46cc-9f63-7eb9e982d4c1 service neutron] Notify callbacks ['neutron.plugins.ml2.plugin.SecurityGroupDbMixin._ensure_default_security_group_handler-1692026'] for port, before_update {{(pid=93879) _notify_loop /usr/local/lib/python3.8/dist-packages/neutron_lib/callbacks/manager.py:192}}
Aug 30 19:28:44.748692 dv-cinder-806631-1-iscsi neutron-server[93879]: DEBUG novaclient.v2.client [-] REQ: curl -g -i --cacert "/opt/stack/data/ca-bundle.pem" -X POST http://10.222.0.36/compute/v2.1/os-server-external-events -H "Accept: application/json" -H "Content-Type: application/json" -H "User-Agent: python-novaclient" -H "X-Auth-Token: {SHA256}b5f5c491c8e469a6cc04b4322f4ec994dadb3b8e09f41dcaabb3a73b995c7fb6" -H "X-OpenStack-Nova-API-Version: 2.1" -H "X-OpenStack-Request-ID: req-4d382df0-647a-48e1-8298-3fb7259d9fe8" -d '{"events": [{"name": "network-changed", "server_uuid": "1f296d0c-5940-4c54-bb58-e2d756c46033", "tag": "3fa94f8e-b438-45d3-82c0-9ff0e42d44e8"}]}' {{(pid=93879) _http_log_request /usr/local/lib/python3.8/dist-packages/keystoneauth1/session.py:519}}
Aug 30 19:28:44.779602 dv-cinder-806631-1-iscsi neutron-server[93879]: DEBUG neutron.plugins.ml2.db [req-08f9e44f-df5e-4e46-9ae1-662ed5b5bcff req-1ff9f6e1-fcd5-46cc-9f63-7eb9e982d4c1 service neutron] For port 1360178d-682e-4094-acdd-aed1c54246ae, host hv-cinder-80663, cleared binding levels {{(pid=93879) clear_binding_levels /opt/stack/neutron/neutron/plugins/ml2/db.py:87}}
Aug 30 19:28:44.784116 dv-cinder-806631-1-iscsi neutron-server[93879]: DEBUG neutron.plugins.ml2.db [req-08f9e44f-df5e-4e46-9ae1-662ed5b5bcff req-1ff9f6e1-fcd5-46cc-9f63-7eb9e982d4c1 service neutron] For port 1360178d-682e-4094-acdd-aed1c54246ae, host hv-cinder-80663, set binding levels [PortBindingLevel(driver='hyperv',host='hv-cinder-80663',level=0,port_id=1360178d-682e-4094-acdd-aed1c54246ae,segment=NetworkSegment(1c055bee-3645-44e2-bcde-7ea4e30afcd4),segment_id=1c055bee-3645-44e2-bcde-7ea4e30afcd4)] {{(pid=93879) set_binding_levels /opt/stack/neutron/neutron/plugins/ml2/db.py:59}}
Aug 30 19:28:44.791955 dv-cinder-806631-1-iscsi neutron-server[93879]: DEBUG neutron_lib.callbacks.manager [req-08f9e44f-df5e-4e46-9ae1-662ed5b5bcff req-1ff9f6e1-fcd5-46cc-9f63-7eb9e982d4c1 service neutron] Notify callbacks ['neutron.plugins.ml2.plugin.SecurityGroupServerNotifierRpcMixin._notify_sg_on_port_change-1691965', 'neutron.plugins.ml2.ovo_rpc._ObjectChangeHandler.handle_event-98600', 'neutron.api.rpc.agentnotifiers.dhcp_rpc_agent_api.DhcpAgentNotifyAPI._native_event_send_dhcp_notification-761187', 'neutron.db.l3_db.L3RpcNotifierMixin._notify_gateway_port_ip_changed-8745311134675', 'neutron.db.l3_dvrscheduler_db._notify_l3_agent_port_update-8745310550056', 'neutron.db.l3_hascheduler_db._notify_l3_agent_ha_port_update-8745310550074', 'neutron.services.segments.plugin.NovaSegmentNotifier._notify_port_updated-26381411'] for port, after_update {{(pid=93879) _notify_loop /usr/local/lib/python3.8/dist-packages/neutron_lib/callbacks/manager.py:192}}
Aug 30 19:28:44.834449 dv-cinder-806631-1-iscsi neutron-server[93879]: DEBUG neutron.pecan_wsgi.hooks.policy_enforcement [req-08f9e44f-df5e-4e46-9ae1-662ed5b5bcff req-1ff9f6e1-fcd5-46cc-9f63-7eb9e982d4c1 service neutron] Attributes excluded by policy engine: ['standard_attr_id'] {{(pid=93879) _exclude_attributes_by_policy /opt/stack/neutron/neutron/pecan_wsgi/hooks/policy_enforcement.py:255}}
Aug 30 19:28:44.835098 dv-cinder-806631-1-iscsi neutron-server[93879]: DEBUG neutron_lib.callbacks.manager [req-08f9e44f-df5e-4e46-9ae1-662ed5b5bcff req-1ff9f6e1-fcd5-46cc-9f63-7eb9e982d4c1 service neutron] Notify callbacks ['neutron.notifiers.nova.Notifier._send_nova_notification-24419', 'neutron.api.rpc.agentnotifiers.dhcp_rpc_agent_api.DhcpAgentNotifyAPI._send_dhcp_notification-761233'] for port, before_response {{(pid=93879) _notify_loop /usr/local/lib/python3.8/dist-packages/neutron_lib/callbacks/manager.py:192}}
Aug 30 19:28:44.836787 dv-cinder-806631-1-iscsi neutron-server[93879]: INFO neutron.wsgi [req-08f9e44f-df5e-4e46-9ae1-662ed5b5bcff req-1ff9f6e1-fcd5-46cc-9f63-7eb9e982d4c1 service neutron] 10.222.0.84 "PUT /v2.0/ports/1360178d-682e-4094-acdd-aed1c54246ae HTTP/1.1" status: 200 len: 1093 time: 1.4622352
Aug 30 19:28:44.868416 dv-cinder-806631-1-iscsi neutron-server[93879]: DEBUG neutron.api.rpc.handlers.resources_rpc [None req-1ff9f6e1-fcd5-46cc-9f63-7eb9e982d4c1 service neutron] Pushing event updated for resources: {'Port': ['ID=1360178d-682e-4094-acdd-aed1c54246ae,revision_number=3']} {{(pid=93879) push /opt/stack/neutron/neutron/api/rpc/handlers/resources_rpc.py:237}}
Aug 30 19:28:44.896726 dv-cinder-806631-1-iscsi neutron-server[93880]: DEBUG neutron.pecan_wsgi.hooks.policy_enforcement [req-bd65a8f1-6c7e-4fbd-be48-2523631e6e5b req-c3aa868f-428c-4a5c-a12c-46e8826ced7b tempest-AttachVolumeNegativeTest-1015028068 tempest-AttachVolumeNegativeTest-1015028068-project] Attributes excluded by policy engine: ['standard_attr_id', 'binding:profile', 'binding:host_id', 'binding:vif_type', 'binding:vif_details'] {{(pid=93880) _exclude_attributes_by_policy /opt/stack/neutron/neutron/pecan_wsgi/hooks/policy_enforcement.py:255}}
Aug 30 19:28:44.898488 dv-cinder-806631-1-iscsi neutron-server[93880]: INFO neutron.wsgi [req-bd65a8f1-6c7e-4fbd-be48-2523631e6e5b req-c3aa868f-428c-4a5c-a12c-46e8826ced7b tempest-AttachVolumeNegativeTest-1015028068 tempest-AttachVolumeNegativeTest-1015028068-project] 10.222.0.36 "GET /v2.0/ports?device_id=1f296d0c-5940-4c54-bb58-e2d756c46033 HTTP/1.1" status: 200 len: 943 time: 0.0533068
Aug 30 19:28:44.961745 dv-cinder-806631-1-iscsi neutron-server[93880]: INFO neutron.wsgi [req-bd65a8f1-6c7e-4fbd-be48-2523631e6e5b req-3ab822d1-c3a5-4efb-aef3-3f877efaa5f1 tempest-AttachVolumeNegativeTest-1015028068 tempest-AttachVolumeNegativeTest-1015028068-project] 10.222.0.36 "GET /v2.0/security-groups?id=a2de4ad0-42bc-450b-910b-34666ec892b9&fields=id&fields=name HTTP/1.1" status: 200 len: 286 time: 0.0518546
Aug 30 19:28:45.095030 dv-cinder-806631-1-iscsi neutron-server[93880]: DEBUG neutron.pecan_wsgi.hooks.policy_enforcement [req-ac39f010-2883-4921-884b-e9069ea3ef78 req-1140ef0b-0482-4525-8d9b-1c67370b79f9 tempest-ServerRescueNegativeTestJSON-1009986005 tempest-ServerRescueNegativeTestJSON-1009986005-project] Attributes excluded by policy engine: ['standard_attr_id', 'binding:profile', 'binding:host_id', 'binding:vif_type', 'binding:vif_details'] {{(pid=93880) _exclude_attributes_by_policy /opt/stack/neutron/neutron/pecan_wsgi/hooks/policy_enforcement.py:255}}
Aug 30 19:28:45.106305 dv-cinder-806631-1-iscsi neutron-server[93879]: DEBUG novaclient.v2.client [-] RESP: [200] Connection: close Content-Length: 179 Content-Type: application/json Date: Mon, 30 Aug 2021 19:28:44 GMT OpenStack-API-Version: compute 2.1 Server: Apache/2.4.41 (Ubuntu) Vary: OpenStack-API-Version,X-OpenStack-Nova-API-Version X-OpenStack-Nova-API-Version: 2.1 x-compute-request-id: req-765ae201-9ff2-46aa-99c9-19c0b6b355e4 x-openstack-request-id: req-765ae201-9ff2-46aa-99c9-19c0b6b355e4 {{(pid=93879) _http_log_response /usr/local/lib/python3.8/dist-packages/keystoneauth1/session.py:550}}
Aug 30 19:28:45.107268 dv-cinder-806631-1-iscsi neutron-server[93879]: DEBUG novaclient.v2.client [-] RESP BODY: {"events": [{"name": "network-changed", "server_uuid": "1f296d0c-5940-4c54-bb58-e2d756c46033", "tag": "3fa94f8e-b438-45d3-82c0-9ff0e42d44e8", "status": "completed", "code": 200}]} {{(pid=93879) _http_log_response /usr/local/lib/python3.8/dist-packages/keystoneauth1/session.py:582}}
Aug 30 19:28:45.108058 dv-cinder-806631-1-iscsi neutron-server[93879]: DEBUG novaclient.v2.client [-] POST call to compute for http://10.222.0.36/compute/v2.1/os-server-external-events used request id req-765ae201-9ff2-46aa-99c9-19c0b6b355e4 {{(pid=93879) request /usr/local/lib/python3.8/dist-packages/keystoneauth1/session.py:954}}
Aug 30 19:28:45.109471 dv-cinder-806631-1-iscsi neutron-server[93879]: INFO neutron.notifiers.nova [-] Nova event response: {'name': 'network-changed', 'server_uuid': '1f296d0c-5940-4c54-bb58-e2d756c46033', 'tag': '3fa94f8e-b438-45d3-82c0-9ff0e42d44e8', 'status': 'completed', 'code': 200}
Aug 30 19:28:45.126780 dv-cinder-806631-1-iscsi neutron-server[93880]: INFO neutron.wsgi [req-ac39f010-2883-4921-884b-e9069ea3ef78 req-1140ef0b-0482-4525-8d9b-1c67370b79f9 tempest-ServerRescueNegativeTestJSON-1009986005 tempest-ServerRescueNegativeTestJSON-1009986005-project] 10.222.0.36 "GET /v2.0/ports?device_id=6b86cbae-a5a5-4cd6-a4bd-c67c202344a5 HTTP/1.1" status: 200 len: 943 time: 0.1077287
Aug 30 19:28:45.195391 dv-cinder-806631-1-iscsi neutron-server[93880]: INFO neutron.wsgi [req-ac39f010-2883-4921-884b-e9069ea3ef78 req-b77c4a9f-fc75-404d-95d7-9280dae0350c tempest-ServerRescueNegativeTestJSON-1009986005 tempest-ServerRescueNegativeTestJSON-1009986005-project] 10.222.0.36 "GET /v2.0/security-groups?id=45662ad5-0c12-46ea-a762-9c2df32a8b2d&fields=id&fields=name HTTP/1.1" status: 200 len: 286 time: 0.0624084
Aug 30 19:28:45.262133 dv-cinder-806631-1-iscsi neutron-server[93880]: DEBUG neutron.pecan_wsgi.hooks.policy_enforcement [req-71f8c19c-2579-4f52-9f26-9f0ad2d1735d req-a59f1505-3d1e-409c-acd9-e1ffff839b4f tempest-DeleteServersTestJSON-1886596880 tempest-DeleteServersTestJSON-1886596880-project] Attributes excluded by policy engine: ['standard_attr_id', 'binding:profile', 'binding:host_id', 'binding:vif_type', 'binding:vif_details'] {{(pid=93880) _exclude_attributes_by_policy /opt/stack/neutron/neutron/pecan_wsgi/hooks/policy_enforcement.py:255}}
Aug 30 19:28:45.262133 dv-cinder-806631-1-iscsi neutron-server[93880]: INFO neutron.wsgi [req-71f8c19c-2579-4f52-9f26-9f0ad2d1735d req-a59f1505-3d1e-409c-acd9-e1ffff839b4f tempest-DeleteServersTestJSON-1886596880 tempest-DeleteServersTestJSON-1886596880-project] 10.222.0.36 "GET /v2.0/ports?device_id=60dbe5b0-f5e4-4082-84f1-e7a733e04848 HTTP/1.1" status: 200 len: 943 time: 0.0640304
Aug 30 19:28:45.307934 dv-cinder-806631-1-iscsi neutron-server[93880]: INFO neutron.wsgi [req-71f8c19c-2579-4f52-9f26-9f0ad2d1735d req-5ebb06cd-b261-44cf-ae5d-af500cdf0c0d tempest-DeleteServersTestJSON-1886596880 tempest-DeleteServersTestJSON-1886596880-project] 10.222.0.36 "GET /v2.0/security-groups?id=9a1fa979-20e6-4c1b-9259-a9929209ffa4&fields=id&fields=name HTTP/1.1" status: 200 len: 286 time: 0.0406334
Aug 30 19:28:46.070926 dv-cinder-806631-1-iscsi neutron-server[93880]: DEBUG neutron.pecan_wsgi.hooks.policy_enforcement [req-42fcaa82-eaac-42dd-accf-e9fa78475755 req-a82dcd20-6af6-421f-b3cf-9aaf3765a8a8 tempest-AttachVolumeNegativeTest-1015028068 tempest-AttachVolumeNegativeTest-1015028068-project] Attributes excluded by policy engine: ['standard_attr_id', 'binding:profile', 'binding:host_id', 'binding:vif_type', 'binding:vif_details'] {{(pid=93880) _exclude_attributes_by_policy /opt/stack/neutron/neutron/pecan_wsgi/hooks/policy_enforcement.py:255}}
Aug 30 19:28:46.072445 dv-cinder-806631-1-iscsi neutron-server[93880]: INFO neutron.wsgi [req-42fcaa82-eaac-42dd-accf-e9fa78475755 req-a82dcd20-6af6-421f-b3cf-9aaf3765a8a8 tempest-AttachVolumeNegativeTest-1015028068 tempest-AttachVolumeNegativeTest-1015028068-project] 10.222.0.36 "GET /v2.0/ports?device_id=1f296d0c-5940-4c54-bb58-e2d756c46033 HTTP/1.1" status: 200 len: 943 time: 0.0521657
Aug 30 19:28:46.148902 dv-cinder-806631-1-iscsi neutron-server[93880]: DEBUG neutron.api.v2.base [req-9543ef6d-545f-4a3b-ab42-e99e54b919ef req-45de164a-3f7f-4ef7-964c-3a5063877cfd service neutron] Request body: {'port': {'device_id': 'f5f51cea-12cc-41c8-8e1f-d5bb3011012c', 'device_owner': 'compute:nova', 'binding:host_id': 'hv-cinder-80663'}} {{(pid=93880) prepare_request_body /opt/stack/neutron/neutron/api/v2/base.py:730}}
Aug 30 19:28:46.226267 dv-cinder-806631-1-iscsi neutron-server[93880]: INFO neutron.wsgi [req-42fcaa82-eaac-42dd-accf-e9fa78475755 req-e8bff67a-4701-4102-9156-ed9f03f7069f tempest-AttachVolumeNegativeTest-1015028068 tempest-AttachVolumeNegativeTest-1015028068-project] 10.222.0.36 "GET /v2.0/security-groups?id=a2de4ad0-42bc-450b-910b-34666ec892b9&fields=id&fields=name HTTP/1.1" status: 200 len: 286 time: 0.1471610
Aug 30 19:28:46.292581 dv-cinder-806631-1-iscsi neutron-server[93880]: DEBUG neutron_lib.callbacks.manager [req-9543ef6d-545f-4a3b-ab42-e99e54b919ef req-45de164a-3f7f-4ef7-964c-3a5063877cfd service neutron] Notify callbacks ['neutron.plugins.ml2.plugin.SecurityGroupDbMixin._ensure_default_security_group_handler-1692026'] for port, before_update {{(pid=93880) _notify_loop /usr/local/lib/python3.8/dist-packages/neutron_lib/callbacks/manager.py:192}}
Aug 30 19:28:46.409730 dv-cinder-806631-1-iscsi neutron-server[93879]: DEBUG neutron.pecan_wsgi.hooks.policy_enforcement [req-08f9e44f-df5e-4e46-9ae1-662ed5b5bcff req-790682b5-f5fd-4abc-9c18-f985b5c5d032 service neutron] Attributes excluded by policy engine: ['standard_attr_id'] {{(pid=93879) _exclude_attributes_by_policy /opt/stack/neutron/neutron/pecan_wsgi/hooks/policy_enforcement.py:255}}
Aug 30 19:28:46.411309 dv-cinder-806631-1-iscsi neutron-server[93879]: INFO neutron.wsgi [req-08f9e44f-df5e-4e46-9ae1-662ed5b5bcff req-790682b5-f5fd-4abc-9c18-f985b5c5d032 service neutron] 10.222.0.84 "GET /v2.0/ports?tenant_id=78ec878d2494470ea93903a653c173ca&device_id=6b86cbae-a5a5-4cd6-a4bd-c67c202344a5 HTTP/1.1" status: 200 len: 1096 time: 0.2395532
Aug 30 19:28:46.473426 dv-cinder-806631-1-iscsi neutron-server[93879]: DEBUG neutron.pecan_wsgi.hooks.policy_enforcement [req-4d382df0-647a-48e1-8298-3fb7259d9fe8 req-c51ab28f-3cce-4c1f-afb4-9723fdc1a399 service neutron] Attributes excluded by policy engine: ['standard_attr_id'] {{(pid=93879) _exclude_attributes_by_policy /opt/stack/neutron/neutron/pecan_wsgi/hooks/policy_enforcement.py:255}}
Aug 30 19:28:46.474926 dv-cinder-806631-1-iscsi neutron-server[93879]: INFO neutron.wsgi [req-4d382df0-647a-48e1-8298-3fb7259d9fe8 req-c51ab28f-3cce-4c1f-afb4-9723fdc1a399 service neutron] 10.222.0.84 "GET /v2.0/ports?tenant_id=f16ed53dfc6940bfb967b4bf07e79a87&device_id=1f296d0c-5940-4c54-bb58-e2d756c46033 HTTP/1.1" status: 200 len: 1096 time: 0.3044767
Aug 30 19:28:46.572899 dv-cinder-806631-1-iscsi neutron-server[93879]: DEBUG neutron.pecan_wsgi.hooks.policy_enforcement [req-00408cf1-a25a-4d71-88e7-4777ec746f0b req-19c57f72-ee1e-45c5-9ef6-2c4f2f3ff8b7 service neutron] Attributes excluded by policy engine: ['standard_attr_id'] {{(pid=93879) _exclude_attributes_by_policy /opt/stack/neutron/neutron/pecan_wsgi/hooks/policy_enforcement.py:255}}
Aug 30 19:28:46.576248 dv-cinder-806631-1-iscsi neutron-server[93879]: INFO neutron.wsgi [req-00408cf1-a25a-4d71-88e7-4777ec746f0b req-19c57f72-ee1e-45c5-9ef6-2c4f2f3ff8b7 service neutron] 10.222.0.84 "GET /v2.0/ports?tenant_id=1929bef255e7400d81c45bd35c73c8e9&device_id=60dbe5b0-f5e4-4082-84f1-e7a733e04848 HTTP/1.1" status: 200 len: 1096 time: 0.3920074
Aug 30 19:28:46.580467 dv-cinder-806631-1-iscsi neutron-server[93879]: INFO neutron.wsgi [req-08f9e44f-df5e-4e46-9ae1-662ed5b5bcff req-10f6cf4a-5663-4da0-8542-5bd8bfb4f145 service neutron] 10.222.0.84 "GET /v2.0/floatingips?fixed_ip_address=172.20.0.5&port_id=1360178d-682e-4094-acdd-aed1c54246ae HTTP/1.1" status: 200 len: 217 time: 0.1596560
Aug 30 19:28:46.588919 dv-cinder-806631-1-iscsi neutron-server[93880]: DEBUG neutron.wsgi [-] (93880) accepted ('10.222.0.36', 60436) {{(pid=93880) server /usr/local/lib/python3.8/dist-packages/eventlet/wsgi.py:982}}
Aug 30 19:28:46.723741 dv-cinder-806631-1-iscsi neutron-server[93880]: DEBUG neutron.pecan_wsgi.hooks.policy_enforcement [req-855dccd8-9a19-4de7-bcd8-e224e594c4ac req-bd0acca0-d97a-4432-a7b7-64b081429264 tempest-ServerRescueNegativeTestJSON-1009986005 tempest-ServerRescueNegativeTestJSON-1009986005-project] Attributes excluded by policy engine: ['standard_attr_id', 'binding:profile', 'binding:host_id', 'binding:vif_type', 'binding:vif_details'] {{(pid=93880) _exclude_attributes_by_policy /opt/stack/neutron/neutron/pecan_wsgi/hooks/policy_enforcement.py:255}}
Aug 30 19:28:46.731139 dv-cinder-806631-1-iscsi neutron-server[93880]: INFO neutron.wsgi [req-855dccd8-9a19-4de7-bcd8-e224e594c4ac req-bd0acca0-d97a-4432-a7b7-64b081429264 tempest-ServerRescueNegativeTestJSON-1009986005 tempest-ServerRescueNegativeTestJSON-1009986005-project] 10.222.0.36 "GET /v2.0/ports?device_id=6b86cbae-a5a5-4cd6-a4bd-c67c202344a5 HTTP/1.1" status: 200 len: 943 time: 0.3423729
Aug 30 19:28:46.750400 dv-cinder-806631-1-iscsi neutron-server[93880]: DEBUG neutron.pecan_wsgi.hooks.policy_enforcement [req-820e8811-8ffc-4dfb-b65a-f404438e364a req-bfdfcb0f-d13e-48cf-8d09-5456ee2027fc tempest-DeleteServersTestJSON-1886596880 tempest-DeleteServersTestJSON-1886596880-project] Attributes excluded by policy engine: ['standard_attr_id', 'binding:profile', 'binding:host_id', 'binding:vif_type', 'binding:vif_details'] {{(pid=93880) _exclude_attributes_by_policy /opt/stack/neutron/neutron/pecan_wsgi/hooks/policy_enforcement.py:255}}
Aug 30 19:28:46.751926 dv-cinder-806631-1-iscsi neutron-server[93880]: INFO neutron.wsgi [req-820e8811-8ffc-4dfb-b65a-f404438e364a req-bfdfcb0f-d13e-48cf-8d09-5456ee2027fc tempest-DeleteServersTestJSON-1886596880 tempest-DeleteServersTestJSON-1886596880-project] 10.222.0.36 "GET /v2.0/ports?device_id=60dbe5b0-f5e4-4082-84f1-e7a733e04848 HTTP/1.1" status: 200 len: 943 time: 0.3257015
Aug 30 19:28:46.843502 dv-cinder-806631-1-iscsi neutron-server[93880]: INFO neutron.wsgi [req-855dccd8-9a19-4de7-bcd8-e224e594c4ac req-b95fd8e5-a9a9-4451-b06b-32b60d2f222c tempest-ServerRescueNegativeTestJSON-1009986005 tempest-ServerRescueNegativeTestJSON-1009986005-project] 10.222.0.36 "GET /v2.0/security-groups?id=45662ad5-0c12-46ea-a762-9c2df32a8b2d&fields=id&fields=name HTTP/1.1" status: 200 len: 286 time: 0.1113541
Aug 30 19:28:46.852945 dv-cinder-806631-1-iscsi neutron-server[93879]: DEBUG neutron.pecan_wsgi.hooks.policy_enforcement [req-4d382df0-647a-48e1-8298-3fb7259d9fe8 req-5a1caad5-f4f7-4b55-8ded-22e5473e061a service neutron] Attributes excluded by policy engine: ['standard_attr_id', 'vlan_transparent'] {{(pid=93879) _exclude_attributes_by_policy /opt/stack/neutron/neutron/pecan_wsgi/hooks/policy_enforcement.py:255}}
Aug 30 19:28:46.860171 dv-cinder-806631-1-iscsi neutron-server[93879]: INFO neutron.wsgi [req-4d382df0-647a-48e1-8298-3fb7259d9fe8 req-5a1caad5-f4f7-4b55-8ded-22e5473e061a service neutron] 10.222.0.84 "GET /v2.0/networks?tenant_id=f16ed53dfc6940bfb967b4bf07e79a87&shared=False HTTP/1.1" status: 200 len: 916 time: 0.3091807
Aug 30 19:28:46.868756 dv-cinder-806631-1-iscsi neutron-server[93880]: INFO neutron.wsgi [req-820e8811-8ffc-4dfb-b65a-f404438e364a req-b53a0717-9681-4eab-a7b3-4e2d54fabc11 tempest-DeleteServersTestJSON-1886596880 tempest-DeleteServersTestJSON-1886596880-project] 10.222.0.36 "GET /v2.0/security-groups?id=9a1fa979-20e6-4c1b-9259-a9929209ffa4&fields=id&fields=name HTTP/1.1" status: 200 len: 286 time: 0.1049979
Aug 30 19:28:46.899275 dv-cinder-806631-1-iscsi neutron-server[93879]: DEBUG neutron.wsgi [-] (93879) accepted ('10.222.0.36', 60462) {{(pid=93879) server /usr/local/lib/python3.8/dist-packages/eventlet/wsgi.py:982}}
Aug 30 19:28:46.915747 dv-cinder-806631-1-iscsi neutron-server[93880]: DEBUG neutron_lib.callbacks.manager [None req-7cd2d150-161e-42fa-9fc4-5ede29f2f619 admin admin] Notify callbacks [] for security_group, before_create {{(pid=93880) _notify_loop /usr/local/lib/python3.8/dist-packages/neutron_lib/callbacks/manager.py:192}}
Aug 30 19:28:47.003425 dv-cinder-806631-1-iscsi neutron-server[93880]: DEBUG neutron.notifiers.nova [req-9543ef6d-545f-4a3b-ab42-e99e54b919ef req-45de164a-3f7f-4ef7-964c-3a5063877cfd service neutron] Ignoring state change previous_port_status: DOWN current_port_status: DOWN port_id 26050540-fc54-4102-a190-92a4f9dc05da {{(pid=93880) record_port_status_changed /opt/stack/neutron/neutron/notifiers/nova.py:224}}
Aug 30 19:28:47.013519 dv-cinder-806631-1-iscsi neutron-server[93880]: DEBUG neutron_lib.callbacks.manager [req-9543ef6d-545f-4a3b-ab42-e99e54b919ef req-45de164a-3f7f-4ef7-964c-3a5063877cfd service neutron] Notify callbacks [] for port, precommit_update {{(pid=93880) _notify_loop /usr/local/lib/python3.8/dist-packages/neutron_lib/callbacks/manager.py:192}}
Aug 30 19:28:47.023535 dv-cinder-806631-1-iscsi neutron-server[93879]: DEBUG neutron_lib.callbacks.manager [None req-e374df03-c1a9-4525-9658-3f781ab9ca19 admin admin] Notify callbacks [] for security_group, before_create {{(pid=93879) _notify_loop /usr/local/lib/python3.8/dist-packages/neutron_lib/callbacks/manager.py:192}}
Aug 30 19:28:47.043046 dv-cinder-806631-1-iscsi neutron-server[93880]: DEBUG neutron.db.provisioning_blocks [req-9543ef6d-545f-4a3b-ab42-e99e54b919ef req-45de164a-3f7f-4ef7-964c-3a5063877cfd service neutron] Transition to ACTIVE for port object 26050540-fc54-4102-a190-92a4f9dc05da will not be triggered until provisioned by entity L2. {{(pid=93880) add_provisioning_component /opt/stack/neutron/neutron/db/provisioning_blocks.py:73}}
Aug 30 19:28:47.049760 dv-cinder-806631-1-iscsi neutron-server[93880]: DEBUG neutron_lib.callbacks.manager [req-9543ef6d-545f-4a3b-ab42-e99e54b919ef req-45de164a-3f7f-4ef7-964c-3a5063877cfd service neutron] Notify callbacks ['neutron.plugins.ml2.plugin.SecurityGroupServerNotifierRpcMixin._notify_sg_on_port_change-1691965', 'neutron.plugins.ml2.ovo_rpc._ObjectChangeHandler.handle_event-98600', 'neutron.api.rpc.agentnotifiers.dhcp_rpc_agent_api.DhcpAgentNotifyAPI._native_event_send_dhcp_notification-761187', 'neutron.db.l3_db.L3RpcNotifierMixin._notify_gateway_port_ip_changed-8745311134675', 'neutron.db.l3_dvrscheduler_db._notify_l3_agent_port_update-8745310550056', 'neutron.db.l3_hascheduler_db._notify_l3_agent_ha_port_update-8745310550074', 'neutron.services.segments.plugin.NovaSegmentNotifier._notify_port_updated-27122455'] for port, after_update {{(pid=93880) _notify_loop /usr/local/lib/python3.8/dist-packages/neutron_lib/callbacks/manager.py:192}}
Aug 30 19:28:47.111062 dv-cinder-806631-1-iscsi neutron-server[93879]: DEBUG neutron.notifiers.nova [-] Sending events: [{'name': 'network-changed', 'server_uuid': '60dbe5b0-f5e4-4082-84f1-e7a733e04848', 'tag': '1e4fbb45-14d6-4db9-b5b2-0f973ebb83a6'}, {'name': 'network-changed', 'server_uuid': '6b86cbae-a5a5-4cd6-a4bd-c67c202344a5', 'tag': '1360178d-682e-4094-acdd-aed1c54246ae'}] {{(pid=93879) send_events /opt/stack/neutron/neutron/notifiers/nova.py:262}}
Aug 30 19:28:47.113480 dv-cinder-806631-1-iscsi neutron-server[93879]: DEBUG novaclient.v2.client [-] REQ: curl -g -i --cacert "/opt/stack/data/ca-bundle.pem" -X POST http://10.222.0.36/compute/v2.1/os-server-external-events -H "Accept: application/json" -H "Content-Type: application/json" -H "User-Agent: python-novaclient" -H "X-Auth-Token: {SHA256}b5f5c491c8e469a6cc04b4322f4ec994dadb3b8e09f41dcaabb3a73b995c7fb6" -H "X-OpenStack-Nova-API-Version: 2.1" -H "X-OpenStack-Request-ID: req-2126c59a-f73a-4d0f-afcb-f7802eeea433" -d '{"events": [{"name": "network-changed", "server_uuid": "60dbe5b0-f5e4-4082-84f1-e7a733e04848", "tag": "1e4fbb45-14d6-4db9-b5b2-0f973ebb83a6"}, {"name": "network-changed", "server_uuid": "6b86cbae-a5a5-4cd6-a4bd-c67c202344a5", "tag": "1360178d-682e-4094-acdd-aed1c54246ae"}]}' {{(pid=93879) _http_log_request /usr/local/lib/python3.8/dist-packages/keystoneauth1/session.py:519}}
Aug 30 19:28:47.132608 dv-cinder-806631-1-iscsi neutron-server[93880]: DEBUG neutron_lib.callbacks.manager [None req-7cd2d150-161e-42fa-9fc4-5ede29f2f619 admin admin] Notify callbacks [] for security_group, precommit_create {{(pid=93880) _notify_loop /usr/local/lib/python3.8/dist-packages/neutron_lib/callbacks/manager.py:192}}
Aug 30 19:28:47.136485 dv-cinder-806631-1-iscsi neutron-server[93880]: DEBUG neutron.api.rpc.handlers.resources_rpc [None req-45de164a-3f7f-4ef7-964c-3a5063877cfd service neutron] Pushing event updated for resources: {'Port': ['ID=26050540-fc54-4102-a190-92a4f9dc05da,revision_number=2']} {{(pid=93880) push /opt/stack/neutron/neutron/api/rpc/handlers/resources_rpc.py:237}}
Aug 30 19:28:47.164365 dv-cinder-806631-1-iscsi neutron-server[93879]: DEBUG novaclient.v2.client [-] RESP: [200] Connection: close Content-Length: 346 Content-Type: application/json Date: Mon, 30 Aug 2021 19:28:47 GMT OpenStack-API-Version: compute 2.1 Server: Apache/2.4.41 (Ubuntu) Vary: OpenStack-API-Version,X-OpenStack-Nova-API-Version X-OpenStack-Nova-API-Version: 2.1 x-compute-request-id: req-449d5783-5ff9-44e7-b80e-113fdae376c7 x-openstack-request-id: req-449d5783-5ff9-44e7-b80e-113fdae376c7 {{(pid=93879) _http_log_response /usr/local/lib/python3.8/dist-packages/keystoneauth1/session.py:550}}
Aug 30 19:28:47.164895 dv-cinder-806631-1-iscsi neutron-server[93879]: DEBUG novaclient.v2.client [-] RESP BODY: {"events": [{"name": "network-changed", "server_uuid": "60dbe5b0-f5e4-4082-84f1-e7a733e04848", "tag": "1e4fbb45-14d6-4db9-b5b2-0f973ebb83a6", "status": "completed", "code": 200}, {"name": "network-changed", "server_uuid": "6b86cbae-a5a5-4cd6-a4bd-c67c202344a5", "tag": "1360178d-682e-4094-acdd-aed1c54246ae", "status": "completed", "code": 200}]} {{(pid=93879) _http_log_response /usr/local/lib/python3.8/dist-packages/keystoneauth1/session.py:582}}
Aug 30 19:28:47.165081 dv-cinder-806631-1-iscsi neutron-server[93879]: DEBUG novaclient.v2.client [-] POST call to compute for http://10.222.0.36/compute/v2.1/os-server-external-events used request id req-449d5783-5ff9-44e7-b80e-113fdae376c7 {{(pid=93879) request /usr/local/lib/python3.8/dist-packages/keystoneauth1/session.py:954}}
Aug 30 19:28:47.165566 dv-cinder-806631-1-iscsi neutron-server[93879]: INFO neutron.notifiers.nova [-] Nova event response: {'name': 'network-changed', 'server_uuid': '60dbe5b0-f5e4-4082-84f1-e7a733e04848', 'tag': '1e4fbb45-14d6-4db9-b5b2-0f973ebb83a6', 'status': 'completed', 'code': 200}
Aug 30 19:28:47.166227 dv-cinder-806631-1-iscsi neutron-server[93879]: INFO neutron.notifiers.nova [-] Nova event response: {'name': 'network-changed', 'server_uuid': '6b86cbae-a5a5-4cd6-a4bd-c67c202344a5', 'tag': '1360178d-682e-4094-acdd-aed1c54246ae', 'status': 'completed', 'code': 200}
