Jul 06 17:13:53.615111 dv-cinder-806605-6-iscsi devstack@c-api.service[111556]: INFO cinder.transfer.api [None req-0af6186e-8abd-442f-85f5-d307f254283f tempest-VolumesTransfersTest-1079803436 tempest-VolumesTransfersTest-1079803436-project] Generating transfer record for volume ad4d2eb8-1507-429e-9a0d-31c56f1f6f29
Jul 06 17:13:53.639984 dv-cinder-806605-6-iscsi devstack@c-api.service[111556]: /usr/local/lib/python3.8/dist-packages/oslo_context/context.py:100: DeprecationWarning: Policy enforcement is depending on the value of is_admin. This key is deprecated. Please update your policy file to use the standard policy values.
Jul 06 17:13:53.639984 dv-cinder-806605-6-iscsi devstack@c-api.service[111556]: warnings.warn('Policy enforcement is depending on the value of '
Jul 06 17:13:53.718380 dv-cinder-806605-6-iscsi devstack@c-api.service[111556]: INFO cinder.api.openstack.wsgi [None req-0af6186e-8abd-442f-85f5-d307f254283f tempest-VolumesTransfersTest-1079803436 tempest-VolumesTransfersTest-1079803436-project] http://10.222.0.40/volume/v3/90cf8824908344a687ee5828e257da3c/os-volume-transfer returned with HTTP 202
Jul 06 17:13:53.719691 dv-cinder-806605-6-iscsi devstack@c-api.service[111556]: [pid: 111556|app: 0|req: 126/241] 10.222.0.40 () {60 vars in 1267 bytes} [Wed Jul 6 17:13:53 2022] POST /volume/v3/90cf8824908344a687ee5828e257da3c/os-volume-transfer => generated 507 bytes in 116 msecs (HTTP/1.1 202) 7 headers in 291 bytes (1 switches on core 0)
Jul 06 17:13:53.721213 dv-cinder-806605-6-iscsi devstack@c-api.service[111556]: DEBUG cinder.api.middleware.request_id [None req-2e144a36-9352-4102-8bd0-4b0febe81699 None None] RequestId filter calling following filter/app {{(pid=111556) _context_setter /opt/stack/cinder/cinder/api/middleware/request_id.py:62}}
Jul 06 17:13:53.723051 dv-cinder-806605-6-iscsi devstack@c-api.service[111557]: INFO cinder.volume.api [None req-80e7828e-58b5-43a5-9a48-9e7fe5b25fcc tempest-SnapshotsActionsTest-560915743 tempest-SnapshotsActionsTest-560915743-project] Snapshot create request issued successfully.
Jul 06 17:13:53.723993 dv-cinder-806605-6-iscsi devstack@c-api.service[111557]: INFO cinder.api.openstack.wsgi [None req-80e7828e-58b5-43a5-9a48-9e7fe5b25fcc tempest-SnapshotsActionsTest-560915743 tempest-SnapshotsActionsTest-560915743-project] http://10.222.0.40/volume/v3/0e0b3c17322848d58f6d2984428b99ea/snapshots returned with HTTP 202
Jul 06 17:13:53.725114 dv-cinder-806605-6-iscsi devstack@c-api.service[111557]: [pid: 111557|app: 0|req: 116/242] 10.222.0.40 () {60 vars in 1241 bytes} [Wed Jul 6 17:13:53 2022] POST /volume/v3/0e0b3c17322848d58f6d2984428b99ea/snapshots => generated 306 bytes in 598 msecs (HTTP/1.1 202) 7 headers in 291 bytes (1 switches on core 0)
Jul 06 17:13:53.726819 dv-cinder-806605-6-iscsi devstack@c-api.service[111557]: DEBUG cinder.api.middleware.request_id [None req-95add1ce-2b6c-4684-9e7f-f73afe0243dc None None] RequestId filter calling following filter/app {{(pid=111557) _context_setter /opt/stack/cinder/cinder/api/middleware/request_id.py:62}}
Jul 06 17:13:53.727482 dv-cinder-806605-6-iscsi devstack@c-api.service[111556]: INFO cinder.api.openstack.wsgi [None req-2e144a36-9352-4102-8bd0-4b0febe81699 tempest-ExtraSpecsNegativeTest-746466657 tempest-ExtraSpecsNegativeTest-746466657-project-admin] POST http://10.222.0.40/volume/v3/c2ba1de3f391450aa4e744068d800fbd/types/2cbed71f-7561-48dd-8f43-b421cbf9d229/extra_specs
Jul 06 17:13:53.728309 dv-cinder-806605-6-iscsi devstack@c-api.service[111556]: DEBUG cinder.api.openstack.wsgi [None req-2e144a36-9352-4102-8bd0-4b0febe81699 tempest-ExtraSpecsNegativeTest-746466657 tempest-ExtraSpecsNegativeTest-746466657-project-admin] Action: 'create', calling method: create, body: {"extra_specs": null} {{(pid=111556) _process_stack /opt/stack/cinder/cinder/api/openstack/wsgi.py:866}}
Jul 06 17:13:53.729702 dv-cinder-806605-6-iscsi devstack@c-api.service[111556]: INFO cinder.api.openstack.wsgi [None req-2e144a36-9352-4102-8bd0-4b0febe81699 tempest-ExtraSpecsNegativeTest-746466657 tempest-ExtraSpecsNegativeTest-746466657-project-admin] http://10.222.0.40/volume/v3/c2ba1de3f391450aa4e744068d800fbd/types/2cbed71f-7561-48dd-8f43-b421cbf9d229/extra_specs returned with HTTP 400
Jul 06 17:13:53.731055 dv-cinder-806605-6-iscsi devstack@c-api.service[111557]: INFO cinder.api.openstack.wsgi [None req-95add1ce-2b6c-4684-9e7f-f73afe0243dc tempest-VolumesTransfersTest-1079803436 tempest-VolumesTransfersTest-1079803436-project] GET http://10.222.0.40/volume/v3/90cf8824908344a687ee5828e257da3c/volumes/ad4d2eb8-1507-429e-9a0d-31c56f1f6f29
Jul 06 17:13:53.731265 dv-cinder-806605-6-iscsi devstack@c-api.service[111556]: [pid: 111556|app: 0|req: 127/243] 10.222.0.40 () {60 vars in 1375 bytes} [Wed Jul 6 17:13:53 2022] POST /volume/v3/c2ba1de3f391450aa4e744068d800fbd/types/2cbed71f-7561-48dd-8f43-b421cbf9d229/extra_specs => generated 132 bytes in 10 msecs (HTTP/1.1 400) 7 headers in 294 bytes (1 switches on core 0)
Jul 06 17:13:53.731592 dv-cinder-806605-6-iscsi devstack@c-api.service[111557]: DEBUG cinder.api.openstack.wsgi [None req-95add1ce-2b6c-4684-9e7f-f73afe0243dc tempest-VolumesTransfersTest-1079803436 tempest-VolumesTransfersTest-1079803436-project] Empty body provided in request {{(pid=111557) get_body /opt/stack/cinder/cinder/api/openstack/wsgi.py:715}}
Jul 06 17:13:53.732092 dv-cinder-806605-6-iscsi devstack@c-api.service[111557]: DEBUG cinder.api.openstack.wsgi [None req-95add1ce-2b6c-4684-9e7f-f73afe0243dc tempest-VolumesTransfersTest-1079803436 tempest-VolumesTransfersTest-1079803436-project] Calling method 'show' {{(pid=111557) _process_stack /opt/stack/cinder/cinder/api/openstack/wsgi.py:868}}
Jul 06 17:13:53.737761 dv-cinder-806605-6-iscsi devstack@c-api.service[111556]: DEBUG cinder.api.middleware.request_id [None req-f412396c-a115-4cb6-95ea-c63e525d610f None None] RequestId filter calling following filter/app {{(pid=111556) _context_setter /opt/stack/cinder/cinder/api/middleware/request_id.py:62}}
Jul 06 17:13:53.744856 dv-cinder-806605-6-iscsi devstack@c-api.service[111556]: INFO cinder.api.openstack.wsgi [None req-f412396c-a115-4cb6-95ea-c63e525d610f tempest-ExtraSpecsNegativeTest-746466657 tempest-ExtraSpecsNegativeTest-746466657-project-admin] POST http://10.222.0.40/volume/v3/c2ba1de3f391450aa4e744068d800fbd/types/1baee0c6-e6ba-4294-9692-477ac355f03c/extra_specs
Jul 06 17:13:53.746115 dv-cinder-806605-6-iscsi devstack@c-api.service[111556]: DEBUG cinder.api.openstack.wsgi [None req-f412396c-a115-4cb6-95ea-c63e525d610f tempest-ExtraSpecsNegativeTest-746466657 tempest-ExtraSpecsNegativeTest-746466657-project-admin] Action: 'create', calling method: create, body: {"extra_specs": {"spec2": "val1"}} {{(pid=111556) _process_stack /opt/stack/cinder/cinder/api/openstack/wsgi.py:866}}
Jul 06 17:13:53.751102 dv-cinder-806605-6-iscsi devstack@c-api.service[111557]: /usr/local/lib/python3.8/dist-packages/oslo_context/context.py:100: DeprecationWarning: Policy enforcement is depending on the value of is_admin. This key is deprecated. Please update your policy file to use the standard policy values.
Jul 06 17:13:53.751102 dv-cinder-806605-6-iscsi devstack@c-api.service[111557]: warnings.warn('Policy enforcement is depending on the value of '
Jul 06 17:13:53.760742 dv-cinder-806605-6-iscsi devstack@c-api.service[111557]: INFO cinder.volume.api [None req-95add1ce-2b6c-4684-9e7f-f73afe0243dc tempest-VolumesTransfersTest-1079803436 tempest-VolumesTransfersTest-1079803436-project] Volume info retrieved successfully.
Jul 06 17:13:53.767158 dv-cinder-806605-6-iscsi devstack@c-api.service[111556]: INFO cinder.api.openstack.wsgi [None req-f412396c-a115-4cb6-95ea-c63e525d610f tempest-ExtraSpecsNegativeTest-746466657 tempest-ExtraSpecsNegativeTest-746466657-project-admin] http://10.222.0.40/volume/v3/c2ba1de3f391450aa4e744068d800fbd/types/1baee0c6-e6ba-4294-9692-477ac355f03c/extra_specs returned with HTTP 404
Jul 06 17:13:53.768670 dv-cinder-806605-6-iscsi devstack@c-api.service[111556]: [pid: 111556|app: 0|req: 128/244] 10.222.0.40 () {60 vars in 1375 bytes} [Wed Jul 6 17:13:53 2022] POST /volume/v3/c2ba1de3f391450aa4e744068d800fbd/types/1baee0c6-e6ba-4294-9692-477ac355f03c/extra_specs => generated 114 bytes in 32 msecs (HTTP/1.1 404) 7 headers in 292 bytes (2 switches on core 0)
Jul 06 17:13:53.770089 dv-cinder-806605-6-iscsi devstack@c-api.service[111556]: DEBUG cinder.api.middleware.request_id [None req-113e8500-f4bc-46ca-9e0e-d137444712a3 None None] RequestId filter calling following filter/app {{(pid=111556) _context_setter /opt/stack/cinder/cinder/api/middleware/request_id.py:62}}
Jul 06 17:13:53.771883 dv-cinder-806605-6-iscsi devstack@c-api.service[111557]: INFO cinder.api.openstack.wsgi [None req-95add1ce-2b6c-4684-9e7f-f73afe0243dc tempest-VolumesTransfersTest-1079803436 tempest-VolumesTransfersTest-1079803436-project] http://10.222.0.40/volume/v3/90cf8824908344a687ee5828e257da3c/volumes/ad4d2eb8-1507-429e-9a0d-31c56f1f6f29 returned with HTTP 200
Jul 06 17:13:53.776966 dv-cinder-806605-6-iscsi devstack@c-api.service[111556]: INFO cinder.api.openstack.wsgi [None req-113e8500-f4bc-46ca-9e0e-d137444712a3 tempest-SnapshotsActionsTest-560915743 tempest-SnapshotsActionsTest-560915743-project] GET http://10.222.0.40/volume/v3/0e0b3c17322848d58f6d2984428b99ea/snapshots/ef68b8d6-9cca-4a85-87ba-9d3117b49839
Jul 06 17:13:53.777624 dv-cinder-806605-6-iscsi devstack@c-api.service[111556]: DEBUG cinder.api.openstack.wsgi [None req-113e8500-f4bc-46ca-9e0e-d137444712a3 tempest-SnapshotsActionsTest-560915743 tempest-SnapshotsActionsTest-560915743-project] Empty body provided in request {{(pid=111556) get_body /opt/stack/cinder/cinder/api/openstack/wsgi.py:715}}
Jul 06 17:13:53.778523 dv-cinder-806605-6-iscsi devstack@c-api.service[111556]: DEBUG cinder.api.openstack.wsgi [None req-113e8500-f4bc-46ca-9e0e-d137444712a3 tempest-SnapshotsActionsTest-560915743 tempest-SnapshotsActionsTest-560915743-project] Calling method 'show' {{(pid=111556) _process_stack /opt/stack/cinder/cinder/api/openstack/wsgi.py:868}}
Jul 06 17:13:53.781204 dv-cinder-806605-6-iscsi devstack@c-api.service[111557]: [pid: 111557|app: 0|req: 117/245] 10.222.0.40 () {58 vars in 1324 bytes} [Wed Jul 6 17:13:53 2022] GET /volume/v3/90cf8824908344a687ee5828e257da3c/volumes/ad4d2eb8-1507-429e-9a0d-31c56f1f6f29 => generated 921 bytes in 55 msecs (HTTP/1.1 200) 7 headers in 285 bytes (1 switches on core 0)
Jul 06 17:13:53.783486 dv-cinder-806605-6-iscsi devstack@c-api.service[111557]: DEBUG cinder.api.middleware.request_id [None req-ecff40be-0831-4221-a92a-66116b4b6c32 None None] RequestId filter calling following filter/app {{(pid=111557) _context_setter /opt/stack/cinder/cinder/api/middleware/request_id.py:62}}
Jul 06 17:13:53.789291 dv-cinder-806605-6-iscsi devstack@c-api.service[111557]: INFO cinder.api.openstack.wsgi [None req-ecff40be-0831-4221-a92a-66116b4b6c32 tempest-ExtraSpecsNegativeTest-746466657 tempest-ExtraSpecsNegativeTest-746466657-project-admin] DELETE http://10.222.0.40/volume/v3/c2ba1de3f391450aa4e744068d800fbd/types/abfbd2e9-58b4-4e0a-9340-a5321a3020fd/extra_specs/spec1
Jul 06 17:13:53.789743 dv-cinder-806605-6-iscsi devstack@c-api.service[111557]: DEBUG cinder.api.openstack.wsgi [None req-ecff40be-0831-4221-a92a-66116b4b6c32 tempest-ExtraSpecsNegativeTest-746466657 tempest-ExtraSpecsNegativeTest-746466657-project-admin] Empty body provided in request {{(pid=111557) get_body /opt/stack/cinder/cinder/api/openstack/wsgi.py:715}}
Jul 06 17:13:53.790325 dv-cinder-806605-6-iscsi devstack@c-api.service[111556]: /usr/local/lib/python3.8/dist-packages/oslo_context/context.py:100: DeprecationWarning: Policy enforcement is depending on the value of is_admin. This key is deprecated. Please update your policy file to use the standard policy values.
Jul 06 17:13:53.790325 dv-cinder-806605-6-iscsi devstack@c-api.service[111556]: warnings.warn('Policy enforcement is depending on the value of '
Jul 06 17:13:53.791254 dv-cinder-806605-6-iscsi devstack@c-api.service[111556]: INFO cinder.volume.api [None req-113e8500-f4bc-46ca-9e0e-d137444712a3 tempest-SnapshotsActionsTest-560915743 tempest-SnapshotsActionsTest-560915743-project] Snapshot retrieved successfully.
Jul 06 17:13:53.793065 dv-cinder-806605-6-iscsi devstack@c-api.service[111557]: DEBUG cinder.api.openstack.wsgi [None req-ecff40be-0831-4221-a92a-66116b4b6c32 tempest-ExtraSpecsNegativeTest-746466657 tempest-ExtraSpecsNegativeTest-746466657-project-admin] Calling method 'delete' {{(pid=111557) _process_stack /opt/stack/cinder/cinder/api/openstack/wsgi.py:868}}
Jul 06 17:13:53.793191 dv-cinder-806605-6-iscsi devstack@c-api.service[111556]: INFO cinder.api.openstack.wsgi [None req-113e8500-f4bc-46ca-9e0e-d137444712a3 tempest-SnapshotsActionsTest-560915743 tempest-SnapshotsActionsTest-560915743-project] http://10.222.0.40/volume/v3/0e0b3c17322848d58f6d2984428b99ea/snapshots/ef68b8d6-9cca-4a85-87ba-9d3117b49839 returned with HTTP 200
Jul 06 17:13:53.798408 dv-cinder-806605-6-iscsi devstack@c-api.service[111556]: [pid: 111556|app: 0|req: 129/246] 10.222.0.40 () {58 vars in 1330 bytes} [Wed Jul 6 17:13:53 2022] GET /volume/v3/0e0b3c17322848d58f6d2984428b99ea/snapshots/ef68b8d6-9cca-4a85-87ba-9d3117b49839 => generated 438 bytes in 25 msecs (HTTP/1.1 200) 7 headers in 285 bytes (1 switches on core 0)
Jul 06 17:13:53.798408 dv-cinder-806605-6-iscsi devstack@c-api.service[111556]: DEBUG cinder.api.middleware.request_id [None req-4bb1e40d-bbb7-4b19-8702-c44d6abd1011 None None] RequestId filter calling following filter/app {{(pid=111556) _context_setter /opt/stack/cinder/cinder/api/middleware/request_id.py:62}}
Jul 06 17:13:53.802961 dv-cinder-806605-6-iscsi devstack@c-api.service[111556]: INFO cinder.api.openstack.wsgi [None req-4bb1e40d-bbb7-4b19-8702-c44d6abd1011 tempest-VolumesTransfersTest-1079803436 tempest-VolumesTransfersTest-1079803436-project] GET http://10.222.0.40/volume/v3/90cf8824908344a687ee5828e257da3c/os-volume-transfer/d1e31955-0001-400a-ad9b-2d61afff6c18
Jul 06 17:13:53.803481 dv-cinder-806605-6-iscsi devstack@c-api.service[111556]: DEBUG cinder.api.openstack.wsgi [None req-4bb1e40d-bbb7-4b19-8702-c44d6abd1011 tempest-VolumesTransfersTest-1079803436 tempest-VolumesTransfersTest-1079803436-project] Empty body provided in request {{(pid=111556) get_body /opt/stack/cinder/cinder/api/openstack/wsgi.py:715}}
Jul 06 17:13:53.804033 dv-cinder-806605-6-iscsi devstack@c-api.service[111556]: DEBUG cinder.api.openstack.wsgi [None req-4bb1e40d-bbb7-4b19-8702-c44d6abd1011 tempest-VolumesTransfersTest-1079803436 tempest-VolumesTransfersTest-1079803436-project] Calling method 'show' {{(pid=111556) _process_stack /opt/stack/cinder/cinder/api/openstack/wsgi.py:868}}
Jul 06 17:13:53.805271 dv-cinder-806605-6-iscsi devstack@c-api.service[111557]: INFO cinder.api.openstack.wsgi [None req-ecff40be-0831-4221-a92a-66116b4b6c32 tempest-ExtraSpecsNegativeTest-746466657 tempest-ExtraSpecsNegativeTest-746466657-project-admin] http://10.222.0.40/volume/v3/c2ba1de3f391450aa4e744068d800fbd/types/abfbd2e9-58b4-4e0a-9340-a5321a3020fd/extra_specs/spec1 returned with HTTP 404
Jul 06 17:13:53.810390 dv-cinder-806605-6-iscsi devstack@c-api.service[111557]: [pid: 111557|app: 0|req: 118/247] 10.222.0.40 () {58 vars in 1375 bytes} [Wed Jul 6 17:13:53 2022] DELETE /volume/v3/c2ba1de3f391450aa4e744068d800fbd/types/abfbd2e9-58b4-4e0a-9340-a5321a3020fd/extra_specs/spec1 => generated 114 bytes in 26 msecs (HTTP/1.1 404) 7 headers in 292 bytes (1 switches on core 0)
Jul 06 17:13:53.812972 dv-cinder-806605-6-iscsi devstack@c-api.service[111557]: DEBUG cinder.api.middleware.request_id [None req-70c024f5-044b-4adf-b12e-c06c503938fc None None] RequestId filter calling following filter/app {{(pid=111557) _context_setter /opt/stack/cinder/cinder/api/middleware/request_id.py:62}}
Jul 06 17:13:53.815627 dv-cinder-806605-6-iscsi devstack@c-api.service[111556]: INFO cinder.api.openstack.wsgi [None req-4bb1e40d-bbb7-4b19-8702-c44d6abd1011 tempest-VolumesTransfersTest-1079803436 tempest-VolumesTransfersTest-1079803436-project] http://10.222.0.40/volume/v3/90cf8824908344a687ee5828e257da3c/os-volume-transfer/d1e31955-0001-400a-ad9b-2d61afff6c18 returned with HTTP 200
Jul 06 17:13:53.816579 dv-cinder-806605-6-iscsi devstack@c-api.service[111556]: [pid: 111556|app: 0|req: 130/248] 10.222.0.40 () {58 vars in 1357 bytes} [Wed Jul 6 17:13:53 2022] GET /volume/v3/90cf8824908344a687ee5828e257da3c/os-volume-transfer/d1e31955-0001-400a-ad9b-2d61afff6c18 => generated 475 bytes in 22 msecs (HTTP/1.1 200) 7 headers in 285 bytes (1 switches on core 0)
Jul 06 17:13:53.818099 dv-cinder-806605-6-iscsi devstack@c-api.service[111557]: INFO cinder.api.openstack.wsgi [None req-70c024f5-044b-4adf-b12e-c06c503938fc tempest-ExtraSpecsNegativeTest-746466657 tempest-ExtraSpecsNegativeTest-746466657-project-admin] GET http://10.222.0.40/volume/v3/c2ba1de3f391450aa4e744068d800fbd/types/2cbed71f-7561-48dd-8f43-b421cbf9d229/extra_specs/nonexistent_extra_spec_name
Jul 06 17:13:53.818543 dv-cinder-806605-6-iscsi devstack@c-api.service[111557]: DEBUG cinder.api.openstack.wsgi [None req-70c024f5-044b-4adf-b12e-c06c503938fc tempest-ExtraSpecsNegativeTest-746466657 tempest-ExtraSpecsNegativeTest-746466657-project-admin] Empty body provided in request {{(pid=111557) get_body /opt/stack/cinder/cinder/api/openstack/wsgi.py:715}}
Jul 06 17:13:53.819005 dv-cinder-806605-6-iscsi devstack@c-api.service[111557]: DEBUG cinder.api.openstack.wsgi [None req-70c024f5-044b-4adf-b12e-c06c503938fc tempest-ExtraSpecsNegativeTest-746466657 tempest-ExtraSpecsNegativeTest-746466657-project-admin] Calling method 'show' {{(pid=111557) _process_stack /opt/stack/cinder/cinder/api/openstack/wsgi.py:868}}
Jul 06 17:13:53.820287 dv-cinder-806605-6-iscsi devstack@c-api.service[111556]: DEBUG cinder.api.middleware.request_id [None req-07c00e5d-140c-42a5-8394-b9a863212b1b None None] RequestId filter calling following filter/app {{(pid=111556) _context_setter /opt/stack/cinder/cinder/api/middleware/request_id.py:62}}
Jul 06 17:13:53.824346 dv-cinder-806605-6-iscsi devstack@c-api.service[111556]: INFO cinder.api.openstack.wsgi [None req-07c00e5d-140c-42a5-8394-b9a863212b1b tempest-GroupsV314Test-125907250 tempest-GroupsV314Test-125907250-project] GET http://10.222.0.40/volume/v3/16cdde3692144dc08a3d3915d903db02/volumes/cbdf37a9-ac11-4a0b-91ce-08b4c874dae8
Jul 06 17:13:53.824939 dv-cinder-806605-6-iscsi devstack@c-api.service[111556]: DEBUG cinder.api.openstack.wsgi [None req-07c00e5d-140c-42a5-8394-b9a863212b1b tempest-GroupsV314Test-125907250 tempest-GroupsV314Test-125907250-project] Empty body provided in request {{(pid=111556) get_body /opt/stack/cinder/cinder/api/openstack/wsgi.py:715}}
Jul 06 17:13:53.825406 dv-cinder-806605-6-iscsi devstack@c-api.service[111556]: DEBUG cinder.api.openstack.wsgi [None req-07c00e5d-140c-42a5-8394-b9a863212b1b tempest-GroupsV314Test-125907250 tempest-GroupsV314Test-125907250-project] Calling method 'show' {{(pid=111556) _process_stack /opt/stack/cinder/cinder/api/openstack/wsgi.py:868}}
Jul 06 17:13:53.835995 dv-cinder-806605-6-iscsi devstack@c-api.service[111557]: INFO cinder.api.openstack.wsgi [None req-70c024f5-044b-4adf-b12e-c06c503938fc tempest-ExtraSpecsNegativeTest-746466657 tempest-ExtraSpecsNegativeTest-746466657-project-admin] http://10.222.0.40/volume/v3/c2ba1de3f391450aa4e744068d800fbd/types/2cbed71f-7561-48dd-8f43-b421cbf9d229/extra_specs/nonexistent_extra_spec_name returned with HTTP 404
Jul 06 17:13:53.837129 dv-cinder-806605-6-iscsi devstack@c-api.service[111557]: [pid: 111557|app: 0|req: 119/249] 10.222.0.40 () {58 vars in 1438 bytes} [Wed Jul 6 17:13:53 2022] GET /volume/v3/c2ba1de3f391450aa4e744068d800fbd/types/2cbed71f-7561-48dd-8f43-b421cbf9d229/extra_specs/nonexistent_extra_spec_name => generated 151 bytes in 26 msecs (HTTP/1.1 404) 7 headers in 292 bytes (1 switches on core 0)
Jul 06 17:13:53.837308 dv-cinder-806605-6-iscsi devstack@c-api.service[111556]: INFO cinder.api.openstack.wsgi [None req-07c00e5d-140c-42a5-8394-b9a863212b1b tempest-GroupsV314Test-125907250 tempest-GroupsV314Test-125907250-project] http://10.222.0.40/volume/v3/16cdde3692144dc08a3d3915d903db02/volumes/cbdf37a9-ac11-4a0b-91ce-08b4c874dae8 returned with HTTP 404
Jul 06 17:13:53.838331 dv-cinder-806605-6-iscsi devstack@c-api.service[111556]: [pid: 111556|app: 0|req: 131/250] 10.222.0.40 () {60 vars in 1365 bytes} [Wed Jul 6 17:13:53 2022] GET /volume/v3/16cdde3692144dc08a3d3915d903db02/volumes/cbdf37a9-ac11-4a0b-91ce-08b4c874dae8 => generated 109 bytes in 19 msecs (HTTP/1.1 404) 7 headers in 293 bytes (2 switches on core 0)
Jul 06 17:13:53.838739 dv-cinder-806605-6-iscsi devstack@c-api.service[111557]: DEBUG cinder.api.middleware.request_id [None req-398862d4-d1e7-4375-8a4f-778cdb84134e None None] RequestId filter calling following filter/app {{(pid=111557) _context_setter /opt/stack/cinder/cinder/api/middleware/request_id.py:62}}
Jul 06 17:13:53.843552 dv-cinder-806605-6-iscsi devstack@c-api.service[111556]: DEBUG cinder.api.middleware.request_id [None req-49d1285a-a59e-4c61-bf73-76e10bbefe38 None None] RequestId filter calling following filter/app {{(pid=111556) _context_setter /opt/stack/cinder/cinder/api/middleware/request_id.py:62}}
Jul 06 17:13:53.848756 dv-cinder-806605-6-iscsi devstack@c-api.service[111557]: INFO cinder.api.openstack.wsgi [None req-398862d4-d1e7-4375-8a4f-778cdb84134e tempest-VolumesTransfersTest-1079803436 tempest-VolumesTransfersTest-1079803436-project] GET http://10.222.0.40/volume/v3/90cf8824908344a687ee5828e257da3c/os-volume-transfer
Jul 06 17:13:53.848950 dv-cinder-806605-6-iscsi devstack@c-api.service[111556]: INFO cinder.api.openstack.wsgi [None req-49d1285a-a59e-4c61-bf73-76e10bbefe38 tempest-ExtraSpecsNegativeTest-746466657 tempest-ExtraSpecsNegativeTest-746466657-project-admin] GET http://10.222.0.40/volume/v3/c2ba1de3f391450aa4e744068d800fbd/types/573edcde-1f0c-488e-b2c9-414ea55e7345/extra_specs/spec1
Jul 06 17:13:53.849213 dv-cinder-806605-6-iscsi devstack@c-api.service[111557]: DEBUG cinder.api.openstack.wsgi [None req-398862d4-d1e7-4375-8a4f-778cdb84134e tempest-VolumesTransfersTest-1079803436 tempest-VolumesTransfersTest-1079803436-project] Empty body provided in request {{(pid=111557) get_body /opt/stack/cinder/cinder/api/openstack/wsgi.py:715}}
Jul 06 17:13:53.849526 dv-cinder-806605-6-iscsi devstack@c-api.service[111556]: DEBUG cinder.api.openstack.wsgi [None req-49d1285a-a59e-4c61-bf73-76e10bbefe38 tempest-ExtraSpecsNegativeTest-746466657 tempest-ExtraSpecsNegativeTest-746466657-project-admin] Empty body provided in request {{(pid=111556) get_body /opt/stack/cinder/cinder/api/openstack/wsgi.py:715}}
Jul 06 17:13:53.849708 dv-cinder-806605-6-iscsi devstack@c-api.service[111557]: DEBUG cinder.api.openstack.wsgi [None req-398862d4-d1e7-4375-8a4f-778cdb84134e tempest-VolumesTransfersTest-1079803436 tempest-VolumesTransfersTest-1079803436-project] Calling method 'index' {{(pid=111557) _process_stack /opt/stack/cinder/cinder/api/openstack/wsgi.py:868}}
Jul 06 17:13:53.850040 dv-cinder-806605-6-iscsi devstack@c-api.service[111557]: DEBUG cinder.api.contrib.volume_transfer [None req-398862d4-d1e7-4375-8a4f-778cdb84134e tempest-VolumesTransfersTest-1079803436 tempest-VolumesTransfersTest-1079803436-project] Listing volume transfers {{(pid=111557) _get_transfers /opt/stack/cinder/cinder/api/contrib/volume_transfer.py:63}}
Jul 06 17:13:53.850233 dv-cinder-806605-6-iscsi devstack@c-api.service[111556]: DEBUG cinder.api.openstack.wsgi [None req-49d1285a-a59e-4c61-bf73-76e10bbefe38 tempest-ExtraSpecsNegativeTest-746466657 tempest-ExtraSpecsNegativeTest-746466657-project-admin] Calling method 'show' {{(pid=111556) _process_stack /opt/stack/cinder/cinder/api/openstack/wsgi.py:868}}
Jul 06 17:13:53.857063 dv-cinder-806605-6-iscsi devstack@c-api.service[111556]: INFO cinder.api.openstack.wsgi [None req-49d1285a-a59e-4c61-bf73-76e10bbefe38 tempest-ExtraSpecsNegativeTest-746466657 tempest-ExtraSpecsNegativeTest-746466657-project-admin] http://10.222.0.40/volume/v3/c2ba1de3f391450aa4e744068d800fbd/types/573edcde-1f0c-488e-b2c9-414ea55e7345/extra_specs/spec1 returned with HTTP 404
Jul 06 17:13:53.858578 dv-cinder-806605-6-iscsi devstack@c-api.service[111556]: [pid: 111556|app: 0|req: 132/251] 10.222.0.40 () {58 vars in 1372 bytes} [Wed Jul 6 17:13:53 2022] GET /volume/v3/c2ba1de3f391450aa4e744068d800fbd/types/573edcde-1f0c-488e-b2c9-414ea55e7345/extra_specs/spec1 => generated 114 bytes in 17 msecs (HTTP/1.1 404) 7 headers in 292 bytes (1 switches on core 0)
Jul 06 17:13:53.860045 dv-cinder-806605-6-iscsi devstack@c-api.service[111556]: DEBUG cinder.api.middleware.request_id [None req-17265304-708d-4b30-8dce-e8e9813291b5 None None] RequestId filter calling following filter/app {{(pid=111556) _context_setter /opt/stack/cinder/cinder/api/middleware/request_id.py:62}}
Jul 06 17:13:53.862670 dv-cinder-806605-6-iscsi devstack@c-api.service[111557]: INFO cinder.api.openstack.wsgi [None req-398862d4-d1e7-4375-8a4f-778cdb84134e tempest-VolumesTransfersTest-1079803436 tempest-VolumesTransfersTest-1079803436-project] http://10.222.0.40/volume/v3/90cf8824908344a687ee5828e257da3c/os-volume-transfer returned with HTTP 200
Jul 06 17:13:53.863803 dv-cinder-806605-6-iscsi devstack@c-api.service[111557]: [pid: 111557|app: 0|req: 120/252] 10.222.0.40 () {58 vars in 1246 bytes} [Wed Jul 6 17:13:53 2022] GET /volume/v3/90cf8824908344a687ee5828e257da3c/os-volume-transfer => generated 434 bytes in 26 msecs (HTTP/1.1 200) 7 headers in 285 bytes (1 switches on core 0)
Jul 06 17:13:53.865656 dv-cinder-806605-6-iscsi devstack@c-api.service[111557]: DEBUG cinder.api.middleware.request_id [None req-576771bb-9e36-40a7-8fc4-cdc618100b90 None None] RequestId filter calling following filter/app {{(pid=111557) _context_setter /opt/stack/cinder/cinder/api/middleware/request_id.py:62}}
Jul 06 17:13:53.866831 dv-cinder-806605-6-iscsi devstack@c-api.service[111556]: INFO cinder.api.openstack.wsgi [None req-17265304-708d-4b30-8dce-e8e9813291b5 tempest-GroupsV314Test-125907250 tempest-GroupsV314Test-125907250-project] GET http://10.222.0.40/volume/v3/16cdde3692144dc08a3d3915d903db02/groups/98d1a682-ba21-427a-b8ff-70f168cce144
Jul 06 17:13:53.867460 dv-cinder-806605-6-iscsi devstack@c-api.service[111556]: DEBUG cinder.api.openstack.wsgi [None req-17265304-708d-4b30-8dce-e8e9813291b5 tempest-GroupsV314Test-125907250 tempest-GroupsV314Test-125907250-project] Empty body provided in request {{(pid=111556) get_body /opt/stack/cinder/cinder/api/openstack/wsgi.py:715}}
Jul 06 17:13:53.868079 dv-cinder-806605-6-iscsi devstack@c-api.service[111556]: DEBUG cinder.api.openstack.wsgi [None req-17265304-708d-4b30-8dce-e8e9813291b5 tempest-GroupsV314Test-125907250 tempest-GroupsV314Test-125907250-project] Calling method 'version_select' {{(pid=111556) _process_stack /opt/stack/cinder/cinder/api/openstack/wsgi.py:868}}
Jul 06 17:13:53.868661 dv-cinder-806605-6-iscsi devstack@c-api.service[111556]: DEBUG cinder.api.v3.groups [None req-17265304-708d-4b30-8dce-e8e9813291b5 tempest-GroupsV314Test-125907250 tempest-GroupsV314Test-125907250-project] show called for member 98d1a682-ba21-427a-b8ff-70f168cce144 {{(pid=111556) show /opt/stack/cinder/cinder/api/v3/groups.py:58}}
Jul 06 17:13:53.871163 dv-cinder-806605-6-iscsi devstack@c-api.service[111557]: INFO cinder.api.openstack.wsgi [None req-576771bb-9e36-40a7-8fc4-cdc618100b90 tempest-ExtraSpecsNegativeTest-746466657 tempest-ExtraSpecsNegativeTest-746466657-project-admin] GET http://10.222.0.40/volume/v3/c2ba1de3f391450aa4e744068d800fbd/types/b23a3b58-566b-4f26-93e7-1051ffa5f06f/extra_specs
Jul 06 17:13:53.871663 dv-cinder-806605-6-iscsi devstack@c-api.service[111557]: DEBUG cinder.api.openstack.wsgi [None req-576771bb-9e36-40a7-8fc4-cdc618100b90 tempest-ExtraSpecsNegativeTest-746466657 tempest-ExtraSpecsNegativeTest-746466657-project-admin] Empty body provided in request {{(pid=111557) get_body /opt/stack/cinder/cinder/api/openstack/wsgi.py:715}}
Jul 06 17:13:53.874537 dv-cinder-806605-6-iscsi devstack@c-api.service[111557]: DEBUG cinder.api.openstack.wsgi [None req-576771bb-9e36-40a7-8fc4-cdc618100b90 tempest-ExtraSpecsNegativeTest-746466657 tempest-ExtraSpecsNegativeTest-746466657-project-admin] Calling method 'index' {{(pid=111557) _process_stack /opt/stack/cinder/cinder/api/openstack/wsgi.py:868}}
Jul 06 17:13:53.874632 dv-cinder-806605-6-iscsi devstack@c-api.service[111556]: INFO cinder.api.openstack.wsgi [None req-17265304-708d-4b30-8dce-e8e9813291b5 tempest-GroupsV314Test-125907250 tempest-GroupsV314Test-125907250-project] http://10.222.0.40/volume/v3/16cdde3692144dc08a3d3915d903db02/groups/98d1a682-ba21-427a-b8ff-70f168cce144 returned with HTTP 404
Jul 06 17:13:53.875229 dv-cinder-806605-6-iscsi devstack@c-api.service[111556]: [pid: 111556|app: 0|req: 133/253] 10.222.0.40 () {60 vars in 1362 bytes} [Wed Jul 6 17:13:53 2022] GET /volume/v3/16cdde3692144dc08a3d3915d903db02/groups/98d1a682-ba21-427a-b8ff-70f168cce144 => generated 108 bytes in 16 msecs (HTTP/1.1 404) 7 headers in 293 bytes (1 switches on core 0)
Jul 06 17:13:53.876506 dv-cinder-806605-6-iscsi devstack@c-api.service[111556]: DEBUG cinder.api.middleware.request_id [None req-46090461-a8b9-49e5-94a1-d599a68aae13 None None] RequestId filter calling following filter/app {{(pid=111556) _context_setter /opt/stack/cinder/cinder/api/middleware/request_id.py:62}}
Jul 06 17:13:53.879563 dv-cinder-806605-6-iscsi devstack@c-api.service[111557]: INFO cinder.api.openstack.wsgi [None req-576771bb-9e36-40a7-8fc4-cdc618100b90 tempest-ExtraSpecsNegativeTest-746466657 tempest-ExtraSpecsNegativeTest-746466657-project-admin] http://10.222.0.40/volume/v3/c2ba1de3f391450aa4e744068d800fbd/types/b23a3b58-566b-4f26-93e7-1051ffa5f06f/extra_specs returned with HTTP 404
Jul 06 17:13:53.881049 dv-cinder-806605-6-iscsi devstack@c-api.service[111557]: [pid: 111557|app: 0|req: 121/254] 10.222.0.40 () {58 vars in 1354 bytes} [Wed Jul 6 17:13:53 2022] GET /volume/v3/c2ba1de3f391450aa4e744068d800fbd/types/b23a3b58-566b-4f26-93e7-1051ffa5f06f/extra_specs => generated 114 bytes in 17 msecs (HTTP/1.1 404) 7 headers in 292 bytes (1 switches on core 0)
Jul 06 17:13:53.882558 dv-cinder-806605-6-iscsi devstack@c-api.service[111557]: DEBUG cinder.api.middleware.request_id [None req-f962d229-f5fc-4d88-8008-2c40fa4f39d9 None None] RequestId filter calling following filter/app {{(pid=111557) _context_setter /opt/stack/cinder/cinder/api/middleware/request_id.py:62}}
Jul 06 17:13:53.886319 dv-cinder-806605-6-iscsi devstack@c-api.service[111557]: INFO cinder.api.openstack.wsgi [None req-f962d229-f5fc-4d88-8008-2c40fa4f39d9 tempest-GroupsV314Test-125907250 tempest-GroupsV314Test-125907250-project] GET http://10.222.0.40/volume/v3/16cdde3692144dc08a3d3915d903db02/volumes/detail
Jul 06 17:13:53.886860 dv-cinder-806605-6-iscsi devstack@c-api.service[111557]: DEBUG cinder.api.openstack.wsgi [None req-f962d229-f5fc-4d88-8008-2c40fa4f39d9 tempest-GroupsV314Test-125907250 tempest-GroupsV314Test-125907250-project] Empty body provided in request {{(pid=111557) get_body /opt/stack/cinder/cinder/api/openstack/wsgi.py:715}}
Jul 06 17:13:53.887457 dv-cinder-806605-6-iscsi devstack@c-api.service[111557]: DEBUG cinder.api.openstack.wsgi [None req-f962d229-f5fc-4d88-8008-2c40fa4f39d9 tempest-GroupsV314Test-125907250 tempest-GroupsV314Test-125907250-project] Calling method 'detail' {{(pid=111557) _process_stack /opt/stack/cinder/cinder/api/openstack/wsgi.py:868}}
Jul 06 17:13:53.888166 dv-cinder-806605-6-iscsi devstack@c-api.service[111557]: DEBUG cinder.api.api_utils [None req-f962d229-f5fc-4d88-8008-2c40fa4f39d9 tempest-GroupsV314Test-125907250 tempest-GroupsV314Test-125907250-project] Removing options '' from query. {{(pid=111557) remove_invalid_filter_options /opt/stack/cinder/cinder/api/api_utils.py:83}}
Jul 06 17:13:53.889958 dv-cinder-806605-6-iscsi devstack@c-api.service[111557]: DEBUG cinder.volume.api [None req-f962d229-f5fc-4d88-8008-2c40fa4f39d9 tempest-GroupsV314Test-125907250 tempest-GroupsV314Test-125907250-project] Searching by: MultiDict([('no_migration_targets', True)]). {{(pid=111557) get_all /opt/stack/cinder/cinder/volume/api.py:664}}
Jul 06 17:13:53.943127 dv-cinder-806605-6-iscsi devstack@c-api.service[111557]: INFO cinder.volume.api [None req-f962d229-f5fc-4d88-8008-2c40fa4f39d9 tempest-GroupsV314Test-125907250 tempest-GroupsV314Test-125907250-project] Get all volumes completed successfully.
Jul 06 17:13:53.944785 dv-cinder-806605-6-iscsi devstack@c-api.service[111557]: WARNING stevedore.named [None req-f962d229-f5fc-4d88-8008-2c40fa4f39d9 tempest-GroupsV314Test-125907250 tempest-GroupsV314Test-125907250-project] Could not load cinder.keymgr.conf_key_mgr.ConfKeyManager
Jul 06 17:13:53.944956 dv-cinder-806605-6-iscsi devstack@c-api.service[111557]: WARNING castellan.key_manager [None req-f962d229-f5fc-4d88-8008-2c40fa4f39d9 tempest-GroupsV314Test-125907250 tempest-GroupsV314Test-125907250-project] Deprecation Warning : cinder.keymgr.conf_key_mgr.ConfKeyManager is not a stevedore based driver, trying to load it as a class: stevedore.exception.NoMatches: No 'castellan.drivers' driver found, looking for 'cinder.keymgr.conf_key_mgr.ConfKeyManager'
Jul 06 17:13:53.953218 dv-cinder-806605-6-iscsi devstack@c-api.service[111557]: DEBUG oslo_db.sqlalchemy.engines [None req-f962d229-f5fc-4d88-8008-2c40fa4f39d9 tempest-GroupsV314Test-125907250 tempest-GroupsV314Test-125907250-project] MySQL server mode set to STRICT_TRANS_TABLES,STRICT_ALL_TABLES,NO_ZERO_IN_DATE,NO_ZERO_DATE,ERROR_FOR_DIVISION_BY_ZERO,TRADITIONAL,NO_ENGINE_SUBSTITUTION {{(pid=111557) _check_effective_sql_mode /usr/local/lib/python3.8/dist-packages/oslo_db/sqlalchemy/engines.py:314}}
Jul 06 17:13:53.959404 dv-cinder-806605-6-iscsi devstack@c-api.service[111557]: /usr/local/lib/python3.8/dist-packages/oslo_context/context.py:100: DeprecationWarning: Policy enforcement is depending on the value of is_admin. This key is deprecated. Please update your policy file to use the standard policy values.
Jul 06 17:13:53.959404 dv-cinder-806605-6-iscsi devstack@c-api.service[111557]: warnings.warn('Policy enforcement is depending on the value of '
Jul 06 17:13:53.974104 dv-cinder-806605-6-iscsi devstack@c-api.service[111557]: INFO cinder.api.openstack.wsgi [None req-f962d229-f5fc-4d88-8008-2c40fa4f39d9 tempest-GroupsV314Test-125907250 tempest-GroupsV314Test-125907250-project] http://10.222.0.40/volume/v3/16cdde3692144dc08a3d3915d903db02/volumes/detail returned with HTTP 200
Jul 06 17:13:53.974812 dv-cinder-806605-6-iscsi devstack@c-api.service[111557]: [pid: 111557|app: 0|req: 122/255] 10.222.0.40 () {60 vars in 1275 bytes} [Wed Jul 6 17:13:53 2022] GET /volume/v3/16cdde3692144dc08a3d3915d903db02/volumes/detail => generated 995 bytes in 93 msecs (HTTP/1.1 200) 7 headers in 286 bytes (1 switches on core 0)
Jul 06 17:13:53.979356 dv-cinder-806605-6-iscsi devstack@c-api.service[111557]: DEBUG cinder.api.middleware.request_id [None req-9df19cd2-1090-4c69-888b-2031e172cdff None None] RequestId filter calling following filter/app {{(pid=111557) _context_setter /opt/stack/cinder/cinder/api/middleware/request_id.py:62}}
Jul 06 17:13:53.980913 dv-cinder-806605-6-iscsi devstack@c-api.service[111557]: INFO cinder.api.openstack.wsgi [None req-9df19cd2-1090-4c69-888b-2031e172cdff tempest-ExtraSpecsNegativeTest-746466657 tempest-ExtraSpecsNegativeTest-746466657-project-admin] PUT http://10.222.0.40/volume/v3/c2ba1de3f391450aa4e744068d800fbd/types/2cbed71f-7561-48dd-8f43-b421cbf9d229/extra_specs/spec1
Jul 06 17:13:53.981667 dv-cinder-806605-6-iscsi devstack@c-api.service[111557]: DEBUG cinder.api.openstack.wsgi [None req-9df19cd2-1090-4c69-888b-2031e172cdff tempest-ExtraSpecsNegativeTest-746466657 tempest-ExtraSpecsNegativeTest-746466657-project-admin] Action: 'update', calling method: update, body: {"spec1": "val2", "spec2": "val1"} {{(pid=111557) _process_stack /opt/stack/cinder/cinder/api/openstack/wsgi.py:866}}
Jul 06 17:13:53.983329 dv-cinder-806605-6-iscsi devstack@c-api.service[111557]: INFO cinder.api.openstack.wsgi [None req-9df19cd2-1090-4c69-888b-2031e172cdff tempest-ExtraSpecsNegativeTest-746466657 tempest-ExtraSpecsNegativeTest-746466657-project-admin] http://10.222.0.40/volume/v3/c2ba1de3f391450aa4e744068d800fbd/types/2cbed71f-7561-48dd-8f43-b421cbf9d229/extra_specs/spec1 returned with HTTP 400
Jul 06 17:13:53.984372 dv-cinder-806605-6-iscsi devstack@c-api.service[111557]: [pid: 111557|app: 0|req: 123/256] 10.222.0.40 () {60 vars in 1392 bytes} [Wed Jul 6 17:13:53 2022] PUT /volume/v3/c2ba1de3f391450aa4e744068d800fbd/types/2cbed71f-7561-48dd-8f43-b421cbf9d229/extra_specs/spec1 => generated 102 bytes in 9 msecs (HTTP/1.1 400) 7 headers in 294 bytes (1 switches on core 0)
Jul 06 17:13:53.997296 dv-cinder-806605-6-iscsi devstack@c-api.service[111557]: DEBUG cinder.api.middleware.request_id [None req-fe8d3c22-51e1-436f-b111-21e12e6c15e1 None None] RequestId filter calling following filter/app {{(pid=111557) _context_setter /opt/stack/cinder/cinder/api/middleware/request_id.py:62}}
Jul 06 17:13:54.002912 dv-cinder-806605-6-iscsi devstack@c-api.service[111557]: INFO cinder.api.openstack.wsgi [None req-fe8d3c22-51e1-436f-b111-21e12e6c15e1 tempest-ExtraSpecsNegativeTest-746466657 tempest-ExtraSpecsNegativeTest-746466657-project-admin] PUT http://10.222.0.40/volume/v3/c2ba1de3f391450aa4e744068d800fbd/types/2cbed71f-7561-48dd-8f43-b421cbf9d229/extra_specs/spec1
Jul 06 17:13:54.004650 dv-cinder-806605-6-iscsi devstack@c-api.service[111557]: DEBUG cinder.api.openstack.wsgi [None req-fe8d3c22-51e1-436f-b111-21e12e6c15e1 tempest-ExtraSpecsNegativeTest-746466657 tempest-ExtraSpecsNegativeTest-746466657-project-admin] Action: 'update', calling method: update, body: null {{(pid=111557) _process_stack /opt/stack/cinder/cinder/api/openstack/wsgi.py:866}}
Jul 06 17:13:54.004650 dv-cinder-806605-6-iscsi devstack@c-api.service[111557]: INFO cinder.api.openstack.wsgi [None req-fe8d3c22-51e1-436f-b111-21e12e6c15e1 tempest-ExtraSpecsNegativeTest-746466657 tempest-ExtraSpecsNegativeTest-746466657-project-admin] http://10.222.0.40/volume/v3/c2ba1de3f391450aa4e744068d800fbd/types/2cbed71f-7561-48dd-8f43-b421cbf9d229/extra_specs/spec1 returned with HTTP 400
Jul 06 17:13:54.009076 dv-cinder-806605-6-iscsi devstack@c-api.service[111557]: [pid: 111557|app: 0|req: 124/257] 10.222.0.40 () {60 vars in 1391 bytes} [Wed Jul 6 17:13:53 2022] PUT /volume/v3/c2ba1de3f391450aa4e744068d800fbd/types/2cbed71f-7561-48dd-8f43-b421cbf9d229/extra_specs/spec1 => generated 72 bytes in 13 msecs (HTTP/1.1 400) 7 headers in 293 bytes (1 switches on core 0)
Jul 06 17:13:54.012514 dv-cinder-806605-6-iscsi devstack@c-api.service[111557]: DEBUG cinder.api.middleware.request_id [None req-97c1b2ac-824b-41df-9574-b513dc78c748 None None] RequestId filter calling following filter/app {{(pid=111557) _context_setter /opt/stack/cinder/cinder/api/middleware/request_id.py:62}}
Jul 06 17:13:54.019132 dv-cinder-806605-6-iscsi devstack@c-api.service[111557]: INFO cinder.api.openstack.wsgi [None req-97c1b2ac-824b-41df-9574-b513dc78c748 tempest-GroupsV314Test-125907250 tempest-GroupsV314Test-125907250-project] POST http://10.222.0.40/volume/v3/16cdde3692144dc08a3d3915d903db02/groups/937a2a9e-3f54-4dcb-87a0-906c4a6a774b/action
Jul 06 17:13:54.019868 dv-cinder-806605-6-iscsi devstack@c-api.service[111557]: DEBUG cinder.api.openstack.wsgi [None req-97c1b2ac-824b-41df-9574-b513dc78c748 tempest-GroupsV314Test-125907250 tempest-GroupsV314Test-125907250-project] Action body: b'{"delete": {"delete-volumes": true}}' {{(pid=111557) get_method /opt/stack/cinder/cinder/api/openstack/wsgi.py:983}}
Jul 06 17:13:54.020195 dv-cinder-806605-6-iscsi devstack@c-api.service[111557]: DEBUG cinder.api.openstack.wsgi [None req-97c1b2ac-824b-41df-9574-b513dc78c748 tempest-GroupsV314Test-125907250 tempest-GroupsV314Test-125907250-project] Action: 'action', calling method: delete_group, body: {"delete": {"delete-volumes": true}} {{(pid=111557) _process_stack /opt/stack/cinder/cinder/api/openstack/wsgi.py:866}}
Jul 06 17:13:54.023028 dv-cinder-806605-6-iscsi devstack@c-api.service[111557]: DEBUG cinder.api.v3.groups [None req-97c1b2ac-824b-41df-9574-b513dc78c748 tempest-GroupsV314Test-125907250 tempest-GroupsV314Test-125907250-project] delete called for group 937a2a9e-3f54-4dcb-87a0-906c4a6a774b {{(pid=111557) _delete /opt/stack/cinder/cinder/api/v3/groups.py:117}}
Jul 06 17:13:54.023028 dv-cinder-806605-6-iscsi devstack@c-api.service[111557]: INFO cinder.api.v3.groups [None req-97c1b2ac-824b-41df-9574-b513dc78c748 tempest-GroupsV314Test-125907250 tempest-GroupsV314Test-125907250-project] Delete group with id: 937a2a9e-3f54-4dcb-87a0-906c4a6a774b
Jul 06 17:13:54.029224 dv-cinder-806605-6-iscsi devstack@c-api.service[111557]: /usr/local/lib/python3.8/dist-packages/oslo_context/context.py:100: DeprecationWarning: Policy enforcement is depending on the value of is_admin. This key is deprecated. Please update your policy file to use the standard policy values.
Jul 06 17:13:54.029224 dv-cinder-806605-6-iscsi devstack@c-api.service[111557]: warnings.warn('Policy enforcement is depending on the value of '
Jul 06 17:13:54.076981 dv-cinder-806605-6-iscsi devstack@c-api.service[111556]: INFO cinder.api.openstack.wsgi [None req-46090461-a8b9-49e5-94a1-d599a68aae13 tempest-VolumesTransfersTest-1394420662 tempest-VolumesTransfersTest-1394420662-project] POST http://10.222.0.40/volume/v3/d669d36a808f47deab3ba1c36267b05e/os-volume-transfer/d1e31955-0001-400a-ad9b-2d61afff6c18/accept
Jul 06 17:13:54.077847 dv-cinder-806605-6-iscsi devstack@c-api.service[111556]: DEBUG cinder.api.openstack.wsgi [None req-46090461-a8b9-49e5-94a1-d599a68aae13 tempest-VolumesTransfersTest-1394420662 tempest-VolumesTransfersTest-1394420662-project] Action: 'accept', calling method: accept, body: {"accept": {"auth_key": "e092a8565d04f411"}} {{(pid=111556) _process_stack /opt/stack/cinder/cinder/api/openstack/wsgi.py:866}}
Jul 06 17:13:54.078686 dv-cinder-806605-6-iscsi devstack@c-api.service[111556]: DEBUG cinder.api.contrib.volume_transfer [None req-46090461-a8b9-49e5-94a1-d599a68aae13 tempest-VolumesTransfersTest-1394420662 tempest-VolumesTransfersTest-1394420662-project] Accepting volume transfer d1e31955-0001-400a-ad9b-2d61afff6c18 {{(pid=111556) accept /opt/stack/cinder/cinder/api/contrib/volume_transfer.py:115}}
Jul 06 17:13:54.078979 dv-cinder-806605-6-iscsi devstack@c-api.service[111556]: INFO cinder.api.contrib.volume_transfer [None req-46090461-a8b9-49e5-94a1-d599a68aae13 tempest-VolumesTransfersTest-1394420662 tempest-VolumesTransfersTest-1394420662-project] Accepting transfer d1e31955-0001-400a-ad9b-2d61afff6c18
Jul 06 17:13:54.324145 dv-cinder-806605-6-iscsi devstack@c-api.service[111557]: INFO cinder.api.openstack.wsgi [None req-97c1b2ac-824b-41df-9574-b513dc78c748 tempest-GroupsV314Test-125907250 tempest-GroupsV314Test-125907250-project] http://10.222.0.40/volume/v3/16cdde3692144dc08a3d3915d903db02/groups/937a2a9e-3f54-4dcb-87a0-906c4a6a774b/action returned with HTTP 202
Jul 06 17:13:54.325005 dv-cinder-806605-6-iscsi devstack@c-api.service[111557]: [pid: 111557|app: 0|req: 125/258] 10.222.0.40 () {62 vars in 1404 bytes} [Wed Jul 6 17:13:54 2022] POST /volume/v3/16cdde3692144dc08a3d3915d903db02/groups/937a2a9e-3f54-4dcb-87a0-906c4a6a774b/action => generated 0 bytes in 315 msecs (HTTP/1.1 202) 6 headers in 234 bytes (1 switches on core 0)
Jul 06 17:13:54.326838 dv-cinder-806605-6-iscsi devstack@c-api.service[111557]: DEBUG cinder.api.middleware.request_id [None req-6ad6c43b-b246-4658-a00a-df96ff555283 None None] RequestId filter calling following filter/app {{(pid=111557) _context_setter /opt/stack/cinder/cinder/api/middleware/request_id.py:62}}
Jul 06 17:13:54.332620 dv-cinder-806605-6-iscsi devstack@c-api.service[111557]: INFO cinder.api.openstack.wsgi [None req-6ad6c43b-b246-4658-a00a-df96ff555283 tempest-ExtraSpecsNegativeTest-746466657 tempest-ExtraSpecsNegativeTest-746466657-project-admin] PUT http://10.222.0.40/volume/v3/c2ba1de3f391450aa4e744068d800fbd/types/2cbed71f-7561-48dd-8f43-b421cbf9d229/extra_specs/None
Jul 06 17:13:54.333317 dv-cinder-806605-6-iscsi devstack@c-api.service[111557]: DEBUG cinder.api.openstack.wsgi [None req-6ad6c43b-b246-4658-a00a-df96ff555283 tempest-ExtraSpecsNegativeTest-746466657 tempest-ExtraSpecsNegativeTest-746466657-project-admin] Action: 'update', calling method: update, body: {"spec1": "val2"} {{(pid=111557) _process_stack /opt/stack/cinder/cinder/api/openstack/wsgi.py:866}}
Jul 06 17:13:54.351186 dv-cinder-806605-6-iscsi devstack@c-api.service[111556]: DEBUG cinder.quota [None req-46090461-a8b9-49e5-94a1-d599a68aae13 tempest-VolumesTransfersTest-1394420662 tempest-VolumesTransfersTest-1394420662-project] Created reservations ['0eefee94-063d-4557-b8a7-ad99a799cc66', 'a3b59b99-6da4-4b21-af4f-3ac1f92fd118', '2b5be34a-e5d2-4dca-be86-a3116bd2bdec', 'b93d6c3f-2f32-4da7-b780-6cb51b6123be'] {{(pid=111556) reserve /opt/stack/cinder/cinder/quota.py:755}}
Jul 06 17:13:54.359999 dv-cinder-806605-6-iscsi devstack@c-api.service[111557]: INFO cinder.api.openstack.wsgi [None req-6ad6c43b-b246-4658-a00a-df96ff555283 tempest-ExtraSpecsNegativeTest-746466657 tempest-ExtraSpecsNegativeTest-746466657-project-admin] HTTP exception thrown: Request body and URI mismatch
Jul 06 17:13:54.359999 dv-cinder-806605-6-iscsi devstack@c-api.service[111557]: INFO cinder.api.openstack.wsgi [None req-6ad6c43b-b246-4658-a00a-df96ff555283 tempest-ExtraSpecsNegativeTest-746466657 tempest-ExtraSpecsNegativeTest-746466657-project-admin] http://10.222.0.40/volume/v3/c2ba1de3f391450aa4e744068d800fbd/types/2cbed71f-7561-48dd-8f43-b421cbf9d229/extra_specs/None returned with HTTP 400
Jul 06 17:13:54.359999 dv-cinder-806605-6-iscsi devstack@c-api.service[111557]: [pid: 111557|app: 0|req: 126/259] 10.222.0.40 () {60 vars in 1389 bytes} [Wed Jul 6 17:13:54 2022] PUT /volume/v3/c2ba1de3f391450aa4e744068d800fbd/types/2cbed71f-7561-48dd-8f43-b421cbf9d229/extra_specs/None => generated 73 bytes in 32 msecs (HTTP/1.1 400) 7 headers in 293 bytes (1 switches on core 0)
Jul 06 17:13:54.359999 dv-cinder-806605-6-iscsi devstack@c-api.service[111557]: DEBUG cinder.api.middleware.request_id [None req-38da2cf9-0ea3-485f-ac44-29141e5992a7 None None] RequestId filter calling following filter/app {{(pid=111557) _context_setter /opt/stack/cinder/cinder/api/middleware/request_id.py:62}}
Jul 06 17:13:54.369877 dv-cinder-806605-6-iscsi devstack@c-api.service[111557]: INFO cinder.api.openstack.wsgi [None req-38da2cf9-0ea3-485f-ac44-29141e5992a7 tempest-GroupsV314Test-125907250 tempest-GroupsV314Test-125907250-project] GET http://10.222.0.40/volume/v3/16cdde3692144dc08a3d3915d903db02/volumes/56497f87-0cb9-4f70-a33e-6589cf5c48dd
Jul 06 17:13:54.369877 dv-cinder-806605-6-iscsi devstack@c-api.service[111557]: DEBUG cinder.api.openstack.wsgi [None req-38da2cf9-0ea3-485f-ac44-29141e5992a7 tempest-GroupsV314Test-125907250 tempest-GroupsV314Test-125907250-project] Empty body provided in request {{(pid=111557) get_body /opt/stack/cinder/cinder/api/openstack/wsgi.py:715}}
Jul 06 17:13:54.370234 dv-cinder-806605-6-iscsi devstack@c-api.service[111557]: DEBUG cinder.api.openstack.wsgi [None req-38da2cf9-0ea3-485f-ac44-29141e5992a7 tempest-GroupsV314Test-125907250 tempest-GroupsV314Test-125907250-project] Calling method 'show' {{(pid=111557) _process_stack /opt/stack/cinder/cinder/api/openstack/wsgi.py:868}}
Jul 06 17:13:54.394608 dv-cinder-806605-6-iscsi devstack@c-api.service[111557]: /usr/local/lib/python3.8/dist-packages/oslo_context/context.py:100: DeprecationWarning: Policy enforcement is depending on the value of is_admin. This key is deprecated. Please update your policy file to use the standard policy values.
Jul 06 17:13:54.394608 dv-cinder-806605-6-iscsi devstack@c-api.service[111557]: warnings.warn('Policy enforcement is depending on the value of '
Jul 06 17:13:54.403334 dv-cinder-806605-6-iscsi devstack@c-api.service[111557]: INFO cinder.volume.api [None req-38da2cf9-0ea3-485f-ac44-29141e5992a7 tempest-GroupsV314Test-125907250 tempest-GroupsV314Test-125907250-project] Volume info retrieved successfully.
Jul 06 17:13:54.405382 dv-cinder-806605-6-iscsi devstack@c-api.service[111557]: WARNING stevedore.named [None req-38da2cf9-0ea3-485f-ac44-29141e5992a7 tempest-GroupsV314Test-125907250 tempest-GroupsV314Test-125907250-project] Could not load cinder.keymgr.conf_key_mgr.ConfKeyManager
Jul 06 17:13:54.405767 dv-cinder-806605-6-iscsi devstack@c-api.service[111557]: WARNING castellan.key_manager [None req-38da2cf9-0ea3-485f-ac44-29141e5992a7 tempest-GroupsV314Test-125907250 tempest-GroupsV314Test-125907250-project] Deprecation Warning : cinder.keymgr.conf_key_mgr.ConfKeyManager is not a stevedore based driver, trying to load it as a class: stevedore.exception.NoMatches: No 'castellan.drivers' driver found, looking for 'cinder.keymgr.conf_key_mgr.ConfKeyManager'
Jul 06 17:13:54.415397 dv-cinder-806605-6-iscsi devstack@c-api.service[111557]: DEBUG oslo_db.sqlalchemy.engines [None req-38da2cf9-0ea3-485f-ac44-29141e5992a7 tempest-GroupsV314Test-125907250 tempest-GroupsV314Test-125907250-project] MySQL server mode set to STRICT_TRANS_TABLES,STRICT_ALL_TABLES,NO_ZERO_IN_DATE,NO_ZERO_DATE,ERROR_FOR_DIVISION_BY_ZERO,TRADITIONAL,NO_ENGINE_SUBSTITUTION {{(pid=111557) _check_effective_sql_mode /usr/local/lib/python3.8/dist-packages/oslo_db/sqlalchemy/engines.py:314}}
Jul 06 17:13:54.421364 dv-cinder-806605-6-iscsi devstack@c-api.service[111557]: /usr/local/lib/python3.8/dist-packages/oslo_context/context.py:100: DeprecationWarning: Policy enforcement is depending on the value of is_admin. This key is deprecated. Please update your policy file to use the standard policy values.
Jul 06 17:13:54.421364 dv-cinder-806605-6-iscsi devstack@c-api.service[111557]: warnings.warn('Policy enforcement is depending on the value of '
