Jun 21 09:58:58.094681 dv-cinder-806605-4-smb neutron-server[103793]: DEBUG neutron.api.rpc.handlers.dhcp_rpc [None req-473632f6-3ec8-48b7-80ee-b26128070d72 None None] Network e8c38eca-c656-4952-b970-8ba4b81695f0 requested from dv-cinder-806605-4-smb {{(pid=103793) get_network_info /opt/stack/neutron/neutron/api/rpc/handlers/dhcp_rpc.py:191}}
Jun 21 09:58:58.097871 dv-cinder-806605-4-smb neutron-server[103794]: DEBUG neutron.plugins.ml2.drivers.mech_agent [None req-d2ef5612-32e1-40bc-a64b-0e7aee136bf0 None None] Checking agent: {'id': 'da73fe54-494b-4559-8620-3566024081e7', 'agent_type': 'Open vSwitch agent', 'binary': 'neutron-openvswitch-agent', 'topic': 'N/A', 'host': 'dv-cinder-806605-4-smb', 'admin_state_up': True, 'created_at': datetime.datetime(2022, 6, 21, 9, 50, 49), 'started_at': datetime.datetime(2022, 6, 21, 9, 51, 19), 'heartbeat_timestamp': datetime.datetime(2022, 6, 21, 9, 58, 49), 'description': None, 'resources_synced': None, 'availability_zone': None, 'alive': True, 'configurations': {'arp_responder_enabled': False, 'baremetal_smartnic': False, 'bridge_mappings': {'physnet1': 'br-data'}, 'datapath_type': 'system', 'devices': 0, 'enable_distributed_routing': False, 'extensions': [], 'in_distributed_mode': False, 'integration_bridge': 'br-int', 'l2_population': False, 'log_agent_heartbeats': False, 'ovs_capabilities': {'datapath_types': ['netdev', 'system'], 'iface_types': ['erspan', 'geneve', 'gre', 'internal', 'ip6erspan', 'ip6gre', 'lisp', 'patch', 'stt', 'system', 'tap', 'vxlan']}, 'ovs_hybrid_plug': False, 'resource_provider_bandwidths': {}, 'resource_provider_hypervisors': {'br-data': 'dv-cinder-806605-4-smb'}, 'resource_provider_inventory_defaults': {'allocation_ratio': 1.0, 'min_unit': 1, 'step_size': 1, 'reserved': 0}, 'resource_provider_packet_processing_inventory_defaults': {'allocation_ratio': 1.0, 'min_unit': 1, 'step_size': 1, 'reserved': 0}, 'resource_provider_packet_processing_with_direction': {}, 'resource_provider_packet_processing_without_direction': {}, 'tunnel_types': [], 'tunneling_ip': None, 'vhostuser_socket_dir': '/var/run/openvswitch'}, 'resource_versions': {'AddressGroup': '1.2', 'Agent': '1.1', 'ConntrackHelper': '1.0', 'LocalIPAssociation': '1.0', 'Log': '1.0', 'NDPProxy': '1.0', 'Network': '1.1', 'Port': '1.7', 'PortForwarding': '1.3', 'QosPolicy': '1.10', 'SecurityGroup': '1.5', 'SecurityGroupRule': '1.2', 'SubPort': '1.0', 'Subnet': '1.1', 'Trunk': '1.1'}} {{(pid=103794) bind_port /opt/stack/neutron/neutron/plugins/ml2/drivers/mech_agent.py:110}}
Jun 21 09:58:58.099766 dv-cinder-806605-4-smb neutron-server[103794]: DEBUG neutron.plugins.ml2.drivers.mech_agent [None req-d2ef5612-32e1-40bc-a64b-0e7aee136bf0 None None] Checking segment: {'id': '2b411229-09d4-43df-bcee-36e35ee986f3', 'network_type': 'flat', 'physical_network': 'physnet1', 'segmentation_id': None, 'network_id': 'bdeb0723-732e-4c60-9d32-2132a0714376'} for mappings: {'physnet1': 'br-data'} with network types: ['local', 'flat', 'vlan'] {{(pid=103794) check_segment_for_agent /opt/stack/neutron/neutron/plugins/ml2/drivers/mech_agent.py:373}}
Jun 21 09:58:58.100333 dv-cinder-806605-4-smb neutron-server[103794]: DEBUG neutron_lib.callbacks.manager [None req-d2ef5612-32e1-40bc-a64b-0e7aee136bf0 None None] Publish callbacks [] for ovs_bridge_name (None), before_read {{(pid=103794) _notify_loop /usr/local/lib/python3.8/dist-packages/neutron_lib/callbacks/manager.py:176}}
Jun 21 09:58:58.102417 dv-cinder-806605-4-smb neutron-server[103792]: INFO neutron.wsgi [None req-b7a50272-4b0c-48c9-aa4c-fd547158ce7f admin admin] 10.222.0.44 "POST /v2.0/subnets HTTP/1.1" status: 201 len: 850 time: 1.9610572
Jun 21 09:58:58.102692 dv-cinder-806605-4-smb neutron-server[103794]: DEBUG neutron.plugins.ml2.drivers.mech_agent [None req-d2ef5612-32e1-40bc-a64b-0e7aee136bf0 None None] Bound using segment: {'id': '2b411229-09d4-43df-bcee-36e35ee986f3', 'network_type': 'flat', 'physical_network': 'physnet1', 'segmentation_id': None, 'network_id': 'bdeb0723-732e-4c60-9d32-2132a0714376'} {{(pid=103794) bind_port /opt/stack/neutron/neutron/plugins/ml2/drivers/mech_agent.py:120}}
Jun 21 09:58:58.103536 dv-cinder-806605-4-smb neutron-server[103794]: DEBUG neutron.plugins.ml2.managers [None req-d2ef5612-32e1-40bc-a64b-0e7aee136bf0 None None] Bound port: 6d09a881-5740-49c2-9a48-cd106967b464, host: dv-cinder-806605-4-smb, vif_type: ovs, vif_details: {"connectivity": "l2", "port_filter": true, "ovs_hybrid_plug": false, "datapath_type": "system", "bridge_name": "br-int"}, binding_levels: [{'bound_driver': 'openvswitch', 'bound_segment': {'id': '2b411229-09d4-43df-bcee-36e35ee986f3', 'network_type': 'flat', 'physical_network': 'physnet1', 'segmentation_id': None, 'network_id': 'bdeb0723-732e-4c60-9d32-2132a0714376'}}] {{(pid=103794) _bind_port_level /opt/stack/neutron/neutron/plugins/ml2/managers.py:948}}
Jun 21 09:58:58.104528 dv-cinder-806605-4-smb neutron-server[103794]: DEBUG neutron_lib.callbacks.manager [None req-d2ef5612-32e1-40bc-a64b-0e7aee136bf0 None None] Publish callbacks ['neutron.plugins.ml2.plugin.SecurityGroupDbMixin._ensure_default_security_group_handler-3571414'] for port (6d09a881-5740-49c2-9a48-cd106967b464), before_update {{(pid=103794) _notify_loop /usr/local/lib/python3.8/dist-packages/neutron_lib/callbacks/manager.py:176}}
Jun 21 09:58:58.105385 dv-cinder-806605-4-smb neutron-server[103792]: DEBUG neutron.wsgi [-] (103792) accepted ('10.222.0.44', 56054) {{(pid=103792) server /usr/local/lib/python3.8/dist-packages/eventlet/wsgi.py:1004}}
Jun 21 09:58:58.107310 dv-cinder-806605-4-smb neutron-server[103791]: DEBUG neutron.scheduler.dhcp_agent_scheduler [None req-57b4a159-52b2-4efc-bf9d-aabeb8771580 admin admin] Network 5936828d-abd8-44a1-b649-8a9e113466c7 is scheduled to be hosted by DHCP agent 8763c7e8-076d-4c76-ae4d-ab3259a717bf with binding_index 1 {{(pid=103791) bind /opt/stack/neutron/neutron/scheduler/dhcp_agent_scheduler.py:227}}
Jun 21 09:58:58.114583 dv-cinder-806605-4-smb neutron-server[103792]: DEBUG neutron.api.v2.base [None req-086aafef-2bcf-4525-b130-2a63b7524f02 admin admin] Request body: {'router': {'name': 'tempest-AttachVolumeNegativeTest-357691230-router', 'tenant_id': '0d4cd4fe4bcf4ca3a9003ac7b31abd73', 'external_gateway_info': {'network_id': 'bdeb0723-732e-4c60-9d32-2132a0714376'}}} {{(pid=103792) prepare_request_body /opt/stack/neutron/neutron/api/v2/base.py:730}}
Jun 21 09:58:58.117306 dv-cinder-806605-4-smb neutron-server[103791]: DEBUG dbcounter [-] [103791] Writing DB stats neutron:SELECT=94,neutron:INSERT=6 {{(pid=103791) stat_writer /usr/local/lib/python3.8/dist-packages/dbcounter.py:114}}
Jun 21 09:58:58.118216 dv-cinder-806605-4-smb neutron-server[103791]: DEBUG neutron.scheduler.base_scheduler [None req-57b4a159-52b2-4efc-bf9d-aabeb8771580 admin admin] Resources bound (agent type, host, resource id): (DHCP agent, dv-cinder-806605-4-smb, 5936828d-abd8-44a1-b649-8a9e113466c7) {{(pid=103791) schedule /opt/stack/neutron/neutron/scheduler/base_scheduler.py:57}}
Jun 21 09:58:58.142839 dv-cinder-806605-4-smb neutron-server[103793]: DEBUG neutron.plugins.ml2.plugin [None req-986ce6e3-42ee-4d29-b63a-c04f06c4cbf6 None None] Current status of the port 06696485-c249-405b-b6ab-1760955651db is: ACTIVE; New status is: ACTIVE {{(pid=103793) _update_individual_port_db_status /opt/stack/neutron/neutron/plugins/ml2/plugin.py:2292}}
Jun 21 09:58:58.169074 dv-cinder-806605-4-smb neutron-server[103791]: DEBUG neutron.pecan_wsgi.hooks.policy_enforcement [None req-57b4a159-52b2-4efc-bf9d-aabeb8771580 admin admin] Attributes excluded by policy engine: ['standard_attr_id', 'shared', 'network'] {{(pid=103791) _exclude_attributes_by_policy /opt/stack/neutron/neutron/pecan_wsgi/hooks/policy_enforcement.py:259}}
Jun 21 09:58:58.171398 dv-cinder-806605-4-smb neutron-server[103791]: DEBUG neutron_lib.callbacks.manager [None req-57b4a159-52b2-4efc-bf9d-aabeb8771580 admin admin] Publish callbacks ['neutron.api.rpc.agentnotifiers.dhcp_rpc_agent_api.DhcpAgentNotifyAPI._send_dhcp_notification-3681806'] for subnet (None), before_response {{(pid=103791) _notify_loop /usr/local/lib/python3.8/dist-packages/neutron_lib/callbacks/manager.py:176}}
Jun 21 09:58:58.173702 dv-cinder-806605-4-smb neutron-server[103793]: DEBUG neutron.api.rpc.handlers.dhcp_rpc [None req-551c658f-207f-467e-aa39-01243e81d108 None None] Network 5936828d-abd8-44a1-b649-8a9e113466c7 requested from dv-cinder-806605-4-smb {{(pid=103793) get_network_info /opt/stack/neutron/neutron/api/rpc/handlers/dhcp_rpc.py:191}}
Jun 21 09:58:58.183214 dv-cinder-806605-4-smb neutron-server[103794]: DEBUG neutron.api.rpc.handlers.resources_rpc [None req-afb7c87f-0852-4c30-b0e1-d1d94c792ae0 None None] Pushing event updated for resources: {'Port': ['ID=6d09a881-5740-49c2-9a48-cd106967b464,revision_number=2']} {{(pid=103794) push /opt/stack/neutron/neutron/api/rpc/handlers/resources_rpc.py:237}}
Jun 21 09:58:58.186984 dv-cinder-806605-4-smb neutron-server[103792]: DEBUG neutron_lib.callbacks.manager [None req-086aafef-2bcf-4525-b130-2a63b7524f02 admin admin] Publish callbacks ['neutron.services.l3_router.l3_router_plugin.L3_HA_NAT_db_mixin._before_router_create_handler-392065', 'neutron.services.l3_router.service_providers.driver_controller.DriverController._check_router_request-11441'] for router (8159224a-24c4-4fab-86b2-1b6eaa336602), before_create {{(pid=103792) _notify_loop /usr/local/lib/python3.8/dist-packages/neutron_lib/callbacks/manager.py:176}}
Jun 21 09:58:58.189104 dv-cinder-806605-4-smb neutron-server[103792]: DEBUG neutron_lib.callbacks.manager [None req-086aafef-2bcf-4525-b130-2a63b7524f02 admin admin] Publish callbacks ['neutron.services.l3_router.l3_router_plugin.L3_HA_NAT_db_mixin._precommit_router_create-391332', 'neutron.services.l3_router.l3_router_plugin.DVRResourceOperationHandler._set_distributed_flag-267260', 'neutron.services.l3_router.l3_router_plugin.RouterAvailabilityZoneMixin._process_az_request-3725346', 'neutron.services.l3_router.service_providers.driver_controller.DriverController._set_router_provider-11450'] for router (8159224a-24c4-4fab-86b2-1b6eaa336602), precommit_create {{(pid=103792) _notify_loop /usr/local/lib/python3.8/dist-packages/neutron_lib/callbacks/manager.py:176}}
Jun 21 09:58:58.199788 dv-cinder-806605-4-smb neutron-server[103791]: DEBUG neutron.pecan_wsgi.hooks.quota_enforcement [None req-fb9bd1a6-5130-4057-bf60-0afb90e681ab admin admin] Made reservation on behalf of fc1e5268df2242609179d10e81566b12 for: {'subnet': 1} {{(pid=103791) before /opt/stack/neutron/neutron/pecan_wsgi/hooks/quota_enforcement.py:53}}
Jun 21 09:58:58.202190 dv-cinder-806605-4-smb neutron-server[103791]: DEBUG neutron_lib.callbacks.manager [None req-fb9bd1a6-5130-4057-bf60-0afb90e681ab admin admin] Publish callbacks [] for subnet (None), before_create {{(pid=103791) _notify_loop /usr/local/lib/python3.8/dist-packages/neutron_lib/callbacks/manager.py:176}}
Jun 21 09:58:58.209389 dv-cinder-806605-4-smb neutron-server[103791]: INFO neutron.wsgi [None req-57b4a159-52b2-4efc-bf9d-aabeb8771580 admin admin] 10.222.0.44 "POST /v2.0/subnets HTTP/1.1" status: 201 len: 848 time: 1.3217161
Jun 21 09:58:58.212685 dv-cinder-806605-4-smb neutron-server[103791]: DEBUG neutron.wsgi [-] (103791) accepted ('10.222.0.44', 56062) {{(pid=103791) server /usr/local/lib/python3.8/dist-packages/eventlet/wsgi.py:1004}}
Jun 21 09:58:58.242159 dv-cinder-806605-4-smb neutron-server[103791]: DEBUG neutron.api.v2.base [None req-26a14f58-bda9-47d7-97af-1dc274af7869 admin admin] Request body: {'router': {'name': 'tempest-DeleteServersTestJSON-1359907867-router', 'tenant_id': '3636c68ddd2f4c11afa928f5f67fb01f', 'external_gateway_info': {'network_id': 'bdeb0723-732e-4c60-9d32-2132a0714376'}}} {{(pid=103791) prepare_request_body /opt/stack/neutron/neutron/api/v2/base.py:730}}
Jun 21 09:58:58.270944 dv-cinder-806605-4-smb neutron-server[103791]: DEBUG neutron.db.db_base_plugin_common [None req-903afa72-8d8e-48d1-8adf-4b776680369a admin admin] Allocated IP 172.20.0.1 (6a6a3bfc-a12d-4552-849c-751cc81efe6e/85418415-b692-495f-909d-c78c369794c1/e91c0f64-70f0-4d62-b0d2-ebe7adf4a4de) {{(pid=103791) _store_ip_allocation /opt/stack/neutron/neutron/db/db_base_plugin_common.py:131}}
Jun 21 09:58:58.274838 dv-cinder-806605-4-smb neutron-server[103794]: DEBUG neutron.api.rpc.callbacks.version_manager [None req-afb7c87f-0852-4c30-b0e1-d1d94c792ae0 None None] Version for resource type AddressGroup changed None to 1.2 on consumer Open vSwitch agent@dv-cinder-806605-4-smb {{(pid=103794) _set_version /opt/stack/neutron/neutron/api/rpc/callbacks/version_manager.py:113}}
Jun 21 09:58:58.279291 dv-cinder-806605-4-smb neutron-server[103794]: DEBUG neutron.api.rpc.callbacks.version_manager [None req-afb7c87f-0852-4c30-b0e1-d1d94c792ae0 None None] Version for resource type Agent changed None to 1.1 on consumer Open vSwitch agent@dv-cinder-806605-4-smb {{(pid=103794) _set_version /opt/stack/neutron/neutron/api/rpc/callbacks/version_manager.py:113}}
Jun 21 09:58:58.280107 dv-cinder-806605-4-smb neutron-server[103794]: DEBUG neutron.api.rpc.callbacks.version_manager [None req-afb7c87f-0852-4c30-b0e1-d1d94c792ae0 None None] Version for resource type ConntrackHelper changed None to 1.0 on consumer Open vSwitch agent@dv-cinder-806605-4-smb {{(pid=103794) _set_version /opt/stack/neutron/neutron/api/rpc/callbacks/version_manager.py:113}}
Jun 21 09:58:58.280797 dv-cinder-806605-4-smb neutron-server[103794]: DEBUG neutron.api.rpc.callbacks.version_manager [None req-afb7c87f-0852-4c30-b0e1-d1d94c792ae0 None None] Version for resource type LocalIPAssociation changed None to 1.0 on consumer Open vSwitch agent@dv-cinder-806605-4-smb {{(pid=103794) _set_version /opt/stack/neutron/neutron/api/rpc/callbacks/version_manager.py:113}}
Jun 21 09:58:58.281483 dv-cinder-806605-4-smb neutron-server[103794]: DEBUG neutron.api.rpc.callbacks.version_manager [None req-afb7c87f-0852-4c30-b0e1-d1d94c792ae0 None None] Version for resource type Log changed None to 1.0 on consumer Open vSwitch agent@dv-cinder-806605-4-smb {{(pid=103794) _set_version /opt/stack/neutron/neutron/api/rpc/callbacks/version_manager.py:113}}
Jun 21 09:58:58.282022 dv-cinder-806605-4-smb neutron-server[103794]: DEBUG neutron.api.rpc.callbacks.version_manager [None req-afb7c87f-0852-4c30-b0e1-d1d94c792ae0 None None] Version for resource type NDPProxy changed None to 1.0 on consumer Open vSwitch agent@dv-cinder-806605-4-smb {{(pid=103794) _set_version /opt/stack/neutron/neutron/api/rpc/callbacks/version_manager.py:113}}
Jun 21 09:58:58.284496 dv-cinder-806605-4-smb neutron-server[103794]: DEBUG neutron.api.rpc.callbacks.version_manager [None req-afb7c87f-0852-4c30-b0e1-d1d94c792ae0 None None] Version for resource type Network changed None to 1.1 on consumer Open vSwitch agent@dv-cinder-806605-4-smb {{(pid=103794) _set_version /opt/stack/neutron/neutron/api/rpc/callbacks/version_manager.py:113}}
Jun 21 09:58:58.285048 dv-cinder-806605-4-smb neutron-server[103794]: DEBUG neutron.api.rpc.callbacks.version_manager [None req-afb7c87f-0852-4c30-b0e1-d1d94c792ae0 None None] Version for resource type Port changed None to 1.7 on consumer Open vSwitch agent@dv-cinder-806605-4-smb {{(pid=103794) _set_version /opt/stack/neutron/neutron/api/rpc/callbacks/version_manager.py:113}}
Jun 21 09:58:58.285591 dv-cinder-806605-4-smb neutron-server[103794]: DEBUG neutron.api.rpc.callbacks.version_manager [None req-afb7c87f-0852-4c30-b0e1-d1d94c792ae0 None None] Version for resource type PortForwarding changed None to 1.3 on consumer Open vSwitch agent@dv-cinder-806605-4-smb {{(pid=103794) _set_version /opt/stack/neutron/neutron/api/rpc/callbacks/version_manager.py:113}}
Jun 21 09:58:58.286119 dv-cinder-806605-4-smb neutron-server[103794]: DEBUG neutron.api.rpc.callbacks.version_manager [None req-afb7c87f-0852-4c30-b0e1-d1d94c792ae0 None None] Version for resource type QosPolicy changed None to 1.10 on consumer Open vSwitch agent@dv-cinder-806605-4-smb {{(pid=103794) _set_version /opt/stack/neutron/neutron/api/rpc/callbacks/version_manager.py:113}}
Jun 21 09:58:58.288670 dv-cinder-806605-4-smb neutron-server[103794]: DEBUG neutron.api.rpc.callbacks.version_manager [None req-afb7c87f-0852-4c30-b0e1-d1d94c792ae0 None None] Version for resource type SecurityGroup changed None to 1.5 on consumer Open vSwitch agent@dv-cinder-806605-4-smb {{(pid=103794) _set_version /opt/stack/neutron/neutron/api/rpc/callbacks/version_manager.py:113}}
Jun 21 09:58:58.289253 dv-cinder-806605-4-smb neutron-server[103794]: DEBUG neutron.api.rpc.callbacks.version_manager [None req-afb7c87f-0852-4c30-b0e1-d1d94c792ae0 None None] Version for resource type SecurityGroupRule changed None to 1.2 on consumer Open vSwitch agent@dv-cinder-806605-4-smb {{(pid=103794) _set_version /opt/stack/neutron/neutron/api/rpc/callbacks/version_manager.py:113}}
Jun 21 09:58:58.289803 dv-cinder-806605-4-smb neutron-server[103794]: DEBUG neutron.api.rpc.callbacks.version_manager [None req-afb7c87f-0852-4c30-b0e1-d1d94c792ae0 None None] Version for resource type SubPort changed None to 1.0 on consumer Open vSwitch agent@dv-cinder-806605-4-smb {{(pid=103794) _set_version /opt/stack/neutron/neutron/api/rpc/callbacks/version_manager.py:113}}
Jun 21 09:58:58.290346 dv-cinder-806605-4-smb neutron-server[103794]: DEBUG neutron.api.rpc.callbacks.version_manager [None req-afb7c87f-0852-4c30-b0e1-d1d94c792ae0 None None] Version for resource type Subnet changed None to 1.1 on consumer Open vSwitch agent@dv-cinder-806605-4-smb {{(pid=103794) _set_version /opt/stack/neutron/neutron/api/rpc/callbacks/version_manager.py:113}}
Jun 21 09:58:58.291622 dv-cinder-806605-4-smb neutron-server[103794]: DEBUG neutron.api.rpc.callbacks.version_manager [None req-afb7c87f-0852-4c30-b0e1-d1d94c792ae0 None None] Version for resource type Trunk changed None to 1.1 on consumer Open vSwitch agent@dv-cinder-806605-4-smb {{(pid=103794) _set_version /opt/stack/neutron/neutron/api/rpc/callbacks/version_manager.py:113}}
Jun 21 09:58:58.298440 dv-cinder-806605-4-smb neutron-server[103794]: DEBUG neutron.api.rpc.callbacks.version_manager [None req-afb7c87f-0852-4c30-b0e1-d1d94c792ae0 None None] Tracked resource versions report:
Jun 21 09:58:58.298440 dv-cinder-806605-4-smb neutron-server[103794]: pushed versions:
Jun 21 09:58:58.298440 dv-cinder-806605-4-smb neutron-server[103794]: { 'AddressGroup': {'1.2'},
Jun 21 09:58:58.298440 dv-cinder-806605-4-smb neutron-server[103794]: 'Agent': {'1.1'},
Jun 21 09:58:58.298440 dv-cinder-806605-4-smb neutron-server[103794]: 'ConntrackHelper': {'1.0'},
Jun 21 09:58:58.298440 dv-cinder-806605-4-smb neutron-server[103794]: 'LocalIPAssociation': {'1.0'},
Jun 21 09:58:58.298440 dv-cinder-806605-4-smb neutron-server[103794]: 'Log': {'1.0'},
Jun 21 09:58:58.298440 dv-cinder-806605-4-smb neutron-server[103794]: 'NDPProxy': {'1.0'},
Jun 21 09:58:58.298440 dv-cinder-806605-4-smb neutron-server[103794]: 'Network': {'1.1'},
Jun 21 09:58:58.298440 dv-cinder-806605-4-smb neutron-server[103794]: 'Port': {'1.7'},
Jun 21 09:58:58.298440 dv-cinder-806605-4-smb neutron-server[103794]: 'PortForwarding': {'1.3'},
Jun 21 09:58:58.298440 dv-cinder-806605-4-smb neutron-server[103794]: 'QosPolicy': {'1.10'},
Jun 21 09:58:58.298440 dv-cinder-806605-4-smb neutron-server[103794]: 'SecurityGroup': {'1.5'},
Jun 21 09:58:58.298440 dv-cinder-806605-4-smb neutron-server[103794]: 'SecurityGroupRule': {'1.2'},
Jun 21 09:58:58.298440 dv-cinder-806605-4-smb neutron-server[103794]: 'SubPort': {'1.0'},
Jun 21 09:58:58.298440 dv-cinder-806605-4-smb neutron-server[103794]: 'Subnet': {'1.1'},
Jun 21 09:58:58.298440 dv-cinder-806605-4-smb neutron-server[103794]: 'Trunk': {'1.1'}}
Jun 21 09:58:58.298440 dv-cinder-806605-4-smb neutron-server[103794]: consumer versions:
Jun 21 09:58:58.298440 dv-cinder-806605-4-smb neutron-server[103794]: { DHCP agent@dv-cinder-806605-4-smb: {},
Jun 21 09:58:58.298440 dv-cinder-806605-4-smb neutron-server[103794]: HyperV agent@hv-cinder-80660: {},
Jun 21 09:58:58.298440 dv-cinder-806605-4-smb neutron-server[103794]: L3 agent@dv-cinder-806605-4-smb: {},
Jun 21 09:58:58.298440 dv-cinder-806605-4-smb neutron-server[103794]: Metadata agent@dv-cinder-806605-4-smb: {},
Jun 21 09:58:58.298440 dv-cinder-806605-4-smb neutron-server[103794]: Metering agent@dv-cinder-806605-4-smb: {},
Jun 21 09:58:58.298440 dv-cinder-806605-4-smb neutron-server[103794]: Open vSwitch agent@dv-cinder-806605-4-smb: { 'AddressGroup': '1.2',
Jun 21 09:58:58.298440 dv-cinder-806605-4-smb neutron-server[103794]: 'Agent': '1.1',
Jun 21 09:58:58.298440 dv-cinder-806605-4-smb neutron-server[103794]: 'ConntrackHelper': '1.0',
Jun 21 09:58:58.298440 dv-cinder-806605-4-smb neutron-server[103794]: 'LocalIPAssociation': '1.0',
Jun 21 09:58:58.298440 dv-cinder-806605-4-smb neutron-server[103794]: 'Log': '1.0',
Jun 21 09:58:58.298440 dv-cinder-806605-4-smb neutron-server[103794]: 'NDPProxy': '1.0',
Jun 21 09:58:58.298440 dv-cinder-806605-4-smb neutron-server[103794]: 'Network': '1.1',
Jun 21 09:58:58.298440 dv-cinder-806605-4-smb neutron-server[103794]: 'Port': '1.7',
Jun 21 09:58:58.298440 dv-cinder-806605-4-smb neutron-server[103794]: 'PortForwarding': '1.3',
Jun 21 09:58:58.298440 dv-cinder-806605-4-smb neutron-server[103794]: 'QosPolicy': '1.10',
Jun 21 09:58:58.298440 dv-cinder-806605-4-smb neutron-server[103794]: 'SecurityGroup': '1.5',
Jun 21 09:58:58.298440 dv-cinder-806605-4-smb neutron-server[103794]: 'SecurityGroupRule': '1.2',
Jun 21 09:58:58.298440 dv-cinder-806605-4-smb neutron-server[103794]: 'SubPort': '1.0',
Jun 21 09:58:58.298440 dv-cinder-806605-4-smb neutron-server[103794]: 'Subnet': '1.1',
Jun 21 09:58:58.298440 dv-cinder-806605-4-smb neutron-server[103794]: 'Trunk': '1.1'}}
Jun 21 09:58:58.298440 dv-cinder-806605-4-smb neutron-server[103794]: {{(pid=103794) report /opt/stack/neutron/neutron/api/rpc/callbacks/version_manager.py:175}}
Jun 21 09:58:58.335144 dv-cinder-806605-4-smb neutron-server[103791]: DEBUG neutron_lib.callbacks.manager [None req-26a14f58-bda9-47d7-97af-1dc274af7869 admin admin] Publish callbacks ['neutron.services.l3_router.l3_router_plugin.L3_HA_NAT_db_mixin._before_router_create_handler-392065', 'neutron.services.l3_router.service_providers.driver_controller.DriverController._check_router_request-11441'] for router (d59a2301-4c9b-4e2f-a971-56bffee0f7aa), before_create {{(pid=103791) _notify_loop /usr/local/lib/python3.8/dist-packages/neutron_lib/callbacks/manager.py:176}}
Jun 21 09:58:58.336150 dv-cinder-806605-4-smb neutron-server[103791]: DEBUG neutron_lib.callbacks.manager [None req-26a14f58-bda9-47d7-97af-1dc274af7869 admin admin] Publish callbacks ['neutron.services.l3_router.l3_router_plugin.L3_HA_NAT_db_mixin._precommit_router_create-391332', 'neutron.services.l3_router.l3_router_plugin.DVRResourceOperationHandler._set_distributed_flag-267260', 'neutron.services.l3_router.l3_router_plugin.RouterAvailabilityZoneMixin._process_az_request-3725346', 'neutron.services.l3_router.service_providers.driver_controller.DriverController._set_router_provider-11450'] for router (d59a2301-4c9b-4e2f-a971-56bffee0f7aa), precommit_create {{(pid=103791) _notify_loop /usr/local/lib/python3.8/dist-packages/neutron_lib/callbacks/manager.py:176}}
Jun 21 09:58:58.383949 dv-cinder-806605-4-smb neutron-server[103794]: DEBUG neutron.plugins.ml2.db [None req-d2ef5612-32e1-40bc-a64b-0e7aee136bf0 None None] For port 6d09a881-5740-49c2-9a48-cd106967b464, host dv-cinder-806605-4-smb, cleared binding levels {{(pid=103794) clear_binding_levels /opt/stack/neutron/neutron/plugins/ml2/db.py:87}}
Jun 21 09:58:58.398494 dv-cinder-806605-4-smb neutron-server[103794]: DEBUG neutron.plugins.ml2.db [None req-d2ef5612-32e1-40bc-a64b-0e7aee136bf0 None None] For port 6d09a881-5740-49c2-9a48-cd106967b464, host dv-cinder-806605-4-smb, set binding levels [PortBindingLevel(driver='openvswitch',host='dv-cinder-806605-4-smb',level=0,port_id=6d09a881-5740-49c2-9a48-cd106967b464,segment=NetworkSegment(2b411229-09d4-43df-bcee-36e35ee986f3),segment_id=2b411229-09d4-43df-bcee-36e35ee986f3)] {{(pid=103794) set_binding_levels /opt/stack/neutron/neutron/plugins/ml2/db.py:59}}
Jun 21 09:58:58.420646 dv-cinder-806605-4-smb neutron-server[103794]: DEBUG neutron_lib.callbacks.manager [None req-d2ef5612-32e1-40bc-a64b-0e7aee136bf0 None None] Publish callbacks ['neutron.plugins.ml2.plugin.SecurityGroupServerNotifierRpcMixin._notify_sg_on_port_change-3571351', 'neutron.plugins.ml2.ovo_rpc._ObjectChangeHandler.handle_event-131474', 'neutron.api.rpc.agentnotifiers.dhcp_rpc_agent_api.DhcpAgentNotifyAPI._native_event_send_dhcp_notification-3681816', 'neutron.db.l3_db.L3RpcNotifierMixin._notify_gateway_port_ip_changed-8733297800030', 'neutron.db.l3_dvrscheduler_db._notify_l3_agent_port_update-8733297511334', 'neutron.db.l3_hascheduler_db._notify_l3_agent_ha_port_update-8733297511352'] for port (6d09a881-5740-49c2-9a48-cd106967b464), after_update {{(pid=103794) _notify_loop /usr/local/lib/python3.8/dist-packages/neutron_lib/callbacks/manager.py:176}}
Jun 21 09:58:58.476279 dv-cinder-806605-4-smb neutron-server[103791]: DEBUG neutron_lib.callbacks.manager [None req-26a14f58-bda9-47d7-97af-1dc274af7869 admin admin] Publish callbacks [] for router_controller (d59a2301-4c9b-4e2f-a971-56bffee0f7aa), precommit_add_association {{(pid=103791) _notify_loop /usr/local/lib/python3.8/dist-packages/neutron_lib/callbacks/manager.py:176}}
Jun 21 09:58:58.497349 dv-cinder-806605-4-smb neutron-server[103793]: DEBUG neutron.api.rpc.handlers.dhcp_rpc [None req-5b95f171-7e48-4753-a18b-3d5550cfbba7 None None] Create dhcp port {'port': {'name': '', 'admin_state_up': True, 'device_id': 'dhcp380946c2-2f9e-5fe8-8621-4712ea5f79ed-5936828d-abd8-44a1-b649-8a9e113466c7', 'network_id': '5936828d-abd8-44a1-b649-8a9e113466c7', 'project_id': '3636c68ddd2f4c11afa928f5f67fb01f', 'fixed_ips': [{'subnet_id': '72cda5c9-57d5-456d-bdc8-0d4a8b6c5d1f'}]}} from dv-cinder-806605-4-smb. {{(pid=103793) create_dhcp_port /opt/stack/neutron/neutron/api/rpc/handlers/dhcp_rpc.py:268}}
Jun 21 09:58:58.498959 dv-cinder-806605-4-smb neutron-server[103793]: DEBUG neutron_lib.callbacks.manager [None req-5b95f171-7e48-4753-a18b-3d5550cfbba7 None None] Publish callbacks ['neutron.plugins.ml2.plugin.SecurityGroupDbMixin._ensure_default_security_group_handler-3571414'] for port (None), before_create {{(pid=103793) _notify_loop /usr/local/lib/python3.8/dist-packages/neutron_lib/callbacks/manager.py:176}}
Jun 21 09:58:58.514506 dv-cinder-806605-4-smb neutron-server[103792]: DEBUG neutron_lib.callbacks.manager [None req-086aafef-2bcf-4525-b130-2a63b7524f02 admin admin] Publish callbacks [] for router_controller (8159224a-24c4-4fab-86b2-1b6eaa336602), precommit_add_association {{(pid=103792) _notify_loop /usr/local/lib/python3.8/dist-packages/neutron_lib/callbacks/manager.py:176}}
Jun 21 09:58:58.581702 dv-cinder-806605-4-smb neutron-server[103793]: DEBUG dbcounter [-] [103793] Writing DB stats neutron:SELECT=96,neutron:UPDATE=3,neutron:INSERT=1 {{(pid=103793) stat_writer /usr/local/lib/python3.8/dist-packages/dbcounter.py:114}}
Jun 21 09:58:58.619165 dv-cinder-806605-4-smb neutron-server[103793]: DEBUG neutron.plugins.ml2.plugin [None req-7ef1a903-3c31-4b63-a01a-a6e37ad753fb None None] Current status of the port 06696485-c249-405b-b6ab-1760955651db is: ACTIVE; New status is: ACTIVE {{(pid=103793) _update_individual_port_db_status /opt/stack/neutron/neutron/plugins/ml2/plugin.py:2292}}
Jun 21 09:58:58.639303 dv-cinder-806605-4-smb neutron-server[103794]: DEBUG neutron.db.l3_dvrscheduler_db [None req-d2ef5612-32e1-40bc-a64b-0e7aee136bf0 None None] Routers {'cd006111-8c89-4de9-89aa-8be9d2cc765b'} bound to L3 agent in host dv-cinder-806605-4-smb {{(pid=103794) _get_router_ids_for_agent /opt/stack/neutron/neutron/db/l3_dvrscheduler_db.py:426}}
Jun 21 09:58:58.639976 dv-cinder-806605-4-smb neutron-server[103794]: DEBUG neutron.db.l3_hamode_db [None req-d2ef5612-32e1-40bc-a64b-0e7aee136bf0 None None] neutron.services.l3_router.l3_router_plugin.L3RouterPlugin method get_ha_sync_data_for_host called with arguments (, 'dv-cinder-806605-4-smb', Agent(admin_state_up=True,agent_type='L3 agent',availability_zone='nova',binary='neutron-l3-agent',configurations={"agent_mode": "legacy", "ex_gw_ports": 1, "extensions": [], "floating_ips": 0, "handle_internal_only_routers": true, "interface_driver": "openvswitch", "interfaces": 1, "log_agent_heartbeats": false, "routers": 1},created_at=2022-06-21T09:50:46Z,description=,heartbeat_timestamp=2022-06-21T09:58:46Z,host='dv-cinder-806605-4-smb',id=a4e55fbb-a505-475b-899c-1cb0e6ca0d0d,load=0,resource_versions=,resources_synced=,started_at=2022-06-21T09:50:47Z,topic='l3_agent')) {'router_ids': ['cd006111-8c89-4de9-89aa-8be9d2cc765b'], 'active': True} {{(pid=103794) wrapper /usr/local/lib/python3.8/dist-packages/oslo_log/helpers.py:65}}
Jun 21 09:58:58.647979 dv-cinder-806605-4-smb neutron-server[103794]: DEBUG neutron.api.rpc.handlers.resources_rpc [None req-afb7c87f-0852-4c30-b0e1-d1d94c792ae0 None None] Pushing event updated for resources: {'Port': ['ID=6d09a881-5740-49c2-9a48-cd106967b464,revision_number=3']} {{(pid=103794) push /opt/stack/neutron/neutron/api/rpc/handlers/resources_rpc.py:237}}
Jun 21 09:58:58.783853 dv-cinder-806605-4-smb neutron-server[103794]: DEBUG neutron.db.l3_dvr_db [None req-d2ef5612-32e1-40bc-a64b-0e7aee136bf0 None None] Set router cd006111-8c89-4de9-89aa-8be9d2cc765b gateway port host: dv-cinder-806605-4-smb {{(pid=103794) _build_routers_list /opt/stack/neutron/neutron/db/l3_dvr_db.py:907}}
Jun 21 09:58:58.887120 dv-cinder-806605-4-smb neutron-server[103791]: DEBUG neutron_lib.callbacks.manager [None req-903afa72-8d8e-48d1-8adf-4b776680369a admin admin] Publish callbacks [] for port (e91c0f64-70f0-4d62-b0d2-ebe7adf4a4de), precommit_create {{(pid=103791) _notify_loop /usr/local/lib/python3.8/dist-packages/neutron_lib/callbacks/manager.py:176}}
Jun 21 09:58:58.890251 dv-cinder-806605-4-smb neutron-server[103792]: DEBUG neutron_lib.callbacks.manager [None req-086aafef-2bcf-4525-b130-2a63b7524f02 admin admin] Publish callbacks [] for router_gateway (8159224a-24c4-4fab-86b2-1b6eaa336602), precommit_update {{(pid=103792) _notify_loop /usr/local/lib/python3.8/dist-packages/neutron_lib/callbacks/manager.py:176}}
Jun 21 09:58:58.921927 dv-cinder-806605-4-smb neutron-server[103791]: DEBUG dbcounter [-] [103791] Writing DB stats neutron:SELECT=83,neutron:INSERT=11,neutron:UPDATE=4,neutron:DELETE=2 {{(pid=103791) stat_writer /usr/local/lib/python3.8/dist-packages/dbcounter.py:114}}
Jun 21 09:58:58.929246 dv-cinder-806605-4-smb neutron-server[103793]: DEBUG dbcounter [-] [103793] Writing DB stats neutron:SELECT=99,neutron:INSERT=1 {{(pid=103793) stat_writer /usr/local/lib/python3.8/dist-packages/dbcounter.py:114}}
Jun 21 09:58:58.938901 dv-cinder-806605-4-smb neutron-server[103791]: DEBUG neutron_lib.callbacks.manager [None req-903afa72-8d8e-48d1-8adf-4b776680369a admin admin] Publish callbacks ['neutron.plugins.ml2.plugin.SecurityGroupServerNotifierRpcMixin._notify_sg_on_port_change-3571351', 'neutron.plugins.ml2.ovo_rpc._ObjectChangeHandler.handle_event-131474', 'neutron.api.rpc.agentnotifiers.dhcp_rpc_agent_api.DhcpAgentNotifyAPI._native_event_send_dhcp_notification-3681816', 'neutron.db.l3_dvrscheduler_db._notify_l3_agent_new_port-8733297511316'] for port (e91c0f64-70f0-4d62-b0d2-ebe7adf4a4de), after_create {{(pid=103791) _notify_loop /usr/local/lib/python3.8/dist-packages/neutron_lib/callbacks/manager.py:176}}
Jun 21 09:58:58.996977 dv-cinder-806605-4-smb neutron-server[103791]: DEBUG neutron.scheduler.dhcp_agent_scheduler [None req-903afa72-8d8e-48d1-8adf-4b776680369a admin admin] Network 6a6a3bfc-a12d-4552-849c-751cc81efe6e is already hosted by enough agents. {{(pid=103791) _get_dhcp_agents_hosting_network /opt/stack/neutron/neutron/scheduler/dhcp_agent_scheduler.py:275}}
Jun 21 09:58:59.113783 dv-cinder-806605-4-smb neutron-server[103793]: DEBUG neutron.plugins.ml2.rpc [None req-986ce6e3-42ee-4d29-b63a-c04f06c4cbf6 None None] Device 06696485-c249-405b-b6ab-1760955651db up at agent ovs-agent-dv-cinder-806605-4-smb {{(pid=103793) update_device_up /opt/stack/neutron/neutron/plugins/ml2/rpc.py:296}}
Jun 21 09:58:59.222258 dv-cinder-806605-4-smb neutron-server[103791]: DEBUG neutron_lib.callbacks.manager [None req-26a14f58-bda9-47d7-97af-1dc274af7869 admin admin] Publish callbacks [] for router_gateway (d59a2301-4c9b-4e2f-a971-56bffee0f7aa), precommit_update {{(pid=103791) _notify_loop /usr/local/lib/python3.8/dist-packages/neutron_lib/callbacks/manager.py:176}}
Jun 21 09:58:59.228319 dv-cinder-806605-4-smb neutron-server[103794]: DEBUG neutron.db.l3_hamode_db [None req-d2ef5612-32e1-40bc-a64b-0e7aee136bf0 None None] neutron.services.l3_router.l3_router_plugin.L3RouterPlugin method _process_sync_ha_data called with arguments (, [{'id': 'cd006111-8c89-4de9-89aa-8be9d2cc765b', 'name': 'tempest-AttachVolumeTestJSON-2010619812-router', 'tenant_id': 'eec486555584454f83ba7b9792722839', 'admin_state_up': True, 'status': 'ACTIVE', 'external_gateway_info': {'network_id': 'bdeb0723-732e-4c60-9d32-2132a0714376', 'external_fixed_ips': [{'subnet_id': '21325305-15da-4c57-941c-7a43776b1355', 'ip_address': '172.28.1.181'}], 'enable_snat': True}, 'gw_port_id': '6d09a881-5740-49c2-9a48-cd106967b464', 'description': '', 'availability_zones': ['nova'], 'distributed': False, 'ha': False, 'ha_vr_id': 0, 'availability_zone_hints': [], 'routes': [], 'flavor_id': None, 'tags': [], 'created_at': '2022-06-21T09:58:54Z', 'updated_at': '2022-06-21T09:58:55Z', 'revision_number': 3, 'project_id': 'eec486555584454f83ba7b9792722839', 'gw_port': {'id': '6d09a881-5740-49c2-9a48-cd106967b464', 'name': '', 'network_id': 'bdeb0723-732e-4c60-9d32-2132a0714376', 'tenant_id': '', 'mac_address': 'fa:16:3e:a7:5f:2b', 'admin_state_up': True, 'status': 'DOWN', 'device_id': 'cd006111-8c89-4de9-89aa-8be9d2cc765b', 'device_owner': 'network:router_gateway', 'standard_attr_id': 41, 'fixed_ips': [{'subnet_id': '21325305-15da-4c57-941c-7a43776b1355', 'ip_address': '172.28.1.181', 'prefixlen': 24}], 'allowed_address_pairs': [], 'extra_dhcp_opts': [], 'security_groups': [], 'description': '', 'binding:vnic_type': 'normal', 'binding:profile': {}, 'binding:host_id': 'dv-cinder-806605-4-smb', 'binding:vif_type': 'ovs', 'binding:vif_details': {'connectivity': 'l2', 'port_filter': True, 'ovs_hybrid_plug': False, 'datapath_type': 'system', 'bridge_name': 'br-int', 'bound_drivers': {'0': 'openvswitch'}}, 'port_security_enabled': False, 'tags': [], 'created_at': '2022-06-21T09:58:54Z', 'updated_at': '2022-06-21T09:58:58Z', 'revision_number': 3, 'project_id': '', 'subnets': [{'id': '21325305-15da-4c57-941c-7a43776b1355', 'cidr': '172.28.1.0/24', 'gateway_ip': '172.28.1.1', 'dns_nameservers': [], 'ipv6_ra_mode': None, 'subnetpool_id': None}], 'extra_subnets': [], 'address_scopes': {4: None, 6: None}, 'mtu': 1500}, 'enable_snat': True, 'gw_port_host': 'dv-cinder-806605-4-smb'}], 'dv-cinder-806605-4-smb', False) {} {{(pid=103794) wrapper /usr/local/lib/python3.8/dist-packages/oslo_log/helpers.py:65}}
Jun 21 09:58:59.242060 dv-cinder-806605-4-smb neutron-server[103791]: DEBUG neutron.scheduler.base_scheduler [None req-903afa72-8d8e-48d1-8adf-4b776680369a admin admin] Resources bound (agent type, host, resource id): {{(pid=103791) schedule /opt/stack/neutron/neutron/scheduler/base_scheduler.py:57}}
Jun 21 09:58:59.267722 dv-cinder-806605-4-smb neutron-server[103794]: DEBUG neutron.api.rpc.handlers.l3_rpc [None req-d2ef5612-32e1-40bc-a64b-0e7aee136bf0 None None] The sync data for ids ['cd006111-8c89-4de9-89aa-8be9d2cc765b'] in dv-cinder-806605-4-smb is: [{'id': 'cd006111-8c89-4de9-89aa-8be9d2cc765b', 'name': 'tempest-AttachVolumeTestJSON-2010619812-router', 'tenant_id': 'eec486555584454f83ba7b9792722839', 'admin_state_up': True, 'status': 'ACTIVE', 'external_gateway_info': {'network_id': 'bdeb0723-732e-4c60-9d32-2132a0714376', 'external_fixed_ips': [{'subnet_id': '21325305-15da-4c57-941c-7a43776b1355', 'ip_address': '172.28.1.181'}], 'enable_snat': True}, 'gw_port_id': '6d09a881-5740-49c2-9a48-cd106967b464', 'description': '', 'availability_zones': ['nova'], 'distributed': False, 'ha': False, 'ha_vr_id': 0, 'availability_zone_hints': [], 'routes': [], 'flavor_id': None, 'tags': [], 'created_at': '2022-06-21T09:58:54Z', 'updated_at': '2022-06-21T09:58:55Z', 'revision_number': 3, 'project_id': 'eec486555584454f83ba7b9792722839', 'gw_port': {'id': '6d09a881-5740-49c2-9a48-cd106967b464', 'name': '', 'network_id': 'bdeb0723-732e-4c60-9d32-2132a0714376', 'tenant_id': '', 'mac_address': 'fa:16:3e:a7:5f:2b', 'admin_state_up': True, 'status': 'DOWN', 'device_id': 'cd006111-8c89-4de9-89aa-8be9d2cc765b', 'device_owner': 'network:router_gateway', 'standard_attr_id': 41, 'fixed_ips': [{'subnet_id': '21325305-15da-4c57-941c-7a43776b1355', 'ip_address': '172.28.1.181', 'prefixlen': 24}], 'allowed_address_pairs': [], 'extra_dhcp_opts': [], 'security_groups': [], 'description': '', 'binding:vnic_type': 'normal', 'binding:profile': {}, 'binding:host_id': 'dv-cinder-806605-4-smb', 'binding:vif_type': 'ovs', 'binding:vif_details': {'connectivity': 'l2', 'port_filter': True, 'ovs_hybrid_plug': False, 'datapath_type': 'system', 'bridge_name': 'br-int', 'bound_drivers': {'0': 'openvswitch'}}, 'port_security_enabled': False, 'tags': [], 'created_at': '2022-06-21T09:58:54Z', 'updated_at': '2022-06-21T09:58:58Z', 'revision_number': 3, 'project_id': '', 'subnets': [{'id': '21325305-15da-4c57-941c-7a43776b1355', 'cidr': '172.28.1.0/24', 'gateway_ip': '172.28.1.1', 'dns_nameservers': [], 'ipv6_ra_mode': None, 'subnetpool_id': None}], 'extra_subnets': [], 'address_scopes': {4: None, 6: None}, 'mtu': 1500}, 'enable_snat': True, 'gw_port_host': 'dv-cinder-806605-4-smb'}] {{(pid=103794) sync_routers /opt/stack/neutron/neutron/api/rpc/handlers/l3_rpc.py:137}}
Jun 21 09:58:59.377905 dv-cinder-806605-4-smb neutron-server[103791]: DEBUG neutron.db.l3_dvrscheduler_db [None req-903afa72-8d8e-48d1-8adf-4b776680369a admin admin] Received port after_create {{(pid=103791) _notify_l3_agent_new_port /opt/stack/neutron/neutron/db/l3_dvrscheduler_db.py:542}}
Jun 21 09:58:59.378607 dv-cinder-806605-4-smb neutron-server[103791]: DEBUG neutron_lib.callbacks.manager [None req-903afa72-8d8e-48d1-8adf-4b776680369a admin admin] Publish callbacks ['neutron.services.l3_router.l3_router_plugin.DVRResourceOperationHandler._add_csnat_on_interface_create-262461'] for router_interface (cd006111-8c89-4de9-89aa-8be9d2cc765b), before_create {{(pid=103791) _notify_loop /usr/local/lib/python3.8/dist-packages/neutron_lib/callbacks/manager.py:176}}
Jun 21 09:58:59.384320 dv-cinder-806605-4-smb neutron-server[103792]: DEBUG neutron_lib.callbacks.manager [None req-086aafef-2bcf-4525-b130-2a63b7524f02 admin admin] Publish callbacks [] for router_gateway (8159224a-24c4-4fab-86b2-1b6eaa336602), before_create {{(pid=103792) _notify_loop /usr/local/lib/python3.8/dist-packages/neutron_lib/callbacks/manager.py:176}}
Jun 21 09:58:59.454501 dv-cinder-806605-4-smb neutron-server[103792]: DEBUG neutron_lib.callbacks.manager [None req-086aafef-2bcf-4525-b130-2a63b7524f02 admin admin] Publish callbacks ['neutron.plugins.ml2.plugin.SecurityGroupDbMixin._ensure_default_security_group_handler-3571414'] for port (None), before_create {{(pid=103792) _notify_loop /usr/local/lib/python3.8/dist-packages/neutron_lib/callbacks/manager.py:176}}
Jun 21 09:58:59.577744 dv-cinder-806605-4-smb neutron-server[103793]: DEBUG neutron.db.db_base_plugin_common [None req-5b95f171-7e48-4753-a18b-3d5550cfbba7 None None] Allocated IP 172.20.0.2 (5936828d-abd8-44a1-b649-8a9e113466c7/72cda5c9-57d5-456d-bdc8-0d4a8b6c5d1f/fb8b9473-6b59-4e4d-bd75-73ef8a65c55c) {{(pid=103793) _store_ip_allocation /opt/stack/neutron/neutron/db/db_base_plugin_common.py:131}}
Jun 21 09:58:59.638684 dv-cinder-806605-4-smb neutron-server[103792]: DEBUG neutron.wsgi [-] (103792) accepted ('10.222.0.44', 56108) {{(pid=103792) server /usr/local/lib/python3.8/dist-packages/eventlet/wsgi.py:1004}}
Jun 21 09:58:59.659051 dv-cinder-806605-4-smb neutron-server[103791]: DEBUG neutron.api.rpc.handlers.resources_rpc [None req-903afa72-8d8e-48d1-8adf-4b776680369a admin admin] Pushing event updated for resources: {'Port': ['ID=e91c0f64-70f0-4d62-b0d2-ebe7adf4a4de,revision_number=1']} {{(pid=103791) push /opt/stack/neutron/neutron/api/rpc/handlers/resources_rpc.py:237}}
Jun 21 09:58:59.710776 dv-cinder-806605-4-smb neutron-server[103793]: DEBUG neutron.db.provisioning_blocks [None req-2d10b967-42ca-4319-9f70-025f13917d9e None None] Provisioning complete for port e91c0f64-70f0-4d62-b0d2-ebe7adf4a4de triggered by entity DHCP. {{(pid=103793) provisioning_complete /opt/stack/neutron/neutron/db/provisioning_blocks.py:145}}
Jun 21 09:58:59.711351 dv-cinder-806605-4-smb neutron-server[103793]: DEBUG neutron_lib.callbacks.manager [None req-2d10b967-42ca-4319-9f70-025f13917d9e None None] Publish callbacks ['neutron.plugins.ml2.plugin.Ml2Plugin._port_provisioned-3643350'] for port (e91c0f64-70f0-4d62-b0d2-ebe7adf4a4de), provisioning_complete {{(pid=103793) _notify_loop /usr/local/lib/python3.8/dist-packages/neutron_lib/callbacks/manager.py:176}}
Jun 21 09:58:59.832048 dv-cinder-806605-4-smb neutron-server[103793]: DEBUG neutron.api.rpc.handlers.dhcp_rpc [None req-91636860-b1b4-4aa7-ae29-9bd9361fc3f7 None None] Create dhcp port {'port': {'name': '', 'admin_state_up': True, 'device_id': 'dhcp380946c2-2f9e-5fe8-8621-4712ea5f79ed-e8c38eca-c656-4952-b970-8ba4b81695f0', 'network_id': 'e8c38eca-c656-4952-b970-8ba4b81695f0', 'project_id': '0d4cd4fe4bcf4ca3a9003ac7b31abd73', 'fixed_ips': [{'subnet_id': '40f89d7e-84da-40b6-9f03-c6b9276693e0'}]}} from dv-cinder-806605-4-smb. {{(pid=103793) create_dhcp_port /opt/stack/neutron/neutron/api/rpc/handlers/dhcp_rpc.py:268}}
Jun 21 09:58:59.832048 dv-cinder-806605-4-smb neutron-server[103793]: DEBUG neutron_lib.callbacks.manager [None req-91636860-b1b4-4aa7-ae29-9bd9361fc3f7 None None] Publish callbacks ['neutron.plugins.ml2.plugin.SecurityGroupDbMixin._ensure_default_security_group_handler-3571414'] for port (None), before_create {{(pid=103793) _notify_loop /usr/local/lib/python3.8/dist-packages/neutron_lib/callbacks/manager.py:176}}
Jun 21 09:58:59.853443 dv-cinder-806605-4-smb neutron-server[103793]: DEBUG neutron.db.provisioning_blocks [None req-986ce6e3-42ee-4d29-b63a-c04f06c4cbf6 None None] Provisioning complete for port 06696485-c249-405b-b6ab-1760955651db triggered by entity L2. {{(pid=103793) provisioning_complete /opt/stack/neutron/neutron/db/provisioning_blocks.py:145}}
Jun 21 09:58:59.853813 dv-cinder-806605-4-smb neutron-server[103793]: DEBUG neutron_lib.callbacks.manager [None req-986ce6e3-42ee-4d29-b63a-c04f06c4cbf6 None None] Publish callbacks ['neutron.plugins.ml2.plugin.Ml2Plugin._port_provisioned-3643350'] for port (06696485-c249-405b-b6ab-1760955651db), provisioning_complete {{(pid=103793) _notify_loop /usr/local/lib/python3.8/dist-packages/neutron_lib/callbacks/manager.py:176}}
Jun 21 09:58:59.938274 dv-cinder-806605-4-smb neutron-server[103793]: DEBUG neutron.plugins.ml2.plugin [None req-2d10b967-42ca-4319-9f70-025f13917d9e None None] Port e91c0f64-70f0-4d62-b0d2-ebe7adf4a4de cannot update to ACTIVE because it is not bound. {{(pid=103793) _port_provisioned /opt/stack/neutron/neutron/plugins/ml2/plugin.py:348}}
Jun 21 09:58:59.977604 dv-cinder-806605-4-smb neutron-server[103792]: DEBUG neutron.db.db_base_plugin_common [None req-086aafef-2bcf-4525-b130-2a63b7524f02 admin admin] Allocated IP 172.28.1.132 (bdeb0723-732e-4c60-9d32-2132a0714376/21325305-15da-4c57-941c-7a43776b1355/2780095d-5614-4a7f-9603-24183baf1e5f) {{(pid=103792) _store_ip_allocation /opt/stack/neutron/neutron/db/db_base_plugin_common.py:131}}
Jun 21 09:59:00.229201 dv-cinder-806605-4-smb neutron-server[103792]: DEBUG dbcounter [-] [103792] Writing DB stats neutron:SELECT=85,neutron:INSERT=10,neutron:UPDATE=4,neutron:DELETE=1 {{(pid=103792) stat_writer /usr/local/lib/python3.8/dist-packages/dbcounter.py:114}}
Jun 21 09:59:00.235980 dv-cinder-806605-4-smb neutron-server[103792]: DEBUG neutron_lib.callbacks.manager [None req-393f00bf-655a-4ed2-909e-d09e1681bc76 admin admin] Publish callbacks [] for security_group (None), before_create {{(pid=103792) _notify_loop /usr/local/lib/python3.8/dist-packages/neutron_lib/callbacks/manager.py:176}}
Jun 21 09:59:00.258705 dv-cinder-806605-4-smb neutron-server[103793]: DEBUG neutron_lib.callbacks.manager [None req-5b95f171-7e48-4753-a18b-3d5550cfbba7 None None] Publish callbacks [] for port (fb8b9473-6b59-4e4d-bd75-73ef8a65c55c), precommit_create {{(pid=103793) _notify_loop /usr/local/lib/python3.8/dist-packages/neutron_lib/callbacks/manager.py:176}}
Jun 21 09:59:00.280980 dv-cinder-806605-4-smb neutron-server[103792]: DEBUG dbcounter [-] [103792] Writing DB stats neutron:SELECT=87,neutron:DELETE=3,neutron:INSERT=6,neutron:UPDATE=4 {{(pid=103792) stat_writer /usr/local/lib/python3.8/dist-packages/dbcounter.py:114}}
Jun 21 09:59:00.325671 dv-cinder-806605-4-smb neutron-server[103792]: DEBUG neutron_lib.callbacks.manager [None req-086aafef-2bcf-4525-b130-2a63b7524f02 admin admin] Publish callbacks [] for port (2780095d-5614-4a7f-9603-24183baf1e5f), precommit_create {{(pid=103792) _notify_loop /usr/local/lib/python3.8/dist-packages/neutron_lib/callbacks/manager.py:176}}
Jun 21 09:59:00.336088 dv-cinder-806605-4-smb neutron-server[103791]: DEBUG neutron_lib.callbacks.manager [None req-fb9bd1a6-5130-4057-bf60-0afb90e681ab admin admin] Publish callbacks ['neutron.plugins.ml2.ovo_rpc._ObjectChangeHandler.handle_event-460445', 'neutron.api.rpc.agentnotifiers.dhcp_rpc_agent_api.DhcpAgentNotifyAPI._native_event_send_dhcp_notification-3681816'] for subnet (3767fcf2-e94d-4392-92f7-8e36888c3e98), after_create {{(pid=103791) _notify_loop /usr/local/lib/python3.8/dist-packages/neutron_lib/callbacks/manager.py:176}}
Jun 21 09:59:00.349078 dv-cinder-806605-4-smb neutron-server[103793]: DEBUG neutron_lib.callbacks.manager [None req-5b95f171-7e48-4753-a18b-3d5550cfbba7 None None] Publish callbacks ['neutron.plugins.ml2.plugin.SecurityGroupServerNotifierRpcMixin._notify_sg_on_port_change-3571351', 'neutron.plugins.ml2.ovo_rpc._ObjectChangeHandler.handle_event-131474', 'neutron.api.rpc.agentnotifiers.dhcp_rpc_agent_api.DhcpAgentNotifyAPI._native_event_send_dhcp_notification-3681816', 'neutron.db.l3_dvrscheduler_db._notify_l3_agent_new_port-8733297511316'] for port (fb8b9473-6b59-4e4d-bd75-73ef8a65c55c), after_create {{(pid=103793) _notify_loop /usr/local/lib/python3.8/dist-packages/neutron_lib/callbacks/manager.py:176}}
Jun 21 09:59:00.369288 dv-cinder-806605-4-smb neutron-server[103791]: DEBUG dbcounter [-] [103791] Writing DB stats neutron:SELECT=89,neutron:INSERT=8,neutron:UPDATE=3 {{(pid=103791) stat_writer /usr/local/lib/python3.8/dist-packages/dbcounter.py:114}}
Jun 21 09:59:00.419478 dv-cinder-806605-4-smb neutron-server[103793]: DEBUG neutron.api.rpc.handlers.resources_rpc [None req-5b95f171-7e48-4753-a18b-3d5550cfbba7 None None] Pushing event updated for resources: {'Port': ['ID=fb8b9473-6b59-4e4d-bd75-73ef8a65c55c,revision_number=1']} {{(pid=103793) push /opt/stack/neutron/neutron/api/rpc/handlers/resources_rpc.py:237}}
Jun 21 09:59:00.452570 dv-cinder-806605-4-smb neutron-server[103793]: DEBUG dbcounter [-] [103793] Writing DB stats neutron:SELECT=94,neutron:UPDATE=4,neutron:INSERT=2 {{(pid=103793) stat_writer /usr/local/lib/python3.8/dist-packages/dbcounter.py:114}}
Jun 21 09:59:00.459758 dv-cinder-806605-4-smb neutron-server[103793]: DEBUG neutron.scheduler.dhcp_agent_scheduler [None req-5b95f171-7e48-4753-a18b-3d5550cfbba7 None None] Network 5936828d-abd8-44a1-b649-8a9e113466c7 is already hosted by enough agents. {{(pid=103793) _get_dhcp_agents_hosting_network /opt/stack/neutron/neutron/scheduler/dhcp_agent_scheduler.py:275}}
Jun 21 09:59:00.472594 dv-cinder-806605-4-smb neutron-server[103793]: DEBUG neutron.plugins.ml2.plugin [None req-986ce6e3-42ee-4d29-b63a-c04f06c4cbf6 None None] Current status of the port 06696485-c249-405b-b6ab-1760955651db is: ACTIVE; New status is: ACTIVE {{(pid=103793) _update_individual_port_db_status /opt/stack/neutron/neutron/plugins/ml2/plugin.py:2292}}
Jun 21 09:59:00.482243 dv-cinder-806605-4-smb neutron-server[103792]: DEBUG neutron_lib.callbacks.manager [None req-086aafef-2bcf-4525-b130-2a63b7524f02 admin admin] Publish callbacks ['neutron.plugins.ml2.plugin.SecurityGroupServerNotifierRpcMixin._notify_sg_on_port_change-3571351', 'neutron.plugins.ml2.ovo_rpc._ObjectChangeHandler.handle_event-131474', 'neutron.api.rpc.agentnotifiers.dhcp_rpc_agent_api.DhcpAgentNotifyAPI._native_event_send_dhcp_notification-3681816', 'neutron.db.l3_dvrscheduler_db._notify_l3_agent_new_port-8733297511316'] for port (2780095d-5614-4a7f-9603-24183baf1e5f), after_create {{(pid=103792) _notify_loop /usr/local/lib/python3.8/dist-packages/neutron_lib/callbacks/manager.py:176}}
Jun 21 09:59:00.483223 dv-cinder-806605-4-smb neutron-server[103793]: DEBUG neutron.scheduler.base_scheduler [None req-5b95f171-7e48-4753-a18b-3d5550cfbba7 None None] Resources bound (agent type, host, resource id): {{(pid=103793) schedule /opt/stack/neutron/neutron/scheduler/base_scheduler.py:57}}
Jun 21 09:59:00.487508 dv-cinder-806605-4-smb neutron-server[103793]: DEBUG neutron.db.l3_dvrscheduler_db [None req-5b95f171-7e48-4753-a18b-3d5550cfbba7 None None] Received port after_create {{(pid=103793) _notify_l3_agent_new_port /opt/stack/neutron/neutron/db/l3_dvrscheduler_db.py:542}}
Jun 21 09:59:00.494614 dv-cinder-806605-4-smb neutron-server[103793]: DEBUG neutron.db.db_base_plugin_common [None req-91636860-b1b4-4aa7-ae29-9bd9361fc3f7 None None] Allocated IP 172.20.0.2 (e8c38eca-c656-4952-b970-8ba4b81695f0/40f89d7e-84da-40b6-9f03-c6b9276693e0/44306872-2a61-4b0e-9a49-f2e97a21d9a8) {{(pid=103793) _store_ip_allocation /opt/stack/neutron/neutron/db/db_base_plugin_common.py:131}}
