Jun 21 09:58:50.542389 dv-cinder-806605-4-iscsi devstack@c-api.service[110518]: DEBUG cinder.api.openstack.wsgi [None req-9f4a4454-6ba7-4006-b04b-9133cedac176 tempest-SnapshotsActionsTest-631213096 tempest-SnapshotsActionsTest-631213096-project] Calling method 'show' {{(pid=110518) _process_stack /opt/stack/cinder/cinder/api/openstack/wsgi.py:868}}
Jun 21 09:58:50.570510 dv-cinder-806605-4-iscsi devstack@c-api.service[110518]: /usr/local/lib/python3.8/dist-packages/oslo_context/context.py:100: DeprecationWarning: Policy enforcement is depending on the value of is_admin. This key is deprecated. Please update your policy file to use the standard policy values.
Jun 21 09:58:50.570510 dv-cinder-806605-4-iscsi devstack@c-api.service[110518]: warnings.warn('Policy enforcement is depending on the value of '
Jun 21 09:58:50.572167 dv-cinder-806605-4-iscsi devstack@c-api.service[110518]: INFO cinder.volume.api [None req-9f4a4454-6ba7-4006-b04b-9133cedac176 tempest-SnapshotsActionsTest-631213096 tempest-SnapshotsActionsTest-631213096-project] Snapshot retrieved successfully.
Jun 21 09:58:50.580495 dv-cinder-806605-4-iscsi devstack@c-api.service[110518]: INFO cinder.api.openstack.wsgi [None req-9f4a4454-6ba7-4006-b04b-9133cedac176 tempest-SnapshotsActionsTest-631213096 tempest-SnapshotsActionsTest-631213096-project] http://10.222.0.36/volume/v3/c318c218694943beb3fc66dfb262ee5f/snapshots/3d1c70e0-7bda-423b-be5b-fee1bbcaad1a returned with HTTP 200
Jun 21 09:58:50.593496 dv-cinder-806605-4-iscsi devstack@c-api.service[110517]: /usr/local/lib/python3.8/dist-packages/oslo_context/context.py:100: DeprecationWarning: Policy enforcement is depending on the value of is_admin. This key is deprecated. Please update your policy file to use the standard policy values.
Jun 21 09:58:50.593496 dv-cinder-806605-4-iscsi devstack@c-api.service[110517]: warnings.warn('Policy enforcement is depending on the value of '
Jun 21 09:58:50.595354 dv-cinder-806605-4-iscsi devstack@c-api.service[110518]: [pid: 110518|app: 0|req: 24/45] 10.222.0.36 () {58 vars in 1330 bytes} [Tue Jun 21 09:58:50 2022] GET /volume/v3/c318c218694943beb3fc66dfb262ee5f/snapshots/3d1c70e0-7bda-423b-be5b-fee1bbcaad1a => generated 464 bytes in 69 msecs (HTTP/1.1 200) 7 headers in 285 bytes (1 switches on core 0)
Jun 21 09:58:50.597093 dv-cinder-806605-4-iscsi devstack@c-api.service[110518]: DEBUG cinder.api.middleware.request_id [None req-054f98f3-6c8c-4d10-8725-390c235c6db0 None None] RequestId filter calling following filter/app {{(pid=110518) _context_setter /opt/stack/cinder/cinder/api/middleware/request_id.py:62}}
Jun 21 09:58:50.603757 dv-cinder-806605-4-iscsi devstack@c-api.service[110518]: INFO cinder.api.openstack.wsgi [None req-054f98f3-6c8c-4d10-8725-390c235c6db0 tempest-SnapshotsActionsTest-320844850 tempest-SnapshotsActionsTest-320844850-project-admin] POST http://10.222.0.36/volume/v3/09a08f64ea5e459dab1374f10ccc1e13/snapshots/3d1c70e0-7bda-423b-be5b-fee1bbcaad1a/action
Jun 21 09:58:50.605042 dv-cinder-806605-4-iscsi devstack@c-api.service[110518]: DEBUG cinder.api.openstack.wsgi [None req-054f98f3-6c8c-4d10-8725-390c235c6db0 tempest-SnapshotsActionsTest-320844850 tempest-SnapshotsActionsTest-320844850-project-admin] Action body: b'{"os-reset_status": {"status": "available"}}' {{(pid=110518) get_method /opt/stack/cinder/cinder/api/openstack/wsgi.py:983}}
Jun 21 09:58:50.605622 dv-cinder-806605-4-iscsi devstack@c-api.service[110518]: DEBUG cinder.api.openstack.wsgi [None req-054f98f3-6c8c-4d10-8725-390c235c6db0 tempest-SnapshotsActionsTest-320844850 tempest-SnapshotsActionsTest-320844850-project-admin] Action: 'action', calling method: _reset_status, body: {"os-reset_status": {"status": "available"}} {{(pid=110518) _process_stack /opt/stack/cinder/cinder/api/openstack/wsgi.py:866}}
Jun 21 09:58:50.606653 dv-cinder-806605-4-iscsi devstack@c-api.service[110518]: DEBUG cinder.api.contrib.admin_actions [None req-054f98f3-6c8c-4d10-8725-390c235c6db0 tempest-SnapshotsActionsTest-320844850 tempest-SnapshotsActionsTest-320844850-project-admin] Updating snapshot '3d1c70e0-7bda-423b-be5b-fee1bbcaad1a' with '{'status': 'available'}' {{(pid=110518) _reset_status /opt/stack/cinder/cinder/api/contrib/admin_actions.py:100}}
Jun 21 09:58:50.633469 dv-cinder-806605-4-iscsi devstack@c-api.service[110518]: /usr/local/lib/python3.8/dist-packages/oslo_context/context.py:100: DeprecationWarning: Policy enforcement is depending on the value of is_admin. This key is deprecated. Please update your policy file to use the standard policy values.
Jun 21 09:58:50.633469 dv-cinder-806605-4-iscsi devstack@c-api.service[110518]: warnings.warn('Policy enforcement is depending on the value of '
Jun 21 09:58:50.643257 dv-cinder-806605-4-iscsi devstack@c-api.service[110517]: WARNING cinder.quota [None req-1cdb2a0e-593d-4034-a18e-0bfa149852de tempest-GroupSnapshotsV319Test-851408024 tempest-GroupSnapshotsV319Test-851408024-project] Deprecated: Default quota for resource: snapshots_tempest-GroupSnapshotsV319Test-volume-type-1466631648 is set by the default quota flag: quota_snapshots_tempest-GroupSnapshotsV319Test-volume-type-1466631648, it is now deprecated. Please use the default quota class for default quota.
Jun 21 09:58:50.673895 dv-cinder-806605-4-iscsi devstack@c-api.service[110518]: INFO cinder.api.openstack.wsgi [None req-054f98f3-6c8c-4d10-8725-390c235c6db0 tempest-SnapshotsActionsTest-320844850 tempest-SnapshotsActionsTest-320844850-project-admin] http://10.222.0.36/volume/v3/09a08f64ea5e459dab1374f10ccc1e13/snapshots/3d1c70e0-7bda-423b-be5b-fee1bbcaad1a/action returned with HTTP 202
Jun 21 09:58:50.677941 dv-cinder-806605-4-iscsi devstack@c-api.service[110518]: [pid: 110518|app: 0|req: 25/46] 10.222.0.36 () {60 vars in 1372 bytes} [Tue Jun 21 09:58:50 2022] POST /volume/v3/09a08f64ea5e459dab1374f10ccc1e13/snapshots/3d1c70e0-7bda-423b-be5b-fee1bbcaad1a/action => generated 0 bytes in 79 msecs (HTTP/1.1 202) 7 headers in 289 bytes (1 switches on core 0)
Jun 21 09:58:50.682658 dv-cinder-806605-4-iscsi devstack@c-api.service[110518]: DEBUG cinder.api.middleware.request_id [None req-8565d325-f0b3-4ba1-b2d1-46c28fe8a801 None None] RequestId filter calling following filter/app {{(pid=110518) _context_setter /opt/stack/cinder/cinder/api/middleware/request_id.py:62}}
Jun 21 09:58:50.690140 dv-cinder-806605-4-iscsi devstack@c-api.service[110518]: INFO cinder.api.openstack.wsgi [None req-8565d325-f0b3-4ba1-b2d1-46c28fe8a801 tempest-SnapshotsActionsTest-631213096 tempest-SnapshotsActionsTest-631213096-project] GET http://10.222.0.36/volume/v3/c318c218694943beb3fc66dfb262ee5f/snapshots/3d1c70e0-7bda-423b-be5b-fee1bbcaad1a
Jun 21 09:58:50.692525 dv-cinder-806605-4-iscsi devstack@c-api.service[110518]: DEBUG cinder.api.openstack.wsgi [None req-8565d325-f0b3-4ba1-b2d1-46c28fe8a801 tempest-SnapshotsActionsTest-631213096 tempest-SnapshotsActionsTest-631213096-project] Empty body provided in request {{(pid=110518) get_body /opt/stack/cinder/cinder/api/openstack/wsgi.py:715}}
Jun 21 09:58:50.693616 dv-cinder-806605-4-iscsi devstack@c-api.service[110518]: DEBUG cinder.api.openstack.wsgi [None req-8565d325-f0b3-4ba1-b2d1-46c28fe8a801 tempest-SnapshotsActionsTest-631213096 tempest-SnapshotsActionsTest-631213096-project] Calling method 'show' {{(pid=110518) _process_stack /opt/stack/cinder/cinder/api/openstack/wsgi.py:868}}
Jun 21 09:58:50.709551 dv-cinder-806605-4-iscsi devstack@c-api.service[110518]: /usr/local/lib/python3.8/dist-packages/oslo_context/context.py:100: DeprecationWarning: Policy enforcement is depending on the value of is_admin. This key is deprecated. Please update your policy file to use the standard policy values.
Jun 21 09:58:50.709551 dv-cinder-806605-4-iscsi devstack@c-api.service[110518]: warnings.warn('Policy enforcement is depending on the value of '
Jun 21 09:58:50.711343 dv-cinder-806605-4-iscsi devstack@c-api.service[110518]: INFO cinder.volume.api [None req-8565d325-f0b3-4ba1-b2d1-46c28fe8a801 tempest-SnapshotsActionsTest-631213096 tempest-SnapshotsActionsTest-631213096-project] Snapshot retrieved successfully.
Jun 21 09:58:50.723762 dv-cinder-806605-4-iscsi devstack@c-api.service[110518]: INFO cinder.api.openstack.wsgi [None req-8565d325-f0b3-4ba1-b2d1-46c28fe8a801 tempest-SnapshotsActionsTest-631213096 tempest-SnapshotsActionsTest-631213096-project] http://10.222.0.36/volume/v3/c318c218694943beb3fc66dfb262ee5f/snapshots/3d1c70e0-7bda-423b-be5b-fee1bbcaad1a returned with HTTP 200
Jun 21 09:58:50.727722 dv-cinder-806605-4-iscsi devstack@c-api.service[110517]: DEBUG cinder.quota [None req-1cdb2a0e-593d-4034-a18e-0bfa149852de tempest-GroupSnapshotsV319Test-851408024 tempest-GroupSnapshotsV319Test-851408024-project] Created reservations ['fa2be631-7230-40e8-9ab4-6b690010b261', '393d130f-9b1d-41ec-b5aa-b8cb821174e5', '96192a70-5fc4-484e-8bf3-0fc910f68725', '3a896a58-6984-47ea-875a-b47aa6d4a64a'] {{(pid=110517) reserve /opt/stack/cinder/cinder/quota.py:755}}
Jun 21 09:58:50.733469 dv-cinder-806605-4-iscsi devstack@c-api.service[110518]: [pid: 110518|app: 0|req: 26/47] 10.222.0.36 () {58 vars in 1330 bytes} [Tue Jun 21 09:58:50 2022] GET /volume/v3/c318c218694943beb3fc66dfb262ee5f/snapshots/3d1c70e0-7bda-423b-be5b-fee1bbcaad1a => generated 465 bytes in 54 msecs (HTTP/1.1 200) 7 headers in 285 bytes (1 switches on core 0)
Jun 21 09:58:50.735578 dv-cinder-806605-4-iscsi devstack@c-api.service[110518]: DEBUG cinder.api.middleware.request_id [None req-42e7c814-6ab1-4bf3-8dfb-949079adfb64 None None] RequestId filter calling following filter/app {{(pid=110518) _context_setter /opt/stack/cinder/cinder/api/middleware/request_id.py:62}}
Jun 21 09:58:50.742175 dv-cinder-806605-4-iscsi devstack@c-api.service[110518]: INFO cinder.api.openstack.wsgi [None req-42e7c814-6ab1-4bf3-8dfb-949079adfb64 tempest-SnapshotsActionsTest-631213096 tempest-SnapshotsActionsTest-631213096-project] POST http://10.222.0.36/volume/v3/c318c218694943beb3fc66dfb262ee5f/snapshots
Jun 21 09:58:50.743712 dv-cinder-806605-4-iscsi devstack@c-api.service[110518]: DEBUG cinder.api.openstack.wsgi [None req-42e7c814-6ab1-4bf3-8dfb-949079adfb64 tempest-SnapshotsActionsTest-631213096 tempest-SnapshotsActionsTest-631213096-project] Action: 'create', calling method: create, body: {"snapshot": {"volume_id": "d6da8086-c96e-4acd-997f-aaad55beb5a8", "name": "tempest-SnapshotsActionsTest-Snapshot-1256709008"}} {{(pid=110518) _process_stack /opt/stack/cinder/cinder/api/openstack/wsgi.py:866}}
Jun 21 09:58:50.761462 dv-cinder-806605-4-iscsi devstack@c-api.service[110518]: /usr/local/lib/python3.8/dist-packages/oslo_context/context.py:100: DeprecationWarning: Policy enforcement is depending on the value of is_admin. This key is deprecated. Please update your policy file to use the standard policy values.
Jun 21 09:58:50.761462 dv-cinder-806605-4-iscsi devstack@c-api.service[110518]: warnings.warn('Policy enforcement is depending on the value of '
Jun 21 09:58:50.763039 dv-cinder-806605-4-iscsi devstack@c-api.service[110518]: INFO cinder.volume.api [None req-42e7c814-6ab1-4bf3-8dfb-949079adfb64 tempest-SnapshotsActionsTest-631213096 tempest-SnapshotsActionsTest-631213096-project] Volume info retrieved successfully.
Jun 21 09:58:50.763726 dv-cinder-806605-4-iscsi devstack@c-api.service[110518]: INFO cinder.api.v3.snapshots [None req-42e7c814-6ab1-4bf3-8dfb-949079adfb64 tempest-SnapshotsActionsTest-631213096 tempest-SnapshotsActionsTest-631213096-project] Create snapshot from volume d6da8086-c96e-4acd-997f-aaad55beb5a8
Jun 21 09:58:50.881744 dv-cinder-806605-4-iscsi devstack@c-api.service[110517]: INFO cinder.api.openstack.wsgi [None req-1cdb2a0e-593d-4034-a18e-0bfa149852de tempest-GroupSnapshotsV319Test-851408024 tempest-GroupSnapshotsV319Test-851408024-project] http://10.222.0.36/volume/v3/a588f559b8fa49689e99cf4e2c42c1fb/group_snapshots returned with HTTP 202
Jun 21 09:58:50.882573 dv-cinder-806605-4-iscsi devstack@c-api.service[110517]: [pid: 110517|app: 0|req: 22/48] 10.222.0.36 () {62 vars in 1300 bytes} [Tue Jun 21 09:58:50 2022] POST /volume/v3/a588f559b8fa49689e99cf4e2c42c1fb/group_snapshots => generated 190 bytes in 450 msecs (HTTP/1.1 202) 7 headers in 292 bytes (2 switches on core 0)
Jun 21 09:58:50.889826 dv-cinder-806605-4-iscsi devstack@c-api.service[110517]: DEBUG cinder.api.middleware.request_id [None req-f02fb98c-30a1-477b-bce1-6b014317bb66 None None] RequestId filter calling following filter/app {{(pid=110517) _context_setter /opt/stack/cinder/cinder/api/middleware/request_id.py:62}}
Jun 21 09:58:50.896015 dv-cinder-806605-4-iscsi devstack@c-api.service[110517]: INFO cinder.api.openstack.wsgi [None req-f02fb98c-30a1-477b-bce1-6b014317bb66 tempest-GroupSnapshotsV319Test-851408024 tempest-GroupSnapshotsV319Test-851408024-project] GET http://10.222.0.36/volume/v3/a588f559b8fa49689e99cf4e2c42c1fb/group_snapshots/d2eb2de2-73ea-4c83-8cd8-8cd9c43f0846
Jun 21 09:58:50.896520 dv-cinder-806605-4-iscsi devstack@c-api.service[110517]: DEBUG cinder.api.openstack.wsgi [None req-f02fb98c-30a1-477b-bce1-6b014317bb66 tempest-GroupSnapshotsV319Test-851408024 tempest-GroupSnapshotsV319Test-851408024-project] Empty body provided in request {{(pid=110517) get_body /opt/stack/cinder/cinder/api/openstack/wsgi.py:715}}
Jun 21 09:58:50.897946 dv-cinder-806605-4-iscsi devstack@c-api.service[110518]: DEBUG cinder.quota [None req-42e7c814-6ab1-4bf3-8dfb-949079adfb64 tempest-SnapshotsActionsTest-631213096 tempest-SnapshotsActionsTest-631213096-project] Created reservations ['1acbacf4-167e-4516-9530-2ec33a9b53db', '248ab41c-5ac5-4e77-80f8-7554d4009dd4', 'd6b584e4-c482-4f76-a9e3-2ed70b9da44b', '7df337aa-45c9-464d-b2b8-9793006bd525'] {{(pid=110518) reserve /opt/stack/cinder/cinder/quota.py:755}}
Jun 21 09:58:50.898615 dv-cinder-806605-4-iscsi devstack@c-api.service[110517]: DEBUG cinder.api.openstack.wsgi [None req-f02fb98c-30a1-477b-bce1-6b014317bb66 tempest-GroupSnapshotsV319Test-851408024 tempest-GroupSnapshotsV319Test-851408024-project] Calling method 'version_select' {{(pid=110517) _process_stack /opt/stack/cinder/cinder/api/openstack/wsgi.py:868}}
Jun 21 09:58:50.899127 dv-cinder-806605-4-iscsi devstack@c-api.service[110517]: DEBUG cinder.api.v3.group_snapshots [None req-f02fb98c-30a1-477b-bce1-6b014317bb66 tempest-GroupSnapshotsV319Test-851408024 tempest-GroupSnapshotsV319Test-851408024-project] show called for member d2eb2de2-73ea-4c83-8cd8-8cd9c43f0846 {{(pid=110517) show /opt/stack/cinder/cinder/api/v3/group_snapshots.py:58}}
Jun 21 09:58:50.913743 dv-cinder-806605-4-iscsi devstack@c-api.service[110517]: /usr/local/lib/python3.8/dist-packages/oslo_context/context.py:100: DeprecationWarning: Policy enforcement is depending on the value of is_admin. This key is deprecated. Please update your policy file to use the standard policy values.
Jun 21 09:58:50.913743 dv-cinder-806605-4-iscsi devstack@c-api.service[110517]: warnings.warn('Policy enforcement is depending on the value of '
Jun 21 09:58:50.928059 dv-cinder-806605-4-iscsi devstack@c-api.service[110517]: INFO cinder.api.openstack.wsgi [None req-f02fb98c-30a1-477b-bce1-6b014317bb66 tempest-GroupSnapshotsV319Test-851408024 tempest-GroupSnapshotsV319Test-851408024-project] http://10.222.0.36/volume/v3/a588f559b8fa49689e99cf4e2c42c1fb/group_snapshots/d2eb2de2-73ea-4c83-8cd8-8cd9c43f0846 returned with HTTP 200
Jun 21 09:58:50.928836 dv-cinder-806605-4-iscsi devstack@c-api.service[110517]: [pid: 110517|app: 0|req: 23/49] 10.222.0.36 () {60 vars in 1389 bytes} [Tue Jun 21 09:58:50 2022] GET /volume/v3/a588f559b8fa49689e99cf4e2c42c1fb/group_snapshots/d2eb2de2-73ea-4c83-8cd8-8cd9c43f0846 => generated 329 bytes in 40 msecs (HTTP/1.1 200) 7 headers in 286 bytes (2 switches on core 0)
Jun 21 09:58:51.018452 dv-cinder-806605-4-iscsi devstack@c-api.service[110518]: INFO cinder.volume.api [None req-42e7c814-6ab1-4bf3-8dfb-949079adfb64 tempest-SnapshotsActionsTest-631213096 tempest-SnapshotsActionsTest-631213096-project] Snapshot create request issued successfully.
Jun 21 09:58:51.019159 dv-cinder-806605-4-iscsi devstack@c-api.service[110518]: INFO cinder.api.openstack.wsgi [None req-42e7c814-6ab1-4bf3-8dfb-949079adfb64 tempest-SnapshotsActionsTest-631213096 tempest-SnapshotsActionsTest-631213096-project] http://10.222.0.36/volume/v3/c318c218694943beb3fc66dfb262ee5f/snapshots returned with HTTP 202
Jun 21 09:58:51.020005 dv-cinder-806605-4-iscsi devstack@c-api.service[110518]: [pid: 110518|app: 0|req: 27/50] 10.222.0.36 () {60 vars in 1241 bytes} [Tue Jun 21 09:58:50 2022] POST /volume/v3/c318c218694943beb3fc66dfb262ee5f/snapshots => generated 307 bytes in 286 msecs (HTTP/1.1 202) 7 headers in 291 bytes (1 switches on core 0)
Jun 21 09:58:51.026600 dv-cinder-806605-4-iscsi devstack@c-api.service[110517]: DEBUG cinder.api.middleware.request_id [None req-a8dbc414-0863-41cd-9b72-cc03649e0009 None None] RequestId filter calling following filter/app {{(pid=110517) _context_setter /opt/stack/cinder/cinder/api/middleware/request_id.py:62}}
Jun 21 09:58:51.030632 dv-cinder-806605-4-iscsi devstack@c-api.service[110517]: INFO cinder.api.openstack.wsgi [None req-a8dbc414-0863-41cd-9b72-cc03649e0009 tempest-SnapshotsActionsTest-631213096 tempest-SnapshotsActionsTest-631213096-project] GET http://10.222.0.36/volume/v3/c318c218694943beb3fc66dfb262ee5f/snapshots/690a25c8-236d-4640-b3e3-7521535fe77f
Jun 21 09:58:51.031094 dv-cinder-806605-4-iscsi devstack@c-api.service[110517]: DEBUG cinder.api.openstack.wsgi [None req-a8dbc414-0863-41cd-9b72-cc03649e0009 tempest-SnapshotsActionsTest-631213096 tempest-SnapshotsActionsTest-631213096-project] Empty body provided in request {{(pid=110517) get_body /opt/stack/cinder/cinder/api/openstack/wsgi.py:715}}
Jun 21 09:58:51.031560 dv-cinder-806605-4-iscsi devstack@c-api.service[110517]: DEBUG cinder.api.openstack.wsgi [None req-a8dbc414-0863-41cd-9b72-cc03649e0009 tempest-SnapshotsActionsTest-631213096 tempest-SnapshotsActionsTest-631213096-project] Calling method 'show' {{(pid=110517) _process_stack /opt/stack/cinder/cinder/api/openstack/wsgi.py:868}}
Jun 21 09:58:51.054084 dv-cinder-806605-4-iscsi devstack@c-api.service[110517]: /usr/local/lib/python3.8/dist-packages/oslo_context/context.py:100: DeprecationWarning: Policy enforcement is depending on the value of is_admin. This key is deprecated. Please update your policy file to use the standard policy values.
Jun 21 09:58:51.054084 dv-cinder-806605-4-iscsi devstack@c-api.service[110517]: warnings.warn('Policy enforcement is depending on the value of '
Jun 21 09:58:51.055106 dv-cinder-806605-4-iscsi devstack@c-api.service[110517]: INFO cinder.volume.api [None req-a8dbc414-0863-41cd-9b72-cc03649e0009 tempest-SnapshotsActionsTest-631213096 tempest-SnapshotsActionsTest-631213096-project] Snapshot retrieved successfully.
Jun 21 09:58:51.057608 dv-cinder-806605-4-iscsi devstack@c-api.service[110517]: INFO cinder.api.openstack.wsgi [None req-a8dbc414-0863-41cd-9b72-cc03649e0009 tempest-SnapshotsActionsTest-631213096 tempest-SnapshotsActionsTest-631213096-project] http://10.222.0.36/volume/v3/c318c218694943beb3fc66dfb262ee5f/snapshots/690a25c8-236d-4640-b3e3-7521535fe77f returned with HTTP 200
Jun 21 09:58:51.058592 dv-cinder-806605-4-iscsi devstack@c-api.service[110517]: [pid: 110517|app: 0|req: 24/51] 10.222.0.36 () {58 vars in 1330 bytes} [Tue Jun 21 09:58:51 2022] GET /volume/v3/c318c218694943beb3fc66dfb262ee5f/snapshots/690a25c8-236d-4640-b3e3-7521535fe77f => generated 439 bytes in 33 msecs (HTTP/1.1 200) 7 headers in 285 bytes (1 switches on core 0)
Jun 21 09:58:51.938254 dv-cinder-806605-4-iscsi devstack@c-api.service[110518]: DEBUG cinder.api.middleware.request_id [None req-77dbf7b5-1020-4a0c-aa21-6191f5afcb25 None None] RequestId filter calling following filter/app {{(pid=110518) _context_setter /opt/stack/cinder/cinder/api/middleware/request_id.py:62}}
Jun 21 09:58:51.943004 dv-cinder-806605-4-iscsi devstack@c-api.service[110518]: INFO cinder.api.openstack.wsgi [None req-77dbf7b5-1020-4a0c-aa21-6191f5afcb25 tempest-GroupSnapshotsV319Test-851408024 tempest-GroupSnapshotsV319Test-851408024-project] GET http://10.222.0.36/volume/v3/a588f559b8fa49689e99cf4e2c42c1fb/group_snapshots/d2eb2de2-73ea-4c83-8cd8-8cd9c43f0846
Jun 21 09:58:51.943516 dv-cinder-806605-4-iscsi devstack@c-api.service[110518]: DEBUG cinder.api.openstack.wsgi [None req-77dbf7b5-1020-4a0c-aa21-6191f5afcb25 tempest-GroupSnapshotsV319Test-851408024 tempest-GroupSnapshotsV319Test-851408024-project] Empty body provided in request {{(pid=110518) get_body /opt/stack/cinder/cinder/api/openstack/wsgi.py:715}}
Jun 21 09:58:51.944019 dv-cinder-806605-4-iscsi devstack@c-api.service[110518]: DEBUG cinder.api.openstack.wsgi [None req-77dbf7b5-1020-4a0c-aa21-6191f5afcb25 tempest-GroupSnapshotsV319Test-851408024 tempest-GroupSnapshotsV319Test-851408024-project] Calling method 'version_select' {{(pid=110518) _process_stack /opt/stack/cinder/cinder/api/openstack/wsgi.py:868}}
Jun 21 09:58:51.944363 dv-cinder-806605-4-iscsi devstack@c-api.service[110518]: DEBUG cinder.api.v3.group_snapshots [None req-77dbf7b5-1020-4a0c-aa21-6191f5afcb25 tempest-GroupSnapshotsV319Test-851408024 tempest-GroupSnapshotsV319Test-851408024-project] show called for member d2eb2de2-73ea-4c83-8cd8-8cd9c43f0846 {{(pid=110518) show /opt/stack/cinder/cinder/api/v3/group_snapshots.py:58}}
Jun 21 09:58:51.978722 dv-cinder-806605-4-iscsi devstack@c-api.service[110518]: /usr/local/lib/python3.8/dist-packages/oslo_context/context.py:100: DeprecationWarning: Policy enforcement is depending on the value of is_admin. This key is deprecated. Please update your policy file to use the standard policy values.
Jun 21 09:58:51.978722 dv-cinder-806605-4-iscsi devstack@c-api.service[110518]: warnings.warn('Policy enforcement is depending on the value of '
Jun 21 09:58:52.000540 dv-cinder-806605-4-iscsi devstack@c-api.service[110518]: INFO cinder.api.openstack.wsgi [None req-77dbf7b5-1020-4a0c-aa21-6191f5afcb25 tempest-GroupSnapshotsV319Test-851408024 tempest-GroupSnapshotsV319Test-851408024-project] http://10.222.0.36/volume/v3/a588f559b8fa49689e99cf4e2c42c1fb/group_snapshots/d2eb2de2-73ea-4c83-8cd8-8cd9c43f0846 returned with HTTP 200
Jun 21 09:58:52.005847 dv-cinder-806605-4-iscsi devstack@c-api.service[110518]: [pid: 110518|app: 0|req: 28/52] 10.222.0.36 () {60 vars in 1389 bytes} [Tue Jun 21 09:58:51 2022] GET /volume/v3/a588f559b8fa49689e99cf4e2c42c1fb/group_snapshots/d2eb2de2-73ea-4c83-8cd8-8cd9c43f0846 => generated 329 bytes in 69 msecs (HTTP/1.1 200) 7 headers in 286 bytes (1 switches on core 0)
Jun 21 09:58:52.065960 dv-cinder-806605-4-iscsi devstack@c-api.service[110517]: DEBUG cinder.api.middleware.request_id [None req-6684437e-5bb0-4402-859d-54a196dd5f81 None None] RequestId filter calling following filter/app {{(pid=110517) _context_setter /opt/stack/cinder/cinder/api/middleware/request_id.py:62}}
Jun 21 09:58:52.070823 dv-cinder-806605-4-iscsi devstack@c-api.service[110517]: INFO cinder.api.openstack.wsgi [None req-6684437e-5bb0-4402-859d-54a196dd5f81 tempest-SnapshotsActionsTest-631213096 tempest-SnapshotsActionsTest-631213096-project] GET http://10.222.0.36/volume/v3/c318c218694943beb3fc66dfb262ee5f/snapshots/690a25c8-236d-4640-b3e3-7521535fe77f
Jun 21 09:58:52.071287 dv-cinder-806605-4-iscsi devstack@c-api.service[110517]: DEBUG cinder.api.openstack.wsgi [None req-6684437e-5bb0-4402-859d-54a196dd5f81 tempest-SnapshotsActionsTest-631213096 tempest-SnapshotsActionsTest-631213096-project] Empty body provided in request {{(pid=110517) get_body /opt/stack/cinder/cinder/api/openstack/wsgi.py:715}}
Jun 21 09:58:52.072431 dv-cinder-806605-4-iscsi devstack@c-api.service[110517]: DEBUG cinder.api.openstack.wsgi [None req-6684437e-5bb0-4402-859d-54a196dd5f81 tempest-SnapshotsActionsTest-631213096 tempest-SnapshotsActionsTest-631213096-project] Calling method 'show' {{(pid=110517) _process_stack /opt/stack/cinder/cinder/api/openstack/wsgi.py:868}}
Jun 21 09:58:52.113196 dv-cinder-806605-4-iscsi devstack@c-api.service[110517]: /usr/local/lib/python3.8/dist-packages/oslo_context/context.py:100: DeprecationWarning: Policy enforcement is depending on the value of is_admin. This key is deprecated. Please update your policy file to use the standard policy values.
Jun 21 09:58:52.113196 dv-cinder-806605-4-iscsi devstack@c-api.service[110517]: warnings.warn('Policy enforcement is depending on the value of '
Jun 21 09:58:52.115050 dv-cinder-806605-4-iscsi devstack@c-api.service[110517]: INFO cinder.volume.api [None req-6684437e-5bb0-4402-859d-54a196dd5f81 tempest-SnapshotsActionsTest-631213096 tempest-SnapshotsActionsTest-631213096-project] Snapshot retrieved successfully.
Jun 21 09:58:52.117103 dv-cinder-806605-4-iscsi devstack@c-api.service[110517]: INFO cinder.api.openstack.wsgi [None req-6684437e-5bb0-4402-859d-54a196dd5f81 tempest-SnapshotsActionsTest-631213096 tempest-SnapshotsActionsTest-631213096-project] http://10.222.0.36/volume/v3/c318c218694943beb3fc66dfb262ee5f/snapshots/690a25c8-236d-4640-b3e3-7521535fe77f returned with HTTP 200
Jun 21 09:58:52.119765 dv-cinder-806605-4-iscsi devstack@c-api.service[110517]: [pid: 110517|app: 0|req: 25/53] 10.222.0.36 () {58 vars in 1330 bytes} [Tue Jun 21 09:58:52 2022] GET /volume/v3/c318c218694943beb3fc66dfb262ee5f/snapshots/690a25c8-236d-4640-b3e3-7521535fe77f => generated 439 bytes in 55 msecs (HTTP/1.1 200) 7 headers in 285 bytes (1 switches on core 0)
Jun 21 09:58:53.014683 dv-cinder-806605-4-iscsi devstack@c-api.service[110518]: DEBUG cinder.api.middleware.request_id [None req-9dbaa130-3fd0-4a5f-ab9b-22f7cbb68ff2 None None] RequestId filter calling following filter/app {{(pid=110518) _context_setter /opt/stack/cinder/cinder/api/middleware/request_id.py:62}}
Jun 21 09:58:53.022482 dv-cinder-806605-4-iscsi devstack@c-api.service[110518]: INFO cinder.api.openstack.wsgi [None req-9dbaa130-3fd0-4a5f-ab9b-22f7cbb68ff2 tempest-GroupSnapshotsV319Test-851408024 tempest-GroupSnapshotsV319Test-851408024-project] GET http://10.222.0.36/volume/v3/a588f559b8fa49689e99cf4e2c42c1fb/group_snapshots/d2eb2de2-73ea-4c83-8cd8-8cd9c43f0846
Jun 21 09:58:53.023207 dv-cinder-806605-4-iscsi devstack@c-api.service[110518]: DEBUG cinder.api.openstack.wsgi [None req-9dbaa130-3fd0-4a5f-ab9b-22f7cbb68ff2 tempest-GroupSnapshotsV319Test-851408024 tempest-GroupSnapshotsV319Test-851408024-project] Empty body provided in request {{(pid=110518) get_body /opt/stack/cinder/cinder/api/openstack/wsgi.py:715}}
Jun 21 09:58:53.023879 dv-cinder-806605-4-iscsi devstack@c-api.service[110518]: DEBUG cinder.api.openstack.wsgi [None req-9dbaa130-3fd0-4a5f-ab9b-22f7cbb68ff2 tempest-GroupSnapshotsV319Test-851408024 tempest-GroupSnapshotsV319Test-851408024-project] Calling method 'version_select' {{(pid=110518) _process_stack /opt/stack/cinder/cinder/api/openstack/wsgi.py:868}}
Jun 21 09:58:53.025601 dv-cinder-806605-4-iscsi devstack@c-api.service[110518]: DEBUG cinder.api.v3.group_snapshots [None req-9dbaa130-3fd0-4a5f-ab9b-22f7cbb68ff2 tempest-GroupSnapshotsV319Test-851408024 tempest-GroupSnapshotsV319Test-851408024-project] show called for member d2eb2de2-73ea-4c83-8cd8-8cd9c43f0846 {{(pid=110518) show /opt/stack/cinder/cinder/api/v3/group_snapshots.py:58}}
Jun 21 09:58:53.043323 dv-cinder-806605-4-iscsi devstack@c-api.service[110518]: /usr/local/lib/python3.8/dist-packages/oslo_context/context.py:100: DeprecationWarning: Policy enforcement is depending on the value of is_admin. This key is deprecated. Please update your policy file to use the standard policy values.
Jun 21 09:58:53.043323 dv-cinder-806605-4-iscsi devstack@c-api.service[110518]: warnings.warn('Policy enforcement is depending on the value of '
Jun 21 09:58:53.068445 dv-cinder-806605-4-iscsi devstack@c-api.service[110518]: INFO cinder.api.openstack.wsgi [None req-9dbaa130-3fd0-4a5f-ab9b-22f7cbb68ff2 tempest-GroupSnapshotsV319Test-851408024 tempest-GroupSnapshotsV319Test-851408024-project] http://10.222.0.36/volume/v3/a588f559b8fa49689e99cf4e2c42c1fb/group_snapshots/d2eb2de2-73ea-4c83-8cd8-8cd9c43f0846 returned with HTTP 200
Jun 21 09:58:53.069811 dv-cinder-806605-4-iscsi devstack@c-api.service[110518]: [pid: 110518|app: 0|req: 29/54] 10.222.0.36 () {60 vars in 1389 bytes} [Tue Jun 21 09:58:53 2022] GET /volume/v3/a588f559b8fa49689e99cf4e2c42c1fb/group_snapshots/d2eb2de2-73ea-4c83-8cd8-8cd9c43f0846 => generated 329 bytes in 56 msecs (HTTP/1.1 200) 7 headers in 286 bytes (1 switches on core 0)
Jun 21 09:58:53.128514 dv-cinder-806605-4-iscsi devstack@c-api.service[110517]: DEBUG cinder.api.middleware.request_id [None req-1317e335-0f1b-47e4-96b7-83e87359f407 None None] RequestId filter calling following filter/app {{(pid=110517) _context_setter /opt/stack/cinder/cinder/api/middleware/request_id.py:62}}
Jun 21 09:58:53.136545 dv-cinder-806605-4-iscsi devstack@c-api.service[110517]: INFO cinder.api.openstack.wsgi [None req-1317e335-0f1b-47e4-96b7-83e87359f407 tempest-SnapshotsActionsTest-631213096 tempest-SnapshotsActionsTest-631213096-project] GET http://10.222.0.36/volume/v3/c318c218694943beb3fc66dfb262ee5f/snapshots/690a25c8-236d-4640-b3e3-7521535fe77f
Jun 21 09:58:53.137406 dv-cinder-806605-4-iscsi devstack@c-api.service[110517]: DEBUG cinder.api.openstack.wsgi [None req-1317e335-0f1b-47e4-96b7-83e87359f407 tempest-SnapshotsActionsTest-631213096 tempest-SnapshotsActionsTest-631213096-project] Empty body provided in request {{(pid=110517) get_body /opt/stack/cinder/cinder/api/openstack/wsgi.py:715}}
Jun 21 09:58:53.140129 dv-cinder-806605-4-iscsi devstack@c-api.service[110517]: DEBUG cinder.api.openstack.wsgi [None req-1317e335-0f1b-47e4-96b7-83e87359f407 tempest-SnapshotsActionsTest-631213096 tempest-SnapshotsActionsTest-631213096-project] Calling method 'show' {{(pid=110517) _process_stack /opt/stack/cinder/cinder/api/openstack/wsgi.py:868}}
Jun 21 09:58:53.175602 dv-cinder-806605-4-iscsi devstack@c-api.service[110517]: /usr/local/lib/python3.8/dist-packages/oslo_context/context.py:100: DeprecationWarning: Policy enforcement is depending on the value of is_admin. This key is deprecated. Please update your policy file to use the standard policy values.
Jun 21 09:58:53.175602 dv-cinder-806605-4-iscsi devstack@c-api.service[110517]: warnings.warn('Policy enforcement is depending on the value of '
Jun 21 09:58:53.179423 dv-cinder-806605-4-iscsi devstack@c-api.service[110517]: INFO cinder.volume.api [None req-1317e335-0f1b-47e4-96b7-83e87359f407 tempest-SnapshotsActionsTest-631213096 tempest-SnapshotsActionsTest-631213096-project] Snapshot retrieved successfully.
Jun 21 09:58:53.182965 dv-cinder-806605-4-iscsi devstack@c-api.service[110517]: INFO cinder.api.openstack.wsgi [None req-1317e335-0f1b-47e4-96b7-83e87359f407 tempest-SnapshotsActionsTest-631213096 tempest-SnapshotsActionsTest-631213096-project] http://10.222.0.36/volume/v3/c318c218694943beb3fc66dfb262ee5f/snapshots/690a25c8-236d-4640-b3e3-7521535fe77f returned with HTTP 200
Jun 21 09:58:53.188806 dv-cinder-806605-4-iscsi devstack@c-api.service[110517]: [pid: 110517|app: 0|req: 26/55] 10.222.0.36 () {58 vars in 1330 bytes} [Tue Jun 21 09:58:53 2022] GET /volume/v3/c318c218694943beb3fc66dfb262ee5f/snapshots/690a25c8-236d-4640-b3e3-7521535fe77f => generated 439 bytes in 62 msecs (HTTP/1.1 200) 7 headers in 285 bytes (1 switches on core 0)
Jun 21 09:58:54.078551 dv-cinder-806605-4-iscsi devstack@c-api.service[110518]: DEBUG cinder.api.middleware.request_id [None req-e3afae1a-890d-4e30-86d2-7a5aae8fa119 None None] RequestId filter calling following filter/app {{(pid=110518) _context_setter /opt/stack/cinder/cinder/api/middleware/request_id.py:62}}
Jun 21 09:58:54.088181 dv-cinder-806605-4-iscsi devstack@c-api.service[110518]: INFO cinder.api.openstack.wsgi [None req-e3afae1a-890d-4e30-86d2-7a5aae8fa119 tempest-GroupSnapshotsV319Test-851408024 tempest-GroupSnapshotsV319Test-851408024-project] GET http://10.222.0.36/volume/v3/a588f559b8fa49689e99cf4e2c42c1fb/group_snapshots/d2eb2de2-73ea-4c83-8cd8-8cd9c43f0846
Jun 21 09:58:54.089829 dv-cinder-806605-4-iscsi devstack@c-api.service[110518]: DEBUG cinder.api.openstack.wsgi [None req-e3afae1a-890d-4e30-86d2-7a5aae8fa119 tempest-GroupSnapshotsV319Test-851408024 tempest-GroupSnapshotsV319Test-851408024-project] Empty body provided in request {{(pid=110518) get_body /opt/stack/cinder/cinder/api/openstack/wsgi.py:715}}
Jun 21 09:58:54.091309 dv-cinder-806605-4-iscsi devstack@c-api.service[110518]: DEBUG cinder.api.openstack.wsgi [None req-e3afae1a-890d-4e30-86d2-7a5aae8fa119 tempest-GroupSnapshotsV319Test-851408024 tempest-GroupSnapshotsV319Test-851408024-project] Calling method 'version_select' {{(pid=110518) _process_stack /opt/stack/cinder/cinder/api/openstack/wsgi.py:868}}
Jun 21 09:58:54.091938 dv-cinder-806605-4-iscsi devstack@c-api.service[110518]: DEBUG cinder.api.v3.group_snapshots [None req-e3afae1a-890d-4e30-86d2-7a5aae8fa119 tempest-GroupSnapshotsV319Test-851408024 tempest-GroupSnapshotsV319Test-851408024-project] show called for member d2eb2de2-73ea-4c83-8cd8-8cd9c43f0846 {{(pid=110518) show /opt/stack/cinder/cinder/api/v3/group_snapshots.py:58}}
Jun 21 09:58:54.143074 dv-cinder-806605-4-iscsi devstack@c-api.service[110518]: /usr/local/lib/python3.8/dist-packages/oslo_context/context.py:100: DeprecationWarning: Policy enforcement is depending on the value of is_admin. This key is deprecated. Please update your policy file to use the standard policy values.
Jun 21 09:58:54.143074 dv-cinder-806605-4-iscsi devstack@c-api.service[110518]: warnings.warn('Policy enforcement is depending on the value of '
Jun 21 09:58:54.191334 dv-cinder-806605-4-iscsi devstack@c-api.service[110518]: INFO cinder.api.openstack.wsgi [None req-e3afae1a-890d-4e30-86d2-7a5aae8fa119 tempest-GroupSnapshotsV319Test-851408024 tempest-GroupSnapshotsV319Test-851408024-project] http://10.222.0.36/volume/v3/a588f559b8fa49689e99cf4e2c42c1fb/group_snapshots/d2eb2de2-73ea-4c83-8cd8-8cd9c43f0846 returned with HTTP 200
Jun 21 09:58:54.192379 dv-cinder-806605-4-iscsi devstack@c-api.service[110517]: DEBUG cinder.api.middleware.request_id [None req-8901fe56-b70b-428a-aa5a-947b4e1caa61 None None] RequestId filter calling following filter/app {{(pid=110517) _context_setter /opt/stack/cinder/cinder/api/middleware/request_id.py:62}}
Jun 21 09:58:54.196494 dv-cinder-806605-4-iscsi devstack@c-api.service[110517]: INFO cinder.api.openstack.wsgi [None req-8901fe56-b70b-428a-aa5a-947b4e1caa61 tempest-SnapshotsActionsTest-631213096 tempest-SnapshotsActionsTest-631213096-project] GET http://10.222.0.36/volume/v3/c318c218694943beb3fc66dfb262ee5f/snapshots/690a25c8-236d-4640-b3e3-7521535fe77f
Jun 21 09:58:54.197070 dv-cinder-806605-4-iscsi devstack@c-api.service[110517]: DEBUG cinder.api.openstack.wsgi [None req-8901fe56-b70b-428a-aa5a-947b4e1caa61 tempest-SnapshotsActionsTest-631213096 tempest-SnapshotsActionsTest-631213096-project] Empty body provided in request {{(pid=110517) get_body /opt/stack/cinder/cinder/api/openstack/wsgi.py:715}}
Jun 21 09:58:54.197500 dv-cinder-806605-4-iscsi devstack@c-api.service[110517]: DEBUG cinder.api.openstack.wsgi [None req-8901fe56-b70b-428a-aa5a-947b4e1caa61 tempest-SnapshotsActionsTest-631213096 tempest-SnapshotsActionsTest-631213096-project] Calling method 'show' {{(pid=110517) _process_stack /opt/stack/cinder/cinder/api/openstack/wsgi.py:868}}
Jun 21 09:58:54.206507 dv-cinder-806605-4-iscsi devstack@c-api.service[110518]: [pid: 110518|app: 0|req: 30/56] 10.222.0.36 () {60 vars in 1389 bytes} [Tue Jun 21 09:58:54 2022] GET /volume/v3/a588f559b8fa49689e99cf4e2c42c1fb/group_snapshots/d2eb2de2-73ea-4c83-8cd8-8cd9c43f0846 => generated 329 bytes in 129 msecs (HTTP/1.1 200) 7 headers in 286 bytes (1 switches on core 0)
Jun 21 09:58:54.226570 dv-cinder-806605-4-iscsi devstack@c-api.service[110517]: /usr/local/lib/python3.8/dist-packages/oslo_context/context.py:100: DeprecationWarning: Policy enforcement is depending on the value of is_admin. This key is deprecated. Please update your policy file to use the standard policy values.
Jun 21 09:58:54.226570 dv-cinder-806605-4-iscsi devstack@c-api.service[110517]: warnings.warn('Policy enforcement is depending on the value of '
Jun 21 09:58:54.230216 dv-cinder-806605-4-iscsi devstack@c-api.service[110517]: INFO cinder.volume.api [None req-8901fe56-b70b-428a-aa5a-947b4e1caa61 tempest-SnapshotsActionsTest-631213096 tempest-SnapshotsActionsTest-631213096-project] Snapshot retrieved successfully.
Jun 21 09:58:54.233631 dv-cinder-806605-4-iscsi devstack@c-api.service[110517]: INFO cinder.api.openstack.wsgi [None req-8901fe56-b70b-428a-aa5a-947b4e1caa61 tempest-SnapshotsActionsTest-631213096 tempest-SnapshotsActionsTest-631213096-project] http://10.222.0.36/volume/v3/c318c218694943beb3fc66dfb262ee5f/snapshots/690a25c8-236d-4640-b3e3-7521535fe77f returned with HTTP 200
Jun 21 09:58:54.244483 dv-cinder-806605-4-iscsi devstack@c-api.service[110517]: [pid: 110517|app: 0|req: 27/57] 10.222.0.36 () {58 vars in 1330 bytes} [Tue Jun 21 09:58:54 2022] GET /volume/v3/c318c218694943beb3fc66dfb262ee5f/snapshots/690a25c8-236d-4640-b3e3-7521535fe77f => generated 439 bytes in 53 msecs (HTTP/1.1 200) 7 headers in 285 bytes (2 switches on core 0)
Jun 21 09:58:55.208402 dv-cinder-806605-4-iscsi devstack@c-api.service[110518]: DEBUG cinder.api.middleware.request_id [None req-93ae2f06-2c4f-498a-adb8-9c1bd886b828 None None] RequestId filter calling following filter/app {{(pid=110518) _context_setter /opt/stack/cinder/cinder/api/middleware/request_id.py:62}}
Jun 21 09:58:55.212606 dv-cinder-806605-4-iscsi devstack@c-api.service[110518]: INFO cinder.api.openstack.wsgi [None req-93ae2f06-2c4f-498a-adb8-9c1bd886b828 tempest-GroupSnapshotsV319Test-851408024 tempest-GroupSnapshotsV319Test-851408024-project] GET http://10.222.0.36/volume/v3/a588f559b8fa49689e99cf4e2c42c1fb/group_snapshots/d2eb2de2-73ea-4c83-8cd8-8cd9c43f0846
Jun 21 09:58:55.213248 dv-cinder-806605-4-iscsi devstack@c-api.service[110518]: DEBUG cinder.api.openstack.wsgi [None req-93ae2f06-2c4f-498a-adb8-9c1bd886b828 tempest-GroupSnapshotsV319Test-851408024 tempest-GroupSnapshotsV319Test-851408024-project] Empty body provided in request {{(pid=110518) get_body /opt/stack/cinder/cinder/api/openstack/wsgi.py:715}}
Jun 21 09:58:55.213986 dv-cinder-806605-4-iscsi devstack@c-api.service[110518]: DEBUG cinder.api.openstack.wsgi [None req-93ae2f06-2c4f-498a-adb8-9c1bd886b828 tempest-GroupSnapshotsV319Test-851408024 tempest-GroupSnapshotsV319Test-851408024-project] Calling method 'version_select' {{(pid=110518) _process_stack /opt/stack/cinder/cinder/api/openstack/wsgi.py:868}}
Jun 21 09:58:55.214436 dv-cinder-806605-4-iscsi devstack@c-api.service[110518]: DEBUG cinder.api.v3.group_snapshots [None req-93ae2f06-2c4f-498a-adb8-9c1bd886b828 tempest-GroupSnapshotsV319Test-851408024 tempest-GroupSnapshotsV319Test-851408024-project] show called for member d2eb2de2-73ea-4c83-8cd8-8cd9c43f0846 {{(pid=110518) show /opt/stack/cinder/cinder/api/v3/group_snapshots.py:58}}
Jun 21 09:58:55.235134 dv-cinder-806605-4-iscsi devstack@c-api.service[110518]: /usr/local/lib/python3.8/dist-packages/oslo_context/context.py:100: DeprecationWarning: Policy enforcement is depending on the value of is_admin. This key is deprecated. Please update your policy file to use the standard policy values.
Jun 21 09:58:55.235134 dv-cinder-806605-4-iscsi devstack@c-api.service[110518]: warnings.warn('Policy enforcement is depending on the value of '
Jun 21 09:58:55.243383 dv-cinder-806605-4-iscsi devstack@c-api.service[110517]: DEBUG cinder.api.middleware.request_id [None req-89fa84ef-e217-4cbf-a764-937db64b3479 None None] RequestId filter calling following filter/app {{(pid=110517) _context_setter /opt/stack/cinder/cinder/api/middleware/request_id.py:62}}
Jun 21 09:58:55.250810 dv-cinder-806605-4-iscsi devstack@c-api.service[110517]: INFO cinder.api.openstack.wsgi [None req-89fa84ef-e217-4cbf-a764-937db64b3479 tempest-SnapshotsActionsTest-631213096 tempest-SnapshotsActionsTest-631213096-project] GET http://10.222.0.36/volume/v3/c318c218694943beb3fc66dfb262ee5f/snapshots/690a25c8-236d-4640-b3e3-7521535fe77f
Jun 21 09:58:55.252814 dv-cinder-806605-4-iscsi devstack@c-api.service[110517]: DEBUG cinder.api.openstack.wsgi [None req-89fa84ef-e217-4cbf-a764-937db64b3479 tempest-SnapshotsActionsTest-631213096 tempest-SnapshotsActionsTest-631213096-project] Empty body provided in request {{(pid=110517) get_body /opt/stack/cinder/cinder/api/openstack/wsgi.py:715}}
Jun 21 09:58:55.252953 dv-cinder-806605-4-iscsi devstack@c-api.service[110518]: INFO cinder.api.openstack.wsgi [None req-93ae2f06-2c4f-498a-adb8-9c1bd886b828 tempest-GroupSnapshotsV319Test-851408024 tempest-GroupSnapshotsV319Test-851408024-project] http://10.222.0.36/volume/v3/a588f559b8fa49689e99cf4e2c42c1fb/group_snapshots/d2eb2de2-73ea-4c83-8cd8-8cd9c43f0846 returned with HTTP 200
Jun 21 09:58:55.253301 dv-cinder-806605-4-iscsi devstack@c-api.service[110517]: DEBUG cinder.api.openstack.wsgi [None req-89fa84ef-e217-4cbf-a764-937db64b3479 tempest-SnapshotsActionsTest-631213096 tempest-SnapshotsActionsTest-631213096-project] Calling method 'show' {{(pid=110517) _process_stack /opt/stack/cinder/cinder/api/openstack/wsgi.py:868}}
Jun 21 09:58:55.253964 dv-cinder-806605-4-iscsi devstack@c-api.service[110518]: [pid: 110518|app: 0|req: 31/58] 10.222.0.36 () {60 vars in 1389 bytes} [Tue Jun 21 09:58:55 2022] GET /volume/v3/a588f559b8fa49689e99cf4e2c42c1fb/group_snapshots/d2eb2de2-73ea-4c83-8cd8-8cd9c43f0846 => generated 330 bytes in 47 msecs (HTTP/1.1 200) 7 headers in 286 bytes (1 switches on core 0)
Jun 21 09:58:55.260902 dv-cinder-806605-4-iscsi devstack@c-api.service[110518]: DEBUG cinder.api.middleware.request_id [None req-8ec9e83c-8cfb-4fb8-b3d5-4817b2662b1f None None] RequestId filter calling following filter/app {{(pid=110518) _context_setter /opt/stack/cinder/cinder/api/middleware/request_id.py:62}}
Jun 21 09:58:55.267841 dv-cinder-806605-4-iscsi devstack@c-api.service[110518]: INFO cinder.api.openstack.wsgi [None req-8ec9e83c-8cfb-4fb8-b3d5-4817b2662b1f tempest-GroupSnapshotsV319Test-851408024 tempest-GroupSnapshotsV319Test-851408024-project] GET http://10.222.0.36/volume/v3/a588f559b8fa49689e99cf4e2c42c1fb/snapshots/detail
Jun 21 09:58:55.276587 dv-cinder-806605-4-iscsi devstack@c-api.service[110518]: DEBUG cinder.api.openstack.wsgi [None req-8ec9e83c-8cfb-4fb8-b3d5-4817b2662b1f tempest-GroupSnapshotsV319Test-851408024 tempest-GroupSnapshotsV319Test-851408024-project] Empty body provided in request {{(pid=110518) get_body /opt/stack/cinder/cinder/api/openstack/wsgi.py:715}}
Jun 21 09:58:55.277737 dv-cinder-806605-4-iscsi devstack@c-api.service[110518]: DEBUG cinder.api.openstack.wsgi [None req-8ec9e83c-8cfb-4fb8-b3d5-4817b2662b1f tempest-GroupSnapshotsV319Test-851408024 tempest-GroupSnapshotsV319Test-851408024-project] Calling method 'detail' {{(pid=110518) _process_stack /opt/stack/cinder/cinder/api/openstack/wsgi.py:868}}
Jun 21 09:58:55.278516 dv-cinder-806605-4-iscsi devstack@c-api.service[110517]: /usr/local/lib/python3.8/dist-packages/oslo_context/context.py:100: DeprecationWarning: Policy enforcement is depending on the value of is_admin. This key is deprecated. Please update your policy file to use the standard policy values.
Jun 21 09:58:55.278516 dv-cinder-806605-4-iscsi devstack@c-api.service[110517]: warnings.warn('Policy enforcement is depending on the value of '
Jun 21 09:58:55.279559 dv-cinder-806605-4-iscsi devstack@c-api.service[110518]: DEBUG cinder.api.api_utils [None req-8ec9e83c-8cfb-4fb8-b3d5-4817b2662b1f tempest-GroupSnapshotsV319Test-851408024 tempest-GroupSnapshotsV319Test-851408024-project] Removing options '' from query. {{(pid=110518) remove_invalid_filter_options /opt/stack/cinder/cinder/api/api_utils.py:73}}
Jun 21 09:58:55.281702 dv-cinder-806605-4-iscsi devstack@c-api.service[110517]: INFO cinder.volume.api [None req-89fa84ef-e217-4cbf-a764-937db64b3479 tempest-SnapshotsActionsTest-631213096 tempest-SnapshotsActionsTest-631213096-project] Snapshot retrieved successfully.
Jun 21 09:58:55.288902 dv-cinder-806605-4-iscsi devstack@c-api.service[110517]: INFO cinder.api.openstack.wsgi [None req-89fa84ef-e217-4cbf-a764-937db64b3479 tempest-SnapshotsActionsTest-631213096 tempest-SnapshotsActionsTest-631213096-project] http://10.222.0.36/volume/v3/c318c218694943beb3fc66dfb262ee5f/snapshots/690a25c8-236d-4640-b3e3-7521535fe77f returned with HTTP 200
Jun 21 09:58:55.289823 dv-cinder-806605-4-iscsi devstack@c-api.service[110518]: DEBUG cinder.db.sqlalchemy.api [None req-8ec9e83c-8cfb-4fb8-b3d5-4817b2662b1f tempest-GroupSnapshotsV319Test-851408024 tempest-GroupSnapshotsV319Test-851408024-project] Building query based on filter {{(pid=110518) _process_snaps_filters /opt/stack/cinder/cinder/db/sqlalchemy/api.py:3878}}
Jun 21 09:58:55.300182 dv-cinder-806605-4-iscsi devstack@c-api.service[110517]: [pid: 110517|app: 0|req: 28/59] 10.222.0.36 () {58 vars in 1330 bytes} [Tue Jun 21 09:58:55 2022] GET /volume/v3/c318c218694943beb3fc66dfb262ee5f/snapshots/690a25c8-236d-4640-b3e3-7521535fe77f => generated 439 bytes in 58 msecs (HTTP/1.1 200) 7 headers in 285 bytes (1 switches on core 0)
Jun 21 09:58:55.369297 dv-cinder-806605-4-iscsi devstack@c-api.service[110518]: INFO cinder.volume.api [None req-8ec9e83c-8cfb-4fb8-b3d5-4817b2662b1f tempest-GroupSnapshotsV319Test-851408024 tempest-GroupSnapshotsV319Test-851408024-project] Get all snapshots completed successfully.
Jun 21 09:58:55.373953 dv-cinder-806605-4-iscsi devstack@c-api.service[110518]: /usr/local/lib/python3.8/dist-packages/oslo_context/context.py:100: DeprecationWarning: Policy enforcement is depending on the value of is_admin. This key is deprecated. Please update your policy file to use the standard policy values.
Jun 21 09:58:55.373953 dv-cinder-806605-4-iscsi devstack@c-api.service[110518]: warnings.warn('Policy enforcement is depending on the value of '
Jun 21 09:58:55.375468 dv-cinder-806605-4-iscsi devstack@c-api.service[110518]: INFO cinder.api.openstack.wsgi [None req-8ec9e83c-8cfb-4fb8-b3d5-4817b2662b1f tempest-GroupSnapshotsV319Test-851408024 tempest-GroupSnapshotsV319Test-851408024-project] http://10.222.0.36/volume/v3/a588f559b8fa49689e99cf4e2c42c1fb/snapshots/detail returned with HTTP 200
Jun 21 09:58:55.379764 dv-cinder-806605-4-iscsi devstack@c-api.service[110518]: [pid: 110518|app: 0|req: 32/60] 10.222.0.36 () {58 vars in 1240 bytes} [Tue Jun 21 09:58:55 2022] GET /volume/v3/a588f559b8fa49689e99cf4e2c42c1fb/snapshots/detail => generated 476 bytes in 120 msecs (HTTP/1.1 200) 7 headers in 285 bytes (1 switches on core 0)
Jun 21 09:58:55.386027 dv-cinder-806605-4-iscsi devstack@c-api.service[110517]: DEBUG cinder.api.middleware.request_id [None req-d42d859b-414c-48b9-a992-1e208d551d32 None None] RequestId filter calling following filter/app {{(pid=110517) _context_setter /opt/stack/cinder/cinder/api/middleware/request_id.py:62}}
Jun 21 09:58:55.390111 dv-cinder-806605-4-iscsi devstack@c-api.service[110517]: INFO cinder.api.openstack.wsgi [None req-d42d859b-414c-48b9-a992-1e208d551d32 tempest-GroupSnapshotsV319Test-851408024 tempest-GroupSnapshotsV319Test-851408024-project] GET http://10.222.0.36/volume/v3/a588f559b8fa49689e99cf4e2c42c1fb/snapshots/08f7e534-bf94-4b1f-8a36-9acb5ebdcb30
Jun 21 09:58:55.390757 dv-cinder-806605-4-iscsi devstack@c-api.service[110517]: DEBUG cinder.api.openstack.wsgi [None req-d42d859b-414c-48b9-a992-1e208d551d32 tempest-GroupSnapshotsV319Test-851408024 tempest-GroupSnapshotsV319Test-851408024-project] Empty body provided in request {{(pid=110517) get_body /opt/stack/cinder/cinder/api/openstack/wsgi.py:715}}
Jun 21 09:58:55.391365 dv-cinder-806605-4-iscsi devstack@c-api.service[110517]: DEBUG cinder.api.openstack.wsgi [None req-d42d859b-414c-48b9-a992-1e208d551d32 tempest-GroupSnapshotsV319Test-851408024 tempest-GroupSnapshotsV319Test-851408024-project] Calling method 'show' {{(pid=110517) _process_stack /opt/stack/cinder/cinder/api/openstack/wsgi.py:868}}
Jun 21 09:58:55.420755 dv-cinder-806605-4-iscsi devstack@c-api.service[110517]: /usr/local/lib/python3.8/dist-packages/oslo_context/context.py:100: DeprecationWarning: Policy enforcement is depending on the value of is_admin. This key is deprecated. Please update your policy file to use the standard policy values.
Jun 21 09:58:55.420755 dv-cinder-806605-4-iscsi devstack@c-api.service[110517]: warnings.warn('Policy enforcement is depending on the value of '
Jun 21 09:58:55.422097 dv-cinder-806605-4-iscsi devstack@c-api.service[110517]: INFO cinder.volume.api [None req-d42d859b-414c-48b9-a992-1e208d551d32 tempest-GroupSnapshotsV319Test-851408024 tempest-GroupSnapshotsV319Test-851408024-project] Snapshot retrieved successfully.
Jun 21 09:58:55.424335 dv-cinder-806605-4-iscsi devstack@c-api.service[110517]: INFO cinder.api.openstack.wsgi [None req-d42d859b-414c-48b9-a992-1e208d551d32 tempest-GroupSnapshotsV319Test-851408024 tempest-GroupSnapshotsV319Test-851408024-project] http://10.222.0.36/volume/v3/a588f559b8fa49689e99cf4e2c42c1fb/snapshots/08f7e534-bf94-4b1f-8a36-9acb5ebdcb30 returned with HTTP 200
Jun 21 09:58:55.431462 dv-cinder-806605-4-iscsi devstack@c-api.service[110517]: [pid: 110517|app: 0|req: 29/61] 10.222.0.36 () {58 vars in 1330 bytes} [Tue Jun 21 09:58:55 2022] GET /volume/v3/a588f559b8fa49689e99cf4e2c42c1fb/snapshots/08f7e534-bf94-4b1f-8a36-9acb5ebdcb30 => generated 473 bytes in 46 msecs (HTTP/1.1 200) 7 headers in 285 bytes (1 switches on core 0)
Jun 21 09:58:55.433555 dv-cinder-806605-4-iscsi devstack@c-api.service[110518]: DEBUG cinder.api.middleware.request_id [None req-5b30a47f-b785-4e67-bf67-7d44564d3523 None None] RequestId filter calling following filter/app {{(pid=110518) _context_setter /opt/stack/cinder/cinder/api/middleware/request_id.py:62}}
