Sep 03 12:47:53.549318 dv-cinder-806559-6-iscsi devstack@c-api.service[107156]: DEBUG cinder.volume.api [None req-5afb90fb-f2f0-47e0-844a-1d0f8653e932 tempest-DeleteServersTestJSON-61856268 tempest-DeleteServersTestJSON-61856268-project] Task 'cinder.volume.flows.api.create_volume.QuotaCommitTask;volume:create' (b0d251ae-7d4c-4634-ab32-593d4103e8cb) transitioned into state 'SUCCESS' from state 'RUNNING' with result '{'volume_properties': VolumeProperties(attach_status='detached',availability_zone='nova',cgsnapshot_id=None,consistencygroup_id=None,display_description=None,display_name='tempest-DeleteServersTestJSON-volume-1041647132',encryption_key_id=None,group_id=None,group_type_id=,metadata={},multiattach=False,project_id='1f8c06cab6d94772b3dc6d3ae976bc63',qos_specs=None,replication_status=,reservations=['b5d9539b-265b-4e2e-8b38-24eb5a8ac5fe','4ddcb0ce-b758-43b0-95af-5cd9eba2777a','77dbfcf4-bb31-4f60-aa0a-5577ffe02f40','7d88ad13-9c48-42b3-bf73-aa467d7516b5'],size=1,snapshot_id=None,source_replicaid=,source_volid=None,status='creating',user_id='5465316b3c154673aa7d190746b4cafd',volume_type_id=79849760-2e11-46eb-886f-a1e62a5ee93b)}' {{(pid=107156) _task_receiver /usr/local/lib/python3.8/dist-packages/taskflow/listeners/logging.py:178}}
Sep 03 12:47:53.554282 dv-cinder-806559-6-iscsi devstack@c-api.service[107156]: DEBUG cinder.volume.api [None req-5afb90fb-f2f0-47e0-844a-1d0f8653e932 tempest-DeleteServersTestJSON-61856268 tempest-DeleteServersTestJSON-61856268-project] Task 'cinder.volume.flows.api.create_volume.VolumeCastTask;volume:create' (cb9b43f9-4f8f-49c3-ab57-463cc110b7e0) transitioned into state 'RUNNING' from state 'PENDING' {{(pid=107156) _task_receiver /usr/local/lib/python3.8/dist-packages/taskflow/listeners/logging.py:190}}
Sep 03 12:47:53.560061 dv-cinder-806559-6-iscsi devstack@c-api.service[107155]: DEBUG cinder.volume.api [None req-ee1b9255-3a2b-4054-9b56-4269735042fb tempest-VolumesDeleteCascade-256526443 tempest-VolumesDeleteCascade-256526443-project] Task 'cinder.volume.flows.api.create_volume.VolumeCastTask;volume:create' (eec3435c-0c1d-4a4d-adcc-cc2a83f4687e) transitioned into state 'SUCCESS' from state 'RUNNING' with result 'None' {{(pid=107155) _task_receiver /usr/local/lib/python3.8/dist-packages/taskflow/listeners/logging.py:178}}
Sep 03 12:47:53.563537 dv-cinder-806559-6-iscsi devstack@c-api.service[107155]: DEBUG cinder.volume.api [None req-ee1b9255-3a2b-4054-9b56-4269735042fb tempest-VolumesDeleteCascade-256526443 tempest-VolumesDeleteCascade-256526443-project] Flow 'volume_create_api' (a20daa95-eba8-4ff9-b933-be3c47ea28e7) transitioned into state 'SUCCESS' from state 'RUNNING' {{(pid=107155) _flow_receiver /usr/local/lib/python3.8/dist-packages/taskflow/listeners/logging.py:141}}
Sep 03 12:47:53.564245 dv-cinder-806559-6-iscsi devstack@c-api.service[107155]: INFO cinder.volume.api [None req-ee1b9255-3a2b-4054-9b56-4269735042fb tempest-VolumesDeleteCascade-256526443 tempest-VolumesDeleteCascade-256526443-project] Create volume request issued successfully.
Sep 03 12:47:53.577827 dv-cinder-806559-6-iscsi devstack@c-api.service[107155]: INFO cinder.api.openstack.wsgi [None req-ee1b9255-3a2b-4054-9b56-4269735042fb tempest-VolumesDeleteCascade-256526443 tempest-VolumesDeleteCascade-256526443-project] http://10.222.0.23/volume/v3/046107ad0ce640c8a3f1a4407d69f019/volumes returned with HTTP 202
Sep 03 12:47:53.589208 dv-cinder-806559-6-iscsi devstack@c-api.service[107156]: DEBUG cinder.volume.api [None req-5afb90fb-f2f0-47e0-844a-1d0f8653e932 tempest-DeleteServersTestJSON-61856268 tempest-DeleteServersTestJSON-61856268-project] Task 'cinder.volume.flows.api.create_volume.VolumeCastTask;volume:create' (cb9b43f9-4f8f-49c3-ab57-463cc110b7e0) transitioned into state 'SUCCESS' from state 'RUNNING' with result 'None' {{(pid=107156) _task_receiver /usr/local/lib/python3.8/dist-packages/taskflow/listeners/logging.py:178}}
Sep 03 12:47:53.589208 dv-cinder-806559-6-iscsi devstack@c-api.service[107156]: DEBUG cinder.volume.api [None req-5afb90fb-f2f0-47e0-844a-1d0f8653e932 tempest-DeleteServersTestJSON-61856268 tempest-DeleteServersTestJSON-61856268-project] Flow 'volume_create_api' (eeb582f4-d822-413e-b328-27d3e59929df) transitioned into state 'SUCCESS' from state 'RUNNING' {{(pid=107156) _flow_receiver /usr/local/lib/python3.8/dist-packages/taskflow/listeners/logging.py:141}}
Sep 03 12:47:53.589208 dv-cinder-806559-6-iscsi devstack@c-api.service[107156]: INFO cinder.volume.api [None req-5afb90fb-f2f0-47e0-844a-1d0f8653e932 tempest-DeleteServersTestJSON-61856268 tempest-DeleteServersTestJSON-61856268-project] Create volume request issued successfully.
Sep 03 12:47:53.592102 dv-cinder-806559-6-iscsi devstack@c-api.service[107155]: [pid: 107155|app: 0|req: 56/112] 10.222.0.23 () {60 vars in 1235 bytes} [Fri Sep 3 12:47:53 2021] POST /volume/v3/046107ad0ce640c8a3f1a4407d69f019/volumes => generated 820 bytes in 550 msecs (HTTP/1.1 202) 7 headers in 291 bytes (1 switches on core 0)
Sep 03 12:47:53.599857 dv-cinder-806559-6-iscsi devstack@c-api.service[107155]: INFO cinder.api.openstack.wsgi [None req-25c6df0b-0364-4fa4-b22d-68e2212683ee tempest-VolumesDeleteCascade-256526443 tempest-VolumesDeleteCascade-256526443-project] GET http://10.222.0.23/volume/v3/046107ad0ce640c8a3f1a4407d69f019/volumes/cce31481-51f2-4083-b388-0b52627d965d
Sep 03 12:47:53.600060 dv-cinder-806559-6-iscsi devstack@c-api.service[107156]: INFO cinder.api.openstack.wsgi [None req-5afb90fb-f2f0-47e0-844a-1d0f8653e932 tempest-DeleteServersTestJSON-61856268 tempest-DeleteServersTestJSON-61856268-project] http://10.222.0.23/volume/v3/1f8c06cab6d94772b3dc6d3ae976bc63/volumes returned with HTTP 202
Sep 03 12:47:53.601149 dv-cinder-806559-6-iscsi devstack@c-api.service[107155]: DEBUG cinder.api.openstack.wsgi [None req-25c6df0b-0364-4fa4-b22d-68e2212683ee tempest-VolumesDeleteCascade-256526443 tempest-VolumesDeleteCascade-256526443-project] Empty body provided in request {{(pid=107155) get_body /opt/stack/cinder/cinder/api/openstack/wsgi.py:703}}
Sep 03 12:47:53.601508 dv-cinder-806559-6-iscsi devstack@c-api.service[107155]: /usr/local/lib/python3.8/dist-packages/webob/acceptparse.py:1047: DeprecationWarning: The behavior of AcceptValidHeader.best_match is currently being maintained for backward compatibility, but it will be deprecated in the future, as it does not conform to the RFC.
Sep 03 12:47:53.601508 dv-cinder-806559-6-iscsi devstack@c-api.service[107155]: warnings.warn(
Sep 03 12:47:53.602180 dv-cinder-806559-6-iscsi devstack@c-api.service[107155]: DEBUG cinder.api.openstack.wsgi [None req-25c6df0b-0364-4fa4-b22d-68e2212683ee tempest-VolumesDeleteCascade-256526443 tempest-VolumesDeleteCascade-256526443-project] Calling method 'show' {{(pid=107155) _process_stack /opt/stack/cinder/cinder/api/openstack/wsgi.py:856}}
Sep 03 12:47:53.610521 dv-cinder-806559-6-iscsi devstack@c-api.service[107156]: [pid: 107156|app: 0|req: 57/113] 10.222.0.23 () {60 vars in 1235 bytes} [Fri Sep 3 12:47:53 2021] POST /volume/v3/1f8c06cab6d94772b3dc6d3ae976bc63/volumes => generated 821 bytes in 466 msecs (HTTP/1.1 202) 7 headers in 291 bytes (2 switches on core 0)
Sep 03 12:47:53.615062 dv-cinder-806559-6-iscsi devstack@c-api.service[107156]: INFO cinder.api.openstack.wsgi [None req-27bef710-a431-4882-acd2-250f63e7d90d tempest-DeleteServersTestJSON-61856268 tempest-DeleteServersTestJSON-61856268-project] GET http://10.222.0.23/volume/v3/1f8c06cab6d94772b3dc6d3ae976bc63/volumes/98e36b42-6c71-4ecd-8872-0e734ffd2807
Sep 03 12:47:53.615622 dv-cinder-806559-6-iscsi devstack@c-api.service[107156]: DEBUG cinder.api.openstack.wsgi [None req-27bef710-a431-4882-acd2-250f63e7d90d tempest-DeleteServersTestJSON-61856268 tempest-DeleteServersTestJSON-61856268-project] Empty body provided in request {{(pid=107156) get_body /opt/stack/cinder/cinder/api/openstack/wsgi.py:703}}
Sep 03 12:47:53.615803 dv-cinder-806559-6-iscsi devstack@c-api.service[107156]: /usr/local/lib/python3.8/dist-packages/webob/acceptparse.py:1047: DeprecationWarning: The behavior of AcceptValidHeader.best_match is currently being maintained for backward compatibility, but it will be deprecated in the future, as it does not conform to the RFC.
Sep 03 12:47:53.615803 dv-cinder-806559-6-iscsi devstack@c-api.service[107156]: warnings.warn(
Sep 03 12:47:53.616119 dv-cinder-806559-6-iscsi devstack@c-api.service[107156]: DEBUG cinder.api.openstack.wsgi [None req-27bef710-a431-4882-acd2-250f63e7d90d tempest-DeleteServersTestJSON-61856268 tempest-DeleteServersTestJSON-61856268-project] Calling method 'show' {{(pid=107156) _process_stack /opt/stack/cinder/cinder/api/openstack/wsgi.py:856}}
Sep 03 12:47:53.638762 dv-cinder-806559-6-iscsi devstack@c-api.service[107156]: /usr/local/lib/python3.8/dist-packages/oslo_context/context.py:105: DeprecationWarning: Policy enforcement is depending on the value of is_admin. This key is deprecated. Please update your policy file to use the standard policy values.
Sep 03 12:47:53.638762 dv-cinder-806559-6-iscsi devstack@c-api.service[107156]: warnings.warn('Policy enforcement is depending on the value of '
Sep 03 12:47:53.648702 dv-cinder-806559-6-iscsi devstack@c-api.service[107155]: /usr/local/lib/python3.8/dist-packages/oslo_context/context.py:105: DeprecationWarning: Policy enforcement is depending on the value of is_admin. This key is deprecated. Please update your policy file to use the standard policy values.
Sep 03 12:47:53.648702 dv-cinder-806559-6-iscsi devstack@c-api.service[107155]: warnings.warn('Policy enforcement is depending on the value of '
Sep 03 12:47:53.658146 dv-cinder-806559-6-iscsi devstack@c-api.service[107155]: INFO cinder.volume.api [None req-25c6df0b-0364-4fa4-b22d-68e2212683ee tempest-VolumesDeleteCascade-256526443 tempest-VolumesDeleteCascade-256526443-project] Volume info retrieved successfully.
Sep 03 12:47:53.665221 dv-cinder-806559-6-iscsi devstack@c-api.service[107156]: INFO cinder.volume.api [None req-27bef710-a431-4882-acd2-250f63e7d90d tempest-DeleteServersTestJSON-61856268 tempest-DeleteServersTestJSON-61856268-project] Volume info retrieved successfully.
Sep 03 12:47:53.682049 dv-cinder-806559-6-iscsi devstack@c-api.service[107156]: INFO cinder.api.openstack.wsgi [None req-27bef710-a431-4882-acd2-250f63e7d90d tempest-DeleteServersTestJSON-61856268 tempest-DeleteServersTestJSON-61856268-project] http://10.222.0.23/volume/v3/1f8c06cab6d94772b3dc6d3ae976bc63/volumes/98e36b42-6c71-4ecd-8872-0e734ffd2807 returned with HTTP 200
Sep 03 12:47:53.682990 dv-cinder-806559-6-iscsi devstack@c-api.service[107156]: [pid: 107156|app: 0|req: 58/114] 10.222.0.23 () {58 vars in 1325 bytes} [Fri Sep 3 12:47:53 2021] GET /volume/v3/1f8c06cab6d94772b3dc6d3ae976bc63/volumes/98e36b42-6c71-4ecd-8872-0e734ffd2807 => generated 889 bytes in 72 msecs (HTTP/1.1 200) 7 headers in 285 bytes (1 switches on core 0)
Sep 03 12:47:53.695018 dv-cinder-806559-6-iscsi devstack@c-api.service[107155]: INFO cinder.api.openstack.wsgi [None req-25c6df0b-0364-4fa4-b22d-68e2212683ee tempest-VolumesDeleteCascade-256526443 tempest-VolumesDeleteCascade-256526443-project] http://10.222.0.23/volume/v3/046107ad0ce640c8a3f1a4407d69f019/volumes/cce31481-51f2-4083-b388-0b52627d965d returned with HTTP 200
Sep 03 12:47:53.705323 dv-cinder-806559-6-iscsi devstack@c-api.service[107155]: [pid: 107155|app: 0|req: 57/115] 10.222.0.23 () {58 vars in 1325 bytes} [Fri Sep 3 12:47:53 2021] GET /volume/v3/046107ad0ce640c8a3f1a4407d69f019/volumes/cce31481-51f2-4083-b388-0b52627d965d => generated 888 bytes in 112 msecs (HTTP/1.1 200) 7 headers in 285 bytes (1 switches on core 0)
Sep 03 12:47:53.789673 dv-cinder-806559-6-iscsi devstack@c-api.service[107156]: INFO cinder.api.openstack.wsgi [None req-f885fcb1-6dc2-452b-be76-b2479b64f957 tempest-VolumeRetypeWithoutMigrationTest-1194530155 tempest-VolumeRetypeWithoutMigrationTest-1194530155-project] GET http://10.222.0.23/volume/v3/0dba59d5e49c41ecb75e53732ffb3cbd/volumes/c20ce94f-b74b-4c42-b1c1-8b28465906dd
Sep 03 12:47:53.789673 dv-cinder-806559-6-iscsi devstack@c-api.service[107156]: DEBUG cinder.api.openstack.wsgi [None req-f885fcb1-6dc2-452b-be76-b2479b64f957 tempest-VolumeRetypeWithoutMigrationTest-1194530155 tempest-VolumeRetypeWithoutMigrationTest-1194530155-project] Empty body provided in request {{(pid=107156) get_body /opt/stack/cinder/cinder/api/openstack/wsgi.py:703}}
Sep 03 12:47:53.789673 dv-cinder-806559-6-iscsi devstack@c-api.service[107156]: /usr/local/lib/python3.8/dist-packages/webob/acceptparse.py:1047: DeprecationWarning: The behavior of AcceptValidHeader.best_match is currently being maintained for backward compatibility, but it will be deprecated in the future, as it does not conform to the RFC.
Sep 03 12:47:53.789673 dv-cinder-806559-6-iscsi devstack@c-api.service[107156]: warnings.warn(
Sep 03 12:47:53.790283 dv-cinder-806559-6-iscsi devstack@c-api.service[107156]: DEBUG cinder.api.openstack.wsgi [None req-f885fcb1-6dc2-452b-be76-b2479b64f957 tempest-VolumeRetypeWithoutMigrationTest-1194530155 tempest-VolumeRetypeWithoutMigrationTest-1194530155-project] Calling method 'show' {{(pid=107156) _process_stack /opt/stack/cinder/cinder/api/openstack/wsgi.py:856}}
Sep 03 12:47:53.835534 dv-cinder-806559-6-iscsi devstack@c-api.service[107155]: INFO cinder.api.openstack.wsgi [None req-559e2a2d-5d7a-45b4-8441-f40b68b64606 tempest-VolumesTransfersV355Test-191649457 tempest-VolumesTransfersV355Test-191649457-project] GET http://10.222.0.23/volume/v3/3c176d02c8824a76a2ba6dafbb1eb21b/volumes/e86d9e87-9ebd-422c-85b3-e204f3175c5e
Sep 03 12:47:53.836810 dv-cinder-806559-6-iscsi devstack@c-api.service[107155]: DEBUG cinder.api.openstack.wsgi [None req-559e2a2d-5d7a-45b4-8441-f40b68b64606 tempest-VolumesTransfersV355Test-191649457 tempest-VolumesTransfersV355Test-191649457-project] Empty body provided in request {{(pid=107155) get_body /opt/stack/cinder/cinder/api/openstack/wsgi.py:703}}
Sep 03 12:47:53.837730 dv-cinder-806559-6-iscsi devstack@c-api.service[107155]: /usr/local/lib/python3.8/dist-packages/webob/acceptparse.py:1047: DeprecationWarning: The behavior of AcceptValidHeader.best_match is currently being maintained for backward compatibility, but it will be deprecated in the future, as it does not conform to the RFC.
Sep 03 12:47:53.837730 dv-cinder-806559-6-iscsi devstack@c-api.service[107155]: warnings.warn(
Sep 03 12:47:53.839005 dv-cinder-806559-6-iscsi devstack@c-api.service[107155]: DEBUG cinder.api.openstack.wsgi [None req-559e2a2d-5d7a-45b4-8441-f40b68b64606 tempest-VolumesTransfersV355Test-191649457 tempest-VolumesTransfersV355Test-191649457-project] Calling method 'show' {{(pid=107155) _process_stack /opt/stack/cinder/cinder/api/openstack/wsgi.py:856}}
Sep 03 12:47:53.839972 dv-cinder-806559-6-iscsi devstack@c-api.service[107156]: /usr/local/lib/python3.8/dist-packages/oslo_context/context.py:105: DeprecationWarning: Policy enforcement is depending on the value of is_admin. This key is deprecated. Please update your policy file to use the standard policy values.
Sep 03 12:47:53.839972 dv-cinder-806559-6-iscsi devstack@c-api.service[107156]: warnings.warn('Policy enforcement is depending on the value of '
Sep 03 12:47:53.859512 dv-cinder-806559-6-iscsi devstack@c-api.service[107156]: INFO cinder.volume.api [None req-f885fcb1-6dc2-452b-be76-b2479b64f957 tempest-VolumeRetypeWithoutMigrationTest-1194530155 tempest-VolumeRetypeWithoutMigrationTest-1194530155-project] Volume info retrieved successfully.
Sep 03 12:47:53.860550 dv-cinder-806559-6-iscsi devstack@c-api.service[107155]: /usr/local/lib/python3.8/dist-packages/oslo_context/context.py:105: DeprecationWarning: Policy enforcement is depending on the value of is_admin. This key is deprecated. Please update your policy file to use the standard policy values.
Sep 03 12:47:53.860550 dv-cinder-806559-6-iscsi devstack@c-api.service[107155]: warnings.warn('Policy enforcement is depending on the value of '
Sep 03 12:47:53.874433 dv-cinder-806559-6-iscsi devstack@c-api.service[107155]: INFO cinder.volume.api [None req-559e2a2d-5d7a-45b4-8441-f40b68b64606 tempest-VolumesTransfersV355Test-191649457 tempest-VolumesTransfersV355Test-191649457-project] Volume info retrieved successfully.
Sep 03 12:47:53.877519 dv-cinder-806559-6-iscsi devstack@c-api.service[107156]: INFO cinder.api.openstack.wsgi [None req-f885fcb1-6dc2-452b-be76-b2479b64f957 tempest-VolumeRetypeWithoutMigrationTest-1194530155 tempest-VolumeRetypeWithoutMigrationTest-1194530155-project] http://10.222.0.23/volume/v3/0dba59d5e49c41ecb75e53732ffb3cbd/volumes/c20ce94f-b74b-4c42-b1c1-8b28465906dd returned with HTTP 200
Sep 03 12:47:53.888873 dv-cinder-806559-6-iscsi devstack@c-api.service[107156]: [pid: 107156|app: 0|req: 59/116] 10.222.0.23 () {58 vars in 1325 bytes} [Fri Sep 3 12:47:53 2021] GET /volume/v3/0dba59d5e49c41ecb75e53732ffb3cbd/volumes/c20ce94f-b74b-4c42-b1c1-8b28465906dd => generated 926 bytes in 103 msecs (HTTP/1.1 200) 7 headers in 285 bytes (1 switches on core 0)
Sep 03 12:47:53.893076 dv-cinder-806559-6-iscsi devstack@c-api.service[107155]: INFO cinder.api.openstack.wsgi [None req-559e2a2d-5d7a-45b4-8441-f40b68b64606 tempest-VolumesTransfersV355Test-191649457 tempest-VolumesTransfersV355Test-191649457-project] http://10.222.0.23/volume/v3/3c176d02c8824a76a2ba6dafbb1eb21b/volumes/e86d9e87-9ebd-422c-85b3-e204f3175c5e returned with HTTP 200
Sep 03 12:47:53.893459 dv-cinder-806559-6-iscsi devstack@c-api.service[107156]: INFO cinder.api.openstack.wsgi [None req-2387f98d-6a96-4349-95d9-d928b8acae8a tempest-AttachVolumeNegativeTest-869316883 tempest-AttachVolumeNegativeTest-869316883-project] POST http://10.222.0.23/volume/v3/e76c7abc7bf84515abcfb38980a917a7/volumes
Sep 03 12:47:53.903814 dv-cinder-806559-6-iscsi devstack@c-api.service[107156]: /usr/local/lib/python3.8/dist-packages/webob/acceptparse.py:1047: DeprecationWarning: The behavior of AcceptValidHeader.best_match is currently being maintained for backward compatibility, but it will be deprecated in the future, as it does not conform to the RFC.
Sep 03 12:47:53.903814 dv-cinder-806559-6-iscsi devstack@c-api.service[107156]: warnings.warn(
Sep 03 12:47:53.904041 dv-cinder-806559-6-iscsi devstack@c-api.service[107155]: [pid: 107155|app: 0|req: 58/117] 10.222.0.23 () {60 vars in 1366 bytes} [Fri Sep 3 12:47:53 2021] GET /volume/v3/3c176d02c8824a76a2ba6dafbb1eb21b/volumes/e86d9e87-9ebd-422c-85b3-e204f3175c5e => generated 1015 bytes in 74 msecs (HTTP/1.1 200) 7 headers in 287 bytes (1 switches on core 0)
Sep 03 12:47:53.904147 dv-cinder-806559-6-iscsi devstack@c-api.service[107156]: DEBUG cinder.api.openstack.wsgi [None req-2387f98d-6a96-4349-95d9-d928b8acae8a tempest-AttachVolumeNegativeTest-869316883 tempest-AttachVolumeNegativeTest-869316883-project] Action: 'create', calling method: create, body: {"volume": {"size": 1, "display_name": "tempest-AttachVolumeNegativeTest-volume-275900424"}} {{(pid=107156) _process_stack /opt/stack/cinder/cinder/api/openstack/wsgi.py:854}}
Sep 03 12:47:53.904147 dv-cinder-806559-6-iscsi devstack@c-api.service[107156]: DEBUG cinder.api.v3.volumes [None req-2387f98d-6a96-4349-95d9-d928b8acae8a tempest-AttachVolumeNegativeTest-869316883 tempest-AttachVolumeNegativeTest-869316883-project] Create volume request body: {'volume': {'size': 1, 'display_name': 'tempest-AttachVolumeNegativeTest-volume-275900424'}} {{(pid=107156) create /opt/stack/cinder/cinder/api/v3/volumes.py:298}}
Sep 03 12:47:53.904147 dv-cinder-806559-6-iscsi devstack@c-api.service[107156]: INFO cinder.api.v3.volumes [None req-2387f98d-6a96-4349-95d9-d928b8acae8a tempest-AttachVolumeNegativeTest-869316883 tempest-AttachVolumeNegativeTest-869316883-project] Create volume of 1 GB
Sep 03 12:47:53.904147 dv-cinder-806559-6-iscsi devstack@c-api.service[107156]: INFO cinder.volume.api [None req-2387f98d-6a96-4349-95d9-d928b8acae8a tempest-AttachVolumeNegativeTest-869316883 tempest-AttachVolumeNegativeTest-869316883-project] Availability Zones retrieved successfully.
Sep 03 12:47:53.908067 dv-cinder-806559-6-iscsi devstack@c-api.service[107155]: INFO cinder.api.openstack.wsgi [None req-338ce6ee-e766-439f-9401-5eca2f196892 tempest-VolumeRetypeWithoutMigrationTest-409809480 tempest-VolumeRetypeWithoutMigrationTest-409809480-project-admin] GET http://10.222.0.23/volume/v3/5cca50f41f9d46c0863d0489efcb822d/volumes/c20ce94f-b74b-4c42-b1c1-8b28465906dd
Sep 03 12:47:53.908067 dv-cinder-806559-6-iscsi devstack@c-api.service[107155]: DEBUG cinder.api.openstack.wsgi [None req-338ce6ee-e766-439f-9401-5eca2f196892 tempest-VolumeRetypeWithoutMigrationTest-409809480 tempest-VolumeRetypeWithoutMigrationTest-409809480-project-admin] Empty body provided in request {{(pid=107155) get_body /opt/stack/cinder/cinder/api/openstack/wsgi.py:703}}
Sep 03 12:47:53.908067 dv-cinder-806559-6-iscsi devstack@c-api.service[107155]: /usr/local/lib/python3.8/dist-packages/webob/acceptparse.py:1047: DeprecationWarning: The behavior of AcceptValidHeader.best_match is currently being maintained for backward compatibility, but it will be deprecated in the future, as it does not conform to the RFC.
Sep 03 12:47:53.908067 dv-cinder-806559-6-iscsi devstack@c-api.service[107155]: warnings.warn(
Sep 03 12:47:53.908067 dv-cinder-806559-6-iscsi devstack@c-api.service[107155]: DEBUG cinder.api.openstack.wsgi [None req-338ce6ee-e766-439f-9401-5eca2f196892 tempest-VolumeRetypeWithoutMigrationTest-409809480 tempest-VolumeRetypeWithoutMigrationTest-409809480-project-admin] Calling method 'show' {{(pid=107155) _process_stack /opt/stack/cinder/cinder/api/openstack/wsgi.py:856}}
Sep 03 12:47:53.921955 dv-cinder-806559-6-iscsi devstack@c-api.service[107156]: DEBUG cinder.volume.api [None req-2387f98d-6a96-4349-95d9-d928b8acae8a tempest-AttachVolumeNegativeTest-869316883 tempest-AttachVolumeNegativeTest-869316883-project] Flow 'volume_create_api' (cc232575-aa2c-4cae-862c-f6e217df10a3) transitioned into state 'RUNNING' from state 'PENDING' {{(pid=107156) _flow_receiver /usr/local/lib/python3.8/dist-packages/taskflow/listeners/logging.py:141}}
Sep 03 12:47:53.924916 dv-cinder-806559-6-iscsi devstack@c-api.service[107156]: DEBUG cinder.volume.api [None req-2387f98d-6a96-4349-95d9-d928b8acae8a tempest-AttachVolumeNegativeTest-869316883 tempest-AttachVolumeNegativeTest-869316883-project] Task 'cinder.volume.flows.api.create_volume.ExtractVolumeRequestTask;volume:create' (95ae94bf-00c4-44d2-b98d-2a25080edd16) transitioned into state 'RUNNING' from state 'PENDING' {{(pid=107156) _task_receiver /usr/local/lib/python3.8/dist-packages/taskflow/listeners/logging.py:190}}
Sep 03 12:47:53.927651 dv-cinder-806559-6-iscsi devstack@c-api.service[107156]: DEBUG cinder.volume.flows.api.create_volume [None req-2387f98d-6a96-4349-95d9-d928b8acae8a tempest-AttachVolumeNegativeTest-869316883 tempest-AttachVolumeNegativeTest-869316883-project] Validating volume size '1' using validate_int {{(pid=107156) _extract_size /opt/stack/cinder/cinder/volume/flows/api/create_volume.py:225}}
Sep 03 12:47:53.934287 dv-cinder-806559-6-iscsi devstack@c-api.service[107155]: /usr/local/lib/python3.8/dist-packages/oslo_context/context.py:105: DeprecationWarning: Policy enforcement is depending on the value of is_admin. This key is deprecated. Please update your policy file to use the standard policy values.
Sep 03 12:47:53.934287 dv-cinder-806559-6-iscsi devstack@c-api.service[107155]: warnings.warn('Policy enforcement is depending on the value of '
Sep 03 12:47:53.945401 dv-cinder-806559-6-iscsi devstack@c-api.service[107155]: INFO cinder.volume.api [None req-338ce6ee-e766-439f-9401-5eca2f196892 tempest-VolumeRetypeWithoutMigrationTest-409809480 tempest-VolumeRetypeWithoutMigrationTest-409809480-project-admin] Volume info retrieved successfully.
Sep 03 12:47:53.965749 dv-cinder-806559-6-iscsi devstack@c-api.service[107155]: INFO cinder.api.openstack.wsgi [None req-338ce6ee-e766-439f-9401-5eca2f196892 tempest-VolumeRetypeWithoutMigrationTest-409809480 tempest-VolumeRetypeWithoutMigrationTest-409809480-project-admin] http://10.222.0.23/volume/v3/5cca50f41f9d46c0863d0489efcb822d/volumes/c20ce94f-b74b-4c42-b1c1-8b28465906dd returned with HTTP 200
Sep 03 12:47:53.967543 dv-cinder-806559-6-iscsi devstack@c-api.service[107155]: [pid: 107155|app: 0|req: 59/118] 10.222.0.23 () {58 vars in 1325 bytes} [Fri Sep 3 12:47:53 2021] GET /volume/v3/5cca50f41f9d46c0863d0489efcb822d/volumes/c20ce94f-b74b-4c42-b1c1-8b28465906dd => generated 1102 bytes in 73 msecs (HTTP/1.1 200) 7 headers in 286 bytes (1 switches on core 0)
Sep 03 12:47:53.985247 dv-cinder-806559-6-iscsi devstack@c-api.service[107155]: INFO cinder.api.openstack.wsgi [None req-d95a7fef-6d08-4618-be07-a2d70e00606a tempest-VolumesTransfersV355Test-191649457 tempest-VolumesTransfersV355Test-191649457-project] POST http://10.222.0.23/volume/v3/3c176d02c8824a76a2ba6dafbb1eb21b/volume-transfers
Sep 03 12:47:53.985651 dv-cinder-806559-6-iscsi devstack@c-api.service[107155]: /usr/local/lib/python3.8/dist-packages/webob/acceptparse.py:1047: DeprecationWarning: The behavior of AcceptValidHeader.best_match is currently being maintained for backward compatibility, but it will be deprecated in the future, as it does not conform to the RFC.
Sep 03 12:47:53.985651 dv-cinder-806559-6-iscsi devstack@c-api.service[107155]: warnings.warn(
Sep 03 12:47:53.986017 dv-cinder-806559-6-iscsi devstack@c-api.service[107155]: DEBUG cinder.api.openstack.wsgi [None req-d95a7fef-6d08-4618-be07-a2d70e00606a tempest-VolumesTransfersV355Test-191649457 tempest-VolumesTransfersV355Test-191649457-project] Action: 'create', calling method: create, body: {"transfer": {"volume_id": "e86d9e87-9ebd-422c-85b3-e204f3175c5e"}} {{(pid=107155) _process_stack /opt/stack/cinder/cinder/api/openstack/wsgi.py:854}}
Sep 03 12:47:53.988598 dv-cinder-806559-6-iscsi devstack@c-api.service[107155]: DEBUG cinder.api.v3.volume_transfer [None req-d95a7fef-6d08-4618-be07-a2d70e00606a tempest-VolumesTransfersV355Test-191649457 tempest-VolumesTransfersV355Test-191649457-project] Creating new volume transfer {'transfer': {'volume_id': 'e86d9e87-9ebd-422c-85b3-e204f3175c5e'}} {{(pid=107155) create /opt/stack/cinder/cinder/api/v3/volume_transfer.py:85}}
Sep 03 12:47:53.988912 dv-cinder-806559-6-iscsi devstack@c-api.service[107155]: INFO cinder.api.v3.volume_transfer [None req-d95a7fef-6d08-4618-be07-a2d70e00606a tempest-VolumesTransfersV355Test-191649457 tempest-VolumesTransfersV355Test-191649457-project] Creating transfer of volume e86d9e87-9ebd-422c-85b3-e204f3175c5e
Sep 03 12:47:53.989786 dv-cinder-806559-6-iscsi devstack@c-api.service[107155]: INFO cinder.transfer.api [None req-d95a7fef-6d08-4618-be07-a2d70e00606a tempest-VolumesTransfersV355Test-191649457 tempest-VolumesTransfersV355Test-191649457-project] Generating transfer record for volume e86d9e87-9ebd-422c-85b3-e204f3175c5e
Sep 03 12:47:54.004408 dv-cinder-806559-6-iscsi devstack@c-api.service[107156]: DEBUG cinder.volume.api [None req-2387f98d-6a96-4349-95d9-d928b8acae8a tempest-AttachVolumeNegativeTest-869316883 tempest-AttachVolumeNegativeTest-869316883-project] Task 'cinder.volume.flows.api.create_volume.ExtractVolumeRequestTask;volume:create' (95ae94bf-00c4-44d2-b98d-2a25080edd16) transitioned into state 'SUCCESS' from state 'RUNNING' with result '{'size': 1, 'snapshot_id': None, 'source_volid': None, 'volume_type': VolumeType(created_at=2021-09-03T12:37:52Z,deleted=False,deleted_at=None,description='Default Volume Type',extra_specs={},id=79849760-2e11-46eb-886f-a1e62a5ee93b,is_public=True,name='__DEFAULT__',projects=[],qos_specs=,qos_specs_id=None,updated_at=2021-09-03T12:37:52Z), 'volume_type_id': '79849760-2e11-46eb-886f-a1e62a5ee93b', 'encryption_key_id': None, 'qos_specs': None, 'consistencygroup_id': None, 'cgsnapshot_id': None, 'group_id': None, 'replication_status': 'disabled', 'refresh_az': False, 'backup_id': None, 'multiattach': False, 'availability_zones': ['nova']}' {{(pid=107156) _task_receiver /usr/local/lib/python3.8/dist-packages/taskflow/listeners/logging.py:178}}
Sep 03 12:47:54.006983 dv-cinder-806559-6-iscsi devstack@c-api.service[107156]: DEBUG cinder.volume.api [None req-2387f98d-6a96-4349-95d9-d928b8acae8a tempest-AttachVolumeNegativeTest-869316883 tempest-AttachVolumeNegativeTest-869316883-project] Task 'cinder.volume.flows.api.create_volume.QuotaReserveTask;volume:create' (d5cb33f9-4c5d-425b-bcbb-47ca5fa7c770) transitioned into state 'RUNNING' from state 'PENDING' {{(pid=107156) _task_receiver /usr/local/lib/python3.8/dist-packages/taskflow/listeners/logging.py:190}}
Sep 03 12:47:54.029937 dv-cinder-806559-6-iscsi devstack@c-api.service[107155]: /usr/local/lib/python3.8/dist-packages/oslo_context/context.py:105: DeprecationWarning: Policy enforcement is depending on the value of is_admin. This key is deprecated. Please update your policy file to use the standard policy values.
Sep 03 12:47:54.029937 dv-cinder-806559-6-iscsi devstack@c-api.service[107155]: warnings.warn('Policy enforcement is depending on the value of '
Sep 03 12:47:54.072650 dv-cinder-806559-6-iscsi devstack@c-api.service[107155]: INFO cinder.api.openstack.wsgi [None req-d95a7fef-6d08-4618-be07-a2d70e00606a tempest-VolumesTransfersV355Test-191649457 tempest-VolumesTransfersV355Test-191649457-project] http://10.222.0.23/volume/v3/3c176d02c8824a76a2ba6dafbb1eb21b/volume-transfers returned with HTTP 202
Sep 03 12:47:54.074867 dv-cinder-806559-6-iscsi devstack@c-api.service[107155]: [pid: 107155|app: 0|req: 60/119] 10.222.0.23 () {60 vars in 1262 bytes} [Fri Sep 3 12:47:53 2021] POST /volume/v3/3c176d02c8824a76a2ba6dafbb1eb21b/volume-transfers => generated 507 bytes in 105 msecs (HTTP/1.1 202) 7 headers in 291 bytes (1 switches on core 0)
Sep 03 12:47:54.078939 dv-cinder-806559-6-iscsi devstack@c-api.service[107155]: INFO cinder.api.openstack.wsgi [None req-ad0e83a1-dc62-4834-9294-9580070ba068 tempest-VolumeRetypeWithoutMigrationTest-409809480 tempest-VolumeRetypeWithoutMigrationTest-409809480-project-admin] GET http://10.222.0.23/volume/v3/5cca50f41f9d46c0863d0489efcb822d/volumes?all_tenants=True&name=tempest-VolumeRetypeWithoutMigrationTest-Volume-301673350
Sep 03 12:47:54.079451 dv-cinder-806559-6-iscsi devstack@c-api.service[107155]: DEBUG cinder.api.openstack.wsgi [None req-ad0e83a1-dc62-4834-9294-9580070ba068 tempest-VolumeRetypeWithoutMigrationTest-409809480 tempest-VolumeRetypeWithoutMigrationTest-409809480-project-admin] Empty body provided in request {{(pid=107155) get_body /opt/stack/cinder/cinder/api/openstack/wsgi.py:703}}
Sep 03 12:47:54.079629 dv-cinder-806559-6-iscsi devstack@c-api.service[107155]: /usr/local/lib/python3.8/dist-packages/webob/acceptparse.py:1047: DeprecationWarning: The behavior of AcceptValidHeader.best_match is currently being maintained for backward compatibility, but it will be deprecated in the future, as it does not conform to the RFC.
Sep 03 12:47:54.079629 dv-cinder-806559-6-iscsi devstack@c-api.service[107155]: warnings.warn(
Sep 03 12:47:54.080260 dv-cinder-806559-6-iscsi devstack@c-api.service[107155]: DEBUG cinder.api.openstack.wsgi [None req-ad0e83a1-dc62-4834-9294-9580070ba068 tempest-VolumeRetypeWithoutMigrationTest-409809480 tempest-VolumeRetypeWithoutMigrationTest-409809480-project-admin] Calling method 'index' {{(pid=107155) _process_stack /opt/stack/cinder/cinder/api/openstack/wsgi.py:856}}
Sep 03 12:47:54.082344 dv-cinder-806559-6-iscsi devstack@c-api.service[107155]: DEBUG cinder.volume.api [None req-ad0e83a1-dc62-4834-9294-9580070ba068 tempest-VolumeRetypeWithoutMigrationTest-409809480 tempest-VolumeRetypeWithoutMigrationTest-409809480-project-admin] Searching by: MultiDict([('display_name', 'tempest-VolumeRetypeWithoutMigrationTest-Volume-301673350'), ('all_tenants', True)]). {{(pid=107155) get_all /opt/stack/cinder/cinder/volume/api.py:619}}
Sep 03 12:47:54.153566 dv-cinder-806559-6-iscsi devstack@c-api.service[107156]: DEBUG cinder.quota [None req-2387f98d-6a96-4349-95d9-d928b8acae8a tempest-AttachVolumeNegativeTest-869316883 tempest-AttachVolumeNegativeTest-869316883-project] Created reservations ['35ad4bfc-72d5-4b42-875d-0cd55a9c847e', 'af99d09e-ad83-4b54-a529-023937812525', 'e91bdd6e-bd15-4d8c-a8cd-a4b2f23c48f6', '815e5463-f8cd-44ae-89d0-bb0273ef1f63'] {{(pid=107156) reserve /opt/stack/cinder/cinder/quota.py:755}}
Sep 03 12:47:54.155844 dv-cinder-806559-6-iscsi devstack@c-api.service[107156]: DEBUG cinder.volume.api [None req-2387f98d-6a96-4349-95d9-d928b8acae8a tempest-AttachVolumeNegativeTest-869316883 tempest-AttachVolumeNegativeTest-869316883-project] Task 'cinder.volume.flows.api.create_volume.QuotaReserveTask;volume:create' (d5cb33f9-4c5d-425b-bcbb-47ca5fa7c770) transitioned into state 'SUCCESS' from state 'RUNNING' with result '{'reservations': ['35ad4bfc-72d5-4b42-875d-0cd55a9c847e', 'af99d09e-ad83-4b54-a529-023937812525', 'e91bdd6e-bd15-4d8c-a8cd-a4b2f23c48f6', '815e5463-f8cd-44ae-89d0-bb0273ef1f63']}' {{(pid=107156) _task_receiver /usr/local/lib/python3.8/dist-packages/taskflow/listeners/logging.py:178}}
Sep 03 12:47:54.157784 dv-cinder-806559-6-iscsi devstack@c-api.service[107156]: DEBUG cinder.volume.api [None req-2387f98d-6a96-4349-95d9-d928b8acae8a tempest-AttachVolumeNegativeTest-869316883 tempest-AttachVolumeNegativeTest-869316883-project] Task 'cinder.volume.flows.api.create_volume.EntryCreateTask;volume:create' (2091b362-2034-488b-bd8b-ab5ddbdd402b) transitioned into state 'RUNNING' from state 'PENDING' {{(pid=107156) _task_receiver /usr/local/lib/python3.8/dist-packages/taskflow/listeners/logging.py:190}}
Sep 03 12:47:54.200637 dv-cinder-806559-6-iscsi devstack@c-api.service[107155]: INFO cinder.volume.api [None req-ad0e83a1-dc62-4834-9294-9580070ba068 tempest-VolumeRetypeWithoutMigrationTest-409809480 tempest-VolumeRetypeWithoutMigrationTest-409809480-project-admin] Get all volumes completed successfully.
Sep 03 12:47:54.201577 dv-cinder-806559-6-iscsi devstack@c-api.service[107155]: INFO cinder.api.openstack.wsgi [None req-ad0e83a1-dc62-4834-9294-9580070ba068 tempest-VolumeRetypeWithoutMigrationTest-409809480 tempest-VolumeRetypeWithoutMigrationTest-409809480-project-admin] http://10.222.0.23/volume/v3/5cca50f41f9d46c0863d0489efcb822d/volumes?all_tenants=True&name=tempest-VolumeRetypeWithoutMigrationTest-Volume-301673350 returned with HTTP 200
Sep 03 12:47:54.205632 dv-cinder-806559-6-iscsi devstack@c-api.service[107155]: [pid: 107155|app: 0|req: 61/120] 10.222.0.23 () {58 vars in 1373 bytes} [Fri Sep 3 12:47:54 2021] GET /volume/v3/5cca50f41f9d46c0863d0489efcb822d/volumes?all_tenants=True&name=tempest-VolumeRetypeWithoutMigrationTest-Volume-301673350 => generated 412 bytes in 130 msecs (HTTP/1.1 200) 7 headers in 285 bytes (1 switches on core 0)
Sep 03 12:47:54.208282 dv-cinder-806559-6-iscsi devstack@c-api.service[107156]: DEBUG cinder.volume.api [None req-2387f98d-6a96-4349-95d9-d928b8acae8a tempest-AttachVolumeNegativeTest-869316883 tempest-AttachVolumeNegativeTest-869316883-project] Task 'cinder.volume.flows.api.create_volume.EntryCreateTask;volume:create' (2091b362-2034-488b-bd8b-ab5ddbdd402b) transitioned into state 'SUCCESS' from state 'RUNNING' with result '{'volume_id': '854972de-3937-4ce6-82c1-97f02238e218', 'volume_properties': VolumeProperties(attach_status='detached',availability_zone='nova',cgsnapshot_id=None,consistencygroup_id=None,display_description=None,display_name='tempest-AttachVolumeNegativeTest-volume-275900424',encryption_key_id=None,group_id=None,group_type_id=,metadata={},multiattach=False,project_id='e76c7abc7bf84515abcfb38980a917a7',qos_specs=None,replication_status=,reservations=['35ad4bfc-72d5-4b42-875d-0cd55a9c847e','af99d09e-ad83-4b54-a529-023937812525','e91bdd6e-bd15-4d8c-a8cd-a4b2f23c48f6','815e5463-f8cd-44ae-89d0-bb0273ef1f63'],size=1,snapshot_id=None,source_replicaid=,source_volid=None,status='creating',user_id='7edb154795384d19be5e1c7cfc182e4a',volume_type_id=79849760-2e11-46eb-886f-a1e62a5ee93b), 'volume': Volume(_name_id=None,admin_metadata=,attach_status='detached',availability_zone='nova',bootable=False,cluster=,cluster_name=None,consistencygroup=,consistencygroup_id=None,created_at=2021-09-03T12:47:54Z,deleted=False,deleted_at=None,display_description=None,display_name='tempest-AttachVolumeNegativeTest-volume-275900424',ec2_id=None,encryption_key_id=None,glance_metadata=,group=,group_id=None,host=None,id=854972de-3937-4ce6-82c1-97f02238e218,launched_at=None,metadata={},migration_status=None,multiattach=False,previous_status=None,project_id='e76c7abc7bf84515abcfb38980a917a7',provider_auth=None,provider_geometry=None,provider_id=None,provider_location=None,replication_driver_data=None,replication_extended_status=None,replication_status=None,scheduled_at=None,service_uuid=None,shared_targets=True,size=1,snapshot_id=None,snapshots=,source_volid=None,status='creating',terminated_at=None,updated_at=None,use_quota=True,user_id='7edb154795384d19be5e1c7cfc182e4a',volume_attachment=,volume_type=VolumeType(79849760-2e11-46eb-886f-a1e62a5ee93b),volume_type_id=79849760-2e11-46eb-886f-a1e62a5ee93b)}' {{(pid=107156) _task_receiver /usr/local/lib/python3.8/dist-packages/taskflow/listeners/logging.py:178}}
Sep 03 12:47:54.210359 dv-cinder-806559-6-iscsi devstack@c-api.service[107156]: DEBUG cinder.volume.api [None req-2387f98d-6a96-4349-95d9-d928b8acae8a tempest-AttachVolumeNegativeTest-869316883 tempest-AttachVolumeNegativeTest-869316883-project] Task 'cinder.volume.flows.api.create_volume.QuotaCommitTask;volume:create' (51d0d66b-93aa-4aae-8f34-0a36a5daa25d) transitioned into state 'RUNNING' from state 'PENDING' {{(pid=107156) _task_receiver /usr/local/lib/python3.8/dist-packages/taskflow/listeners/logging.py:190}}
Sep 03 12:47:54.215283 dv-cinder-806559-6-iscsi devstack@c-api.service[107155]: INFO cinder.api.openstack.wsgi [None req-095de81a-6a13-4cea-bd01-4af834c17bd1 tempest-VolumesTransfersV355Test-191649457 tempest-VolumesTransfersV355Test-191649457-project] GET http://10.222.0.23/volume/v3/3c176d02c8824a76a2ba6dafbb1eb21b/volumes/e86d9e87-9ebd-422c-85b3-e204f3175c5e
Sep 03 12:47:54.215925 dv-cinder-806559-6-iscsi devstack@c-api.service[107155]: DEBUG cinder.api.openstack.wsgi [None req-095de81a-6a13-4cea-bd01-4af834c17bd1 tempest-VolumesTransfersV355Test-191649457 tempest-VolumesTransfersV355Test-191649457-project] Empty body provided in request {{(pid=107155) get_body /opt/stack/cinder/cinder/api/openstack/wsgi.py:703}}
Sep 03 12:47:54.216104 dv-cinder-806559-6-iscsi devstack@c-api.service[107155]: /usr/local/lib/python3.8/dist-packages/webob/acceptparse.py:1047: DeprecationWarning: The behavior of AcceptValidHeader.best_match is currently being maintained for backward compatibility, but it will be deprecated in the future, as it does not conform to the RFC.
Sep 03 12:47:54.216104 dv-cinder-806559-6-iscsi devstack@c-api.service[107155]: warnings.warn(
Sep 03 12:47:54.216864 dv-cinder-806559-6-iscsi devstack@c-api.service[107155]: DEBUG cinder.api.openstack.wsgi [None req-095de81a-6a13-4cea-bd01-4af834c17bd1 tempest-VolumesTransfersV355Test-191649457 tempest-VolumesTransfersV355Test-191649457-project] Calling method 'show' {{(pid=107155) _process_stack /opt/stack/cinder/cinder/api/openstack/wsgi.py:856}}
Sep 03 12:47:54.237415 dv-cinder-806559-6-iscsi devstack@c-api.service[107155]: /usr/local/lib/python3.8/dist-packages/oslo_context/context.py:105: DeprecationWarning: Policy enforcement is depending on the value of is_admin. This key is deprecated. Please update your policy file to use the standard policy values.
Sep 03 12:47:54.237415 dv-cinder-806559-6-iscsi devstack@c-api.service[107155]: warnings.warn('Policy enforcement is depending on the value of '
Sep 03 12:47:54.246885 dv-cinder-806559-6-iscsi devstack@c-api.service[107155]: INFO cinder.volume.api [None req-095de81a-6a13-4cea-bd01-4af834c17bd1 tempest-VolumesTransfersV355Test-191649457 tempest-VolumesTransfersV355Test-191649457-project] Volume info retrieved successfully.
Sep 03 12:47:54.271816 dv-cinder-806559-6-iscsi devstack@c-api.service[107156]: DEBUG cinder.volume.api [None req-2387f98d-6a96-4349-95d9-d928b8acae8a tempest-AttachVolumeNegativeTest-869316883 tempest-AttachVolumeNegativeTest-869316883-project] Task 'cinder.volume.flows.api.create_volume.QuotaCommitTask;volume:create' (51d0d66b-93aa-4aae-8f34-0a36a5daa25d) transitioned into state 'SUCCESS' from state 'RUNNING' with result '{'volume_properties': VolumeProperties(attach_status='detached',availability_zone='nova',cgsnapshot_id=None,consistencygroup_id=None,display_description=None,display_name='tempest-AttachVolumeNegativeTest-volume-275900424',encryption_key_id=None,group_id=None,group_type_id=,metadata={},multiattach=False,project_id='e76c7abc7bf84515abcfb38980a917a7',qos_specs=None,replication_status=,reservations=['35ad4bfc-72d5-4b42-875d-0cd55a9c847e','af99d09e-ad83-4b54-a529-023937812525','e91bdd6e-bd15-4d8c-a8cd-a4b2f23c48f6','815e5463-f8cd-44ae-89d0-bb0273ef1f63'],size=1,snapshot_id=None,source_replicaid=,source_volid=None,status='creating',user_id='7edb154795384d19be5e1c7cfc182e4a',volume_type_id=79849760-2e11-46eb-886f-a1e62a5ee93b)}' {{(pid=107156) _task_receiver /usr/local/lib/python3.8/dist-packages/taskflow/listeners/logging.py:178}}
Sep 03 12:47:54.274001 dv-cinder-806559-6-iscsi devstack@c-api.service[107156]: DEBUG cinder.volume.api [None req-2387f98d-6a96-4349-95d9-d928b8acae8a tempest-AttachVolumeNegativeTest-869316883 tempest-AttachVolumeNegativeTest-869316883-project] Task 'cinder.volume.flows.api.create_volume.VolumeCastTask;volume:create' (ee2094c3-929c-458e-992f-84a9801fa423) transitioned into state 'RUNNING' from state 'PENDING' {{(pid=107156) _task_receiver /usr/local/lib/python3.8/dist-packages/taskflow/listeners/logging.py:190}}
Sep 03 12:47:54.274785 dv-cinder-806559-6-iscsi devstack@c-api.service[107155]: INFO cinder.api.openstack.wsgi [None req-095de81a-6a13-4cea-bd01-4af834c17bd1 tempest-VolumesTransfersV355Test-191649457 tempest-VolumesTransfersV355Test-191649457-project] http://10.222.0.23/volume/v3/3c176d02c8824a76a2ba6dafbb1eb21b/volumes/e86d9e87-9ebd-422c-85b3-e204f3175c5e returned with HTTP 200
Sep 03 12:47:54.276072 dv-cinder-806559-6-iscsi devstack@c-api.service[107155]: [pid: 107155|app: 0|req: 62/121] 10.222.0.23 () {60 vars in 1366 bytes} [Fri Sep 3 12:47:54 2021] GET /volume/v3/3c176d02c8824a76a2ba6dafbb1eb21b/volumes/e86d9e87-9ebd-422c-85b3-e204f3175c5e => generated 1023 bytes in 70 msecs (HTTP/1.1 200) 7 headers in 287 bytes (1 switches on core 0)
Sep 03 12:47:54.282837 dv-cinder-806559-6-iscsi devstack@c-api.service[107155]: INFO cinder.api.openstack.wsgi [None req-0066051a-5e50-48db-9de3-3222b8aefc45 tempest-VolumeRetypeWithoutMigrationTest-1194530155 tempest-VolumeRetypeWithoutMigrationTest-1194530155-project] DELETE http://10.222.0.23/volume/v3/0dba59d5e49c41ecb75e53732ffb3cbd/volumes/c20ce94f-b74b-4c42-b1c1-8b28465906dd
Sep 03 12:47:54.283535 dv-cinder-806559-6-iscsi devstack@c-api.service[107155]: DEBUG cinder.api.openstack.wsgi [None req-0066051a-5e50-48db-9de3-3222b8aefc45 tempest-VolumeRetypeWithoutMigrationTest-1194530155 tempest-VolumeRetypeWithoutMigrationTest-1194530155-project] Empty body provided in request {{(pid=107155) get_body /opt/stack/cinder/cinder/api/openstack/wsgi.py:703}}
Sep 03 12:47:54.283901 dv-cinder-806559-6-iscsi devstack@c-api.service[107155]: /usr/local/lib/python3.8/dist-packages/webob/acceptparse.py:1047: DeprecationWarning: The behavior of AcceptValidHeader.best_match is currently being maintained for backward compatibility, but it will be deprecated in the future, as it does not conform to the RFC.
Sep 03 12:47:54.283901 dv-cinder-806559-6-iscsi devstack@c-api.service[107155]: warnings.warn(
Sep 03 12:47:54.284498 dv-cinder-806559-6-iscsi devstack@c-api.service[107155]: DEBUG cinder.api.openstack.wsgi [None req-0066051a-5e50-48db-9de3-3222b8aefc45 tempest-VolumeRetypeWithoutMigrationTest-1194530155 tempest-VolumeRetypeWithoutMigrationTest-1194530155-project] Calling method 'delete' {{(pid=107155) _process_stack /opt/stack/cinder/cinder/api/openstack/wsgi.py:856}}
Sep 03 12:47:54.285075 dv-cinder-806559-6-iscsi devstack@c-api.service[107155]: INFO cinder.api.v3.volumes [None req-0066051a-5e50-48db-9de3-3222b8aefc45 tempest-VolumeRetypeWithoutMigrationTest-1194530155 tempest-VolumeRetypeWithoutMigrationTest-1194530155-project] Delete volume with id: c20ce94f-b74b-4c42-b1c1-8b28465906dd
Sep 03 12:47:54.302636 dv-cinder-806559-6-iscsi devstack@c-api.service[107156]: DEBUG cinder.volume.api [None req-2387f98d-6a96-4349-95d9-d928b8acae8a tempest-AttachVolumeNegativeTest-869316883 tempest-AttachVolumeNegativeTest-869316883-project] Task 'cinder.volume.flows.api.create_volume.VolumeCastTask;volume:create' (ee2094c3-929c-458e-992f-84a9801fa423) transitioned into state 'SUCCESS' from state 'RUNNING' with result 'None' {{(pid=107156) _task_receiver /usr/local/lib/python3.8/dist-packages/taskflow/listeners/logging.py:178}}
Sep 03 12:47:54.304600 dv-cinder-806559-6-iscsi devstack@c-api.service[107155]: /usr/local/lib/python3.8/dist-packages/oslo_context/context.py:105: DeprecationWarning: Policy enforcement is depending on the value of is_admin. This key is deprecated. Please update your policy file to use the standard policy values.
Sep 03 12:47:54.304600 dv-cinder-806559-6-iscsi devstack@c-api.service[107155]: warnings.warn('Policy enforcement is depending on the value of '
Sep 03 12:47:54.305698 dv-cinder-806559-6-iscsi devstack@c-api.service[107155]: INFO cinder.volume.api [None req-0066051a-5e50-48db-9de3-3222b8aefc45 tempest-VolumeRetypeWithoutMigrationTest-1194530155 tempest-VolumeRetypeWithoutMigrationTest-1194530155-project] Volume info retrieved successfully.
Sep 03 12:47:54.307185 dv-cinder-806559-6-iscsi devstack@c-api.service[107156]: DEBUG cinder.volume.api [None req-2387f98d-6a96-4349-95d9-d928b8acae8a tempest-AttachVolumeNegativeTest-869316883 tempest-AttachVolumeNegativeTest-869316883-project] Flow 'volume_create_api' (cc232575-aa2c-4cae-862c-f6e217df10a3) transitioned into state 'SUCCESS' from state 'RUNNING' {{(pid=107156) _flow_receiver /usr/local/lib/python3.8/dist-packages/taskflow/listeners/logging.py:141}}
Sep 03 12:47:54.308213 dv-cinder-806559-6-iscsi devstack@c-api.service[107156]: INFO cinder.volume.api [None req-2387f98d-6a96-4349-95d9-d928b8acae8a tempest-AttachVolumeNegativeTest-869316883 tempest-AttachVolumeNegativeTest-869316883-project] Create volume request issued successfully.
Sep 03 12:47:54.316693 dv-cinder-806559-6-iscsi devstack@c-api.service[107156]: INFO cinder.api.openstack.wsgi [None req-2387f98d-6a96-4349-95d9-d928b8acae8a tempest-AttachVolumeNegativeTest-869316883 tempest-AttachVolumeNegativeTest-869316883-project] http://10.222.0.23/volume/v3/e76c7abc7bf84515abcfb38980a917a7/volumes returned with HTTP 202
Sep 03 12:47:54.319395 dv-cinder-806559-6-iscsi devstack@c-api.service[107156]: [pid: 107156|app: 0|req: 60/122] 10.222.0.23 () {60 vars in 1235 bytes} [Fri Sep 3 12:47:53 2021] POST /volume/v3/e76c7abc7bf84515abcfb38980a917a7/volumes => generated 823 bytes in 430 msecs (HTTP/1.1 202) 7 headers in 291 bytes (1 switches on core 0)
Sep 03 12:47:54.326727 dv-cinder-806559-6-iscsi devstack@c-api.service[107156]: INFO cinder.api.openstack.wsgi [None req-87c95264-570a-4e7d-a641-f3244faeb5e1 tempest-VolumesTransfersV355Test-191649457 tempest-VolumesTransfersV355Test-191649457-project] GET http://10.222.0.23/volume/v3/3c176d02c8824a76a2ba6dafbb1eb21b/volume-transfers/9fd51355-cc10-4e9a-b788-5e88baf243fa
Sep 03 12:47:54.327386 dv-cinder-806559-6-iscsi devstack@c-api.service[107156]: DEBUG cinder.api.openstack.wsgi [None req-87c95264-570a-4e7d-a641-f3244faeb5e1 tempest-VolumesTransfersV355Test-191649457 tempest-VolumesTransfersV355Test-191649457-project] Empty body provided in request {{(pid=107156) get_body /opt/stack/cinder/cinder/api/openstack/wsgi.py:703}}
Sep 03 12:47:54.327597 dv-cinder-806559-6-iscsi devstack@c-api.service[107156]: /usr/local/lib/python3.8/dist-packages/webob/acceptparse.py:1047: DeprecationWarning: The behavior of AcceptValidHeader.best_match is currently being maintained for backward compatibility, but it will be deprecated in the future, as it does not conform to the RFC.
Sep 03 12:47:54.327597 dv-cinder-806559-6-iscsi devstack@c-api.service[107156]: warnings.warn(
Sep 03 12:47:54.328089 dv-cinder-806559-6-iscsi devstack@c-api.service[107156]: DEBUG cinder.api.openstack.wsgi [None req-87c95264-570a-4e7d-a641-f3244faeb5e1 tempest-VolumesTransfersV355Test-191649457 tempest-VolumesTransfersV355Test-191649457-project] Calling method 'show' {{(pid=107156) _process_stack /opt/stack/cinder/cinder/api/openstack/wsgi.py:856}}
Sep 03 12:47:54.329024 dv-cinder-806559-6-iscsi devstack@c-api.service[107156]: /usr/local/lib/python3.8/dist-packages/oslo_context/context.py:105: DeprecationWarning: Policy enforcement is depending on the value of is_admin. This key is deprecated. Please update your policy file to use the standard policy values.
Sep 03 12:47:54.329024 dv-cinder-806559-6-iscsi devstack@c-api.service[107156]: warnings.warn('Policy enforcement is depending on the value of '
Sep 03 12:47:54.341612 dv-cinder-806559-6-iscsi devstack@c-api.service[107156]: INFO cinder.api.openstack.wsgi [None req-87c95264-570a-4e7d-a641-f3244faeb5e1 tempest-VolumesTransfersV355Test-191649457 tempest-VolumesTransfersV355Test-191649457-project] http://10.222.0.23/volume/v3/3c176d02c8824a76a2ba6dafbb1eb21b/volume-transfers/9fd51355-cc10-4e9a-b788-5e88baf243fa returned with HTTP 200
Sep 03 12:47:54.347658 dv-cinder-806559-6-iscsi devstack@c-api.service[107156]: [pid: 107156|app: 0|req: 61/123] 10.222.0.23 () {58 vars in 1352 bytes} [Fri Sep 3 12:47:54 2021] GET /volume/v3/3c176d02c8824a76a2ba6dafbb1eb21b/volume-transfers/9fd51355-cc10-4e9a-b788-5e88baf243fa => generated 475 bytes in 23 msecs (HTTP/1.1 200) 7 headers in 285 bytes (1 switches on core 0)
