Aug 31 12:21:30.321313 dv-cinder-806559-5-smb neutron-server[93908]: DEBUG neutron.plugins.ml2.db [None req-84a01020-6c67-4aa8-a43a-5278ea11c816 None None] get_ports_and_sgs() called for port_ids ['672f6752-46b0-482f-91c1-7d665281e501'] {{(pid=93908) get_ports_and_sgs /opt/stack/neutron/neutron/plugins/ml2/db.py:156}}
Aug 31 12:21:30.541246 dv-cinder-806559-5-smb neutron-server[93907]: DEBUG neutron.api.rpc.handlers.resources_rpc [None req-2024d868-9465-4b35-a832-0ee3828b03a4 tempest-DeleteServersTestJSON-1518041067 tempest-DeleteServersTestJSON-1518041067-project] Pushing event deleted for resources: {'Port': ['ID=672f6752-46b0-482f-91c1-7d665281e501,revision_number=None']} {{(pid=93907) push /opt/stack/neutron/neutron/api/rpc/handlers/resources_rpc.py:237}}
Aug 31 12:21:30.549203 dv-cinder-806559-5-smb neutron-server[93907]: DEBUG neutron.db.l3_dvrscheduler_db [req-ceef9f7a-9587-4afc-8cd5-deab843e8bc0 req-2024d868-9465-4b35-a832-0ee3828b03a4 tempest-DeleteServersTestJSON-1518041067 tempest-DeleteServersTestJSON-1518041067-project] No DVR routers for this DVR port 672f6752-46b0-482f-91c1-7d665281e501 on host hv-cinder-80655 {{(pid=93907) get_dvr_routers_to_remove /opt/stack/neutron/neutron/db/l3_dvrscheduler_db.py:214}}
Aug 31 12:21:30.555595 dv-cinder-806559-5-smb neutron-server[93907]: DEBUG neutron_lib.callbacks.manager [req-ceef9f7a-9587-4afc-8cd5-deab843e8bc0 req-2024d868-9465-4b35-a832-0ee3828b03a4 tempest-DeleteServersTestJSON-1518041067 tempest-DeleteServersTestJSON-1518041067-project] Notify callbacks ['neutron.notifiers.nova.Notifier._send_nova_notification-31006'] for port, before_response {{(pid=93907) _notify_loop /usr/local/lib/python3.8/dist-packages/neutron_lib/callbacks/manager.py:192}}
Aug 31 12:21:30.559759 dv-cinder-806559-5-smb neutron-server[93907]: INFO neutron.wsgi [req-ceef9f7a-9587-4afc-8cd5-deab843e8bc0 req-2024d868-9465-4b35-a832-0ee3828b03a4 tempest-DeleteServersTestJSON-1518041067 tempest-DeleteServersTestJSON-1518041067-project] 10.222.0.42 "DELETE /v2.0/ports/672f6752-46b0-482f-91c1-7d665281e501 HTTP/1.1" status: 204 len: 173 time: 1.2687259
Aug 31 12:21:30.561246 dv-cinder-806559-5-smb neutron-server[93907]: DEBUG neutron.notifiers.nova [-] Sending events: [{'server_uuid': '6ef1eb82-7573-441e-95d4-534e4bb2e0c0', 'name': 'network-vif-deleted', 'tag': '672f6752-46b0-482f-91c1-7d665281e501'}] {{(pid=93907) send_events /opt/stack/neutron/neutron/notifiers/nova.py:262}}
Aug 31 12:21:30.566744 dv-cinder-806559-5-smb neutron-server[93907]: DEBUG novaclient.v2.client [-] REQ: curl -g -i --cacert "/opt/stack/data/ca-bundle.pem" -X POST http://10.222.0.48/compute/v2.1/os-server-external-events -H "Accept: application/json" -H "Content-Type: application/json" -H "User-Agent: python-novaclient" -H "X-Auth-Token: {SHA256}4275618b2d4d59b778daee56e9a8a13b19fac03675bf315b61a2cccde125cfd0" -H "X-OpenStack-Nova-API-Version: 2.1" -H "X-OpenStack-Request-ID: req-afbba8b4-d133-47d5-be34-4ccd0ed597a1" -d '{"events": [{"server_uuid": "6ef1eb82-7573-441e-95d4-534e4bb2e0c0", "name": "network-vif-deleted", "tag": "672f6752-46b0-482f-91c1-7d665281e501"}]}' {{(pid=93907) _http_log_request /usr/local/lib/python3.8/dist-packages/keystoneauth1/session.py:519}}
Aug 31 12:21:30.588718 dv-cinder-806559-5-smb neutron-server[93907]: DEBUG neutron_lib.callbacks.manager [None req-de78fbc9-738b-420c-8422-7f56c80a493c admin admin] Notify callbacks ['neutron.plugins.ml2.ovo_rpc._ObjectChangeHandler.handle_event-638661'] for security_group, after_delete {{(pid=93907) _notify_loop /usr/local/lib/python3.8/dist-packages/neutron_lib/callbacks/manager.py:192}}
Aug 31 12:21:30.591357 dv-cinder-806559-5-smb neutron-server[93907]: DEBUG neutron_lib.callbacks.manager [None req-de78fbc9-738b-420c-8422-7f56c80a493c admin admin] Notify callbacks [] for security_group, before_response {{(pid=93907) _notify_loop /usr/local/lib/python3.8/dist-packages/neutron_lib/callbacks/manager.py:192}}
Aug 31 12:21:30.594929 dv-cinder-806559-5-smb neutron-server[93907]: INFO neutron.wsgi [None req-de78fbc9-738b-420c-8422-7f56c80a493c admin admin] 10.222.0.48 "DELETE /v2.0/security-groups/1bad9cdd-4114-4f64-8e37-71de89b63d49 HTTP/1.1" status: 204 len: 168 time: 0.5985937
Aug 31 12:21:30.605650 dv-cinder-806559-5-smb neutron-server[93907]: DEBUG neutron.pecan_wsgi.hooks.policy_enforcement [req-13c93913-da89-454e-9c0b-81d74d24de90 req-3d343e41-bdbd-4a87-a5ff-0a09a3191602 tempest-VolumesActionsTest-334528515 tempest-VolumesActionsTest-334528515-project] Attributes excluded by policy engine: ['standard_attr_id', 'binding:profile', 'binding:host_id', 'binding:vif_type', 'binding:vif_details'] {{(pid=93907) _exclude_attributes_by_policy /opt/stack/neutron/neutron/pecan_wsgi/hooks/policy_enforcement.py:255}}
Aug 31 12:21:30.607298 dv-cinder-806559-5-smb neutron-server[93907]: INFO neutron.wsgi [req-13c93913-da89-454e-9c0b-81d74d24de90 req-3d343e41-bdbd-4a87-a5ff-0a09a3191602 tempest-VolumesActionsTest-334528515 tempest-VolumesActionsTest-334528515-project] 10.222.0.48 "GET /v2.0/ports?device_id=7abc79c2-f98f-479f-b6ac-920a5c6d141d HTTP/1.1" status: 200 len: 943 time: 0.3249106
Aug 31 12:21:30.613474 dv-cinder-806559-5-smb neutron-server[93907]: DEBUG neutron.api.rpc.handlers.resources_rpc [None req-de78fbc9-738b-420c-8422-7f56c80a493c admin admin] Pushing event deleted for resources: {'SecurityGroup': ['ID=1bad9cdd-4114-4f64-8e37-71de89b63d49,revision_number=None']} {{(pid=93907) push /opt/stack/neutron/neutron/api/rpc/handlers/resources_rpc.py:237}}
Aug 31 12:21:30.685452 dv-cinder-806559-5-smb neutron-server[93907]: DEBUG novaclient.v2.client [-] RESP: [200] Connection: close Content-Length: 183 Content-Type: application/json Date: Tue, 31 Aug 2021 12:21:30 GMT OpenStack-API-Version: compute 2.1 Server: Apache/2.4.41 (Ubuntu) Vary: OpenStack-API-Version,X-OpenStack-Nova-API-Version X-OpenStack-Nova-API-Version: 2.1 x-compute-request-id: req-e20fd3a7-d5d1-4351-84e8-c5666a7560ce x-openstack-request-id: req-e20fd3a7-d5d1-4351-84e8-c5666a7560ce {{(pid=93907) _http_log_response /usr/local/lib/python3.8/dist-packages/keystoneauth1/session.py:550}}
Aug 31 12:21:30.685849 dv-cinder-806559-5-smb neutron-server[93907]: DEBUG novaclient.v2.client [-] RESP BODY: {"events": [{"server_uuid": "6ef1eb82-7573-441e-95d4-534e4bb2e0c0", "name": "network-vif-deleted", "tag": "672f6752-46b0-482f-91c1-7d665281e501", "status": "completed", "code": 200}]} {{(pid=93907) _http_log_response /usr/local/lib/python3.8/dist-packages/keystoneauth1/session.py:582}}
Aug 31 12:21:30.686267 dv-cinder-806559-5-smb neutron-server[93907]: DEBUG novaclient.v2.client [-] POST call to compute for http://10.222.0.48/compute/v2.1/os-server-external-events used request id req-e20fd3a7-d5d1-4351-84e8-c5666a7560ce {{(pid=93907) request /usr/local/lib/python3.8/dist-packages/keystoneauth1/session.py:954}}
Aug 31 12:21:30.686671 dv-cinder-806559-5-smb neutron-server[93907]: INFO neutron.notifiers.nova [-] Nova event response: {'server_uuid': '6ef1eb82-7573-441e-95d4-534e4bb2e0c0', 'name': 'network-vif-deleted', 'tag': '672f6752-46b0-482f-91c1-7d665281e501', 'status': 'completed', 'code': 200}
Aug 31 12:21:30.707788 dv-cinder-806559-5-smb neutron-server[93907]: INFO neutron.wsgi [req-13c93913-da89-454e-9c0b-81d74d24de90 req-668d1386-6b4e-4197-8cef-a73a5b043216 tempest-VolumesActionsTest-334528515 tempest-VolumesActionsTest-334528515-project] 10.222.0.48 "GET /v2.0/security-groups?id=7dfad599-bc60-4662-83a7-537a7917845a&fields=id&fields=name HTTP/1.1" status: 200 len: 286 time: 0.0902193
Aug 31 12:21:30.845644 dv-cinder-806559-5-smb neutron-server[93906]: INFO neutron.wsgi [req-b0340734-75c0-4291-81ff-ede106d86189 req-ab5706b9-dd29-466b-bd7c-ffb3be6d34e9 tempest-DeleteServersTestJSON-1518041067 tempest-DeleteServersTestJSON-1518041067-project] 10.222.0.48 "GET /v2.0/ports?device_id=6ef1eb82-7573-441e-95d4-534e4bb2e0c0 HTTP/1.1" status: 200 len: 210 time: 0.0747550
Aug 31 12:21:30.952251 dv-cinder-806559-5-smb neutron-server[93907]: INFO neutron.wsgi [req-4e10bf44-d0a0-47e7-9e23-8afa4f0d1a9d req-9b10d5fa-3300-417e-b0de-78643ffd08a8 tempest-AttachVolumeNegativeTest-2057046284 tempest-AttachVolumeNegativeTest-2057046284-project] 10.222.0.48 "GET /v2.0/ports?device_id=443c815f-b1a2-49c6-aeb0-09d77e5f0876 HTTP/1.1" status: 200 len: 210 time: 0.0712788
Aug 31 12:21:31.203895 dv-cinder-806559-5-smb neutron-server[93907]: DEBUG neutron.pecan_wsgi.hooks.policy_enforcement [req-12530d69-3d81-46da-893a-3ce4cc5fde2c req-29edb23a-e781-4612-819b-fbdc78d32b75 tempest-AttachVolumeNegativeTest-2057046284 tempest-AttachVolumeNegativeTest-2057046284-project] Attributes excluded by policy engine: ['standard_attr_id', 'vlan_transparent', 'provider:network_type', 'provider:physical_network', 'provider:segmentation_id'] {{(pid=93907) _exclude_attributes_by_policy /opt/stack/neutron/neutron/pecan_wsgi/hooks/policy_enforcement.py:255}}
Aug 31 12:21:31.219475 dv-cinder-806559-5-smb neutron-server[93907]: INFO neutron.wsgi [req-12530d69-3d81-46da-893a-3ce4cc5fde2c req-29edb23a-e781-4612-819b-fbdc78d32b75 tempest-AttachVolumeNegativeTest-2057046284 tempest-AttachVolumeNegativeTest-2057046284-project] 10.222.0.42 "GET /v2.0/networks?id=3d633ddb-2a90-4809-b9fa-46d1f3a40588 HTTP/1.1" status: 200 len: 815 time: 0.2766154
Aug 31 12:21:31.259898 dv-cinder-806559-5-smb neutron-server[93907]: DEBUG neutron.api.v2.base [req-12530d69-3d81-46da-893a-3ce4cc5fde2c req-1d007813-8e28-4475-97f8-c4ae1855c847 tempest-AttachVolumeNegativeTest-2057046284 tempest-AttachVolumeNegativeTest-2057046284-project] Request body: {'port': {'device_id': '443c815f-b1a2-49c6-aeb0-09d77e5f0876', 'network_id': '3d633ddb-2a90-4809-b9fa-46d1f3a40588', 'admin_state_up': True, 'tenant_id': 'e8455c8615554a49a4a6b24cb9f53a34'}} {{(pid=93907) prepare_request_body /opt/stack/neutron/neutron/api/v2/base.py:730}}
Aug 31 12:21:31.279029 dv-cinder-806559-5-smb neutron-server[93906]: DEBUG neutron.pecan_wsgi.hooks.policy_enforcement [req-f2932fba-fb11-470e-b27c-33e6ae5cb765 req-1c8886f5-e605-48af-8c46-976e8a9bbd0e tempest-ServerRescueNegativeTestJSON-1627651810 tempest-ServerRescueNegativeTestJSON-1627651810-project] Attributes excluded by policy engine: ['standard_attr_id', 'binding:profile', 'binding:host_id', 'binding:vif_type', 'binding:vif_details'] {{(pid=93906) _exclude_attributes_by_policy /opt/stack/neutron/neutron/pecan_wsgi/hooks/policy_enforcement.py:255}}
Aug 31 12:21:31.292936 dv-cinder-806559-5-smb neutron-server[93906]: INFO neutron.wsgi [req-f2932fba-fb11-470e-b27c-33e6ae5cb765 req-1c8886f5-e605-48af-8c46-976e8a9bbd0e tempest-ServerRescueNegativeTestJSON-1627651810 tempest-ServerRescueNegativeTestJSON-1627651810-project] 10.222.0.48 "GET /v2.0/ports?device_id=b4144fa1-35f2-4883-a2d7-bea0a29f486a HTTP/1.1" status: 200 len: 946 time: 0.1191542
Aug 31 12:21:31.355859 dv-cinder-806559-5-smb neutron-server[93906]: INFO neutron.wsgi [req-f2932fba-fb11-470e-b27c-33e6ae5cb765 req-d49ad44d-e344-440d-96ad-45089687d9a3 tempest-ServerRescueNegativeTestJSON-1627651810 tempest-ServerRescueNegativeTestJSON-1627651810-project] 10.222.0.48 "GET /v2.0/security-groups?id=d61e710c-ad88-4c48-bb7c-23ee4c715b41&fields=id&fields=name HTTP/1.1" status: 200 len: 286 time: 0.0616195
Aug 31 12:21:31.419789 dv-cinder-806559-5-smb neutron-server[93908]: DEBUG neutron.plugins.ml2.rpc [None req-84a01020-6c67-4aa8-a43a-5278ea11c816 None None] Device 4041cbb3-cd0d-46e3-947e-4038b285d5c8 details requested by agent hyperv_hv-cinder-80655 with host hv-cinder-80655 {{(pid=93908) get_device_details /opt/stack/neutron/neutron/plugins/ml2/rpc.py:102}}
Aug 31 12:21:31.651929 dv-cinder-806559-5-smb neutron-server[93907]: DEBUG neutron.pecan_wsgi.hooks.quota_enforcement [req-12530d69-3d81-46da-893a-3ce4cc5fde2c req-1d007813-8e28-4475-97f8-c4ae1855c847 tempest-AttachVolumeNegativeTest-2057046284 tempest-AttachVolumeNegativeTest-2057046284-project] Made reservation on behalf of e8455c8615554a49a4a6b24cb9f53a34 for: {'port': 1} {{(pid=93907) before /opt/stack/neutron/neutron/pecan_wsgi/hooks/quota_enforcement.py:53}}
Aug 31 12:21:31.660097 dv-cinder-806559-5-smb neutron-server[93907]: DEBUG neutron_lib.callbacks.manager [req-12530d69-3d81-46da-893a-3ce4cc5fde2c req-1d007813-8e28-4475-97f8-c4ae1855c847 tempest-AttachVolumeNegativeTest-2057046284 tempest-AttachVolumeNegativeTest-2057046284-project] Notify callbacks ['neutron.plugins.ml2.plugin.SecurityGroupDbMixin._ensure_default_security_group_handler-1658572'] for port, before_create {{(pid=93907) _notify_loop /usr/local/lib/python3.8/dist-packages/neutron_lib/callbacks/manager.py:192}}
Aug 31 12:21:31.706244 dv-cinder-806559-5-smb neutron-server[93908]: DEBUG neutron_lib.callbacks.manager [None req-e0563c04-f055-4521-bd78-8de179692df1 None None] Notify callbacks ['neutron.services.segments.db._update_segment_host_mapping_for_agent-8743874685148', 'neutron.plugins.ml2.plugin.Ml2Plugin._retry_binding_revived_agents-1585100'] for agent, after_update {{(pid=93908) _notify_loop /usr/local/lib/python3.8/dist-packages/neutron_lib/callbacks/manager.py:192}}
Aug 31 12:21:31.720893 dv-cinder-806559-5-smb neutron-server[93908]: DEBUG neutron.plugins.ml2.db [None req-84a01020-6c67-4aa8-a43a-5278ea11c816 None None] For port 4041cbb3-cd0d-46e3-947e-4038b285d5c8, host hv-cinder-80655, got binding levels [PortBindingLevel(driver='hyperv',host='hv-cinder-80655',level=0,port_id=4041cbb3-cd0d-46e3-947e-4038b285d5c8,segment=NetworkSegment(5971eb0e-af94-4bb9-ad54-9e2e9abb43ae),segment_id=5971eb0e-af94-4bb9-ad54-9e2e9abb43ae)] {{(pid=93908) get_binding_level_objs /opt/stack/neutron/neutron/plugins/ml2/db.py:74}}
Aug 31 12:21:31.765462 dv-cinder-806559-5-smb neutron-server[93908]: DEBUG neutron.plugins.ml2.rpc [None req-84a01020-6c67-4aa8-a43a-5278ea11c816 None None] Returning: {'device': '4041cbb3-cd0d-46e3-947e-4038b285d5c8', 'network_id': '8faea91d-3b5f-4359-b92f-688224d844c9', 'port_id': '4041cbb3-cd0d-46e3-947e-4038b285d5c8', 'mac_address': 'fa:16:3e:90:01:52', 'admin_state_up': True, 'network_type': 'vlan', 'segmentation_id': 422, 'physical_network': 'physnet1', 'mtu': 1500, 'fixed_ips': [{'subnet_id': '3b0c1a7a-49df-4b29-b48d-37013b41e87c', 'ip_address': '172.20.0.4'}], 'device_owner': 'compute:nova', 'allowed_address_pairs': [], 'port_security_enabled': True, 'qos_policy_id': None, 'network_qos_policy_id': None, 'profile': {}, 'propagate_uplink_status': False} {{(pid=93908) _get_device_details /opt/stack/neutron/neutron/plugins/ml2/rpc.py:184}}
Aug 31 12:21:31.938378 dv-cinder-806559-5-smb neutron-server[93908]: DEBUG neutron_lib.callbacks.manager [None req-84a01020-6c67-4aa8-a43a-5278ea11c816 None None] Notify callbacks ['neutron.plugins.ml2.plugin.SecurityGroupDbMixin._ensure_default_security_group_handler-1658572'] for port, before_update {{(pid=93908) _notify_loop /usr/local/lib/python3.8/dist-packages/neutron_lib/callbacks/manager.py:192}}
Aug 31 12:21:31.972283 dv-cinder-806559-5-smb neutron-server[93908]: DEBUG neutron.notifiers.nova [None req-84a01020-6c67-4aa8-a43a-5278ea11c816 None None] Ignoring state change previous_port_status: DOWN current_port_status: BUILD port_id 4041cbb3-cd0d-46e3-947e-4038b285d5c8 {{(pid=93908) record_port_status_changed /opt/stack/neutron/neutron/notifiers/nova.py:224}}
Aug 31 12:21:31.997777 dv-cinder-806559-5-smb neutron-server[93907]: DEBUG neutron.db.db_base_plugin_common [req-12530d69-3d81-46da-893a-3ce4cc5fde2c req-1d007813-8e28-4475-97f8-c4ae1855c847 tempest-AttachVolumeNegativeTest-2057046284 tempest-AttachVolumeNegativeTest-2057046284-project] Allocated IP 172.20.0.5 (3d633ddb-2a90-4809-b9fa-46d1f3a40588/21c0dd1a-03d6-4932-9955-4d08e30b16a7/02ee241e-2a76-48f1-9fc8-14573d8453ab) {{(pid=93907) _store_ip_allocation /opt/stack/neutron/neutron/db/db_base_plugin_common.py:131}}
Aug 31 12:21:32.021145 dv-cinder-806559-5-smb neutron-server[93908]: DEBUG neutron.plugins.ml2.db [None req-84a01020-6c67-4aa8-a43a-5278ea11c816 None None] For port 4041cbb3-cd0d-46e3-947e-4038b285d5c8, host hv-cinder-80655, got binding levels [PortBindingLevel(driver='hyperv',host='hv-cinder-80655',level=0,port_id=4041cbb3-cd0d-46e3-947e-4038b285d5c8,segment=NetworkSegment(5971eb0e-af94-4bb9-ad54-9e2e9abb43ae),segment_id=5971eb0e-af94-4bb9-ad54-9e2e9abb43ae)] {{(pid=93908) get_binding_level_objs /opt/stack/neutron/neutron/plugins/ml2/db.py:74}}
Aug 31 12:21:32.027327 dv-cinder-806559-5-smb neutron-server[93908]: DEBUG neutron_lib.callbacks.manager [None req-84a01020-6c67-4aa8-a43a-5278ea11c816 None None] Notify callbacks ['neutron.plugins.ml2.plugin.SecurityGroupServerNotifierRpcMixin._notify_sg_on_port_change-1658507', 'neutron.plugins.ml2.ovo_rpc._ObjectChangeHandler.handle_event-462388', 'neutron.api.rpc.agentnotifiers.dhcp_rpc_agent_api.DhcpAgentNotifyAPI._native_event_send_dhcp_notification-570726', 'neutron.db.l3_db.L3RpcNotifierMixin._notify_gateway_port_ip_changed-8743874735059', 'neutron.db.l3_dvrscheduler_db._notify_l3_agent_port_update-8743874237480', 'neutron.db.l3_hascheduler_db._notify_l3_agent_ha_port_update-8743874237498'] for port, after_update {{(pid=93908) _notify_loop /usr/local/lib/python3.8/dist-packages/neutron_lib/callbacks/manager.py:192}}
Aug 31 12:21:32.154864 dv-cinder-806559-5-smb neutron-server[93908]: DEBUG neutron.api.rpc.handlers.resources_rpc [None req-84a01020-6c67-4aa8-a43a-5278ea11c816 None None] Pushing event updated for resources: {'Port': ['ID=4041cbb3-cd0d-46e3-947e-4038b285d5c8,revision_number=4']} {{(pid=93908) push /opt/stack/neutron/neutron/api/rpc/handlers/resources_rpc.py:237}}
Aug 31 12:21:32.165869 dv-cinder-806559-5-smb neutron-server[93907]: DEBUG neutron.pecan_wsgi.hooks.policy_enforcement [req-d2afbef7-628f-4de2-807d-938e27d5e847 req-e9b1e32e-992b-44fe-ac09-99740fd565db tempest-VolumesActionsTest-334528515 tempest-VolumesActionsTest-334528515-project] Attributes excluded by policy engine: ['standard_attr_id', 'binding:profile', 'binding:host_id', 'binding:vif_type', 'binding:vif_details'] {{(pid=93907) _exclude_attributes_by_policy /opt/stack/neutron/neutron/pecan_wsgi/hooks/policy_enforcement.py:255}}
Aug 31 12:21:32.170164 dv-cinder-806559-5-smb neutron-server[93907]: INFO neutron.wsgi [req-d2afbef7-628f-4de2-807d-938e27d5e847 req-e9b1e32e-992b-44fe-ac09-99740fd565db tempest-VolumesActionsTest-334528515 tempest-VolumesActionsTest-334528515-project] 10.222.0.48 "GET /v2.0/ports?device_id=7abc79c2-f98f-479f-b6ac-920a5c6d141d HTTP/1.1" status: 200 len: 943 time: 0.2026093
Aug 31 12:21:32.204813 dv-cinder-806559-5-smb neutron-server[93906]: INFO neutron.wsgi [req-4bcbe749-afe4-4259-b67d-864a663980f8 req-b3eb200e-2484-4f7b-bbc6-e84164896ecb tempest-AttachVolumeNegativeTest-2057046284 tempest-AttachVolumeNegativeTest-2057046284-project] 10.222.0.48 "GET /v2.0/ports?device_id=443c815f-b1a2-49c6-aeb0-09d77e5f0876 HTTP/1.1" status: 200 len: 210 time: 0.0693421
Aug 31 12:21:32.298378 dv-cinder-806559-5-smb neutron-server[93908]: DEBUG neutron.plugins.ml2.db [None req-84a01020-6c67-4aa8-a43a-5278ea11c816 None None] get_ports_and_sgs() called for port_ids ['4041cbb3-cd0d-46e3-947e-4038b285d5c8'] {{(pid=93908) get_ports_and_sgs /opt/stack/neutron/neutron/plugins/ml2/db.py:156}}
Aug 31 12:21:32.299238 dv-cinder-806559-5-smb neutron-server[93907]: INFO neutron.wsgi [req-d2afbef7-628f-4de2-807d-938e27d5e847 req-c07282ed-c26d-4e83-bdfe-1ac593aae2bd tempest-VolumesActionsTest-334528515 tempest-VolumesActionsTest-334528515-project] 10.222.0.48 "GET /v2.0/security-groups?id=7dfad599-bc60-4662-83a7-537a7917845a&fields=id&fields=name HTTP/1.1" status: 200 len: 286 time: 0.1154571
Aug 31 12:21:32.366324 dv-cinder-806559-5-smb neutron-server[93907]: DEBUG neutron_lib.callbacks.manager [req-12530d69-3d81-46da-893a-3ce4cc5fde2c req-1d007813-8e28-4475-97f8-c4ae1855c847 tempest-AttachVolumeNegativeTest-2057046284 tempest-AttachVolumeNegativeTest-2057046284-project] Notify callbacks [] for port, precommit_create {{(pid=93907) _notify_loop /usr/local/lib/python3.8/dist-packages/neutron_lib/callbacks/manager.py:192}}
Aug 31 12:21:32.456983 dv-cinder-806559-5-smb neutron-server[93907]: DEBUG neutron_lib.callbacks.manager [req-12530d69-3d81-46da-893a-3ce4cc5fde2c req-1d007813-8e28-4475-97f8-c4ae1855c847 tempest-AttachVolumeNegativeTest-2057046284 tempest-AttachVolumeNegativeTest-2057046284-project] Notify callbacks ['neutron.plugins.ml2.plugin.SecurityGroupServerNotifierRpcMixin._notify_sg_on_port_change-1658507', 'neutron.plugins.ml2.ovo_rpc._ObjectChangeHandler.handle_event-462388', 'neutron.api.rpc.agentnotifiers.dhcp_rpc_agent_api.DhcpAgentNotifyAPI._native_event_send_dhcp_notification-570726', 'neutron.db.l3_dvrscheduler_db._notify_l3_agent_new_port-8743874237462', 'neutron.services.segments.plugin.NovaSegmentNotifier._notify_port_created_or_deleted-14278588'] for port, after_create {{(pid=93907) _notify_loop /usr/local/lib/python3.8/dist-packages/neutron_lib/callbacks/manager.py:192}}
Aug 31 12:21:32.563075 dv-cinder-806559-5-smb neutron-server[93907]: DEBUG neutron.scheduler.dhcp_agent_scheduler [req-12530d69-3d81-46da-893a-3ce4cc5fde2c req-1d007813-8e28-4475-97f8-c4ae1855c847 tempest-AttachVolumeNegativeTest-2057046284 tempest-AttachVolumeNegativeTest-2057046284-project] Network 3d633ddb-2a90-4809-b9fa-46d1f3a40588 is already hosted by enough agents. {{(pid=93907) _get_dhcp_agents_hosting_network /opt/stack/neutron/neutron/scheduler/dhcp_agent_scheduler.py:275}}
Aug 31 12:21:32.570208 dv-cinder-806559-5-smb neutron-server[93907]: DEBUG neutron.scheduler.base_scheduler [req-12530d69-3d81-46da-893a-3ce4cc5fde2c req-1d007813-8e28-4475-97f8-c4ae1855c847 tempest-AttachVolumeNegativeTest-2057046284 tempest-AttachVolumeNegativeTest-2057046284-project] Resources bound (agent type, host, resource id): {{(pid=93907) schedule /opt/stack/neutron/neutron/scheduler/base_scheduler.py:57}}
Aug 31 12:21:32.591607 dv-cinder-806559-5-smb neutron-server[93907]: DEBUG neutron.db.l3_dvrscheduler_db [req-12530d69-3d81-46da-893a-3ce4cc5fde2c req-1d007813-8e28-4475-97f8-c4ae1855c847 tempest-AttachVolumeNegativeTest-2057046284 tempest-AttachVolumeNegativeTest-2057046284-project] Received port after_create {{(pid=93907) _notify_l3_agent_new_port /opt/stack/neutron/neutron/db/l3_dvrscheduler_db.py:535}}
Aug 31 12:21:32.600367 dv-cinder-806559-5-smb neutron-server[93907]: DEBUG neutron.api.rpc.handlers.resources_rpc [None req-1d007813-8e28-4475-97f8-c4ae1855c847 tempest-AttachVolumeNegativeTest-2057046284 tempest-AttachVolumeNegativeTest-2057046284-project] Pushing event updated for resources: {'Port': ['ID=02ee241e-2a76-48f1-9fc8-14573d8453ab,revision_number=1']} {{(pid=93907) push /opt/stack/neutron/neutron/api/rpc/handlers/resources_rpc.py:237}}
Aug 31 12:21:32.656594 dv-cinder-806559-5-smb neutron-server[93907]: DEBUG neutron.pecan_wsgi.hooks.policy_enforcement [req-b5ee380b-03f8-4757-86c0-48d2ff3dfac4 req-a8b05e70-8bea-48dc-a2bf-8b0e0159a69e tempest-ServerRescueNegativeTestJSON-1627651810 tempest-ServerRescueNegativeTestJSON-1627651810-project] Attributes excluded by policy engine: ['standard_attr_id', 'binding:profile', 'binding:host_id', 'binding:vif_type', 'binding:vif_details'] {{(pid=93907) _exclude_attributes_by_policy /opt/stack/neutron/neutron/pecan_wsgi/hooks/policy_enforcement.py:255}}
Aug 31 12:21:32.658192 dv-cinder-806559-5-smb neutron-server[93907]: INFO neutron.wsgi [req-b5ee380b-03f8-4757-86c0-48d2ff3dfac4 req-a8b05e70-8bea-48dc-a2bf-8b0e0159a69e tempest-ServerRescueNegativeTestJSON-1627651810 tempest-ServerRescueNegativeTestJSON-1627651810-project] 10.222.0.48 "GET /v2.0/ports?device_id=b4144fa1-35f2-4883-a2d7-bea0a29f486a HTTP/1.1" status: 200 len: 946 time: 0.1419101
Aug 31 12:21:32.675023 dv-cinder-806559-5-smb neutron-server[93907]: DEBUG neutron.pecan_wsgi.hooks.policy_enforcement [req-12530d69-3d81-46da-893a-3ce4cc5fde2c req-1d007813-8e28-4475-97f8-c4ae1855c847 tempest-AttachVolumeNegativeTest-2057046284 tempest-AttachVolumeNegativeTest-2057046284-project] Attributes excluded by policy engine: ['standard_attr_id', 'binding:profile', 'binding:host_id', 'binding:vif_type', 'binding:vif_details', 'network'] {{(pid=93907) _exclude_attributes_by_policy /opt/stack/neutron/neutron/pecan_wsgi/hooks/policy_enforcement.py:255}}
Aug 31 12:21:32.675764 dv-cinder-806559-5-smb neutron-server[93907]: DEBUG neutron_lib.callbacks.manager [req-12530d69-3d81-46da-893a-3ce4cc5fde2c req-1d007813-8e28-4475-97f8-c4ae1855c847 tempest-AttachVolumeNegativeTest-2057046284 tempest-AttachVolumeNegativeTest-2057046284-project] Notify callbacks ['neutron.notifiers.nova.Notifier._send_nova_notification-31006'] for port, before_response {{(pid=93907) _notify_loop /usr/local/lib/python3.8/dist-packages/neutron_lib/callbacks/manager.py:192}}
Aug 31 12:21:32.709595 dv-cinder-806559-5-smb neutron-server[93907]: INFO neutron.wsgi [req-12530d69-3d81-46da-893a-3ce4cc5fde2c req-1d007813-8e28-4475-97f8-c4ae1855c847 tempest-AttachVolumeNegativeTest-2057046284 tempest-AttachVolumeNegativeTest-2057046284-project] 10.222.0.42 "POST /v2.0/ports HTTP/1.1" status: 201 len: 933 time: 1.4821231
Aug 31 12:21:32.734500 dv-cinder-806559-5-smb neutron-server[93907]: DEBUG neutron.api.v2.base [req-12530d69-3d81-46da-893a-3ce4cc5fde2c req-e840a266-b474-40d9-b807-73d10c1c41b4 service neutron] Request body: {'port': {'device_id': '443c815f-b1a2-49c6-aeb0-09d77e5f0876', 'device_owner': 'compute:nova', 'binding:host_id': 'hv-cinder-80655'}} {{(pid=93907) prepare_request_body /opt/stack/neutron/neutron/api/v2/base.py:730}}
Aug 31 12:21:32.774061 dv-cinder-806559-5-smb neutron-server[93907]: INFO neutron.wsgi [req-b5ee380b-03f8-4757-86c0-48d2ff3dfac4 req-69e4f99a-d9f0-4d93-96a8-47f340bb2bf6 tempest-ServerRescueNegativeTestJSON-1627651810 tempest-ServerRescueNegativeTestJSON-1627651810-project] 10.222.0.48 "GET /v2.0/security-groups?id=d61e710c-ad88-4c48-bb7c-23ee4c715b41&fields=id&fields=name HTTP/1.1" status: 200 len: 286 time: 0.1054366
Aug 31 12:21:32.834872 dv-cinder-806559-5-smb neutron-server[93907]: DEBUG neutron_lib.callbacks.manager [req-12530d69-3d81-46da-893a-3ce4cc5fde2c req-e840a266-b474-40d9-b807-73d10c1c41b4 service neutron] Notify callbacks ['neutron.plugins.ml2.plugin.SecurityGroupDbMixin._ensure_default_security_group_handler-1658572'] for port, before_update {{(pid=93907) _notify_loop /usr/local/lib/python3.8/dist-packages/neutron_lib/callbacks/manager.py:192}}
Aug 31 12:21:33.091328 dv-cinder-806559-5-smb neutron-server[93908]: DEBUG neutron.plugins.ml2.db [None req-84a01020-6c67-4aa8-a43a-5278ea11c816 None None] get_ports_and_sgs() called for port_ids ['c820ac3d-c4bb-4c2c-a8f7-07ab088bb566'] {{(pid=93908) get_ports_and_sgs /opt/stack/neutron/neutron/plugins/ml2/db.py:156}}
Aug 31 12:21:33.245657 dv-cinder-806559-5-smb neutron-server[93907]: DEBUG neutron.notifiers.nova [req-12530d69-3d81-46da-893a-3ce4cc5fde2c req-e840a266-b474-40d9-b807-73d10c1c41b4 service neutron] Ignoring state change previous_port_status: DOWN current_port_status: DOWN port_id 02ee241e-2a76-48f1-9fc8-14573d8453ab {{(pid=93907) record_port_status_changed /opt/stack/neutron/neutron/notifiers/nova.py:224}}
Aug 31 12:21:33.253875 dv-cinder-806559-5-smb neutron-server[93907]: DEBUG neutron_lib.callbacks.manager [req-12530d69-3d81-46da-893a-3ce4cc5fde2c req-e840a266-b474-40d9-b807-73d10c1c41b4 service neutron] Notify callbacks [] for port, precommit_update {{(pid=93907) _notify_loop /usr/local/lib/python3.8/dist-packages/neutron_lib/callbacks/manager.py:192}}
Aug 31 12:21:33.283157 dv-cinder-806559-5-smb neutron-server[93907]: DEBUG neutron.db.provisioning_blocks [req-12530d69-3d81-46da-893a-3ce4cc5fde2c req-e840a266-b474-40d9-b807-73d10c1c41b4 service neutron] Transition to ACTIVE for port object 02ee241e-2a76-48f1-9fc8-14573d8453ab will not be triggered until provisioned by entity L2. {{(pid=93907) add_provisioning_component /opt/stack/neutron/neutron/db/provisioning_blocks.py:73}}
Aug 31 12:21:33.289771 dv-cinder-806559-5-smb neutron-server[93907]: DEBUG neutron_lib.callbacks.manager [req-12530d69-3d81-46da-893a-3ce4cc5fde2c req-e840a266-b474-40d9-b807-73d10c1c41b4 service neutron] Notify callbacks ['neutron.plugins.ml2.plugin.SecurityGroupServerNotifierRpcMixin._notify_sg_on_port_change-1658507', 'neutron.plugins.ml2.ovo_rpc._ObjectChangeHandler.handle_event-462388', 'neutron.api.rpc.agentnotifiers.dhcp_rpc_agent_api.DhcpAgentNotifyAPI._native_event_send_dhcp_notification-570726', 'neutron.db.l3_db.L3RpcNotifierMixin._notify_gateway_port_ip_changed-8743874735059', 'neutron.db.l3_dvrscheduler_db._notify_l3_agent_port_update-8743874237480', 'neutron.db.l3_hascheduler_db._notify_l3_agent_ha_port_update-8743874237498', 'neutron.services.segments.plugin.NovaSegmentNotifier._notify_port_updated-14278533'] for port, after_update {{(pid=93907) _notify_loop /usr/local/lib/python3.8/dist-packages/neutron_lib/callbacks/manager.py:192}}
Aug 31 12:21:33.423170 dv-cinder-806559-5-smb neutron-server[93906]: DEBUG neutron.pecan_wsgi.hooks.policy_enforcement [req-f3e96f12-8588-4804-8f76-80b24be20006 req-8ed29e04-d800-4850-a4f9-623cc4e42f23 tempest-AttachVolumeNegativeTest-2057046284 tempest-AttachVolumeNegativeTest-2057046284-project] Attributes excluded by policy engine: ['standard_attr_id', 'binding:profile', 'binding:host_id', 'binding:vif_type', 'binding:vif_details'] {{(pid=93906) _exclude_attributes_by_policy /opt/stack/neutron/neutron/pecan_wsgi/hooks/policy_enforcement.py:255}}
Aug 31 12:21:33.424795 dv-cinder-806559-5-smb neutron-server[93906]: INFO neutron.wsgi [req-f3e96f12-8588-4804-8f76-80b24be20006 req-8ed29e04-d800-4850-a4f9-623cc4e42f23 tempest-AttachVolumeNegativeTest-2057046284 tempest-AttachVolumeNegativeTest-2057046284-project] 10.222.0.48 "GET /v2.0/ports?device_id=443c815f-b1a2-49c6-aeb0-09d77e5f0876 HTTP/1.1" status: 200 len: 943 time: 0.1081290
Aug 31 12:21:33.428800 dv-cinder-806559-5-smb neutron-server[93908]: DEBUG neutron.plugins.ml2.rpc [None req-84a01020-6c67-4aa8-a43a-5278ea11c816 None None] Device 4041cbb3-cd0d-46e3-947e-4038b285d5c8 up at agent hyperv_hv-cinder-80655 {{(pid=93908) update_device_up /opt/stack/neutron/neutron/plugins/ml2/rpc.py:296}}
Aug 31 12:21:33.436784 dv-cinder-806559-5-smb neutron-server[93907]: DEBUG neutron.api.rpc.handlers.resources_rpc [None req-e840a266-b474-40d9-b807-73d10c1c41b4 service neutron] Pushing event updated for resources: {'Port': ['ID=02ee241e-2a76-48f1-9fc8-14573d8453ab,revision_number=2']} {{(pid=93907) push /opt/stack/neutron/neutron/api/rpc/handlers/resources_rpc.py:237}}
Aug 31 12:21:33.490133 dv-cinder-806559-5-smb neutron-server[93906]: INFO neutron.wsgi [req-f3e96f12-8588-4804-8f76-80b24be20006 req-bfc0156d-8227-46c8-8509-1d6a67c4d7ec tempest-AttachVolumeNegativeTest-2057046284 tempest-AttachVolumeNegativeTest-2057046284-project] 10.222.0.48 "GET /v2.0/security-groups?id=a4756395-a0e2-4b73-832a-6b9b9b7746ef&fields=id&fields=name HTTP/1.1" status: 200 len: 286 time: 0.0494697
Aug 31 12:21:33.490314 dv-cinder-806559-5-smb neutron-server[93907]: DEBUG neutron.plugins.ml2.managers [req-12530d69-3d81-46da-893a-3ce4cc5fde2c req-e840a266-b474-40d9-b807-73d10c1c41b4 service neutron] Attempting to bind port 02ee241e-2a76-48f1-9fc8-14573d8453ab on host hv-cinder-80655 for vnic_type normal with profile {{(pid=93907) bind_port /opt/stack/neutron/neutron/plugins/ml2/managers.py:790}}
Aug 31 12:21:33.490616 dv-cinder-806559-5-smb neutron-server[93907]: DEBUG neutron.plugins.ml2.managers [req-12530d69-3d81-46da-893a-3ce4cc5fde2c req-e840a266-b474-40d9-b807-73d10c1c41b4 service neutron] Attempting to bind port 02ee241e-2a76-48f1-9fc8-14573d8453ab by drivers openvswitch,hyperv on host hv-cinder-80655 at level 0 using segments [{'id': '43b1b867-f788-46d9-8211-7fb69c431ea9', 'network_type': 'vlan', 'physical_network': 'physnet1', 'segmentation_id': 439, 'network_id': '3d633ddb-2a90-4809-b9fa-46d1f3a40588'}] {{(pid=93907) _bind_port_level /opt/stack/neutron/neutron/plugins/ml2/managers.py:815}}
Aug 31 12:21:33.490957 dv-cinder-806559-5-smb neutron-server[93907]: DEBUG neutron.plugins.ml2.drivers.mech_agent [req-12530d69-3d81-46da-893a-3ce4cc5fde2c req-e840a266-b474-40d9-b807-73d10c1c41b4 service neutron] Attempting to bind port 02ee241e-2a76-48f1-9fc8-14573d8453ab on network 3d633ddb-2a90-4809-b9fa-46d1f3a40588 {{(pid=93907) bind_port /opt/stack/neutron/neutron/plugins/ml2/drivers/mech_agent.py:85}}
Aug 31 12:21:33.499968 dv-cinder-806559-5-smb neutron-server[93907]: DEBUG neutron.plugins.ml2.drivers.mech_agent [req-12530d69-3d81-46da-893a-3ce4cc5fde2c req-e840a266-b474-40d9-b807-73d10c1c41b4 service neutron] Port 02ee241e-2a76-48f1-9fc8-14573d8453ab on network 3d633ddb-2a90-4809-b9fa-46d1f3a40588 not bound, no agent of type Open vSwitch agent registered on host hv-cinder-80655 {{(pid=93907) bind_port /opt/stack/neutron/neutron/plugins/ml2/drivers/mech_agent.py:97}}
Aug 31 12:21:33.499968 dv-cinder-806559-5-smb neutron-server[93907]: DEBUG neutron.plugins.ml2.drivers.mech_agent [req-12530d69-3d81-46da-893a-3ce4cc5fde2c req-e840a266-b474-40d9-b807-73d10c1c41b4 service neutron] Attempting to bind port 02ee241e-2a76-48f1-9fc8-14573d8453ab on network 3d633ddb-2a90-4809-b9fa-46d1f3a40588 {{(pid=93907) bind_port /opt/stack/neutron/neutron/plugins/ml2/drivers/mech_agent.py:85}}
Aug 31 12:21:33.516094 dv-cinder-806559-5-smb neutron-server[93907]: DEBUG neutron.plugins.ml2.drivers.mech_agent [req-12530d69-3d81-46da-893a-3ce4cc5fde2c req-e840a266-b474-40d9-b807-73d10c1c41b4 service neutron] Checking agent: {'id': 'fb31041c-60ba-4842-bec6-0b7b7bb9b2f5', 'agent_type': 'HyperV agent', 'binary': 'neutron-hyperv-agent', 'topic': 'N/A', 'host': 'hv-cinder-80655', 'admin_state_up': True, 'created_at': datetime.datetime(2021, 8, 31, 12, 18, 47), 'started_at': datetime.datetime(2021, 8, 31, 12, 18, 47), 'heartbeat_timestamp': datetime.datetime(2021, 8, 31, 12, 21, 17), 'description': None, 'resources_synced': None, 'availability_zone': None, 'alive': True, 'configurations': {'vswitch_mappings': {'physnet1$': 'br-data'}}, 'resource_versions': {}} {{(pid=93907) bind_port /opt/stack/neutron/neutron/plugins/ml2/drivers/mech_agent.py:104}}
Aug 31 12:21:33.516441 dv-cinder-806559-5-smb neutron-server[93907]: DEBUG neutron.plugins.ml2.drivers.mech_agent [req-12530d69-3d81-46da-893a-3ce4cc5fde2c req-e840a266-b474-40d9-b807-73d10c1c41b4 service neutron] Checking segment: {'id': '43b1b867-f788-46d9-8211-7fb69c431ea9', 'network_type': 'vlan', 'physical_network': 'physnet1', 'segmentation_id': 439, 'network_id': '3d633ddb-2a90-4809-b9fa-46d1f3a40588'} for mappings: {'physnet1$': 'br-data'} with network types: ['local', 'flat', 'vlan'] {{(pid=93907) check_segment_for_agent /opt/stack/neutron/neutron/plugins/ml2/drivers/mech_agent.py:352}}
Aug 31 12:21:33.516834 dv-cinder-806559-5-smb neutron-server[93907]: DEBUG neutron.plugins.ml2.drivers.mech_agent [req-12530d69-3d81-46da-893a-3ce4cc5fde2c req-e840a266-b474-40d9-b807-73d10c1c41b4 service neutron] Bound using segment: {'id': '43b1b867-f788-46d9-8211-7fb69c431ea9', 'network_type': 'vlan', 'physical_network': 'physnet1', 'segmentation_id': 439, 'network_id': '3d633ddb-2a90-4809-b9fa-46d1f3a40588'} {{(pid=93907) bind_port /opt/stack/neutron/neutron/plugins/ml2/drivers/mech_agent.py:114}}
Aug 31 12:21:33.517283 dv-cinder-806559-5-smb neutron-server[93907]: DEBUG neutron.plugins.ml2.managers [req-12530d69-3d81-46da-893a-3ce4cc5fde2c req-e840a266-b474-40d9-b807-73d10c1c41b4 service neutron] Bound port: 02ee241e-2a76-48f1-9fc8-14573d8453ab, host: hv-cinder-80655, vif_type: hyperv, vif_details: {"connectivity": "legacy", "port_filter": false}, binding_levels: [{'bound_driver': 'hyperv', 'bound_segment': {'id': '43b1b867-f788-46d9-8211-7fb69c431ea9', 'network_type': 'vlan', 'physical_network': 'physnet1', 'segmentation_id': 439, 'network_id': '3d633ddb-2a90-4809-b9fa-46d1f3a40588'}}] {{(pid=93907) _bind_port_level /opt/stack/neutron/neutron/plugins/ml2/managers.py:928}}
Aug 31 12:21:33.517642 dv-cinder-806559-5-smb neutron-server[93907]: DEBUG neutron_lib.callbacks.manager [req-12530d69-3d81-46da-893a-3ce4cc5fde2c req-e840a266-b474-40d9-b807-73d10c1c41b4 service neutron] Notify callbacks ['neutron.plugins.ml2.plugin.SecurityGroupDbMixin._ensure_default_security_group_handler-1658572'] for port, before_update {{(pid=93907) _notify_loop /usr/local/lib/python3.8/dist-packages/neutron_lib/callbacks/manager.py:192}}
Aug 31 12:21:33.530517 dv-cinder-806559-5-smb neutron-server[93908]: DEBUG neutron.db.provisioning_blocks [None req-84a01020-6c67-4aa8-a43a-5278ea11c816 None None] Provisioning for port 4041cbb3-cd0d-46e3-947e-4038b285d5c8 completed by entity L2. {{(pid=93908) provisioning_complete /opt/stack/neutron/neutron/db/provisioning_blocks.py:133}}
Aug 31 12:21:33.538466 dv-cinder-806559-5-smb neutron-server[93908]: DEBUG neutron.db.provisioning_blocks [None req-84a01020-6c67-4aa8-a43a-5278ea11c816 None None] Provisioning complete for port 4041cbb3-cd0d-46e3-947e-4038b285d5c8 triggered by entity L2. {{(pid=93908) provisioning_complete /opt/stack/neutron/neutron/db/provisioning_blocks.py:139}}
Aug 31 12:21:33.539371 dv-cinder-806559-5-smb neutron-server[93908]: DEBUG neutron_lib.callbacks.manager [None req-84a01020-6c67-4aa8-a43a-5278ea11c816 None None] Notify callbacks ['neutron.plugins.ml2.plugin.Ml2Plugin._port_provisioned-1584923'] for port, provisioning_complete {{(pid=93908) _notify_loop /usr/local/lib/python3.8/dist-packages/neutron_lib/callbacks/manager.py:192}}
Aug 31 12:21:33.544215 dv-cinder-806559-5-smb neutron-server[93907]: DEBUG neutron.pecan_wsgi.hooks.policy_enforcement [req-b651185d-921a-4108-ac05-11aa6049388e req-89f72051-eb70-4b23-8439-a93b94900529 tempest-VolumesActionsTest-334528515 tempest-VolumesActionsTest-334528515-project] Attributes excluded by policy engine: ['standard_attr_id', 'binding:profile', 'binding:host_id', 'binding:vif_type', 'binding:vif_details'] {{(pid=93907) _exclude_attributes_by_policy /opt/stack/neutron/neutron/pecan_wsgi/hooks/policy_enforcement.py:255}}
Aug 31 12:21:33.545291 dv-cinder-806559-5-smb neutron-server[93907]: INFO neutron.wsgi [req-b651185d-921a-4108-ac05-11aa6049388e req-89f72051-eb70-4b23-8439-a93b94900529 tempest-VolumesActionsTest-334528515 tempest-VolumesActionsTest-334528515-project] 10.222.0.48 "GET /v2.0/ports?device_id=7abc79c2-f98f-479f-b6ac-920a5c6d141d HTTP/1.1" status: 200 len: 944 time: 0.1051173
Aug 31 12:21:33.617312 dv-cinder-806559-5-smb neutron-server[93907]: INFO neutron.wsgi [req-b651185d-921a-4108-ac05-11aa6049388e req-9b7a6f1c-6ade-42c0-9d6b-b691be61370b tempest-VolumesActionsTest-334528515 tempest-VolumesActionsTest-334528515-project] 10.222.0.48 "GET /v2.0/security-groups?id=7dfad599-bc60-4662-83a7-537a7917845a&fields=id&fields=name HTTP/1.1" status: 200 len: 286 time: 0.0473542
Aug 31 12:21:33.643011 dv-cinder-806559-5-smb neutron-server[93907]: DEBUG neutron.plugins.ml2.db [req-12530d69-3d81-46da-893a-3ce4cc5fde2c req-e840a266-b474-40d9-b807-73d10c1c41b4 service neutron] For port 02ee241e-2a76-48f1-9fc8-14573d8453ab, host hv-cinder-80655, cleared binding levels {{(pid=93907) clear_binding_levels /opt/stack/neutron/neutron/plugins/ml2/db.py:87}}
Aug 31 12:21:33.647213 dv-cinder-806559-5-smb neutron-server[93907]: DEBUG neutron.plugins.ml2.db [req-12530d69-3d81-46da-893a-3ce4cc5fde2c req-e840a266-b474-40d9-b807-73d10c1c41b4 service neutron] For port 02ee241e-2a76-48f1-9fc8-14573d8453ab, host hv-cinder-80655, set binding levels [PortBindingLevel(driver='hyperv',host='hv-cinder-80655',level=0,port_id=02ee241e-2a76-48f1-9fc8-14573d8453ab,segment=NetworkSegment(43b1b867-f788-46d9-8211-7fb69c431ea9),segment_id=43b1b867-f788-46d9-8211-7fb69c431ea9)] {{(pid=93907) set_binding_levels /opt/stack/neutron/neutron/plugins/ml2/db.py:59}}
Aug 31 12:21:33.648901 dv-cinder-806559-5-smb neutron-server[93908]: DEBUG neutron_lib.callbacks.manager [None req-84a01020-6c67-4aa8-a43a-5278ea11c816 None None] Notify callbacks ['neutron.plugins.ml2.plugin.SecurityGroupDbMixin._ensure_default_security_group_handler-1658572'] for port, before_update {{(pid=93908) _notify_loop /usr/local/lib/python3.8/dist-packages/neutron_lib/callbacks/manager.py:192}}
Aug 31 12:21:33.656259 dv-cinder-806559-5-smb neutron-server[93907]: DEBUG neutron_lib.callbacks.manager [req-12530d69-3d81-46da-893a-3ce4cc5fde2c req-e840a266-b474-40d9-b807-73d10c1c41b4 service neutron] Notify callbacks ['neutron.plugins.ml2.plugin.SecurityGroupServerNotifierRpcMixin._notify_sg_on_port_change-1658507', 'neutron.plugins.ml2.ovo_rpc._ObjectChangeHandler.handle_event-462388', 'neutron.api.rpc.agentnotifiers.dhcp_rpc_agent_api.DhcpAgentNotifyAPI._native_event_send_dhcp_notification-570726', 'neutron.db.l3_db.L3RpcNotifierMixin._notify_gateway_port_ip_changed-8743874735059', 'neutron.db.l3_dvrscheduler_db._notify_l3_agent_port_update-8743874237480', 'neutron.db.l3_hascheduler_db._notify_l3_agent_ha_port_update-8743874237498', 'neutron.services.segments.plugin.NovaSegmentNotifier._notify_port_updated-14278533'] for port, after_update {{(pid=93907) _notify_loop /usr/local/lib/python3.8/dist-packages/neutron_lib/callbacks/manager.py:192}}
Aug 31 12:21:33.698089 dv-cinder-806559-5-smb neutron-server[93907]: DEBUG neutron.pecan_wsgi.hooks.policy_enforcement [req-12530d69-3d81-46da-893a-3ce4cc5fde2c req-e840a266-b474-40d9-b807-73d10c1c41b4 service neutron] Attributes excluded by policy engine: ['standard_attr_id'] {{(pid=93907) _exclude_attributes_by_policy /opt/stack/neutron/neutron/pecan_wsgi/hooks/policy_enforcement.py:255}}
Aug 31 12:21:33.699332 dv-cinder-806559-5-smb neutron-server[93907]: DEBUG neutron_lib.callbacks.manager [req-12530d69-3d81-46da-893a-3ce4cc5fde2c req-e840a266-b474-40d9-b807-73d10c1c41b4 service neutron] Notify callbacks ['neutron.notifiers.nova.Notifier._send_nova_notification-31006'] for port, before_response {{(pid=93907) _notify_loop /usr/local/lib/python3.8/dist-packages/neutron_lib/callbacks/manager.py:192}}
Aug 31 12:21:33.700761 dv-cinder-806559-5-smb neutron-server[93907]: INFO neutron.wsgi [req-12530d69-3d81-46da-893a-3ce4cc5fde2c req-e840a266-b474-40d9-b807-73d10c1c41b4 service neutron] 10.222.0.42 "PUT /v2.0/ports/02ee241e-2a76-48f1-9fc8-14573d8453ab HTTP/1.1" status: 200 len: 1093 time: 0.9760559
Aug 31 12:21:33.700881 dv-cinder-806559-5-smb neutron-server[93908]: DEBUG neutron.plugins.ml2.db [None req-84a01020-6c67-4aa8-a43a-5278ea11c816 None None] For port 4041cbb3-cd0d-46e3-947e-4038b285d5c8, host hv-cinder-80655, got binding levels [PortBindingLevel(driver='hyperv',host='hv-cinder-80655',level=0,port_id=4041cbb3-cd0d-46e3-947e-4038b285d5c8,segment=NetworkSegment(5971eb0e-af94-4bb9-ad54-9e2e9abb43ae),segment_id=5971eb0e-af94-4bb9-ad54-9e2e9abb43ae)] {{(pid=93908) get_binding_level_objs /opt/stack/neutron/neutron/plugins/ml2/db.py:74}}
Aug 31 12:21:33.701273 dv-cinder-806559-5-smb neutron-server[93907]: DEBUG neutron.notifiers.nova [-] Sending events: [{'name': 'network-changed', 'server_uuid': '443c815f-b1a2-49c6-aeb0-09d77e5f0876', 'tag': '02ee241e-2a76-48f1-9fc8-14573d8453ab'}] {{(pid=93907) send_events /opt/stack/neutron/neutron/notifiers/nova.py:262}}
Aug 31 12:21:33.701942 dv-cinder-806559-5-smb neutron-server[93908]: DEBUG neutron.notifiers.nova [-] Sending events: [{'server_uuid': '7abc79c2-f98f-479f-b6ac-920a5c6d141d', 'name': 'network-vif-plugged', 'status': 'completed', 'tag': '4041cbb3-cd0d-46e3-947e-4038b285d5c8'}] {{(pid=93908) send_events /opt/stack/neutron/neutron/notifiers/nova.py:262}}
Aug 31 12:21:33.704033 dv-cinder-806559-5-smb neutron-server[93907]: DEBUG novaclient.v2.client [-] REQ: curl -g -i --cacert "/opt/stack/data/ca-bundle.pem" -X POST http://10.222.0.48/compute/v2.1/os-server-external-events -H "Accept: application/json" -H "Content-Type: application/json" -H "User-Agent: python-novaclient" -H "X-Auth-Token: {SHA256}4275618b2d4d59b778daee56e9a8a13b19fac03675bf315b61a2cccde125cfd0" -H "X-OpenStack-Nova-API-Version: 2.1" -H "X-OpenStack-Request-ID: req-c596b28c-9c9c-47c3-8342-82f39f6b8d3e" -d '{"events": [{"name": "network-changed", "server_uuid": "443c815f-b1a2-49c6-aeb0-09d77e5f0876", "tag": "02ee241e-2a76-48f1-9fc8-14573d8453ab"}]}' {{(pid=93907) _http_log_request /usr/local/lib/python3.8/dist-packages/keystoneauth1/session.py:519}}
Aug 31 12:21:33.715550 dv-cinder-806559-5-smb neutron-server[93908]: DEBUG novaclient.v2.client [-] REQ: curl -g -i --cacert "/opt/stack/data/ca-bundle.pem" -X POST http://10.222.0.48/compute/v2.1/os-server-external-events -H "Accept: application/json" -H "Content-Type: application/json" -H "User-Agent: python-novaclient" -H "X-Auth-Token: {SHA256}8d0cc536186ab45176420b9272b2418a6580d45749ea97f8a7fe65e3db2580d1" -H "X-OpenStack-Nova-API-Version: 2.1" -H "X-OpenStack-Request-ID: req-5da11f37-e01c-4ae2-81c1-e8d7856787ec" -d '{"events": [{"server_uuid": "7abc79c2-f98f-479f-b6ac-920a5c6d141d", "name": "network-vif-plugged", "status": "completed", "tag": "4041cbb3-cd0d-46e3-947e-4038b285d5c8"}]}' {{(pid=93908) _http_log_request /usr/local/lib/python3.8/dist-packages/keystoneauth1/session.py:519}}
Aug 31 12:21:33.724297 dv-cinder-806559-5-smb neutron-server[93908]: DEBUG neutron_lib.callbacks.manager [None req-84a01020-6c67-4aa8-a43a-5278ea11c816 None None] Notify callbacks ['neutron.plugins.ml2.plugin.SecurityGroupServerNotifierRpcMixin._notify_sg_on_port_change-1658507', 'neutron.plugins.ml2.ovo_rpc._ObjectChangeHandler.handle_event-462388', 'neutron.api.rpc.agentnotifiers.dhcp_rpc_agent_api.DhcpAgentNotifyAPI._native_event_send_dhcp_notification-570726', 'neutron.db.l3_db.L3RpcNotifierMixin._notify_gateway_port_ip_changed-8743874735059', 'neutron.db.l3_dvrscheduler_db._notify_l3_agent_port_update-8743874237480', 'neutron.db.l3_hascheduler_db._notify_l3_agent_ha_port_update-8743874237498'] for port, after_update {{(pid=93908) _notify_loop /usr/local/lib/python3.8/dist-packages/neutron_lib/callbacks/manager.py:192}}
Aug 31 12:21:33.725854 dv-cinder-806559-5-smb neutron-server[93908]: DEBUG neutron.plugins.ml2.rpc [None req-84a01020-6c67-4aa8-a43a-5278ea11c816 None None] Device 672f6752-46b0-482f-91c1-7d665281e501 no longer exists at agent hyperv_hv-cinder-80655 {{(pid=93908) update_device_down /opt/stack/neutron/neutron/plugins/ml2/rpc.py:259}}
Aug 31 12:21:33.738081 dv-cinder-806559-5-smb neutron-server[93907]: DEBUG neutron.api.rpc.handlers.resources_rpc [None req-e840a266-b474-40d9-b807-73d10c1c41b4 service neutron] Pushing event updated for resources: {'Port': ['ID=02ee241e-2a76-48f1-9fc8-14573d8453ab,revision_number=3']} {{(pid=93907) push /opt/stack/neutron/neutron/api/rpc/handlers/resources_rpc.py:237}}
Aug 31 12:21:33.755830 dv-cinder-806559-5-smb neutron-server[93908]: DEBUG neutron.plugins.ml2.plugin [None req-84a01020-6c67-4aa8-a43a-5278ea11c816 None None] No Port match for: 672f6752-46b0-482f-91c1-7d665281e501 {{(pid=93908) port_bound_to_host /opt/stack/neutron/neutron/plugins/ml2/plugin.py:2257}}
Aug 31 12:21:33.756183 dv-cinder-806559-5-smb neutron-server[93908]: DEBUG neutron.plugins.ml2.rpc [None req-84a01020-6c67-4aa8-a43a-5278ea11c816 None None] Device 672f6752-46b0-482f-91c1-7d665281e501 not bound to the agent host hv-cinder-80655 {{(pid=93908) update_device_down /opt/stack/neutron/neutron/plugins/ml2/rpc.py:269}}
Aug 31 12:21:33.834336 dv-cinder-806559-5-smb neutron-server[93907]: DEBUG neutron.pecan_wsgi.hooks.policy_enforcement [req-12530d69-3d81-46da-893a-3ce4cc5fde2c req-9c12a18e-1303-45ca-9105-0ff19bf1d75a service neutron] Attributes excluded by policy engine: ['standard_attr_id'] {{(pid=93907) _exclude_attributes_by_policy /opt/stack/neutron/neutron/pecan_wsgi/hooks/policy_enforcement.py:255}}
Aug 31 12:21:33.838972 dv-cinder-806559-5-smb neutron-server[93907]: INFO neutron.wsgi [req-12530d69-3d81-46da-893a-3ce4cc5fde2c req-9c12a18e-1303-45ca-9105-0ff19bf1d75a service neutron] 10.222.0.42 "GET /v2.0/ports?tenant_id=e8455c8615554a49a4a6b24cb9f53a34&device_id=443c815f-b1a2-49c6-aeb0-09d77e5f0876 HTTP/1.1" status: 200 len: 1096 time: 0.0856447
Aug 31 12:21:33.840827 dv-cinder-806559-5-smb neutron-server[93907]: DEBUG novaclient.v2.client [-] RESP: [200] Connection: close Content-Length: 179 Content-Type: application/json Date: Tue, 31 Aug 2021 12:21:33 GMT OpenStack-API-Version: compute 2.1 Server: Apache/2.4.41 (Ubuntu) Vary: OpenStack-API-Version,X-OpenStack-Nova-API-Version X-OpenStack-Nova-API-Version: 2.1 x-compute-request-id: req-ceeec269-5a3a-4886-9661-17d762be7914 x-openstack-request-id: req-ceeec269-5a3a-4886-9661-17d762be7914 {{(pid=93907) _http_log_response /usr/local/lib/python3.8/dist-packages/keystoneauth1/session.py:550}}
Aug 31 12:21:33.841299 dv-cinder-806559-5-smb neutron-server[93907]: DEBUG novaclient.v2.client [-] RESP BODY: {"events": [{"name": "network-changed", "server_uuid": "443c815f-b1a2-49c6-aeb0-09d77e5f0876", "tag": "02ee241e-2a76-48f1-9fc8-14573d8453ab", "status": "completed", "code": 200}]} {{(pid=93907) _http_log_response /usr/local/lib/python3.8/dist-packages/keystoneauth1/session.py:582}}
Aug 31 12:21:33.841794 dv-cinder-806559-5-smb neutron-server[93907]: DEBUG novaclient.v2.client [-] POST call to compute for http://10.222.0.48/compute/v2.1/os-server-external-events used request id req-ceeec269-5a3a-4886-9661-17d762be7914 {{(pid=93907) request /usr/local/lib/python3.8/dist-packages/keystoneauth1/session.py:954}}
Aug 31 12:21:33.842618 dv-cinder-806559-5-smb neutron-server[93907]: INFO neutron.notifiers.nova [-] Nova event response: {'name': 'network-changed', 'server_uuid': '443c815f-b1a2-49c6-aeb0-09d77e5f0876', 'tag': '02ee241e-2a76-48f1-9fc8-14573d8453ab', 'status': 'completed', 'code': 200}
