Aug 29 08:58:54.692037 dv-cinder-806490-1-smb devstack@c-api.service[100866]: DEBUG cinder.volume.api [None req-098a45a0-455b-4436-b267-2bd7c195047a tempest-GroupsTest-2090225591 tempest-GroupsTest-2090225591-project] Task 'cinder.volume.flows.api.create_volume.QuotaCommitTask;volume:create' (5b394f0f-eb12-4e5a-baf4-ec42838c5791) transitioned into state 'RUNNING' from state 'PENDING' {{(pid=100866) _task_receiver /usr/local/lib/python3.8/dist-packages/taskflow/listeners/logging.py:190}}
Aug 29 08:58:54.701457 dv-cinder-806490-1-smb devstack@c-api.service[100865]: INFO cinder.api.openstack.wsgi [None req-179e6979-06d4-4f3c-a489-50aead0a0174 tempest-GroupsV320Test-1058001214 tempest-GroupsV320Test-1058001214-project] GET http://10.222.0.47/volume/v3/b8cf3dc0c9964ba2b55eeadaf25d8a39/groups/daeba113-82e9-4bcb-be09-f73a0b9c323d
Aug 29 08:58:54.703931 dv-cinder-806490-1-smb devstack@c-api.service[100865]: DEBUG cinder.api.openstack.wsgi [None req-179e6979-06d4-4f3c-a489-50aead0a0174 tempest-GroupsV320Test-1058001214 tempest-GroupsV320Test-1058001214-project] Empty body provided in request {{(pid=100865) get_body /opt/stack/cinder/cinder/api/openstack/wsgi.py:703}}
Aug 29 08:58:54.703931 dv-cinder-806490-1-smb devstack@c-api.service[100865]: /usr/local/lib/python3.8/dist-packages/webob/acceptparse.py:1047: DeprecationWarning: The behavior of AcceptValidHeader.best_match is currently being maintained for backward compatibility, but it will be deprecated in the future, as it does not conform to the RFC.
Aug 29 08:58:54.703931 dv-cinder-806490-1-smb devstack@c-api.service[100865]: warnings.warn(
Aug 29 08:58:54.704858 dv-cinder-806490-1-smb devstack@c-api.service[100865]: DEBUG cinder.api.openstack.wsgi [None req-179e6979-06d4-4f3c-a489-50aead0a0174 tempest-GroupsV320Test-1058001214 tempest-GroupsV320Test-1058001214-project] Calling method 'version_select' {{(pid=100865) _process_stack /opt/stack/cinder/cinder/api/openstack/wsgi.py:856}}
Aug 29 08:58:54.705342 dv-cinder-806490-1-smb devstack@c-api.service[100865]: DEBUG cinder.api.v3.groups [None req-179e6979-06d4-4f3c-a489-50aead0a0174 tempest-GroupsV320Test-1058001214 tempest-GroupsV320Test-1058001214-project] show called for member daeba113-82e9-4bcb-be09-f73a0b9c323d {{(pid=100865) show /opt/stack/cinder/cinder/api/v3/groups.py:58}}
Aug 29 08:58:54.718930 dv-cinder-806490-1-smb devstack@c-api.service[100865]: /usr/local/lib/python3.8/dist-packages/oslo_context/context.py:105: DeprecationWarning: Policy enforcement is depending on the value of is_admin. This key is deprecated. Please update your policy file to use the standard policy values.
Aug 29 08:58:54.718930 dv-cinder-806490-1-smb devstack@c-api.service[100865]: warnings.warn('Policy enforcement is depending on the value of '
Aug 29 08:58:54.757473 dv-cinder-806490-1-smb devstack@c-api.service[100865]: INFO cinder.api.openstack.wsgi [None req-179e6979-06d4-4f3c-a489-50aead0a0174 tempest-GroupsV320Test-1058001214 tempest-GroupsV320Test-1058001214-project] http://10.222.0.47/volume/v3/b8cf3dc0c9964ba2b55eeadaf25d8a39/groups/daeba113-82e9-4bcb-be09-f73a0b9c323d returned with HTTP 200
Aug 29 08:58:54.758605 dv-cinder-806490-1-smb devstack@c-api.service[100865]: [pid: 100865|app: 0|req: 114/234] 10.222.0.47 () {60 vars in 1363 bytes} [Sun Aug 29 08:58:54 2021] GET /volume/v3/b8cf3dc0c9964ba2b55eeadaf25d8a39/groups/daeba113-82e9-4bcb-be09-f73a0b9c323d => generated 384 bytes in 63 msecs (HTTP/1.1 200) 7 headers in 286 bytes (1 switches on core 0)
Aug 29 08:58:54.763960 dv-cinder-806490-1-smb devstack@c-api.service[100865]: INFO cinder.api.openstack.wsgi [req-292c8c3d-05b7-4bc1-9aa3-b6be70da70a0 req-38addd26-decb-45c6-8d48-dbc434760a50 tempest-DeleteServersTestJSON-218190157 tempest-DeleteServersTestJSON-218190157-project] POST http://10.222.0.47/volume/v3/5926a603b5914cfaa8d2a56784b29a9b/attachments/f179772a-03f4-4cf5-8ff0-4bf186c0fd0c/action
Aug 29 08:58:54.766736 dv-cinder-806490-1-smb devstack@c-api.service[100865]: /usr/local/lib/python3.8/dist-packages/webob/acceptparse.py:1047: DeprecationWarning: The behavior of AcceptValidHeader.best_match is currently being maintained for backward compatibility, but it will be deprecated in the future, as it does not conform to the RFC.
Aug 29 08:58:54.766736 dv-cinder-806490-1-smb devstack@c-api.service[100865]: warnings.warn(
Aug 29 08:58:54.771158 dv-cinder-806490-1-smb devstack@c-api.service[100865]: DEBUG cinder.api.openstack.wsgi [req-292c8c3d-05b7-4bc1-9aa3-b6be70da70a0 req-38addd26-decb-45c6-8d48-dbc434760a50 tempest-DeleteServersTestJSON-218190157 tempest-DeleteServersTestJSON-218190157-project] Action body: b'{"os-complete": null}' {{(pid=100865) get_method /opt/stack/cinder/cinder/api/openstack/wsgi.py:971}}
Aug 29 08:58:54.771912 dv-cinder-806490-1-smb devstack@c-api.service[100865]: DEBUG cinder.api.openstack.wsgi [req-292c8c3d-05b7-4bc1-9aa3-b6be70da70a0 req-38addd26-decb-45c6-8d48-dbc434760a50 tempest-DeleteServersTestJSON-218190157 tempest-DeleteServersTestJSON-218190157-project] Action: 'action', calling method: version_select, body: {"os-complete": null} {{(pid=100865) _process_stack /opt/stack/cinder/cinder/api/openstack/wsgi.py:854}}
Aug 29 08:58:54.783440 dv-cinder-806490-1-smb devstack@c-api.service[100866]: DEBUG cinder.volume.api [None req-098a45a0-455b-4436-b267-2bd7c195047a tempest-GroupsTest-2090225591 tempest-GroupsTest-2090225591-project] Task 'cinder.volume.flows.api.create_volume.QuotaCommitTask;volume:create' (5b394f0f-eb12-4e5a-baf4-ec42838c5791) transitioned into state 'SUCCESS' from state 'RUNNING' with result '{'volume_properties': VolumeProperties(attach_status='detached',availability_zone='nova',cgsnapshot_id=None,consistencygroup_id=None,display_description=None,display_name='tempest-volume-72658140',encryption_key_id=None,group_id=0055e997-0a18-4aec-81b2-70149464f2a7,group_type_id=,metadata={},multiattach=False,project_id='72e9ec2773d74fd6905f5f523bda8f5e',qos_specs=None,replication_status=,reservations=['da66235d-03a1-4cfa-b0a5-20156461cedb','5abaa878-1a90-4d85-a717-cbd4a13b19e9','665ca6bd-f5c6-4af5-acbb-311d535efa4e','d56cf034-a9f4-489a-8384-c5aa3a8eb515'],size=1,snapshot_id=None,source_replicaid=,source_volid=None,status='creating',user_id='418e3147b61447ebb5fa7299fe7b9ef4',volume_type_id=92dafe22-cafb-44e1-8bd7-4c9dbf7e3297)}' {{(pid=100866) _task_receiver /usr/local/lib/python3.8/dist-packages/taskflow/listeners/logging.py:178}}
Aug 29 08:58:54.785869 dv-cinder-806490-1-smb devstack@c-api.service[100866]: DEBUG cinder.volume.api [None req-098a45a0-455b-4436-b267-2bd7c195047a tempest-GroupsTest-2090225591 tempest-GroupsTest-2090225591-project] Task 'cinder.volume.flows.api.create_volume.VolumeCastTask;volume:create' (556078fd-f176-4d9c-8d4e-9c616cd37eda) transitioned into state 'RUNNING' from state 'PENDING' {{(pid=100866) _task_receiver /usr/local/lib/python3.8/dist-packages/taskflow/listeners/logging.py:190}}
Aug 29 08:58:54.854226 dv-cinder-806490-1-smb devstack@c-api.service[100866]: DEBUG cinder.volume.api [None req-098a45a0-455b-4436-b267-2bd7c195047a tempest-GroupsTest-2090225591 tempest-GroupsTest-2090225591-project] Task 'cinder.volume.flows.api.create_volume.VolumeCastTask;volume:create' (556078fd-f176-4d9c-8d4e-9c616cd37eda) transitioned into state 'SUCCESS' from state 'RUNNING' with result 'None' {{(pid=100866) _task_receiver /usr/local/lib/python3.8/dist-packages/taskflow/listeners/logging.py:178}}
Aug 29 08:58:54.856936 dv-cinder-806490-1-smb devstack@c-api.service[100865]: /usr/local/lib/python3.8/dist-packages/oslo_context/context.py:105: DeprecationWarning: Policy enforcement is depending on the value of is_admin. This key is deprecated. Please update your policy file to use the standard policy values.
Aug 29 08:58:54.856936 dv-cinder-806490-1-smb devstack@c-api.service[100865]: warnings.warn('Policy enforcement is depending on the value of '
Aug 29 08:58:54.874614 dv-cinder-806490-1-smb devstack@c-api.service[100866]: DEBUG cinder.volume.api [None req-098a45a0-455b-4436-b267-2bd7c195047a tempest-GroupsTest-2090225591 tempest-GroupsTest-2090225591-project] Flow 'volume_create_api' (535f6d9c-021c-407c-9fb3-92fd6843b0c8) transitioned into state 'SUCCESS' from state 'RUNNING' {{(pid=100866) _flow_receiver /usr/local/lib/python3.8/dist-packages/taskflow/listeners/logging.py:141}}
Aug 29 08:58:54.880619 dv-cinder-806490-1-smb devstack@c-api.service[100866]: INFO cinder.volume.api [None req-098a45a0-455b-4436-b267-2bd7c195047a tempest-GroupsTest-2090225591 tempest-GroupsTest-2090225591-project] Create volume request issued successfully.
Aug 29 08:58:54.904470 dv-cinder-806490-1-smb devstack@c-api.service[100865]: INFO cinder.api.openstack.wsgi [req-292c8c3d-05b7-4bc1-9aa3-b6be70da70a0 req-38addd26-decb-45c6-8d48-dbc434760a50 tempest-DeleteServersTestJSON-218190157 tempest-DeleteServersTestJSON-218190157-project] http://10.222.0.47/volume/v3/5926a603b5914cfaa8d2a56784b29a9b/attachments/f179772a-03f4-4cf5-8ff0-4bf186c0fd0c/action returned with HTTP 204
Aug 29 08:58:54.905124 dv-cinder-806490-1-smb devstack@c-api.service[100866]: WARNING stevedore.named [None req-098a45a0-455b-4436-b267-2bd7c195047a tempest-GroupsTest-2090225591 tempest-GroupsTest-2090225591-project] Could not load cinder.keymgr.conf_key_mgr.ConfKeyManager
Aug 29 08:58:54.905749 dv-cinder-806490-1-smb devstack@c-api.service[100866]: WARNING castellan.key_manager [None req-098a45a0-455b-4436-b267-2bd7c195047a tempest-GroupsTest-2090225591 tempest-GroupsTest-2090225591-project] Deprecation Warning : cinder.keymgr.conf_key_mgr.ConfKeyManager is not a stevedore based driver, trying to load it as a class: stevedore.exception.NoMatches: No 'castellan.drivers' driver found, looking for 'cinder.keymgr.conf_key_mgr.ConfKeyManager'
Aug 29 08:58:54.906406 dv-cinder-806490-1-smb devstack@c-api.service[100865]: [pid: 100865|app: 0|req: 115/235] 10.222.0.30 () {64 vars in 1499 bytes} [Sun Aug 29 08:58:54 2021] POST /volume/v3/5926a603b5914cfaa8d2a56784b29a9b/attachments/f179772a-03f4-4cf5-8ff0-4bf186c0fd0c/action => generated 0 bytes in 147 msecs (HTTP/1.1 204) 7 headers in 292 bytes (1 switches on core 0)
Aug 29 08:58:54.917714 dv-cinder-806490-1-smb devstack@c-api.service[100866]: DEBUG oslo_db.sqlalchemy.engines [None req-098a45a0-455b-4436-b267-2bd7c195047a tempest-GroupsTest-2090225591 tempest-GroupsTest-2090225591-project] MySQL server mode set to STRICT_TRANS_TABLES,STRICT_ALL_TABLES,NO_ZERO_IN_DATE,NO_ZERO_DATE,ERROR_FOR_DIVISION_BY_ZERO,TRADITIONAL,NO_ENGINE_SUBSTITUTION {{(pid=100866) _check_effective_sql_mode /usr/local/lib/python3.8/dist-packages/oslo_db/sqlalchemy/engines.py:314}}
Aug 29 08:58:54.921961 dv-cinder-806490-1-smb devstack@c-api.service[100865]: INFO cinder.api.openstack.wsgi [None req-d45668c9-e79e-4f1e-a358-89b52985de10 tempest-GroupsV320Test-510105752 tempest-GroupsV320Test-510105752-project-admin] POST http://10.222.0.47/volume/v3/35656997e9dc49f79c0774bb1a0e1c0d/groups/daeba113-82e9-4bcb-be09-f73a0b9c323d/action
Aug 29 08:58:54.925202 dv-cinder-806490-1-smb devstack@c-api.service[100865]: /usr/local/lib/python3.8/dist-packages/webob/acceptparse.py:1047: DeprecationWarning: The behavior of AcceptValidHeader.best_match is currently being maintained for backward compatibility, but it will be deprecated in the future, as it does not conform to the RFC.
Aug 29 08:58:54.925202 dv-cinder-806490-1-smb devstack@c-api.service[100865]: warnings.warn(
Aug 29 08:58:54.928634 dv-cinder-806490-1-smb devstack@c-api.service[100865]: DEBUG cinder.api.openstack.wsgi [None req-d45668c9-e79e-4f1e-a358-89b52985de10 tempest-GroupsV320Test-510105752 tempest-GroupsV320Test-510105752-project-admin] Action body: b'{"reset_status": {"status": "available"}}' {{(pid=100865) get_method /opt/stack/cinder/cinder/api/openstack/wsgi.py:971}}
Aug 29 08:58:54.929174 dv-cinder-806490-1-smb devstack@c-api.service[100865]: DEBUG cinder.api.openstack.wsgi [None req-d45668c9-e79e-4f1e-a358-89b52985de10 tempest-GroupsV320Test-510105752 tempest-GroupsV320Test-510105752-project-admin] Action: 'action', calling method: reset_status, body: {"reset_status": {"status": "available"}} {{(pid=100865) _process_stack /opt/stack/cinder/cinder/api/openstack/wsgi.py:854}}
Aug 29 08:58:54.933880 dv-cinder-806490-1-smb devstack@c-api.service[100865]: DEBUG cinder.api.v3.groups [None req-d45668c9-e79e-4f1e-a358-89b52985de10 tempest-GroupsV320Test-510105752 tempest-GroupsV320Test-510105752-project-admin] Updating group 'daeba113-82e9-4bcb-be09-f73a0b9c323d' with 'available' {{(pid=100865) _reset_status /opt/stack/cinder/cinder/api/v3/groups.py:82}}
Aug 29 08:58:54.934172 dv-cinder-806490-1-smb devstack@c-api.service[100866]: /usr/local/lib/python3.8/dist-packages/oslo_context/context.py:105: DeprecationWarning: Policy enforcement is depending on the value of is_admin. This key is deprecated. Please update your policy file to use the standard policy values.
Aug 29 08:58:54.934172 dv-cinder-806490-1-smb devstack@c-api.service[100866]: warnings.warn('Policy enforcement is depending on the value of '
Aug 29 08:58:54.948347 dv-cinder-806490-1-smb devstack@c-api.service[100865]: /usr/local/lib/python3.8/dist-packages/oslo_context/context.py:105: DeprecationWarning: Policy enforcement is depending on the value of is_admin. This key is deprecated. Please update your policy file to use the standard policy values.
Aug 29 08:58:54.948347 dv-cinder-806490-1-smb devstack@c-api.service[100865]: warnings.warn('Policy enforcement is depending on the value of '
Aug 29 08:58:54.948685 dv-cinder-806490-1-smb devstack@c-api.service[100866]: INFO cinder.api.openstack.wsgi [None req-098a45a0-455b-4436-b267-2bd7c195047a tempest-GroupsTest-2090225591 tempest-GroupsTest-2090225591-project] http://10.222.0.47/volume/v3/72e9ec2773d74fd6905f5f523bda8f5e/volumes returned with HTTP 202
Aug 29 08:58:54.967330 dv-cinder-806490-1-smb devstack@c-api.service[100866]: [pid: 100866|app: 0|req: 121/236] 10.222.0.47 () {62 vars in 1277 bytes} [Sun Aug 29 08:58:54 2021] POST /volume/v3/72e9ec2773d74fd6905f5f523bda8f5e/volumes => generated 878 bytes in 686 msecs (HTTP/1.1 202) 7 headers in 292 bytes (1 switches on core 0)
Aug 29 08:58:54.972721 dv-cinder-806490-1-smb devstack@c-api.service[100865]: INFO cinder.api.openstack.wsgi [None req-d45668c9-e79e-4f1e-a358-89b52985de10 tempest-GroupsV320Test-510105752 tempest-GroupsV320Test-510105752-project-admin] http://10.222.0.47/volume/v3/35656997e9dc49f79c0774bb1a0e1c0d/groups/daeba113-82e9-4bcb-be09-f73a0b9c323d/action returned with HTTP 202
Aug 29 08:58:54.978402 dv-cinder-806490-1-smb devstack@c-api.service[100865]: [pid: 100865|app: 0|req: 116/237] 10.222.0.47 () {62 vars in 1405 bytes} [Sun Aug 29 08:58:54 2021] POST /volume/v3/35656997e9dc49f79c0774bb1a0e1c0d/groups/daeba113-82e9-4bcb-be09-f73a0b9c323d/action => generated 0 bytes in 67 msecs (HTTP/1.1 202) 6 headers in 234 bytes (1 switches on core 0)
Aug 29 08:58:54.978742 dv-cinder-806490-1-smb devstack@c-api.service[100866]: INFO cinder.api.openstack.wsgi [None req-16b50e0f-a13b-47b4-a51a-5463c1155cfb tempest-GroupsTest-2090225591 tempest-GroupsTest-2090225591-project] GET http://10.222.0.47/volume/v3/72e9ec2773d74fd6905f5f523bda8f5e/volumes/0d3157d3-bfbe-416b-ac49-325fbe0dde19
Aug 29 08:58:54.986598 dv-cinder-806490-1-smb devstack@c-api.service[100865]: INFO cinder.api.openstack.wsgi [None req-6e163f39-e4e2-42fe-b81e-c0fbc8765261 tempest-GroupsV320Test-1058001214 tempest-GroupsV320Test-1058001214-project] GET http://10.222.0.47/volume/v3/b8cf3dc0c9964ba2b55eeadaf25d8a39/groups/daeba113-82e9-4bcb-be09-f73a0b9c323d
Aug 29 08:58:54.987866 dv-cinder-806490-1-smb devstack@c-api.service[100866]: DEBUG cinder.api.openstack.wsgi [None req-16b50e0f-a13b-47b4-a51a-5463c1155cfb tempest-GroupsTest-2090225591 tempest-GroupsTest-2090225591-project] Empty body provided in request {{(pid=100866) get_body /opt/stack/cinder/cinder/api/openstack/wsgi.py:703}}
Aug 29 08:58:54.988056 dv-cinder-806490-1-smb devstack@c-api.service[100866]: /usr/local/lib/python3.8/dist-packages/webob/acceptparse.py:1047: DeprecationWarning: The behavior of AcceptValidHeader.best_match is currently being maintained for backward compatibility, but it will be deprecated in the future, as it does not conform to the RFC.
Aug 29 08:58:54.988056 dv-cinder-806490-1-smb devstack@c-api.service[100866]: warnings.warn(
Aug 29 08:58:54.988386 dv-cinder-806490-1-smb devstack@c-api.service[100866]: DEBUG cinder.api.openstack.wsgi [None req-16b50e0f-a13b-47b4-a51a-5463c1155cfb tempest-GroupsTest-2090225591 tempest-GroupsTest-2090225591-project] Calling method 'show' {{(pid=100866) _process_stack /opt/stack/cinder/cinder/api/openstack/wsgi.py:856}}
Aug 29 08:58:54.990329 dv-cinder-806490-1-smb devstack@c-api.service[100865]: DEBUG cinder.api.openstack.wsgi [None req-6e163f39-e4e2-42fe-b81e-c0fbc8765261 tempest-GroupsV320Test-1058001214 tempest-GroupsV320Test-1058001214-project] Empty body provided in request {{(pid=100865) get_body /opt/stack/cinder/cinder/api/openstack/wsgi.py:703}}
Aug 29 08:58:54.991505 dv-cinder-806490-1-smb devstack@c-api.service[100865]: /usr/local/lib/python3.8/dist-packages/webob/acceptparse.py:1047: DeprecationWarning: The behavior of AcceptValidHeader.best_match is currently being maintained for backward compatibility, but it will be deprecated in the future, as it does not conform to the RFC.
Aug 29 08:58:54.991505 dv-cinder-806490-1-smb devstack@c-api.service[100865]: warnings.warn(
Aug 29 08:58:54.992107 dv-cinder-806490-1-smb devstack@c-api.service[100865]: DEBUG cinder.api.openstack.wsgi [None req-6e163f39-e4e2-42fe-b81e-c0fbc8765261 tempest-GroupsV320Test-1058001214 tempest-GroupsV320Test-1058001214-project] Calling method 'version_select' {{(pid=100865) _process_stack /opt/stack/cinder/cinder/api/openstack/wsgi.py:856}}
Aug 29 08:58:54.993282 dv-cinder-806490-1-smb devstack@c-api.service[100865]: DEBUG cinder.api.v3.groups [None req-6e163f39-e4e2-42fe-b81e-c0fbc8765261 tempest-GroupsV320Test-1058001214 tempest-GroupsV320Test-1058001214-project] show called for member daeba113-82e9-4bcb-be09-f73a0b9c323d {{(pid=100865) show /opt/stack/cinder/cinder/api/v3/groups.py:58}}
Aug 29 08:58:55.007452 dv-cinder-806490-1-smb devstack@c-api.service[100865]: /usr/local/lib/python3.8/dist-packages/oslo_context/context.py:105: DeprecationWarning: Policy enforcement is depending on the value of is_admin. This key is deprecated. Please update your policy file to use the standard policy values.
Aug 29 08:58:55.007452 dv-cinder-806490-1-smb devstack@c-api.service[100865]: warnings.warn('Policy enforcement is depending on the value of '
Aug 29 08:58:55.020533 dv-cinder-806490-1-smb devstack@c-api.service[100866]: /usr/local/lib/python3.8/dist-packages/oslo_context/context.py:105: DeprecationWarning: Policy enforcement is depending on the value of is_admin. This key is deprecated. Please update your policy file to use the standard policy values.
Aug 29 08:58:55.020533 dv-cinder-806490-1-smb devstack@c-api.service[100866]: warnings.warn('Policy enforcement is depending on the value of '
Aug 29 08:58:55.059249 dv-cinder-806490-1-smb devstack@c-api.service[100866]: INFO cinder.volume.api [None req-16b50e0f-a13b-47b4-a51a-5463c1155cfb tempest-GroupsTest-2090225591 tempest-GroupsTest-2090225591-project] Volume info retrieved successfully.
Aug 29 08:58:55.082837 dv-cinder-806490-1-smb devstack@c-api.service[100866]: WARNING stevedore.named [None req-16b50e0f-a13b-47b4-a51a-5463c1155cfb tempest-GroupsTest-2090225591 tempest-GroupsTest-2090225591-project] Could not load cinder.keymgr.conf_key_mgr.ConfKeyManager
Aug 29 08:58:55.083692 dv-cinder-806490-1-smb devstack@c-api.service[100866]: WARNING castellan.key_manager [None req-16b50e0f-a13b-47b4-a51a-5463c1155cfb tempest-GroupsTest-2090225591 tempest-GroupsTest-2090225591-project] Deprecation Warning : cinder.keymgr.conf_key_mgr.ConfKeyManager is not a stevedore based driver, trying to load it as a class: stevedore.exception.NoMatches: No 'castellan.drivers' driver found, looking for 'cinder.keymgr.conf_key_mgr.ConfKeyManager'
Aug 29 08:58:55.105867 dv-cinder-806490-1-smb devstack@c-api.service[100865]: INFO cinder.api.openstack.wsgi [None req-6e163f39-e4e2-42fe-b81e-c0fbc8765261 tempest-GroupsV320Test-1058001214 tempest-GroupsV320Test-1058001214-project] http://10.222.0.47/volume/v3/b8cf3dc0c9964ba2b55eeadaf25d8a39/groups/daeba113-82e9-4bcb-be09-f73a0b9c323d returned with HTTP 200
Aug 29 08:58:55.117315 dv-cinder-806490-1-smb devstack@c-api.service[100865]: [pid: 100865|app: 0|req: 117/238] 10.222.0.47 () {60 vars in 1363 bytes} [Sun Aug 29 08:58:54 2021] GET /volume/v3/b8cf3dc0c9964ba2b55eeadaf25d8a39/groups/daeba113-82e9-4bcb-be09-f73a0b9c323d => generated 388 bytes in 131 msecs (HTTP/1.1 200) 7 headers in 286 bytes (1 switches on core 0)
Aug 29 08:58:55.122797 dv-cinder-806490-1-smb devstack@c-api.service[100865]: INFO cinder.api.openstack.wsgi [None req-feda0310-ff66-4dc3-925e-b11b5e622d38 tempest-GroupsV320Test-1058001214 tempest-GroupsV320Test-1058001214-project] GET http://10.222.0.47/volume/v3/b8cf3dc0c9964ba2b55eeadaf25d8a39/volumes/detail
Aug 29 08:58:55.122797 dv-cinder-806490-1-smb devstack@c-api.service[100865]: DEBUG cinder.api.openstack.wsgi [None req-feda0310-ff66-4dc3-925e-b11b5e622d38 tempest-GroupsV320Test-1058001214 tempest-GroupsV320Test-1058001214-project] Empty body provided in request {{(pid=100865) get_body /opt/stack/cinder/cinder/api/openstack/wsgi.py:703}}
Aug 29 08:58:55.122797 dv-cinder-806490-1-smb devstack@c-api.service[100865]: /usr/local/lib/python3.8/dist-packages/webob/acceptparse.py:1047: DeprecationWarning: The behavior of AcceptValidHeader.best_match is currently being maintained for backward compatibility, but it will be deprecated in the future, as it does not conform to the RFC.
Aug 29 08:58:55.122797 dv-cinder-806490-1-smb devstack@c-api.service[100865]: warnings.warn(
Aug 29 08:58:55.129126 dv-cinder-806490-1-smb devstack@c-api.service[100865]: DEBUG cinder.api.openstack.wsgi [None req-feda0310-ff66-4dc3-925e-b11b5e622d38 tempest-GroupsV320Test-1058001214 tempest-GroupsV320Test-1058001214-project] Calling method 'detail' {{(pid=100865) _process_stack /opt/stack/cinder/cinder/api/openstack/wsgi.py:856}}
Aug 29 08:58:55.133340 dv-cinder-806490-1-smb devstack@c-api.service[100865]: DEBUG cinder.api.api_utils [None req-feda0310-ff66-4dc3-925e-b11b5e622d38 tempest-GroupsV320Test-1058001214 tempest-GroupsV320Test-1058001214-project] Removing options '' from query. {{(pid=100865) remove_invalid_filter_options /opt/stack/cinder/cinder/api/api_utils.py:73}}
Aug 29 08:58:55.133340 dv-cinder-806490-1-smb devstack@c-api.service[100865]: /usr/local/lib/python3.8/dist-packages/oslo_context/context.py:105: DeprecationWarning: Policy enforcement is depending on the value of is_admin. This key is deprecated. Please update your policy file to use the standard policy values.
Aug 29 08:58:55.133340 dv-cinder-806490-1-smb devstack@c-api.service[100865]: warnings.warn('Policy enforcement is depending on the value of '
Aug 29 08:58:55.133340 dv-cinder-806490-1-smb devstack@c-api.service[100865]: DEBUG cinder.volume.api [None req-feda0310-ff66-4dc3-925e-b11b5e622d38 tempest-GroupsV320Test-1058001214 tempest-GroupsV320Test-1058001214-project] Searching by: MultiDict([('no_migration_targets', True)]). {{(pid=100865) get_all /opt/stack/cinder/cinder/volume/api.py:619}}
Aug 29 08:58:55.154368 dv-cinder-806490-1-smb devstack@c-api.service[100866]: DEBUG oslo_db.sqlalchemy.engines [None req-16b50e0f-a13b-47b4-a51a-5463c1155cfb tempest-GroupsTest-2090225591 tempest-GroupsTest-2090225591-project] MySQL server mode set to STRICT_TRANS_TABLES,STRICT_ALL_TABLES,NO_ZERO_IN_DATE,NO_ZERO_DATE,ERROR_FOR_DIVISION_BY_ZERO,TRADITIONAL,NO_ENGINE_SUBSTITUTION {{(pid=100866) _check_effective_sql_mode /usr/local/lib/python3.8/dist-packages/oslo_db/sqlalchemy/engines.py:314}}
Aug 29 08:58:55.167643 dv-cinder-806490-1-smb devstack@c-api.service[100866]: /usr/local/lib/python3.8/dist-packages/oslo_context/context.py:105: DeprecationWarning: Policy enforcement is depending on the value of is_admin. This key is deprecated. Please update your policy file to use the standard policy values.
Aug 29 08:58:55.167643 dv-cinder-806490-1-smb devstack@c-api.service[100866]: warnings.warn('Policy enforcement is depending on the value of '
Aug 29 08:58:55.239324 dv-cinder-806490-1-smb devstack@c-api.service[100866]: INFO cinder.api.openstack.wsgi [None req-16b50e0f-a13b-47b4-a51a-5463c1155cfb tempest-GroupsTest-2090225591 tempest-GroupsTest-2090225591-project] http://10.222.0.47/volume/v3/72e9ec2773d74fd6905f5f523bda8f5e/volumes/0d3157d3-bfbe-416b-ac49-325fbe0dde19 returned with HTTP 200
Aug 29 08:58:55.258331 dv-cinder-806490-1-smb devstack@c-api.service[100866]: [pid: 100866|app: 0|req: 122/239] 10.222.0.47 () {60 vars in 1366 bytes} [Sun Aug 29 08:58:54 2021] GET /volume/v3/72e9ec2773d74fd6905f5f523bda8f5e/volumes/0d3157d3-bfbe-416b-ac49-325fbe0dde19 => generated 946 bytes in 280 msecs (HTTP/1.1 200) 7 headers in 286 bytes (1 switches on core 0)
Aug 29 08:58:55.259026 dv-cinder-806490-1-smb devstack@c-api.service[100865]: INFO cinder.volume.api [None req-feda0310-ff66-4dc3-925e-b11b5e622d38 tempest-GroupsV320Test-1058001214 tempest-GroupsV320Test-1058001214-project] Get all volumes completed successfully.
Aug 29 08:58:55.264782 dv-cinder-806490-1-smb devstack@c-api.service[100865]: INFO cinder.api.openstack.wsgi [None req-feda0310-ff66-4dc3-925e-b11b5e622d38 tempest-GroupsV320Test-1058001214 tempest-GroupsV320Test-1058001214-project] http://10.222.0.47/volume/v3/b8cf3dc0c9964ba2b55eeadaf25d8a39/volumes/detail returned with HTTP 200
Aug 29 08:58:55.269124 dv-cinder-806490-1-smb devstack@c-api.service[100865]: [pid: 100865|app: 0|req: 118/240] 10.222.0.47 () {60 vars in 1276 bytes} [Sun Aug 29 08:58:55 2021] GET /volume/v3/b8cf3dc0c9964ba2b55eeadaf25d8a39/volumes/detail => generated 15 bytes in 149 msecs (HTTP/1.1 200) 7 headers in 285 bytes (2 switches on core 0)
Aug 29 08:58:55.275115 dv-cinder-806490-1-smb devstack@c-api.service[100866]: INFO cinder.api.openstack.wsgi [None req-effc29df-0f36-4b8d-a6ed-9bfa818a286f tempest-SnapshotsActionsTest-536986926 tempest-SnapshotsActionsTest-536986926-project] GET http://10.222.0.47/volume/v3/d4658bb15cb24cbbaefc60ae1d949bf4/snapshots/2a25e388-8826-4591-911d-95bb0fa68ead
Aug 29 08:58:55.275557 dv-cinder-806490-1-smb devstack@c-api.service[100866]: DEBUG cinder.api.openstack.wsgi [None req-effc29df-0f36-4b8d-a6ed-9bfa818a286f tempest-SnapshotsActionsTest-536986926 tempest-SnapshotsActionsTest-536986926-project] Empty body provided in request {{(pid=100866) get_body /opt/stack/cinder/cinder/api/openstack/wsgi.py:703}}
Aug 29 08:58:55.275819 dv-cinder-806490-1-smb devstack@c-api.service[100866]: /usr/local/lib/python3.8/dist-packages/webob/acceptparse.py:1047: DeprecationWarning: The behavior of AcceptValidHeader.best_match is currently being maintained for backward compatibility, but it will be deprecated in the future, as it does not conform to the RFC.
Aug 29 08:58:55.275819 dv-cinder-806490-1-smb devstack@c-api.service[100866]: warnings.warn(
Aug 29 08:58:55.276188 dv-cinder-806490-1-smb devstack@c-api.service[100866]: DEBUG cinder.api.openstack.wsgi [None req-effc29df-0f36-4b8d-a6ed-9bfa818a286f tempest-SnapshotsActionsTest-536986926 tempest-SnapshotsActionsTest-536986926-project] Calling method 'show' {{(pid=100866) _process_stack /opt/stack/cinder/cinder/api/openstack/wsgi.py:856}}
Aug 29 08:58:55.291803 dv-cinder-806490-1-smb devstack@c-api.service[100866]: /usr/local/lib/python3.8/dist-packages/oslo_context/context.py:105: DeprecationWarning: Policy enforcement is depending on the value of is_admin. This key is deprecated. Please update your policy file to use the standard policy values.
Aug 29 08:58:55.291803 dv-cinder-806490-1-smb devstack@c-api.service[100866]: warnings.warn('Policy enforcement is depending on the value of '
Aug 29 08:58:55.292597 dv-cinder-806490-1-smb devstack@c-api.service[100866]: INFO cinder.volume.api [None req-effc29df-0f36-4b8d-a6ed-9bfa818a286f tempest-SnapshotsActionsTest-536986926 tempest-SnapshotsActionsTest-536986926-project] Snapshot retrieved successfully.
Aug 29 08:58:55.294394 dv-cinder-806490-1-smb devstack@c-api.service[100866]: INFO cinder.api.openstack.wsgi [None req-effc29df-0f36-4b8d-a6ed-9bfa818a286f tempest-SnapshotsActionsTest-536986926 tempest-SnapshotsActionsTest-536986926-project] http://10.222.0.47/volume/v3/d4658bb15cb24cbbaefc60ae1d949bf4/snapshots/2a25e388-8826-4591-911d-95bb0fa68ead returned with HTTP 200
Aug 29 08:58:55.294532 dv-cinder-806490-1-smb devstack@c-api.service[100865]: INFO cinder.api.openstack.wsgi [None req-346e5532-21f9-44f2-9991-a63b5200858c tempest-GroupsV320Test-1058001214 tempest-GroupsV320Test-1058001214-project] POST http://10.222.0.47/volume/v3/b8cf3dc0c9964ba2b55eeadaf25d8a39/groups/daeba113-82e9-4bcb-be09-f73a0b9c323d/action
Aug 29 08:58:55.296722 dv-cinder-806490-1-smb devstack@c-api.service[100865]: DEBUG cinder.api.openstack.wsgi [None req-346e5532-21f9-44f2-9991-a63b5200858c tempest-GroupsV320Test-1058001214 tempest-GroupsV320Test-1058001214-project] Action body: b'{"delete": {"delete-volumes": true}}' {{(pid=100865) get_method /opt/stack/cinder/cinder/api/openstack/wsgi.py:971}}
Aug 29 08:58:55.297673 dv-cinder-806490-1-smb devstack@c-api.service[100865]: DEBUG cinder.api.openstack.wsgi [None req-346e5532-21f9-44f2-9991-a63b5200858c tempest-GroupsV320Test-1058001214 tempest-GroupsV320Test-1058001214-project] Action: 'action', calling method: delete_group, body: {"delete": {"delete-volumes": true}} {{(pid=100865) _process_stack /opt/stack/cinder/cinder/api/openstack/wsgi.py:854}}
Aug 29 08:58:55.299639 dv-cinder-806490-1-smb devstack@c-api.service[100866]: [pid: 100866|app: 0|req: 123/241] 10.222.0.47 () {58 vars in 1331 bytes} [Sun Aug 29 08:58:55 2021] GET /volume/v3/d4658bb15cb24cbbaefc60ae1d949bf4/snapshots/2a25e388-8826-4591-911d-95bb0fa68ead => generated 568 bytes in 40 msecs (HTTP/1.1 200) 7 headers in 285 bytes (1 switches on core 0)
Aug 29 08:58:55.299721 dv-cinder-806490-1-smb devstack@c-api.service[100865]: DEBUG cinder.api.v3.groups [None req-346e5532-21f9-44f2-9991-a63b5200858c tempest-GroupsV320Test-1058001214 tempest-GroupsV320Test-1058001214-project] delete called for group daeba113-82e9-4bcb-be09-f73a0b9c323d {{(pid=100865) _delete /opt/stack/cinder/cinder/api/v3/groups.py:117}}
Aug 29 08:58:55.299721 dv-cinder-806490-1-smb devstack@c-api.service[100865]: INFO cinder.api.v3.groups [None req-346e5532-21f9-44f2-9991-a63b5200858c tempest-GroupsV320Test-1058001214 tempest-GroupsV320Test-1058001214-project] Delete group with id: daeba113-82e9-4bcb-be09-f73a0b9c323d
Aug 29 08:58:55.319830 dv-cinder-806490-1-smb devstack@c-api.service[100865]: /usr/local/lib/python3.8/dist-packages/oslo_context/context.py:105: DeprecationWarning: Policy enforcement is depending on the value of is_admin. This key is deprecated. Please update your policy file to use the standard policy values.
Aug 29 08:58:55.319830 dv-cinder-806490-1-smb devstack@c-api.service[100865]: warnings.warn('Policy enforcement is depending on the value of '
Aug 29 08:58:55.322914 dv-cinder-806490-1-smb devstack@c-api.service[100866]: INFO cinder.api.openstack.wsgi [None req-8af6573a-fcd6-4e69-8ddd-2aaa039e0838 tempest-DeleteServersTestJSON-218190157 tempest-DeleteServersTestJSON-218190157-project] GET http://10.222.0.47/volume/v3/5926a603b5914cfaa8d2a56784b29a9b/volumes/c0b187ab-be52-4031-bfa8-3175b09cc19c
Aug 29 08:58:55.323378 dv-cinder-806490-1-smb devstack@c-api.service[100866]: DEBUG cinder.api.openstack.wsgi [None req-8af6573a-fcd6-4e69-8ddd-2aaa039e0838 tempest-DeleteServersTestJSON-218190157 tempest-DeleteServersTestJSON-218190157-project] Empty body provided in request {{(pid=100866) get_body /opt/stack/cinder/cinder/api/openstack/wsgi.py:703}}
Aug 29 08:58:55.323535 dv-cinder-806490-1-smb devstack@c-api.service[100866]: /usr/local/lib/python3.8/dist-packages/webob/acceptparse.py:1047: DeprecationWarning: The behavior of AcceptValidHeader.best_match is currently being maintained for backward compatibility, but it will be deprecated in the future, as it does not conform to the RFC.
Aug 29 08:58:55.323535 dv-cinder-806490-1-smb devstack@c-api.service[100866]: warnings.warn(
Aug 29 08:58:55.323837 dv-cinder-806490-1-smb devstack@c-api.service[100866]: DEBUG cinder.api.openstack.wsgi [None req-8af6573a-fcd6-4e69-8ddd-2aaa039e0838 tempest-DeleteServersTestJSON-218190157 tempest-DeleteServersTestJSON-218190157-project] Calling method 'show' {{(pid=100866) _process_stack /opt/stack/cinder/cinder/api/openstack/wsgi.py:856}}
Aug 29 08:58:55.372023 dv-cinder-806490-1-smb devstack@c-api.service[100866]: /usr/local/lib/python3.8/dist-packages/oslo_context/context.py:105: DeprecationWarning: Policy enforcement is depending on the value of is_admin. This key is deprecated. Please update your policy file to use the standard policy values.
Aug 29 08:58:55.372023 dv-cinder-806490-1-smb devstack@c-api.service[100866]: warnings.warn('Policy enforcement is depending on the value of '
Aug 29 08:58:55.390510 dv-cinder-806490-1-smb devstack@c-api.service[100866]: INFO cinder.volume.api [None req-8af6573a-fcd6-4e69-8ddd-2aaa039e0838 tempest-DeleteServersTestJSON-218190157 tempest-DeleteServersTestJSON-218190157-project] Volume info retrieved successfully.
Aug 29 08:58:55.398991 dv-cinder-806490-1-smb devstack@c-api.service[100865]: INFO cinder.api.openstack.wsgi [None req-346e5532-21f9-44f2-9991-a63b5200858c tempest-GroupsV320Test-1058001214 tempest-GroupsV320Test-1058001214-project] http://10.222.0.47/volume/v3/b8cf3dc0c9964ba2b55eeadaf25d8a39/groups/daeba113-82e9-4bcb-be09-f73a0b9c323d/action returned with HTTP 202
Aug 29 08:58:55.401386 dv-cinder-806490-1-smb devstack@c-api.service[100865]: [pid: 100865|app: 0|req: 119/242] 10.222.0.47 () {62 vars in 1405 bytes} [Sun Aug 29 08:58:55 2021] POST /volume/v3/b8cf3dc0c9964ba2b55eeadaf25d8a39/groups/daeba113-82e9-4bcb-be09-f73a0b9c323d/action => generated 0 bytes in 117 msecs (HTTP/1.1 202) 6 headers in 234 bytes (1 switches on core 0)
Aug 29 08:58:55.414606 dv-cinder-806490-1-smb devstack@c-api.service[100865]: INFO cinder.api.openstack.wsgi [None req-aeab1cf0-b9bc-4f02-96cd-f9de33d08688 tempest-SnapshotsActionsTest-176144779 tempest-SnapshotsActionsTest-176144779-project-admin] POST http://10.222.0.47/volume/v3/02cc2ef55bb14551990d855d309360ee/snapshots/2a25e388-8826-4591-911d-95bb0fa68ead/action
Aug 29 08:58:55.415343 dv-cinder-806490-1-smb devstack@c-api.service[100865]: /usr/local/lib/python3.8/dist-packages/webob/acceptparse.py:1047: DeprecationWarning: The behavior of AcceptValidHeader.best_match is currently being maintained for backward compatibility, but it will be deprecated in the future, as it does not conform to the RFC.
Aug 29 08:58:55.415343 dv-cinder-806490-1-smb devstack@c-api.service[100865]: warnings.warn(
Aug 29 08:58:55.417217 dv-cinder-806490-1-smb devstack@c-api.service[100865]: DEBUG cinder.api.openstack.wsgi [None req-aeab1cf0-b9bc-4f02-96cd-f9de33d08688 tempest-SnapshotsActionsTest-176144779 tempest-SnapshotsActionsTest-176144779-project-admin] Action body: b'{"os-reset_status": {"status": "creating"}}' {{(pid=100865) get_method /opt/stack/cinder/cinder/api/openstack/wsgi.py:971}}
Aug 29 08:58:55.419327 dv-cinder-806490-1-smb devstack@c-api.service[100865]: DEBUG cinder.api.openstack.wsgi [None req-aeab1cf0-b9bc-4f02-96cd-f9de33d08688 tempest-SnapshotsActionsTest-176144779 tempest-SnapshotsActionsTest-176144779-project-admin] Action: 'action', calling method: _reset_status, body: {"os-reset_status": {"status": "creating"}} {{(pid=100865) _process_stack /opt/stack/cinder/cinder/api/openstack/wsgi.py:854}}
Aug 29 08:58:55.419654 dv-cinder-806490-1-smb devstack@c-api.service[100866]: /usr/local/lib/python3.8/dist-packages/oslo_context/context.py:105: DeprecationWarning: Policy enforcement is depending on the value of is_admin. This key is deprecated. Please update your policy file to use the standard policy values.
Aug 29 08:58:55.419654 dv-cinder-806490-1-smb devstack@c-api.service[100866]: warnings.warn('Policy enforcement is depending on the value of '
Aug 29 08:58:55.421899 dv-cinder-806490-1-smb devstack@c-api.service[100865]: DEBUG cinder.api.contrib.admin_actions [None req-aeab1cf0-b9bc-4f02-96cd-f9de33d08688 tempest-SnapshotsActionsTest-176144779 tempest-SnapshotsActionsTest-176144779-project-admin] Updating snapshot '2a25e388-8826-4591-911d-95bb0fa68ead' with '{'status': 'creating'}' {{(pid=100865) _reset_status /opt/stack/cinder/cinder/api/contrib/admin_actions.py:283}}
Aug 29 08:58:55.438939 dv-cinder-806490-1-smb devstack@c-api.service[100866]: INFO cinder.api.openstack.wsgi [None req-8af6573a-fcd6-4e69-8ddd-2aaa039e0838 tempest-DeleteServersTestJSON-218190157 tempest-DeleteServersTestJSON-218190157-project] http://10.222.0.47/volume/v3/5926a603b5914cfaa8d2a56784b29a9b/volumes/c0b187ab-be52-4031-bfa8-3175b09cc19c returned with HTTP 200
Aug 29 08:58:55.442861 dv-cinder-806490-1-smb devstack@c-api.service[100866]: [pid: 100866|app: 0|req: 124/243] 10.222.0.47 () {58 vars in 1325 bytes} [Sun Aug 29 08:58:55 2021] GET /volume/v3/5926a603b5914cfaa8d2a56784b29a9b/volumes/c0b187ab-be52-4031-bfa8-3175b09cc19c => generated 1205 bytes in 143 msecs (HTTP/1.1 200) 7 headers in 286 bytes (1 switches on core 0)
Aug 29 08:58:55.451270 dv-cinder-806490-1-smb devstack@c-api.service[100866]: INFO cinder.api.openstack.wsgi [None req-785568cb-8215-4aa9-9199-922ea744d7d2 tempest-GroupsV320Test-1058001214 tempest-GroupsV320Test-1058001214-project] GET http://10.222.0.47/volume/v3/b8cf3dc0c9964ba2b55eeadaf25d8a39/groups/daeba113-82e9-4bcb-be09-f73a0b9c323d
Aug 29 08:58:55.454923 dv-cinder-806490-1-smb devstack@c-api.service[100866]: DEBUG cinder.api.openstack.wsgi [None req-785568cb-8215-4aa9-9199-922ea744d7d2 tempest-GroupsV320Test-1058001214 tempest-GroupsV320Test-1058001214-project] Empty body provided in request {{(pid=100866) get_body /opt/stack/cinder/cinder/api/openstack/wsgi.py:703}}
Aug 29 08:58:55.455293 dv-cinder-806490-1-smb devstack@c-api.service[100866]: /usr/local/lib/python3.8/dist-packages/webob/acceptparse.py:1047: DeprecationWarning: The behavior of AcceptValidHeader.best_match is currently being maintained for backward compatibility, but it will be deprecated in the future, as it does not conform to the RFC.
Aug 29 08:58:55.455293 dv-cinder-806490-1-smb devstack@c-api.service[100866]: warnings.warn(
Aug 29 08:58:55.456501 dv-cinder-806490-1-smb devstack@c-api.service[100866]: DEBUG cinder.api.openstack.wsgi [None req-785568cb-8215-4aa9-9199-922ea744d7d2 tempest-GroupsV320Test-1058001214 tempest-GroupsV320Test-1058001214-project] Calling method 'version_select' {{(pid=100866) _process_stack /opt/stack/cinder/cinder/api/openstack/wsgi.py:856}}
Aug 29 08:58:55.457494 dv-cinder-806490-1-smb devstack@c-api.service[100866]: DEBUG cinder.api.v3.groups [None req-785568cb-8215-4aa9-9199-922ea744d7d2 tempest-GroupsV320Test-1058001214 tempest-GroupsV320Test-1058001214-project] show called for member daeba113-82e9-4bcb-be09-f73a0b9c323d {{(pid=100866) show /opt/stack/cinder/cinder/api/v3/groups.py:58}}
Aug 29 08:58:55.474804 dv-cinder-806490-1-smb devstack@c-api.service[100866]: /usr/local/lib/python3.8/dist-packages/oslo_context/context.py:105: DeprecationWarning: Policy enforcement is depending on the value of is_admin. This key is deprecated. Please update your policy file to use the standard policy values.
Aug 29 08:58:55.474804 dv-cinder-806490-1-smb devstack@c-api.service[100866]: warnings.warn('Policy enforcement is depending on the value of '
Aug 29 08:58:55.500359 dv-cinder-806490-1-smb devstack@c-api.service[100866]: INFO cinder.api.openstack.wsgi [None req-785568cb-8215-4aa9-9199-922ea744d7d2 tempest-GroupsV320Test-1058001214 tempest-GroupsV320Test-1058001214-project] http://10.222.0.47/volume/v3/b8cf3dc0c9964ba2b55eeadaf25d8a39/groups/daeba113-82e9-4bcb-be09-f73a0b9c323d returned with HTTP 200
Aug 29 08:58:55.502351 dv-cinder-806490-1-smb devstack@c-api.service[100866]: [pid: 100866|app: 0|req: 125/244] 10.222.0.47 () {60 vars in 1363 bytes} [Sun Aug 29 08:58:55 2021] GET /volume/v3/b8cf3dc0c9964ba2b55eeadaf25d8a39/groups/daeba113-82e9-4bcb-be09-f73a0b9c323d => generated 387 bytes in 59 msecs (HTTP/1.1 200) 7 headers in 286 bytes (1 switches on core 0)
Aug 29 08:58:55.507157 dv-cinder-806490-1-smb devstack@c-api.service[100866]: INFO cinder.api.openstack.wsgi [None req-feeff477-d039-46db-8e42-29c9bf35601d tempest-DeleteServersTestJSON-218190157 tempest-DeleteServersTestJSON-218190157-project] GET http://10.222.0.47/volume/v3/5926a603b5914cfaa8d2a56784b29a9b/volumes/c0b187ab-be52-4031-bfa8-3175b09cc19c
Aug 29 08:58:55.507907 dv-cinder-806490-1-smb devstack@c-api.service[100866]: DEBUG cinder.api.openstack.wsgi [None req-feeff477-d039-46db-8e42-29c9bf35601d tempest-DeleteServersTestJSON-218190157 tempest-DeleteServersTestJSON-218190157-project] Empty body provided in request {{(pid=100866) get_body /opt/stack/cinder/cinder/api/openstack/wsgi.py:703}}
Aug 29 08:58:55.508227 dv-cinder-806490-1-smb devstack@c-api.service[100866]: /usr/local/lib/python3.8/dist-packages/webob/acceptparse.py:1047: DeprecationWarning: The behavior of AcceptValidHeader.best_match is currently being maintained for backward compatibility, but it will be deprecated in the future, as it does not conform to the RFC.
Aug 29 08:58:55.508227 dv-cinder-806490-1-smb devstack@c-api.service[100866]: warnings.warn(
Aug 29 08:58:55.509290 dv-cinder-806490-1-smb devstack@c-api.service[100866]: DEBUG cinder.api.openstack.wsgi [None req-feeff477-d039-46db-8e42-29c9bf35601d tempest-DeleteServersTestJSON-218190157 tempest-DeleteServersTestJSON-218190157-project] Calling method 'show' {{(pid=100866) _process_stack /opt/stack/cinder/cinder/api/openstack/wsgi.py:856}}
Aug 29 08:58:55.512540 dv-cinder-806490-1-smb devstack@c-api.service[100865]: /usr/local/lib/python3.8/dist-packages/oslo_context/context.py:105: DeprecationWarning: Policy enforcement is depending on the value of is_admin. This key is deprecated. Please update your policy file to use the standard policy values.
Aug 29 08:58:55.512540 dv-cinder-806490-1-smb devstack@c-api.service[100865]: warnings.warn('Policy enforcement is depending on the value of '
Aug 29 08:58:55.538591 dv-cinder-806490-1-smb devstack@c-api.service[100865]: /usr/local/lib/python3.8/dist-packages/oslo_context/context.py:105: DeprecationWarning: Policy enforcement is depending on the value of is_admin. This key is deprecated. Please update your policy file to use the standard policy values.
Aug 29 08:58:55.538591 dv-cinder-806490-1-smb devstack@c-api.service[100865]: warnings.warn('Policy enforcement is depending on the value of '
Aug 29 08:58:55.553195 dv-cinder-806490-1-smb devstack@c-api.service[100866]: /usr/local/lib/python3.8/dist-packages/oslo_context/context.py:105: DeprecationWarning: Policy enforcement is depending on the value of is_admin. This key is deprecated. Please update your policy file to use the standard policy values.
Aug 29 08:58:55.553195 dv-cinder-806490-1-smb devstack@c-api.service[100866]: warnings.warn('Policy enforcement is depending on the value of '
Aug 29 08:58:55.601664 dv-cinder-806490-1-smb devstack@c-api.service[100866]: INFO cinder.volume.api [None req-feeff477-d039-46db-8e42-29c9bf35601d tempest-DeleteServersTestJSON-218190157 tempest-DeleteServersTestJSON-218190157-project] Volume info retrieved successfully.
Aug 29 08:58:55.612241 dv-cinder-806490-1-smb devstack@c-api.service[100865]: INFO cinder.api.openstack.wsgi [None req-aeab1cf0-b9bc-4f02-96cd-f9de33d08688 tempest-SnapshotsActionsTest-176144779 tempest-SnapshotsActionsTest-176144779-project-admin] http://10.222.0.47/volume/v3/02cc2ef55bb14551990d855d309360ee/snapshots/2a25e388-8826-4591-911d-95bb0fa68ead/action returned with HTTP 202
Aug 29 08:58:55.613431 dv-cinder-806490-1-smb devstack@c-api.service[100865]: [pid: 100865|app: 0|req: 120/245] 10.222.0.47 () {60 vars in 1373 bytes} [Sun Aug 29 08:58:55 2021] POST /volume/v3/02cc2ef55bb14551990d855d309360ee/snapshots/2a25e388-8826-4591-911d-95bb0fa68ead/action => generated 0 bytes in 211 msecs (HTTP/1.1 202) 7 headers in 289 bytes (1 switches on core 0)
Aug 29 08:58:55.625027 dv-cinder-806490-1-smb devstack@c-api.service[100865]: INFO cinder.api.openstack.wsgi [None req-58058456-69a2-4c5e-9d60-25d29e3b1d90 tempest-SnapshotsActionsTest-536986926 tempest-SnapshotsActionsTest-536986926-project] GET http://10.222.0.47/volume/v3/d4658bb15cb24cbbaefc60ae1d949bf4/snapshots/2a25e388-8826-4591-911d-95bb0fa68ead
Aug 29 08:58:55.625763 dv-cinder-806490-1-smb devstack@c-api.service[100865]: DEBUG cinder.api.openstack.wsgi [None req-58058456-69a2-4c5e-9d60-25d29e3b1d90 tempest-SnapshotsActionsTest-536986926 tempest-SnapshotsActionsTest-536986926-project] Empty body provided in request {{(pid=100865) get_body /opt/stack/cinder/cinder/api/openstack/wsgi.py:703}}
Aug 29 08:58:55.625763 dv-cinder-806490-1-smb devstack@c-api.service[100865]: /usr/local/lib/python3.8/dist-packages/webob/acceptparse.py:1047: DeprecationWarning: The behavior of AcceptValidHeader.best_match is currently being maintained for backward compatibility, but it will be deprecated in the future, as it does not conform to the RFC.
Aug 29 08:58:55.625763 dv-cinder-806490-1-smb devstack@c-api.service[100865]: warnings.warn(
Aug 29 08:58:55.631449 dv-cinder-806490-1-smb devstack@c-api.service[100865]: DEBUG cinder.api.openstack.wsgi [None req-58058456-69a2-4c5e-9d60-25d29e3b1d90 tempest-SnapshotsActionsTest-536986926 tempest-SnapshotsActionsTest-536986926-project] Calling method 'show' {{(pid=100865) _process_stack /opt/stack/cinder/cinder/api/openstack/wsgi.py:856}}
Aug 29 08:58:55.637965 dv-cinder-806490-1-smb devstack@c-api.service[100866]: /usr/local/lib/python3.8/dist-packages/oslo_context/context.py:105: DeprecationWarning: Policy enforcement is depending on the value of is_admin. This key is deprecated. Please update your policy file to use the standard policy values.
Aug 29 08:58:55.637965 dv-cinder-806490-1-smb devstack@c-api.service[100866]: warnings.warn('Policy enforcement is depending on the value of '
Aug 29 08:58:55.663410 dv-cinder-806490-1-smb devstack@c-api.service[100866]: INFO cinder.api.openstack.wsgi [None req-feeff477-d039-46db-8e42-29c9bf35601d tempest-DeleteServersTestJSON-218190157 tempest-DeleteServersTestJSON-218190157-project] http://10.222.0.47/volume/v3/5926a603b5914cfaa8d2a56784b29a9b/volumes/c0b187ab-be52-4031-bfa8-3175b09cc19c returned with HTTP 200
Aug 29 08:58:55.664567 dv-cinder-806490-1-smb devstack@c-api.service[100866]: [pid: 100866|app: 0|req: 126/246] 10.222.0.47 () {58 vars in 1325 bytes} [Sun Aug 29 08:58:55 2021] GET /volume/v3/5926a603b5914cfaa8d2a56784b29a9b/volumes/c0b187ab-be52-4031-bfa8-3175b09cc19c => generated 1205 bytes in 161 msecs (HTTP/1.1 200) 7 headers in 286 bytes (1 switches on core 0)
Aug 29 08:58:55.665439 dv-cinder-806490-1-smb devstack@c-api.service[100865]: /usr/local/lib/python3.8/dist-packages/oslo_context/context.py:105: DeprecationWarning: Policy enforcement is depending on the value of is_admin. This key is deprecated. Please update your policy file to use the standard policy values.
Aug 29 08:58:55.665439 dv-cinder-806490-1-smb devstack@c-api.service[100865]: warnings.warn('Policy enforcement is depending on the value of '
Aug 29 08:58:55.666760 dv-cinder-806490-1-smb devstack@c-api.service[100865]: INFO cinder.volume.api [None req-58058456-69a2-4c5e-9d60-25d29e3b1d90 tempest-SnapshotsActionsTest-536986926 tempest-SnapshotsActionsTest-536986926-project] Snapshot retrieved successfully.
Aug 29 08:58:55.669363 dv-cinder-806490-1-smb devstack@c-api.service[100865]: INFO cinder.api.openstack.wsgi [None req-58058456-69a2-4c5e-9d60-25d29e3b1d90 tempest-SnapshotsActionsTest-536986926 tempest-SnapshotsActionsTest-536986926-project] http://10.222.0.47/volume/v3/d4658bb15cb24cbbaefc60ae1d949bf4/snapshots/2a25e388-8826-4591-911d-95bb0fa68ead returned with HTTP 200
Aug 29 08:58:55.670785 dv-cinder-806490-1-smb devstack@c-api.service[100865]: [pid: 100865|app: 0|req: 121/247] 10.222.0.47 () {58 vars in 1331 bytes} [Sun Aug 29 08:58:55 2021] GET /volume/v3/d4658bb15cb24cbbaefc60ae1d949bf4/snapshots/2a25e388-8826-4591-911d-95bb0fa68ead => generated 567 bytes in 51 msecs (HTTP/1.1 200) 7 headers in 285 bytes (1 switches on core 0)
Aug 29 08:58:55.686332 dv-cinder-806490-1-smb devstack@c-api.service[100866]: INFO cinder.api.openstack.wsgi [None req-a7826222-cd85-489b-b2eb-06f7e5677169 tempest-SnapshotsActionsTest-176144779 tempest-SnapshotsActionsTest-176144779-project-admin] POST http://10.222.0.47/volume/v3/02cc2ef55bb14551990d855d309360ee/snapshots/2a25e388-8826-4591-911d-95bb0fa68ead/action
Aug 29 08:58:55.687257 dv-cinder-806490-1-smb devstack@c-api.service[100866]: /usr/local/lib/python3.8/dist-packages/webob/acceptparse.py:1047: DeprecationWarning: The behavior of AcceptValidHeader.best_match is currently being maintained for backward compatibility, but it will be deprecated in the future, as it does not conform to the RFC.
Aug 29 08:58:55.687257 dv-cinder-806490-1-smb devstack@c-api.service[100866]: warnings.warn(
Aug 29 08:58:55.688997 dv-cinder-806490-1-smb devstack@c-api.service[100866]: DEBUG cinder.api.openstack.wsgi [None req-a7826222-cd85-489b-b2eb-06f7e5677169 tempest-SnapshotsActionsTest-176144779 tempest-SnapshotsActionsTest-176144779-project-admin] Action body: b'{"os-force_delete": {}}' {{(pid=100866) get_method /opt/stack/cinder/cinder/api/openstack/wsgi.py:971}}
