Aug 29 08:58:59.972345 dv-cinder-806490-1-smb devstack@c-api.service[100866]: DEBUG cinder.api.openstack.wsgi [None req-3804ae91-0123-487c-8214-a23d53895838 tempest-SnapshotsActionsTest-176144779 tempest-SnapshotsActionsTest-176144779-project-admin] Action body: b'{"os-reset_status": {"status": "available"}}' {{(pid=100866) get_method /opt/stack/cinder/cinder/api/openstack/wsgi.py:971}}
Aug 29 08:58:59.972859 dv-cinder-806490-1-smb devstack@c-api.service[100866]: DEBUG cinder.api.openstack.wsgi [None req-3804ae91-0123-487c-8214-a23d53895838 tempest-SnapshotsActionsTest-176144779 tempest-SnapshotsActionsTest-176144779-project-admin] Action: 'action', calling method: _reset_status, body: {"os-reset_status": {"status": "available"}} {{(pid=100866) _process_stack /opt/stack/cinder/cinder/api/openstack/wsgi.py:854}}
Aug 29 08:58:59.975089 dv-cinder-806490-1-smb devstack@c-api.service[100866]: DEBUG cinder.api.contrib.admin_actions [None req-3804ae91-0123-487c-8214-a23d53895838 tempest-SnapshotsActionsTest-176144779 tempest-SnapshotsActionsTest-176144779-project-admin] Updating snapshot 'd22c2796-bee1-4976-a874-f33ecca692a2' with '{'status': 'available'}' {{(pid=100866) _reset_status /opt/stack/cinder/cinder/api/contrib/admin_actions.py:283}}
Aug 29 08:58:59.988887 dv-cinder-806490-1-smb devstack@c-api.service[100865]: DEBUG cinder.volume.api [None req-b7a10d3d-1f94-4d31-b34f-5eb65258edc7 tempest-VolumesImageMetadata-537935911 tempest-VolumesImageMetadata-537935911-project] Flow 'volume_create_api' (d61fb17f-c6f5-4530-873a-76518baddcae) transitioned into state 'RUNNING' from state 'PENDING' {{(pid=100865) _flow_receiver /usr/local/lib/python3.8/dist-packages/taskflow/listeners/logging.py:141}}
Aug 29 08:58:59.992098 dv-cinder-806490-1-smb devstack@c-api.service[100865]: DEBUG cinder.volume.api [None req-b7a10d3d-1f94-4d31-b34f-5eb65258edc7 tempest-VolumesImageMetadata-537935911 tempest-VolumesImageMetadata-537935911-project] Task 'cinder.volume.flows.api.create_volume.ExtractVolumeRequestTask;volume:create' (4643bd59-e6a9-4a84-8d6d-af17603461c9) transitioned into state 'RUNNING' from state 'PENDING' {{(pid=100865) _task_receiver /usr/local/lib/python3.8/dist-packages/taskflow/listeners/logging.py:190}}
Aug 29 08:58:59.994159 dv-cinder-806490-1-smb devstack@c-api.service[100865]: DEBUG cinder.volume.flows.api.create_volume [None req-b7a10d3d-1f94-4d31-b34f-5eb65258edc7 tempest-VolumesImageMetadata-537935911 tempest-VolumesImageMetadata-537935911-project] Validating volume size '1' using validate_int {{(pid=100865) _extract_size /opt/stack/cinder/cinder/volume/flows/api/create_volume.py:225}}
Aug 29 08:58:59.996156 dv-cinder-806490-1-smb devstack@c-api.service[100866]: /usr/local/lib/python3.8/dist-packages/oslo_context/context.py:105: DeprecationWarning: Policy enforcement is depending on the value of is_admin. This key is deprecated. Please update your policy file to use the standard policy values.
Aug 29 08:58:59.996156 dv-cinder-806490-1-smb devstack@c-api.service[100866]: warnings.warn('Policy enforcement is depending on the value of '
Aug 29 08:58:59.998830 dv-cinder-806490-1-smb devstack@c-api.service[100866]: INFO cinder.api.openstack.wsgi [None req-3804ae91-0123-487c-8214-a23d53895838 tempest-SnapshotsActionsTest-176144779 tempest-SnapshotsActionsTest-176144779-project-admin] HTTP exception thrown: Cannot reset-state to same state
Aug 29 08:59:00.001089 dv-cinder-806490-1-smb devstack@c-api.service[100866]: INFO cinder.api.openstack.wsgi [None req-3804ae91-0123-487c-8214-a23d53895838 tempest-SnapshotsActionsTest-176144779 tempest-SnapshotsActionsTest-176144779-project-admin] http://10.222.0.47/volume/v3/02cc2ef55bb14551990d855d309360ee/snapshots/d22c2796-bee1-4976-a874-f33ecca692a2/action returned with HTTP 400
Aug 29 08:59:00.008804 dv-cinder-806490-1-smb devstack@c-api.service[100866]: [pid: 100866|app: 0|req: 147/281] 10.222.0.47 () {60 vars in 1373 bytes} [Sun Aug 29 08:58:59 2021] POST /volume/v3/02cc2ef55bb14551990d855d309360ee/snapshots/d22c2796-bee1-4976-a874-f33ecca692a2/action => generated 76 bytes in 43 msecs (HTTP/1.1 400) 7 headers in 293 bytes (1 switches on core 0)
Aug 29 08:59:00.014484 dv-cinder-806490-1-smb devstack@c-api.service[100866]: INFO cinder.api.openstack.wsgi [None req-6b436674-0928-4239-a571-6dd807ec72fb tempest-GroupsTest-2090225591 tempest-GroupsTest-2090225591-project] GET http://10.222.0.47/volume/v3/72e9ec2773d74fd6905f5f523bda8f5e/volumes/detail
Aug 29 08:59:00.015474 dv-cinder-806490-1-smb devstack@c-api.service[100866]: DEBUG cinder.api.openstack.wsgi [None req-6b436674-0928-4239-a571-6dd807ec72fb tempest-GroupsTest-2090225591 tempest-GroupsTest-2090225591-project] Empty body provided in request {{(pid=100866) get_body /opt/stack/cinder/cinder/api/openstack/wsgi.py:703}}
Aug 29 08:59:00.015858 dv-cinder-806490-1-smb devstack@c-api.service[100866]: /usr/local/lib/python3.8/dist-packages/webob/acceptparse.py:1047: DeprecationWarning: The behavior of AcceptValidHeader.best_match is currently being maintained for backward compatibility, but it will be deprecated in the future, as it does not conform to the RFC.
Aug 29 08:59:00.015858 dv-cinder-806490-1-smb devstack@c-api.service[100866]: warnings.warn(
Aug 29 08:59:00.016095 dv-cinder-806490-1-smb devstack@c-api.service[100866]: DEBUG cinder.api.openstack.wsgi [None req-6b436674-0928-4239-a571-6dd807ec72fb tempest-GroupsTest-2090225591 tempest-GroupsTest-2090225591-project] Calling method 'detail' {{(pid=100866) _process_stack /opt/stack/cinder/cinder/api/openstack/wsgi.py:856}}
Aug 29 08:59:00.017022 dv-cinder-806490-1-smb devstack@c-api.service[100866]: DEBUG cinder.api.api_utils [None req-6b436674-0928-4239-a571-6dd807ec72fb tempest-GroupsTest-2090225591 tempest-GroupsTest-2090225591-project] Removing options '' from query. {{(pid=100866) remove_invalid_filter_options /opt/stack/cinder/cinder/api/api_utils.py:73}}
Aug 29 08:59:00.019272 dv-cinder-806490-1-smb devstack@c-api.service[100866]: DEBUG cinder.volume.api [None req-6b436674-0928-4239-a571-6dd807ec72fb tempest-GroupsTest-2090225591 tempest-GroupsTest-2090225591-project] Searching by: MultiDict([('no_migration_targets', True)]). {{(pid=100866) get_all /opt/stack/cinder/cinder/volume/api.py:619}}
Aug 29 08:59:00.076356 dv-cinder-806490-1-smb devstack@c-api.service[100866]: INFO cinder.volume.api [None req-6b436674-0928-4239-a571-6dd807ec72fb tempest-GroupsTest-2090225591 tempest-GroupsTest-2090225591-project] Get all volumes completed successfully.
Aug 29 08:59:00.082438 dv-cinder-806490-1-smb devstack@c-api.service[100866]: INFO cinder.api.openstack.wsgi [None req-6b436674-0928-4239-a571-6dd807ec72fb tempest-GroupsTest-2090225591 tempest-GroupsTest-2090225591-project] http://10.222.0.47/volume/v3/72e9ec2773d74fd6905f5f523bda8f5e/volumes/detail returned with HTTP 200
Aug 29 08:59:00.083561 dv-cinder-806490-1-smb devstack@c-api.service[100866]: [pid: 100866|app: 0|req: 148/282] 10.222.0.47 () {60 vars in 1276 bytes} [Sun Aug 29 08:59:00 2021] GET /volume/v3/72e9ec2773d74fd6905f5f523bda8f5e/volumes/detail => generated 15 bytes in 74 msecs (HTTP/1.1 200) 7 headers in 285 bytes (1 switches on core 0)
Aug 29 08:59:00.089750 dv-cinder-806490-1-smb devstack@c-api.service[100866]: INFO cinder.api.openstack.wsgi [None req-1b56b7bf-b461-499c-a047-ba2d690aba83 tempest-SnapshotsActionsTest-536986926 tempest-SnapshotsActionsTest-536986926-project] POST http://10.222.0.47/volume/v3/d4658bb15cb24cbbaefc60ae1d949bf4/snapshots
Aug 29 08:59:00.090707 dv-cinder-806490-1-smb devstack@c-api.service[100866]: DEBUG cinder.api.openstack.wsgi [None req-1b56b7bf-b461-499c-a047-ba2d690aba83 tempest-SnapshotsActionsTest-536986926 tempest-SnapshotsActionsTest-536986926-project] Action: 'create', calling method: create, body: {"snapshot": {"volume_id": "6e83d391-0d24-4bd1-b578-6f6d61b11e23", "name": "tempest-SnapshotsActionsTest-Snapshot-1565876129"}} {{(pid=100866) _process_stack /opt/stack/cinder/cinder/api/openstack/wsgi.py:854}}
Aug 29 08:59:00.113415 dv-cinder-806490-1-smb devstack@c-api.service[100866]: /usr/local/lib/python3.8/dist-packages/oslo_context/context.py:105: DeprecationWarning: Policy enforcement is depending on the value of is_admin. This key is deprecated. Please update your policy file to use the standard policy values.
Aug 29 08:59:00.113415 dv-cinder-806490-1-smb devstack@c-api.service[100866]: warnings.warn('Policy enforcement is depending on the value of '
Aug 29 08:59:00.116429 dv-cinder-806490-1-smb devstack@c-api.service[100866]: INFO cinder.volume.api [None req-1b56b7bf-b461-499c-a047-ba2d690aba83 tempest-SnapshotsActionsTest-536986926 tempest-SnapshotsActionsTest-536986926-project] Volume info retrieved successfully.
Aug 29 08:59:00.117067 dv-cinder-806490-1-smb devstack@c-api.service[100866]: INFO cinder.api.v2.snapshots [None req-1b56b7bf-b461-499c-a047-ba2d690aba83 tempest-SnapshotsActionsTest-536986926 tempest-SnapshotsActionsTest-536986926-project] Create snapshot from volume 6e83d391-0d24-4bd1-b578-6f6d61b11e23
Aug 29 08:59:00.136748 dv-cinder-806490-1-smb devstack@c-api.service[100865]: DEBUG cinder.volume.api [None req-b7a10d3d-1f94-4d31-b34f-5eb65258edc7 tempest-VolumesImageMetadata-537935911 tempest-VolumesImageMetadata-537935911-project] Task 'cinder.volume.flows.api.create_volume.ExtractVolumeRequestTask;volume:create' (4643bd59-e6a9-4a84-8d6d-af17603461c9) transitioned into state 'SUCCESS' from state 'RUNNING' with result '{'size': 1, 'snapshot_id': None, 'source_volid': None, 'volume_type': VolumeType(created_at=2021-08-29T08:48:03Z,deleted=False,deleted_at=None,description='Default Volume Type',extra_specs={},id=fd89da3d-e817-4a0b-aa03-a411cfb1363e,is_public=True,name='__DEFAULT__',projects=[],qos_specs=,qos_specs_id=None,updated_at=2021-08-29T08:48:03Z), 'volume_type_id': 'fd89da3d-e817-4a0b-aa03-a411cfb1363e', 'encryption_key_id': None, 'qos_specs': None, 'consistencygroup_id': None, 'cgsnapshot_id': None, 'group_id': None, 'replication_status': 'disabled', 'refresh_az': False, 'backup_id': None, 'multiattach': False, 'availability_zones': ['nova']}' {{(pid=100865) _task_receiver /usr/local/lib/python3.8/dist-packages/taskflow/listeners/logging.py:178}}
Aug 29 08:59:00.142719 dv-cinder-806490-1-smb devstack@c-api.service[100865]: DEBUG cinder.volume.api [None req-b7a10d3d-1f94-4d31-b34f-5eb65258edc7 tempest-VolumesImageMetadata-537935911 tempest-VolumesImageMetadata-537935911-project] Task 'cinder.volume.flows.api.create_volume.QuotaReserveTask;volume:create' (39345f26-aa05-4052-adc1-5d84be0cc449) transitioned into state 'RUNNING' from state 'PENDING' {{(pid=100865) _task_receiver /usr/local/lib/python3.8/dist-packages/taskflow/listeners/logging.py:190}}
Aug 29 08:59:00.229128 dv-cinder-806490-1-smb devstack@c-api.service[100866]: DEBUG cinder.quota [None req-1b56b7bf-b461-499c-a047-ba2d690aba83 tempest-SnapshotsActionsTest-536986926 tempest-SnapshotsActionsTest-536986926-project] Created reservations ['9541c4df-715f-4033-b4ec-bbaff5164adb', '1844fa77-312e-4232-a43b-741c6a022266', '7d2bbbc8-613b-4db0-9bce-27faac2d478c', 'f65ad6a1-b9b7-495a-8edb-66afbd11d0f8'] {{(pid=100866) reserve /opt/stack/cinder/cinder/quota.py:755}}
Aug 29 08:59:00.327492 dv-cinder-806490-1-smb devstack@c-api.service[100865]: DEBUG cinder.quota [None req-b7a10d3d-1f94-4d31-b34f-5eb65258edc7 tempest-VolumesImageMetadata-537935911 tempest-VolumesImageMetadata-537935911-project] Created reservations ['ffe2309c-c07c-4cc2-bbfa-fdad7259e969', '1ce281fe-1958-4c31-8683-1ae51d268a0b', 'a98f1fe6-b9b3-4cfe-bb3b-cc3106009792', 'aac34717-e6ba-4375-bee7-8f069a317935'] {{(pid=100865) reserve /opt/stack/cinder/cinder/quota.py:755}}
Aug 29 08:59:00.329838 dv-cinder-806490-1-smb devstack@c-api.service[100865]: DEBUG cinder.volume.api [None req-b7a10d3d-1f94-4d31-b34f-5eb65258edc7 tempest-VolumesImageMetadata-537935911 tempest-VolumesImageMetadata-537935911-project] Task 'cinder.volume.flows.api.create_volume.QuotaReserveTask;volume:create' (39345f26-aa05-4052-adc1-5d84be0cc449) transitioned into state 'SUCCESS' from state 'RUNNING' with result '{'reservations': ['ffe2309c-c07c-4cc2-bbfa-fdad7259e969', '1ce281fe-1958-4c31-8683-1ae51d268a0b', 'a98f1fe6-b9b3-4cfe-bb3b-cc3106009792', 'aac34717-e6ba-4375-bee7-8f069a317935']}' {{(pid=100865) _task_receiver /usr/local/lib/python3.8/dist-packages/taskflow/listeners/logging.py:178}}
Aug 29 08:59:00.335611 dv-cinder-806490-1-smb devstack@c-api.service[100865]: DEBUG cinder.volume.api [None req-b7a10d3d-1f94-4d31-b34f-5eb65258edc7 tempest-VolumesImageMetadata-537935911 tempest-VolumesImageMetadata-537935911-project] Task 'cinder.volume.flows.api.create_volume.EntryCreateTask;volume:create' (d673f47d-3b23-4801-9b4e-3065758ccb46) transitioned into state 'RUNNING' from state 'PENDING' {{(pid=100865) _task_receiver /usr/local/lib/python3.8/dist-packages/taskflow/listeners/logging.py:190}}
Aug 29 08:59:00.353638 dv-cinder-806490-1-smb devstack@c-api.service[100866]: INFO cinder.volume.api [None req-1b56b7bf-b461-499c-a047-ba2d690aba83 tempest-SnapshotsActionsTest-536986926 tempest-SnapshotsActionsTest-536986926-project] Snapshot create request issued successfully.
Aug 29 08:59:00.354886 dv-cinder-806490-1-smb devstack@c-api.service[100866]: INFO cinder.api.openstack.wsgi [None req-1b56b7bf-b461-499c-a047-ba2d690aba83 tempest-SnapshotsActionsTest-536986926 tempest-SnapshotsActionsTest-536986926-project] http://10.222.0.47/volume/v3/d4658bb15cb24cbbaefc60ae1d949bf4/snapshots returned with HTTP 202
Aug 29 08:59:00.356272 dv-cinder-806490-1-smb devstack@c-api.service[100866]: [pid: 100866|app: 0|req: 149/283] 10.222.0.47 () {60 vars in 1242 bytes} [Sun Aug 29 08:59:00 2021] POST /volume/v3/d4658bb15cb24cbbaefc60ae1d949bf4/snapshots => generated 307 bytes in 272 msecs (HTTP/1.1 202) 7 headers in 291 bytes (1 switches on core 0)
Aug 29 08:59:00.361652 dv-cinder-806490-1-smb devstack@c-api.service[100866]: INFO cinder.api.openstack.wsgi [None req-33fa391d-d057-4d20-983e-ad881af0a53f tempest-GroupsTest-2090225591 tempest-GroupsTest-2090225591-project] POST http://10.222.0.47/volume/v3/72e9ec2773d74fd6905f5f523bda8f5e/groups/0055e997-0a18-4aec-81b2-70149464f2a7/action
Aug 29 08:59:00.364708 dv-cinder-806490-1-smb devstack@c-api.service[100866]: /usr/local/lib/python3.8/dist-packages/webob/acceptparse.py:1047: DeprecationWarning: The behavior of AcceptValidHeader.best_match is currently being maintained for backward compatibility, but it will be deprecated in the future, as it does not conform to the RFC.
Aug 29 08:59:00.364708 dv-cinder-806490-1-smb devstack@c-api.service[100866]: warnings.warn(
Aug 29 08:59:00.367124 dv-cinder-806490-1-smb devstack@c-api.service[100866]: DEBUG cinder.api.openstack.wsgi [None req-33fa391d-d057-4d20-983e-ad881af0a53f tempest-GroupsTest-2090225591 tempest-GroupsTest-2090225591-project] Action body: b'{"delete": {"delete-volumes": true}}' {{(pid=100866) get_method /opt/stack/cinder/cinder/api/openstack/wsgi.py:971}}
Aug 29 08:59:00.367792 dv-cinder-806490-1-smb devstack@c-api.service[100866]: DEBUG cinder.api.openstack.wsgi [None req-33fa391d-d057-4d20-983e-ad881af0a53f tempest-GroupsTest-2090225591 tempest-GroupsTest-2090225591-project] Action: 'action', calling method: delete_group, body: {"delete": {"delete-volumes": true}} {{(pid=100866) _process_stack /opt/stack/cinder/cinder/api/openstack/wsgi.py:854}}
Aug 29 08:59:00.376195 dv-cinder-806490-1-smb devstack@c-api.service[100866]: DEBUG cinder.api.v3.groups [None req-33fa391d-d057-4d20-983e-ad881af0a53f tempest-GroupsTest-2090225591 tempest-GroupsTest-2090225591-project] delete called for group 0055e997-0a18-4aec-81b2-70149464f2a7 {{(pid=100866) _delete /opt/stack/cinder/cinder/api/v3/groups.py:117}}
Aug 29 08:59:00.380613 dv-cinder-806490-1-smb devstack@c-api.service[100865]: DEBUG cinder.volume.api [None req-b7a10d3d-1f94-4d31-b34f-5eb65258edc7 tempest-VolumesImageMetadata-537935911 tempest-VolumesImageMetadata-537935911-project] Task 'cinder.volume.flows.api.create_volume.EntryCreateTask;volume:create' (d673f47d-3b23-4801-9b4e-3065758ccb46) transitioned into state 'SUCCESS' from state 'RUNNING' with result '{'volume_id': '99cb8adb-21d9-4401-b39f-3163bd4905fa', 'volume_properties': VolumeProperties(attach_status='detached',availability_zone='nova',cgsnapshot_id=None,consistencygroup_id=None,display_description=None,display_name='tempest-VolumesImageMetadata-Volume-2021340583',encryption_key_id=None,group_id=None,group_type_id=,metadata={},multiattach=False,project_id='2df7e6ec2824423a83ea79ebb3a11428',qos_specs=None,replication_status=,reservations=['ffe2309c-c07c-4cc2-bbfa-fdad7259e969','1ce281fe-1958-4c31-8683-1ae51d268a0b','a98f1fe6-b9b3-4cfe-bb3b-cc3106009792','aac34717-e6ba-4375-bee7-8f069a317935'],size=1,snapshot_id=None,source_replicaid=,source_volid=None,status='creating',user_id='c046b2e5f81f4965872a32d582f7d97f',volume_type_id=fd89da3d-e817-4a0b-aa03-a411cfb1363e), 'volume': Volume(_name_id=None,admin_metadata=,attach_status='detached',availability_zone='nova',bootable=False,cluster=,cluster_name=None,consistencygroup=,consistencygroup_id=None,created_at=2021-08-29T08:59:00Z,deleted=False,deleted_at=None,display_description=None,display_name='tempest-VolumesImageMetadata-Volume-2021340583',ec2_id=None,encryption_key_id=None,glance_metadata=,group=,group_id=None,host=None,id=99cb8adb-21d9-4401-b39f-3163bd4905fa,launched_at=None,metadata={},migration_status=None,multiattach=False,previous_status=None,project_id='2df7e6ec2824423a83ea79ebb3a11428',provider_auth=None,provider_geometry=None,provider_id=None,provider_location=None,replication_driver_data=None,replication_extended_status=None,replication_status=None,scheduled_at=None,service_uuid=None,shared_targets=True,size=1,snapshot_id=None,snapshots=,source_volid=None,status='creating',terminated_at=None,updated_at=None,use_quota=True,user_id='c046b2e5f81f4965872a32d582f7d97f',volume_attachment=,volume_type=VolumeType(fd89da3d-e817-4a0b-aa03-a411cfb1363e),volume_type_id=fd89da3d-e817-4a0b-aa03-a411cfb1363e)}' {{(pid=100865) _task_receiver /usr/local/lib/python3.8/dist-packages/taskflow/listeners/logging.py:178}}
Aug 29 08:59:00.381112 dv-cinder-806490-1-smb devstack@c-api.service[100866]: INFO cinder.api.v3.groups [None req-33fa391d-d057-4d20-983e-ad881af0a53f tempest-GroupsTest-2090225591 tempest-GroupsTest-2090225591-project] Delete group with id: 0055e997-0a18-4aec-81b2-70149464f2a7
Aug 29 08:59:00.384734 dv-cinder-806490-1-smb devstack@c-api.service[100865]: DEBUG cinder.volume.api [None req-b7a10d3d-1f94-4d31-b34f-5eb65258edc7 tempest-VolumesImageMetadata-537935911 tempest-VolumesImageMetadata-537935911-project] Task 'cinder.volume.flows.api.create_volume.QuotaCommitTask;volume:create' (adfaa2fd-c6ed-4e0d-83f1-9bcc593284c7) transitioned into state 'RUNNING' from state 'PENDING' {{(pid=100865) _task_receiver /usr/local/lib/python3.8/dist-packages/taskflow/listeners/logging.py:190}}
Aug 29 08:59:00.390490 dv-cinder-806490-1-smb devstack@c-api.service[100866]: INFO cinder.api.openstack.wsgi [None req-33fa391d-d057-4d20-983e-ad881af0a53f tempest-GroupsTest-2090225591 tempest-GroupsTest-2090225591-project] http://10.222.0.47/volume/v3/72e9ec2773d74fd6905f5f523bda8f5e/groups/0055e997-0a18-4aec-81b2-70149464f2a7/action returned with HTTP 404
Aug 29 08:59:00.395048 dv-cinder-806490-1-smb devstack@c-api.service[100866]: [pid: 100866|app: 0|req: 150/284] 10.222.0.47 () {62 vars in 1405 bytes} [Sun Aug 29 08:59:00 2021] POST /volume/v3/72e9ec2773d74fd6905f5f523bda8f5e/groups/0055e997-0a18-4aec-81b2-70149464f2a7/action => generated 108 bytes in 38 msecs (HTTP/1.1 404) 7 headers in 293 bytes (1 switches on core 0)
Aug 29 08:59:00.399868 dv-cinder-806490-1-smb devstack@c-api.service[100866]: INFO cinder.api.openstack.wsgi [None req-f0e8d459-fe40-4cbc-829e-adb445629ab1 tempest-SnapshotsActionsTest-536986926 tempest-SnapshotsActionsTest-536986926-project] GET http://10.222.0.47/volume/v3/d4658bb15cb24cbbaefc60ae1d949bf4/snapshots/20277414-cf15-4dec-90bc-77862d3c32e7
Aug 29 08:59:00.400325 dv-cinder-806490-1-smb devstack@c-api.service[100866]: DEBUG cinder.api.openstack.wsgi [None req-f0e8d459-fe40-4cbc-829e-adb445629ab1 tempest-SnapshotsActionsTest-536986926 tempest-SnapshotsActionsTest-536986926-project] Empty body provided in request {{(pid=100866) get_body /opt/stack/cinder/cinder/api/openstack/wsgi.py:703}}
Aug 29 08:59:00.400746 dv-cinder-806490-1-smb devstack@c-api.service[100866]: DEBUG cinder.api.openstack.wsgi [None req-f0e8d459-fe40-4cbc-829e-adb445629ab1 tempest-SnapshotsActionsTest-536986926 tempest-SnapshotsActionsTest-536986926-project] Calling method 'show' {{(pid=100866) _process_stack /opt/stack/cinder/cinder/api/openstack/wsgi.py:856}}
Aug 29 08:59:00.412515 dv-cinder-806490-1-smb devstack@c-api.service[100866]: /usr/local/lib/python3.8/dist-packages/oslo_context/context.py:105: DeprecationWarning: Policy enforcement is depending on the value of is_admin. This key is deprecated. Please update your policy file to use the standard policy values.
Aug 29 08:59:00.412515 dv-cinder-806490-1-smb devstack@c-api.service[100866]: warnings.warn('Policy enforcement is depending on the value of '
Aug 29 08:59:00.414081 dv-cinder-806490-1-smb devstack@c-api.service[100866]: INFO cinder.volume.api [None req-f0e8d459-fe40-4cbc-829e-adb445629ab1 tempest-SnapshotsActionsTest-536986926 tempest-SnapshotsActionsTest-536986926-project] Snapshot retrieved successfully.
Aug 29 08:59:00.416577 dv-cinder-806490-1-smb devstack@c-api.service[100866]: INFO cinder.api.openstack.wsgi [None req-f0e8d459-fe40-4cbc-829e-adb445629ab1 tempest-SnapshotsActionsTest-536986926 tempest-SnapshotsActionsTest-536986926-project] http://10.222.0.47/volume/v3/d4658bb15cb24cbbaefc60ae1d949bf4/snapshots/20277414-cf15-4dec-90bc-77862d3c32e7 returned with HTTP 200
Aug 29 08:59:00.417633 dv-cinder-806490-1-smb devstack@c-api.service[100866]: [pid: 100866|app: 0|req: 151/285] 10.222.0.47 () {58 vars in 1331 bytes} [Sun Aug 29 08:59:00 2021] GET /volume/v3/d4658bb15cb24cbbaefc60ae1d949bf4/snapshots/20277414-cf15-4dec-90bc-77862d3c32e7 => generated 439 bytes in 22 msecs (HTTP/1.1 200) 7 headers in 285 bytes (1 switches on core 0)
Aug 29 08:59:00.422872 dv-cinder-806490-1-smb devstack@c-api.service[100866]: INFO cinder.api.openstack.wsgi [None req-9078fdbe-bae3-488d-8366-13887757d244 tempest-GroupsTest-946428399 tempest-GroupsTest-946428399-project-admin] DELETE http://10.222.0.47/volume/v3/8c7769657393411aa47a8513b6ba60fd/group_types/f5ada4e0-3724-41af-aeff-61ce70b8fde9
Aug 29 08:59:00.423711 dv-cinder-806490-1-smb devstack@c-api.service[100866]: DEBUG cinder.api.openstack.wsgi [None req-9078fdbe-bae3-488d-8366-13887757d244 tempest-GroupsTest-946428399 tempest-GroupsTest-946428399-project-admin] Empty body provided in request {{(pid=100866) get_body /opt/stack/cinder/cinder/api/openstack/wsgi.py:703}}
Aug 29 08:59:00.424201 dv-cinder-806490-1-smb devstack@c-api.service[100866]: /usr/local/lib/python3.8/dist-packages/webob/acceptparse.py:1047: DeprecationWarning: The behavior of AcceptValidHeader.best_match is currently being maintained for backward compatibility, but it will be deprecated in the future, as it does not conform to the RFC.
Aug 29 08:59:00.424201 dv-cinder-806490-1-smb devstack@c-api.service[100866]: warnings.warn(
Aug 29 08:59:00.424668 dv-cinder-806490-1-smb devstack@c-api.service[100866]: DEBUG cinder.api.openstack.wsgi [None req-9078fdbe-bae3-488d-8366-13887757d244 tempest-GroupsTest-946428399 tempest-GroupsTest-946428399-project-admin] Calling method 'version_select' {{(pid=100866) _process_stack /opt/stack/cinder/cinder/api/openstack/wsgi.py:856}}
Aug 29 08:59:00.450193 dv-cinder-806490-1-smb devstack@c-api.service[100866]: INFO cinder.api.openstack.wsgi [None req-9078fdbe-bae3-488d-8366-13887757d244 tempest-GroupsTest-946428399 tempest-GroupsTest-946428399-project-admin] http://10.222.0.47/volume/v3/8c7769657393411aa47a8513b6ba60fd/group_types/f5ada4e0-3724-41af-aeff-61ce70b8fde9 returned with HTTP 202
Aug 29 08:59:00.453299 dv-cinder-806490-1-smb devstack@c-api.service[100866]: [pid: 100866|app: 0|req: 152/286] 10.222.0.47 () {60 vars in 1381 bytes} [Sun Aug 29 08:59:00 2021] DELETE /volume/v3/8c7769657393411aa47a8513b6ba60fd/group_types/f5ada4e0-3724-41af-aeff-61ce70b8fde9 => generated 0 bytes in 35 msecs (HTTP/1.1 202) 6 headers in 234 bytes (1 switches on core 0)
Aug 29 08:59:00.457763 dv-cinder-806490-1-smb devstack@c-api.service[100865]: DEBUG cinder.volume.api [None req-b7a10d3d-1f94-4d31-b34f-5eb65258edc7 tempest-VolumesImageMetadata-537935911 tempest-VolumesImageMetadata-537935911-project] Task 'cinder.volume.flows.api.create_volume.QuotaCommitTask;volume:create' (adfaa2fd-c6ed-4e0d-83f1-9bcc593284c7) transitioned into state 'SUCCESS' from state 'RUNNING' with result '{'volume_properties': VolumeProperties(attach_status='detached',availability_zone='nova',cgsnapshot_id=None,consistencygroup_id=None,display_description=None,display_name='tempest-VolumesImageMetadata-Volume-2021340583',encryption_key_id=None,group_id=None,group_type_id=,metadata={},multiattach=False,project_id='2df7e6ec2824423a83ea79ebb3a11428',qos_specs=None,replication_status=,reservations=['ffe2309c-c07c-4cc2-bbfa-fdad7259e969','1ce281fe-1958-4c31-8683-1ae51d268a0b','a98f1fe6-b9b3-4cfe-bb3b-cc3106009792','aac34717-e6ba-4375-bee7-8f069a317935'],size=1,snapshot_id=None,source_replicaid=,source_volid=None,status='creating',user_id='c046b2e5f81f4965872a32d582f7d97f',volume_type_id=fd89da3d-e817-4a0b-aa03-a411cfb1363e)}' {{(pid=100865) _task_receiver /usr/local/lib/python3.8/dist-packages/taskflow/listeners/logging.py:178}}
Aug 29 08:59:00.463608 dv-cinder-806490-1-smb devstack@c-api.service[100865]: DEBUG cinder.volume.api [None req-b7a10d3d-1f94-4d31-b34f-5eb65258edc7 tempest-VolumesImageMetadata-537935911 tempest-VolumesImageMetadata-537935911-project] Task 'cinder.volume.flows.api.create_volume.VolumeCastTask;volume:create' (0ca0109b-e1d6-40d7-8913-a7c2bfb965d2) transitioned into state 'RUNNING' from state 'PENDING' {{(pid=100865) _task_receiver /usr/local/lib/python3.8/dist-packages/taskflow/listeners/logging.py:190}}
Aug 29 08:59:00.463850 dv-cinder-806490-1-smb devstack@c-api.service[100866]: INFO cinder.api.openstack.wsgi [None req-477cda68-32dd-4d13-bd1b-48bc906d5bae tempest-GroupsTest-946428399 tempest-GroupsTest-946428399-project-admin] POST http://10.222.0.47/volume/v3/8c7769657393411aa47a8513b6ba60fd/types
Aug 29 08:59:00.465810 dv-cinder-806490-1-smb devstack@c-api.service[100866]: DEBUG cinder.api.openstack.wsgi [None req-477cda68-32dd-4d13-bd1b-48bc906d5bae tempest-GroupsTest-946428399 tempest-GroupsTest-946428399-project-admin] Action: 'create', calling method: _create, body: {"volume_type": {"name": "tempest-GroupsTest-volume-type-2109423617"}} {{(pid=100866) _process_stack /opt/stack/cinder/cinder/api/openstack/wsgi.py:854}}
Aug 29 08:59:00.498049 dv-cinder-806490-1-smb devstack@c-api.service[100865]: DEBUG cinder.volume.api [None req-b7a10d3d-1f94-4d31-b34f-5eb65258edc7 tempest-VolumesImageMetadata-537935911 tempest-VolumesImageMetadata-537935911-project] Task 'cinder.volume.flows.api.create_volume.VolumeCastTask;volume:create' (0ca0109b-e1d6-40d7-8913-a7c2bfb965d2) transitioned into state 'SUCCESS' from state 'RUNNING' with result 'None' {{(pid=100865) _task_receiver /usr/local/lib/python3.8/dist-packages/taskflow/listeners/logging.py:178}}
Aug 29 08:59:00.515740 dv-cinder-806490-1-smb devstack@c-api.service[100866]: INFO cinder.api.openstack.wsgi [None req-477cda68-32dd-4d13-bd1b-48bc906d5bae tempest-GroupsTest-946428399 tempest-GroupsTest-946428399-project-admin] http://10.222.0.47/volume/v3/8c7769657393411aa47a8513b6ba60fd/types returned with HTTP 200
Aug 29 08:59:00.516362 dv-cinder-806490-1-smb devstack@c-api.service[100865]: DEBUG cinder.volume.api [None req-b7a10d3d-1f94-4d31-b34f-5eb65258edc7 tempest-VolumesImageMetadata-537935911 tempest-VolumesImageMetadata-537935911-project] Flow 'volume_create_api' (d61fb17f-c6f5-4530-873a-76518baddcae) transitioned into state 'SUCCESS' from state 'RUNNING' {{(pid=100865) _flow_receiver /usr/local/lib/python3.8/dist-packages/taskflow/listeners/logging.py:141}}
Aug 29 08:59:00.517297 dv-cinder-806490-1-smb devstack@c-api.service[100866]: [pid: 100866|app: 0|req: 153/287] 10.222.0.47 () {60 vars in 1229 bytes} [Sun Aug 29 08:59:00 2021] POST /volume/v3/8c7769657393411aa47a8513b6ba60fd/types => generated 216 bytes in 59 msecs (HTTP/1.1 200) 7 headers in 285 bytes (1 switches on core 0)
Aug 29 08:59:00.517764 dv-cinder-806490-1-smb devstack@c-api.service[100865]: INFO cinder.volume.api [None req-b7a10d3d-1f94-4d31-b34f-5eb65258edc7 tempest-VolumesImageMetadata-537935911 tempest-VolumesImageMetadata-537935911-project] Create volume request issued successfully.
Aug 29 08:59:00.533113 dv-cinder-806490-1-smb devstack@c-api.service[100865]: INFO cinder.api.openstack.wsgi [None req-b7a10d3d-1f94-4d31-b34f-5eb65258edc7 tempest-VolumesImageMetadata-537935911 tempest-VolumesImageMetadata-537935911-project] http://10.222.0.47/volume/v3/2df7e6ec2824423a83ea79ebb3a11428/volumes returned with HTTP 202
Aug 29 08:59:00.553149 dv-cinder-806490-1-smb devstack@c-api.service[100866]: INFO cinder.api.openstack.wsgi [None req-2ebafb67-7c2f-4a3d-8e6a-57309c5ac4e3 tempest-GroupsTest-946428399 tempest-GroupsTest-946428399-project-admin] POST http://10.222.0.47/volume/v3/8c7769657393411aa47a8513b6ba60fd/group_types
Aug 29 08:59:00.553378 dv-cinder-806490-1-smb devstack@c-api.service[100865]: [pid: 100865|app: 0|req: 135/288] 10.222.0.47 () {60 vars in 1236 bytes} [Sun Aug 29 08:58:59 2021] POST /volume/v3/2df7e6ec2824423a83ea79ebb3a11428/volumes => generated 820 bytes in 828 msecs (HTTP/1.1 202) 7 headers in 291 bytes (1 switches on core 0)
Aug 29 08:59:00.554953 dv-cinder-806490-1-smb devstack@c-api.service[100866]: DEBUG cinder.api.openstack.wsgi [None req-2ebafb67-7c2f-4a3d-8e6a-57309c5ac4e3 tempest-GroupsTest-946428399 tempest-GroupsTest-946428399-project-admin] Action: 'create', calling method: version_select, body: {"group_type": {"name": "tempest-GroupsTest-group-type-1698742847"}} {{(pid=100866) _process_stack /opt/stack/cinder/cinder/api/openstack/wsgi.py:854}}
Aug 29 08:59:00.566383 dv-cinder-806490-1-smb devstack@c-api.service[100865]: INFO cinder.api.openstack.wsgi [None req-e4c388bf-f70d-4395-b6d8-37577c56dee5 tempest-VolumesImageMetadata-537935911 tempest-VolumesImageMetadata-537935911-project] GET http://10.222.0.47/volume/v3/2df7e6ec2824423a83ea79ebb3a11428/volumes/99cb8adb-21d9-4401-b39f-3163bd4905fa
Aug 29 08:59:00.567268 dv-cinder-806490-1-smb devstack@c-api.service[100865]: DEBUG cinder.api.openstack.wsgi [None req-e4c388bf-f70d-4395-b6d8-37577c56dee5 tempest-VolumesImageMetadata-537935911 tempest-VolumesImageMetadata-537935911-project] Empty body provided in request {{(pid=100865) get_body /opt/stack/cinder/cinder/api/openstack/wsgi.py:703}}
Aug 29 08:59:00.567829 dv-cinder-806490-1-smb devstack@c-api.service[100865]: /usr/local/lib/python3.8/dist-packages/webob/acceptparse.py:1047: DeprecationWarning: The behavior of AcceptValidHeader.best_match is currently being maintained for backward compatibility, but it will be deprecated in the future, as it does not conform to the RFC.
Aug 29 08:59:00.567829 dv-cinder-806490-1-smb devstack@c-api.service[100865]: warnings.warn(
Aug 29 08:59:00.568764 dv-cinder-806490-1-smb devstack@c-api.service[100865]: DEBUG cinder.api.openstack.wsgi [None req-e4c388bf-f70d-4395-b6d8-37577c56dee5 tempest-VolumesImageMetadata-537935911 tempest-VolumesImageMetadata-537935911-project] Calling method 'show' {{(pid=100865) _process_stack /opt/stack/cinder/cinder/api/openstack/wsgi.py:856}}
Aug 29 08:59:00.625417 dv-cinder-806490-1-smb devstack@c-api.service[100866]: INFO cinder.api.openstack.wsgi [None req-2ebafb67-7c2f-4a3d-8e6a-57309c5ac4e3 tempest-GroupsTest-946428399 tempest-GroupsTest-946428399-project-admin] http://10.222.0.47/volume/v3/8c7769657393411aa47a8513b6ba60fd/group_types returned with HTTP 202
Aug 29 08:59:00.627550 dv-cinder-806490-1-smb devstack@c-api.service[100865]: /usr/local/lib/python3.8/dist-packages/oslo_context/context.py:105: DeprecationWarning: Policy enforcement is depending on the value of is_admin. This key is deprecated. Please update your policy file to use the standard policy values.
Aug 29 08:59:00.627550 dv-cinder-806490-1-smb devstack@c-api.service[100865]: warnings.warn('Policy enforcement is depending on the value of '
Aug 29 08:59:00.628611 dv-cinder-806490-1-smb devstack@c-api.service[100866]: [pid: 100866|app: 0|req: 154/289] 10.222.0.47 () {62 vars in 1288 bytes} [Sun Aug 29 08:59:00 2021] POST /volume/v3/8c7769657393411aa47a8513b6ba60fd/group_types => generated 173 bytes in 88 msecs (HTTP/1.1 202) 7 headers in 292 bytes (1 switches on core 0)
Aug 29 08:59:00.643639 dv-cinder-806490-1-smb devstack@c-api.service[100865]: INFO cinder.volume.api [None req-e4c388bf-f70d-4395-b6d8-37577c56dee5 tempest-VolumesImageMetadata-537935911 tempest-VolumesImageMetadata-537935911-project] Volume info retrieved successfully.
Aug 29 08:59:00.644178 dv-cinder-806490-1-smb devstack@c-api.service[100866]: INFO cinder.api.openstack.wsgi [None req-947b0a78-2d14-4448-8a7e-66e69079991a tempest-GroupsTest-2090225591 tempest-GroupsTest-2090225591-project] POST http://10.222.0.47/volume/v3/72e9ec2773d74fd6905f5f523bda8f5e/groups
Aug 29 08:59:00.649371 dv-cinder-806490-1-smb devstack@c-api.service[100866]: DEBUG cinder.api.openstack.wsgi [None req-947b0a78-2d14-4448-8a7e-66e69079991a tempest-GroupsTest-2090225591 tempest-GroupsTest-2090225591-project] Action: 'create', calling method: version_select, body: {"group": {"group_type": "98217314-a9b2-4729-b198-d9d5c80ce869", "volume_types": ["577e721d-5b80-4980-80c7-77fcb13c4028"], "name": "tempest-GroupsTest-Group-180190144"}} {{(pid=100866) _process_stack /opt/stack/cinder/cinder/api/openstack/wsgi.py:854}}
Aug 29 08:59:00.655239 dv-cinder-806490-1-smb devstack@c-api.service[100866]: DEBUG cinder.api.v3.groups [None req-947b0a78-2d14-4448-8a7e-66e69079991a tempest-GroupsTest-2090225591 tempest-GroupsTest-2090225591-project] Creating new group {'group': {'group_type': '98217314-a9b2-4729-b198-d9d5c80ce869', 'volume_types': ['577e721d-5b80-4980-80c7-77fcb13c4028'], 'name': 'tempest-GroupsTest-Group-180190144'}} {{(pid=100866) create /opt/stack/cinder/cinder/api/v3/groups.py:190}}
Aug 29 08:59:00.676446 dv-cinder-806490-1-smb devstack@c-api.service[100866]: INFO cinder.api.v3.groups [None req-947b0a78-2d14-4448-8a7e-66e69079991a tempest-GroupsTest-2090225591 tempest-GroupsTest-2090225591-project] Creating group tempest-GroupsTest-Group-180190144.
Aug 29 08:59:00.679581 dv-cinder-806490-1-smb devstack@c-api.service[100865]: INFO cinder.api.openstack.wsgi [None req-e4c388bf-f70d-4395-b6d8-37577c56dee5 tempest-VolumesImageMetadata-537935911 tempest-VolumesImageMetadata-537935911-project] http://10.222.0.47/volume/v3/2df7e6ec2824423a83ea79ebb3a11428/volumes/99cb8adb-21d9-4401-b39f-3163bd4905fa returned with HTTP 200
Aug 29 08:59:00.681605 dv-cinder-806490-1-smb devstack@c-api.service[100865]: [pid: 100865|app: 0|req: 136/290] 10.222.0.47 () {58 vars in 1325 bytes} [Sun Aug 29 08:59:00 2021] GET /volume/v3/2df7e6ec2824423a83ea79ebb3a11428/volumes/99cb8adb-21d9-4401-b39f-3163bd4905fa => generated 888 bytes in 127 msecs (HTTP/1.1 200) 7 headers in 285 bytes (2 switches on core 0)
Aug 29 08:59:00.710530 dv-cinder-806490-1-smb devstack@c-api.service[100866]: INFO cinder.volume.api [None req-947b0a78-2d14-4448-8a7e-66e69079991a tempest-GroupsTest-2090225591 tempest-GroupsTest-2090225591-project] Availability Zones retrieved successfully.
Aug 29 08:59:00.751939 dv-cinder-806490-1-smb devstack@c-api.service[100866]: DEBUG cinder.quota [None req-947b0a78-2d14-4448-8a7e-66e69079991a tempest-GroupsTest-2090225591 tempest-GroupsTest-2090225591-project] Created reservations ['306291a9-4ff8-47d4-a12c-5fdcd196dbd3'] {{(pid=100866) reserve /opt/stack/cinder/cinder/quota.py:755}}
Aug 29 08:59:00.824901 dv-cinder-806490-1-smb devstack@c-api.service[100866]: INFO cinder.api.openstack.wsgi [None req-947b0a78-2d14-4448-8a7e-66e69079991a tempest-GroupsTest-2090225591 tempest-GroupsTest-2090225591-project] http://10.222.0.47/volume/v3/72e9ec2773d74fd6905f5f523bda8f5e/groups returned with HTTP 202
Aug 29 08:59:00.833704 dv-cinder-806490-1-smb devstack@c-api.service[100866]: [pid: 100866|app: 0|req: 155/291] 10.222.0.47 () {62 vars in 1274 bytes} [Sun Aug 29 08:59:00 2021] POST /volume/v3/72e9ec2773d74fd6905f5f523bda8f5e/groups => generated 103 bytes in 192 msecs (HTTP/1.1 202) 7 headers in 292 bytes (1 switches on core 0)
Aug 29 08:59:00.842125 dv-cinder-806490-1-smb devstack@c-api.service[100865]: INFO cinder.api.openstack.wsgi [None req-24b1fc0f-7800-4845-947c-2ad8f8431b2a tempest-GroupsTest-2090225591 tempest-GroupsTest-2090225591-project] GET http://10.222.0.47/volume/v3/72e9ec2773d74fd6905f5f523bda8f5e/groups/5b0bf89b-3cb8-40b1-8fcf-0956ce5f7dec
Aug 29 08:59:00.843168 dv-cinder-806490-1-smb devstack@c-api.service[100865]: DEBUG cinder.api.openstack.wsgi [None req-24b1fc0f-7800-4845-947c-2ad8f8431b2a tempest-GroupsTest-2090225591 tempest-GroupsTest-2090225591-project] Empty body provided in request {{(pid=100865) get_body /opt/stack/cinder/cinder/api/openstack/wsgi.py:703}}
Aug 29 08:59:00.843295 dv-cinder-806490-1-smb devstack@c-api.service[100865]: /usr/local/lib/python3.8/dist-packages/webob/acceptparse.py:1047: DeprecationWarning: The behavior of AcceptValidHeader.best_match is currently being maintained for backward compatibility, but it will be deprecated in the future, as it does not conform to the RFC.
Aug 29 08:59:00.843295 dv-cinder-806490-1-smb devstack@c-api.service[100865]: warnings.warn(
Aug 29 08:59:00.843715 dv-cinder-806490-1-smb devstack@c-api.service[100865]: DEBUG cinder.api.openstack.wsgi [None req-24b1fc0f-7800-4845-947c-2ad8f8431b2a tempest-GroupsTest-2090225591 tempest-GroupsTest-2090225591-project] Calling method 'version_select' {{(pid=100865) _process_stack /opt/stack/cinder/cinder/api/openstack/wsgi.py:856}}
Aug 29 08:59:00.847258 dv-cinder-806490-1-smb devstack@c-api.service[100865]: DEBUG cinder.api.v3.groups [None req-24b1fc0f-7800-4845-947c-2ad8f8431b2a tempest-GroupsTest-2090225591 tempest-GroupsTest-2090225591-project] show called for member 5b0bf89b-3cb8-40b1-8fcf-0956ce5f7dec {{(pid=100865) show /opt/stack/cinder/cinder/api/v3/groups.py:58}}
Aug 29 08:59:00.872361 dv-cinder-806490-1-smb devstack@c-api.service[100865]: /usr/local/lib/python3.8/dist-packages/oslo_context/context.py:105: DeprecationWarning: Policy enforcement is depending on the value of is_admin. This key is deprecated. Please update your policy file to use the standard policy values.
Aug 29 08:59:00.872361 dv-cinder-806490-1-smb devstack@c-api.service[100865]: warnings.warn('Policy enforcement is depending on the value of '
Aug 29 08:59:00.947392 dv-cinder-806490-1-smb devstack@c-api.service[100865]: INFO cinder.api.openstack.wsgi [None req-24b1fc0f-7800-4845-947c-2ad8f8431b2a tempest-GroupsTest-2090225591 tempest-GroupsTest-2090225591-project] http://10.222.0.47/volume/v3/72e9ec2773d74fd6905f5f523bda8f5e/groups/5b0bf89b-3cb8-40b1-8fcf-0956ce5f7dec returned with HTTP 200
Aug 29 08:59:00.956059 dv-cinder-806490-1-smb devstack@c-api.service[100865]: [pid: 100865|app: 0|req: 137/292] 10.222.0.47 () {60 vars in 1363 bytes} [Sun Aug 29 08:59:00 2021] GET /volume/v3/72e9ec2773d74fd6905f5f523bda8f5e/groups/5b0bf89b-3cb8-40b1-8fcf-0956ce5f7dec => generated 331 bytes in 114 msecs (HTTP/1.1 200) 7 headers in 286 bytes (1 switches on core 0)
Aug 29 08:59:01.084587 dv-cinder-806490-1-smb devstack@c-api.service[100866]: INFO cinder.api.openstack.wsgi [None req-530cabe1-d901-4daf-915e-9f4d46d30d2a tempest-VolumesServicesTestJSON-1622127346 tempest-VolumesServicesTestJSON-1622127346-project-admin] GET http://10.222.0.47/volume/v3/25840271aecb40b2b91b27593782fd87/os-services
Aug 29 08:59:01.085051 dv-cinder-806490-1-smb devstack@c-api.service[100866]: DEBUG cinder.api.openstack.wsgi [None req-530cabe1-d901-4daf-915e-9f4d46d30d2a tempest-VolumesServicesTestJSON-1622127346 tempest-VolumesServicesTestJSON-1622127346-project-admin] Empty body provided in request {{(pid=100866) get_body /opt/stack/cinder/cinder/api/openstack/wsgi.py:703}}
Aug 29 08:59:01.085267 dv-cinder-806490-1-smb devstack@c-api.service[100866]: /usr/local/lib/python3.8/dist-packages/webob/acceptparse.py:1047: DeprecationWarning: The behavior of AcceptValidHeader.best_match is currently being maintained for backward compatibility, but it will be deprecated in the future, as it does not conform to the RFC.
Aug 29 08:59:01.085267 dv-cinder-806490-1-smb devstack@c-api.service[100866]: warnings.warn(
Aug 29 08:59:01.085840 dv-cinder-806490-1-smb devstack@c-api.service[100866]: DEBUG cinder.api.openstack.wsgi [None req-530cabe1-d901-4daf-915e-9f4d46d30d2a tempest-VolumesServicesTestJSON-1622127346 tempest-VolumesServicesTestJSON-1622127346-project-admin] Calling method 'index' {{(pid=100866) _process_stack /opt/stack/cinder/cinder/api/openstack/wsgi.py:856}}
Aug 29 08:59:01.086529 dv-cinder-806490-1-smb devstack@c-api.service[100866]: /usr/local/lib/python3.8/dist-packages/oslo_context/context.py:105: DeprecationWarning: Policy enforcement is depending on the value of is_admin. This key is deprecated. Please update your policy file to use the standard policy values.
Aug 29 08:59:01.086529 dv-cinder-806490-1-smb devstack@c-api.service[100866]: warnings.warn('Policy enforcement is depending on the value of '
Aug 29 08:59:01.094069 dv-cinder-806490-1-smb devstack@c-api.service[100866]: INFO cinder.api.openstack.wsgi [None req-530cabe1-d901-4daf-915e-9f4d46d30d2a tempest-VolumesServicesTestJSON-1622127346 tempest-VolumesServicesTestJSON-1622127346-project-admin] http://10.222.0.47/volume/v3/25840271aecb40b2b91b27593782fd87/os-services returned with HTTP 200
Aug 29 08:59:01.094855 dv-cinder-806490-1-smb devstack@c-api.service[100866]: [pid: 100866|app: 0|req: 156/293] 10.222.0.47 () {58 vars in 1226 bytes} [Sun Aug 29 08:59:00 2021] GET /volume/v3/25840271aecb40b2b91b27593782fd87/os-services => generated 640 bytes in 237 msecs (HTTP/1.1 200) 7 headers in 285 bytes (1 switches on core 0)
Aug 29 08:59:01.112174 dv-cinder-806490-1-smb devstack@c-api.service[100865]: INFO cinder.api.openstack.wsgi [None req-4710fa16-15e2-4931-a24e-12ce02318eab tempest-VolumesServicesTestJSON-1622127346 tempest-VolumesServicesTestJSON-1622127346-project-admin] GET http://10.222.0.47/volume/v3/25840271aecb40b2b91b27593782fd87/os-services?host=dv-cinder-806490-1-smb
Aug 29 08:59:01.112643 dv-cinder-806490-1-smb devstack@c-api.service[100865]: DEBUG cinder.api.openstack.wsgi [None req-4710fa16-15e2-4931-a24e-12ce02318eab tempest-VolumesServicesTestJSON-1622127346 tempest-VolumesServicesTestJSON-1622127346-project-admin] Empty body provided in request {{(pid=100865) get_body /opt/stack/cinder/cinder/api/openstack/wsgi.py:703}}
Aug 29 08:59:01.112832 dv-cinder-806490-1-smb devstack@c-api.service[100865]: /usr/local/lib/python3.8/dist-packages/webob/acceptparse.py:1047: DeprecationWarning: The behavior of AcceptValidHeader.best_match is currently being maintained for backward compatibility, but it will be deprecated in the future, as it does not conform to the RFC.
Aug 29 08:59:01.112832 dv-cinder-806490-1-smb devstack@c-api.service[100865]: warnings.warn(
Aug 29 08:59:01.113293 dv-cinder-806490-1-smb devstack@c-api.service[100865]: DEBUG cinder.api.openstack.wsgi [None req-4710fa16-15e2-4931-a24e-12ce02318eab tempest-VolumesServicesTestJSON-1622127346 tempest-VolumesServicesTestJSON-1622127346-project-admin] Calling method 'index' {{(pid=100865) _process_stack /opt/stack/cinder/cinder/api/openstack/wsgi.py:856}}
Aug 29 08:59:01.113906 dv-cinder-806490-1-smb devstack@c-api.service[100865]: /usr/local/lib/python3.8/dist-packages/oslo_context/context.py:105: DeprecationWarning: Policy enforcement is depending on the value of is_admin. This key is deprecated. Please update your policy file to use the standard policy values.
Aug 29 08:59:01.113906 dv-cinder-806490-1-smb devstack@c-api.service[100865]: warnings.warn('Policy enforcement is depending on the value of '
Aug 29 08:59:01.126504 dv-cinder-806490-1-smb devstack@c-api.service[100865]: INFO cinder.api.openstack.wsgi [None req-4710fa16-15e2-4931-a24e-12ce02318eab tempest-VolumesServicesTestJSON-1622127346 tempest-VolumesServicesTestJSON-1622127346-project-admin] http://10.222.0.47/volume/v3/25840271aecb40b2b91b27593782fd87/os-services?host=dv-cinder-806490-1-smb returned with HTTP 200
Aug 29 08:59:01.127283 dv-cinder-806490-1-smb devstack@c-api.service[100865]: [pid: 100865|app: 0|req: 138/294] 10.222.0.47 () {58 vars in 1281 bytes} [Sun Aug 29 08:59:01 2021] GET /volume/v3/25840271aecb40b2b91b27593782fd87/os-services?host=dv-cinder-806490-1-smb => generated 201 bytes in 21 msecs (HTTP/1.1 200) 7 headers in 285 bytes (2 switches on core 0)
Aug 29 08:59:01.150959 dv-cinder-806490-1-smb devstack@c-api.service[100866]: INFO cinder.api.openstack.wsgi [None req-82cc43e5-c047-4a29-8c5e-98e44f63f33b tempest-VolumesServicesTestJSON-1622127346 tempest-VolumesServicesTestJSON-1622127346-project-admin] GET http://10.222.0.47/volume/v3/25840271aecb40b2b91b27593782fd87/os-services?host=dv-cinder-806490-1-smb&binary=cinder-scheduler
Aug 29 08:59:01.157437 dv-cinder-806490-1-smb devstack@c-api.service[100866]: DEBUG cinder.api.openstack.wsgi [None req-82cc43e5-c047-4a29-8c5e-98e44f63f33b tempest-VolumesServicesTestJSON-1622127346 tempest-VolumesServicesTestJSON-1622127346-project-admin] Empty body provided in request {{(pid=100866) get_body /opt/stack/cinder/cinder/api/openstack/wsgi.py:703}}
Aug 29 08:59:01.160464 dv-cinder-806490-1-smb devstack@c-api.service[100866]: DEBUG cinder.api.openstack.wsgi [None req-82cc43e5-c047-4a29-8c5e-98e44f63f33b tempest-VolumesServicesTestJSON-1622127346 tempest-VolumesServicesTestJSON-1622127346-project-admin] Calling method 'index' {{(pid=100866) _process_stack /opt/stack/cinder/cinder/api/openstack/wsgi.py:856}}
Aug 29 08:59:01.202560 dv-cinder-806490-1-smb devstack@c-api.service[100866]: INFO cinder.api.openstack.wsgi [None req-82cc43e5-c047-4a29-8c5e-98e44f63f33b tempest-VolumesServicesTestJSON-1622127346 tempest-VolumesServicesTestJSON-1622127346-project-admin] http://10.222.0.47/volume/v3/25840271aecb40b2b91b27593782fd87/os-services?host=dv-cinder-806490-1-smb&binary=cinder-scheduler returned with HTTP 200
Aug 29 08:59:01.218769 dv-cinder-806490-1-smb devstack@c-api.service[100866]: [pid: 100866|app: 0|req: 157/295] 10.222.0.47 () {58 vars in 1329 bytes} [Sun Aug 29 08:59:01 2021] GET /volume/v3/25840271aecb40b2b91b27593782fd87/os-services?host=dv-cinder-806490-1-smb&binary=cinder-scheduler => generated 201 bytes in 76 msecs (HTTP/1.1 200) 7 headers in 285 bytes (1 switches on core 0)
Aug 29 08:59:01.229038 dv-cinder-806490-1-smb devstack@c-api.service[100865]: INFO cinder.api.openstack.wsgi [None req-1d475016-784f-43e8-89b8-849eb0ad334e tempest-VolumesServicesTestJSON-1622127346 tempest-VolumesServicesTestJSON-1622127346-project-admin] GET http://10.222.0.47/volume/v3/25840271aecb40b2b91b27593782fd87/os-services?binary=cinder-scheduler
Aug 29 08:59:01.233799 dv-cinder-806490-1-smb devstack@c-api.service[100865]: DEBUG cinder.api.openstack.wsgi [None req-1d475016-784f-43e8-89b8-849eb0ad334e tempest-VolumesServicesTestJSON-1622127346 tempest-VolumesServicesTestJSON-1622127346-project-admin] Empty body provided in request {{(pid=100865) get_body /opt/stack/cinder/cinder/api/openstack/wsgi.py:703}}
Aug 29 08:59:01.234797 dv-cinder-806490-1-smb devstack@c-api.service[100865]: DEBUG cinder.api.openstack.wsgi [None req-1d475016-784f-43e8-89b8-849eb0ad334e tempest-VolumesServicesTestJSON-1622127346 tempest-VolumesServicesTestJSON-1622127346-project-admin] Calling method 'index' {{(pid=100865) _process_stack /opt/stack/cinder/cinder/api/openstack/wsgi.py:856}}
Aug 29 08:59:01.255094 dv-cinder-806490-1-smb devstack@c-api.service[100865]: INFO cinder.api.openstack.wsgi [None req-1d475016-784f-43e8-89b8-849eb0ad334e tempest-VolumesServicesTestJSON-1622127346 tempest-VolumesServicesTestJSON-1622127346-project-admin] http://10.222.0.47/volume/v3/25840271aecb40b2b91b27593782fd87/os-services?binary=cinder-scheduler returned with HTTP 200
Aug 29 08:59:01.255949 dv-cinder-806490-1-smb devstack@c-api.service[100865]: [pid: 100865|app: 0|req: 139/296] 10.222.0.47 () {58 vars in 1273 bytes} [Sun Aug 29 08:59:01 2021] GET /volume/v3/25840271aecb40b2b91b27593782fd87/os-services?binary=cinder-scheduler => generated 201 bytes in 37 msecs (HTTP/1.1 200) 7 headers in 285 bytes (2 switches on core 0)
Aug 29 08:59:01.343025 dv-cinder-806490-1-smb devstack@c-api.service[100865]: INFO cinder.api.openstack.wsgi [None req-c1eab9d2-227f-4110-92b7-77926e41bd41 tempest-DeleteServersTestJSON-218190157 tempest-DeleteServersTestJSON-218190157-project] GET http://10.222.0.47/volume/v3/5926a603b5914cfaa8d2a56784b29a9b/volumes/c0b187ab-be52-4031-bfa8-3175b09cc19c
Aug 29 08:59:01.343668 dv-cinder-806490-1-smb devstack@c-api.service[100865]: DEBUG cinder.api.openstack.wsgi [None req-c1eab9d2-227f-4110-92b7-77926e41bd41 tempest-DeleteServersTestJSON-218190157 tempest-DeleteServersTestJSON-218190157-project] Empty body provided in request {{(pid=100865) get_body /opt/stack/cinder/cinder/api/openstack/wsgi.py:703}}
Aug 29 08:59:01.344440 dv-cinder-806490-1-smb devstack@c-api.service[100865]: DEBUG cinder.api.openstack.wsgi [None req-c1eab9d2-227f-4110-92b7-77926e41bd41 tempest-DeleteServersTestJSON-218190157 tempest-DeleteServersTestJSON-218190157-project] Calling method 'show' {{(pid=100865) _process_stack /opt/stack/cinder/cinder/api/openstack/wsgi.py:856}}
