Aug 29 08:58:56.406047 dv-cinder-806490-1-iscsi devstack@c-api.service[100884]: /usr/local/lib/python3.8/dist-packages/oslo_context/context.py:105: DeprecationWarning: Policy enforcement is depending on the value of is_admin. This key is deprecated. Please update your policy file to use the standard policy values.
Aug 29 08:58:56.406047 dv-cinder-806490-1-iscsi devstack@c-api.service[100884]: warnings.warn('Policy enforcement is depending on the value of '
Aug 29 08:58:56.407285 dv-cinder-806490-1-iscsi devstack@c-api.service[100884]: DEBUG cinder.volume.api [None req-20f929a0-55fd-4d25-8f7a-406f233e0de7 tempest-GroupsTest-77997510 tempest-GroupsTest-77997510-project] Searching by: MultiDict([('no_migration_targets', True)]). {{(pid=100884) get_all /opt/stack/cinder/cinder/volume/api.py:619}}
Aug 29 08:58:56.416961 dv-cinder-806490-1-iscsi devstack@c-api.service[100883]: INFO cinder.volume.api [None req-28adce93-e790-4572-a695-2049de79f3fd tempest-VolumesActionsTest-1114505836 tempest-VolumesActionsTest-1114505836-project-admin] Delete volume request issued successfully.
Aug 29 08:58:56.417650 dv-cinder-806490-1-iscsi devstack@c-api.service[100883]: INFO cinder.api.openstack.wsgi [None req-28adce93-e790-4572-a695-2049de79f3fd tempest-VolumesActionsTest-1114505836 tempest-VolumesActionsTest-1114505836-project-admin] http://10.222.0.45/volume/v3/6f168b5e341a454e8394404b1a65391e/volumes/762addaf-2c0e-433b-a054-3a9cf748b2c4/action returned with HTTP 202
Aug 29 08:58:56.418737 dv-cinder-806490-1-iscsi devstack@c-api.service[100883]: [pid: 100883|app: 0|req: 167/323] 10.222.0.45 () {60 vars in 1367 bytes} [Sun Aug 29 08:58:56 2021] POST /volume/v3/6f168b5e341a454e8394404b1a65391e/volumes/762addaf-2c0e-433b-a054-3a9cf748b2c4/action => generated 0 bytes in 70 msecs (HTTP/1.1 202) 7 headers in 289 bytes (1 switches on core 0)
Aug 29 08:58:56.435820 dv-cinder-806490-1-iscsi devstack@c-api.service[100883]: INFO cinder.api.openstack.wsgi [None req-d4c11664-07e7-4ed4-a280-a8cb08fa32c9 tempest-GroupSnapshotsTest-184019469 tempest-GroupSnapshotsTest-184019469-project] DELETE http://10.222.0.45/volume/v3/8153ce03cbb4430288314cbfe2244a88/group_snapshots/71fb41a0-9709-4484-97e1-d9dcc4fc0e7c
Aug 29 08:58:56.435820 dv-cinder-806490-1-iscsi devstack@c-api.service[100883]: DEBUG cinder.api.openstack.wsgi [None req-d4c11664-07e7-4ed4-a280-a8cb08fa32c9 tempest-GroupSnapshotsTest-184019469 tempest-GroupSnapshotsTest-184019469-project] Empty body provided in request {{(pid=100883) get_body /opt/stack/cinder/cinder/api/openstack/wsgi.py:703}}
Aug 29 08:58:56.435820 dv-cinder-806490-1-iscsi devstack@c-api.service[100883]: /usr/local/lib/python3.8/dist-packages/webob/acceptparse.py:1047: DeprecationWarning: The behavior of AcceptValidHeader.best_match is currently being maintained for backward compatibility, but it will be deprecated in the future, as it does not conform to the RFC.
Aug 29 08:58:56.435820 dv-cinder-806490-1-iscsi devstack@c-api.service[100883]: warnings.warn(
Aug 29 08:58:56.435820 dv-cinder-806490-1-iscsi devstack@c-api.service[100883]: DEBUG cinder.api.openstack.wsgi [None req-d4c11664-07e7-4ed4-a280-a8cb08fa32c9 tempest-GroupSnapshotsTest-184019469 tempest-GroupSnapshotsTest-184019469-project] Calling method 'version_select' {{(pid=100883) _process_stack /opt/stack/cinder/cinder/api/openstack/wsgi.py:856}}
Aug 29 08:58:56.435820 dv-cinder-806490-1-iscsi devstack@c-api.service[100883]: DEBUG cinder.api.v3.group_snapshots [None req-d4c11664-07e7-4ed4-a280-a8cb08fa32c9 tempest-GroupSnapshotsTest-184019469 tempest-GroupSnapshotsTest-184019469-project] delete called for member 71fb41a0-9709-4484-97e1-d9dcc4fc0e7c {{(pid=100883) delete /opt/stack/cinder/cinder/api/v3/group_snapshots.py:72}}
Aug 29 08:58:56.435820 dv-cinder-806490-1-iscsi devstack@c-api.service[100883]: INFO cinder.api.v3.group_snapshots [None req-d4c11664-07e7-4ed4-a280-a8cb08fa32c9 tempest-GroupSnapshotsTest-184019469 tempest-GroupSnapshotsTest-184019469-project] Delete group_snapshot with id: 71fb41a0-9709-4484-97e1-d9dcc4fc0e7c
Aug 29 08:58:56.444663 dv-cinder-806490-1-iscsi devstack@c-api.service[100883]: /usr/local/lib/python3.8/dist-packages/oslo_context/context.py:105: DeprecationWarning: Policy enforcement is depending on the value of is_admin. This key is deprecated. Please update your policy file to use the standard policy values.
Aug 29 08:58:56.444663 dv-cinder-806490-1-iscsi devstack@c-api.service[100883]: warnings.warn('Policy enforcement is depending on the value of '
Aug 29 08:58:56.480584 dv-cinder-806490-1-iscsi devstack@c-api.service[100884]: INFO cinder.volume.api [None req-20f929a0-55fd-4d25-8f7a-406f233e0de7 tempest-GroupsTest-77997510 tempest-GroupsTest-77997510-project] Get all volumes completed successfully.
Aug 29 08:58:56.480584 dv-cinder-806490-1-iscsi devstack@c-api.service[100884]: WARNING stevedore.named [None req-20f929a0-55fd-4d25-8f7a-406f233e0de7 tempest-GroupsTest-77997510 tempest-GroupsTest-77997510-project] Could not load cinder.keymgr.conf_key_mgr.ConfKeyManager
Aug 29 08:58:56.480584 dv-cinder-806490-1-iscsi devstack@c-api.service[100884]: WARNING castellan.key_manager [None req-20f929a0-55fd-4d25-8f7a-406f233e0de7 tempest-GroupsTest-77997510 tempest-GroupsTest-77997510-project] Deprecation Warning : cinder.keymgr.conf_key_mgr.ConfKeyManager is not a stevedore based driver, trying to load it as a class: stevedore.exception.NoMatches: No 'castellan.drivers' driver found, looking for 'cinder.keymgr.conf_key_mgr.ConfKeyManager'
Aug 29 08:58:56.487839 dv-cinder-806490-1-iscsi devstack@c-api.service[100884]: DEBUG oslo_db.sqlalchemy.engines [None req-20f929a0-55fd-4d25-8f7a-406f233e0de7 tempest-GroupsTest-77997510 tempest-GroupsTest-77997510-project] MySQL server mode set to STRICT_TRANS_TABLES,STRICT_ALL_TABLES,NO_ZERO_IN_DATE,NO_ZERO_DATE,ERROR_FOR_DIVISION_BY_ZERO,TRADITIONAL,NO_ENGINE_SUBSTITUTION {{(pid=100884) _check_effective_sql_mode /usr/local/lib/python3.8/dist-packages/oslo_db/sqlalchemy/engines.py:314}}
Aug 29 08:58:56.494642 dv-cinder-806490-1-iscsi devstack@c-api.service[100884]: /usr/local/lib/python3.8/dist-packages/oslo_context/context.py:105: DeprecationWarning: Policy enforcement is depending on the value of is_admin. This key is deprecated. Please update your policy file to use the standard policy values.
Aug 29 08:58:56.494642 dv-cinder-806490-1-iscsi devstack@c-api.service[100884]: warnings.warn('Policy enforcement is depending on the value of '
Aug 29 08:58:56.511605 dv-cinder-806490-1-iscsi devstack@c-api.service[100884]: INFO cinder.api.openstack.wsgi [None req-20f929a0-55fd-4d25-8f7a-406f233e0de7 tempest-GroupsTest-77997510 tempest-GroupsTest-77997510-project] http://10.222.0.45/volume/v3/666908030cd246518c5abf6f8a8399ea/volumes/detail returned with HTTP 200
Aug 29 08:58:56.512534 dv-cinder-806490-1-iscsi devstack@c-api.service[100884]: [pid: 100884|app: 0|req: 157/324] 10.222.0.45 () {60 vars in 1276 bytes} [Sun Aug 29 08:58:56 2021] GET /volume/v3/666908030cd246518c5abf6f8a8399ea/volumes/detail => generated 1929 bytes in 117 msecs (HTTP/1.1 200) 7 headers in 287 bytes (1 switches on core 0)
Aug 29 08:58:56.517166 dv-cinder-806490-1-iscsi devstack@c-api.service[100884]: INFO cinder.api.openstack.wsgi [None req-a3749c2b-181d-4e5c-b70d-5643f65a3709 tempest-VolumesActionsTest-512317318 tempest-VolumesActionsTest-512317318-project] GET http://10.222.0.45/volume/v3/e0c077a1a35f46c8bf62784a10f80480/volumes/762addaf-2c0e-433b-a054-3a9cf748b2c4
Aug 29 08:58:56.517910 dv-cinder-806490-1-iscsi devstack@c-api.service[100884]: DEBUG cinder.api.openstack.wsgi [None req-a3749c2b-181d-4e5c-b70d-5643f65a3709 tempest-VolumesActionsTest-512317318 tempest-VolumesActionsTest-512317318-project] Empty body provided in request {{(pid=100884) get_body /opt/stack/cinder/cinder/api/openstack/wsgi.py:703}}
Aug 29 08:58:56.518087 dv-cinder-806490-1-iscsi devstack@c-api.service[100884]: /usr/local/lib/python3.8/dist-packages/webob/acceptparse.py:1047: DeprecationWarning: The behavior of AcceptValidHeader.best_match is currently being maintained for backward compatibility, but it will be deprecated in the future, as it does not conform to the RFC.
Aug 29 08:58:56.518087 dv-cinder-806490-1-iscsi devstack@c-api.service[100884]: warnings.warn(
Aug 29 08:58:56.518404 dv-cinder-806490-1-iscsi devstack@c-api.service[100884]: DEBUG cinder.api.openstack.wsgi [None req-a3749c2b-181d-4e5c-b70d-5643f65a3709 tempest-VolumesActionsTest-512317318 tempest-VolumesActionsTest-512317318-project] Calling method 'show' {{(pid=100884) _process_stack /opt/stack/cinder/cinder/api/openstack/wsgi.py:856}}
Aug 29 08:58:56.528337 dv-cinder-806490-1-iscsi devstack@c-api.service[100883]: INFO cinder.api.openstack.wsgi [None req-d4c11664-07e7-4ed4-a280-a8cb08fa32c9 tempest-GroupSnapshotsTest-184019469 tempest-GroupSnapshotsTest-184019469-project] http://10.222.0.45/volume/v3/8153ce03cbb4430288314cbfe2244a88/group_snapshots/71fb41a0-9709-4484-97e1-d9dcc4fc0e7c returned with HTTP 202
Aug 29 08:58:56.529710 dv-cinder-806490-1-iscsi devstack@c-api.service[100883]: [pid: 100883|app: 0|req: 168/325] 10.222.0.45 () {60 vars in 1393 bytes} [Sun Aug 29 08:58:56 2021] DELETE /volume/v3/8153ce03cbb4430288314cbfe2244a88/group_snapshots/71fb41a0-9709-4484-97e1-d9dcc4fc0e7c => generated 0 bytes in 110 msecs (HTTP/1.1 202) 6 headers in 234 bytes (1 switches on core 0)
Aug 29 08:58:56.537774 dv-cinder-806490-1-iscsi devstack@c-api.service[100884]: /usr/local/lib/python3.8/dist-packages/oslo_context/context.py:105: DeprecationWarning: Policy enforcement is depending on the value of is_admin. This key is deprecated. Please update your policy file to use the standard policy values.
Aug 29 08:58:56.537774 dv-cinder-806490-1-iscsi devstack@c-api.service[100884]: warnings.warn('Policy enforcement is depending on the value of '
Aug 29 08:58:56.539646 dv-cinder-806490-1-iscsi devstack@c-api.service[100883]: INFO cinder.api.openstack.wsgi [None req-77c36b2c-d1ca-4e30-993b-d3626a2daf60 tempest-GroupSnapshotsTest-184019469 tempest-GroupSnapshotsTest-184019469-project] GET http://10.222.0.45/volume/v3/8153ce03cbb4430288314cbfe2244a88/volumes/detail
Aug 29 08:58:56.540608 dv-cinder-806490-1-iscsi devstack@c-api.service[100883]: DEBUG cinder.api.openstack.wsgi [None req-77c36b2c-d1ca-4e30-993b-d3626a2daf60 tempest-GroupSnapshotsTest-184019469 tempest-GroupSnapshotsTest-184019469-project] Empty body provided in request {{(pid=100883) get_body /opt/stack/cinder/cinder/api/openstack/wsgi.py:703}}
Aug 29 08:58:56.541147 dv-cinder-806490-1-iscsi devstack@c-api.service[100883]: /usr/local/lib/python3.8/dist-packages/webob/acceptparse.py:1047: DeprecationWarning: The behavior of AcceptValidHeader.best_match is currently being maintained for backward compatibility, but it will be deprecated in the future, as it does not conform to the RFC.
Aug 29 08:58:56.541147 dv-cinder-806490-1-iscsi devstack@c-api.service[100883]: warnings.warn(
Aug 29 08:58:56.541598 dv-cinder-806490-1-iscsi devstack@c-api.service[100883]: DEBUG cinder.api.openstack.wsgi [None req-77c36b2c-d1ca-4e30-993b-d3626a2daf60 tempest-GroupSnapshotsTest-184019469 tempest-GroupSnapshotsTest-184019469-project] Calling method 'detail' {{(pid=100883) _process_stack /opt/stack/cinder/cinder/api/openstack/wsgi.py:856}}
Aug 29 08:58:56.542648 dv-cinder-806490-1-iscsi devstack@c-api.service[100883]: DEBUG cinder.api.api_utils [None req-77c36b2c-d1ca-4e30-993b-d3626a2daf60 tempest-GroupSnapshotsTest-184019469 tempest-GroupSnapshotsTest-184019469-project] Removing options '' from query. {{(pid=100883) remove_invalid_filter_options /opt/stack/cinder/cinder/api/api_utils.py:73}}
Aug 29 08:58:56.543621 dv-cinder-806490-1-iscsi devstack@c-api.service[100883]: /usr/local/lib/python3.8/dist-packages/oslo_context/context.py:105: DeprecationWarning: Policy enforcement is depending on the value of is_admin. This key is deprecated. Please update your policy file to use the standard policy values.
Aug 29 08:58:56.543621 dv-cinder-806490-1-iscsi devstack@c-api.service[100883]: warnings.warn('Policy enforcement is depending on the value of '
Aug 29 08:58:56.544615 dv-cinder-806490-1-iscsi devstack@c-api.service[100883]: DEBUG cinder.volume.api [None req-77c36b2c-d1ca-4e30-993b-d3626a2daf60 tempest-GroupSnapshotsTest-184019469 tempest-GroupSnapshotsTest-184019469-project] Searching by: MultiDict([('no_migration_targets', True)]). {{(pid=100883) get_all /opt/stack/cinder/cinder/volume/api.py:619}}
Aug 29 08:58:56.552157 dv-cinder-806490-1-iscsi devstack@c-api.service[100884]: INFO cinder.volume.api [None req-a3749c2b-181d-4e5c-b70d-5643f65a3709 tempest-VolumesActionsTest-512317318 tempest-VolumesActionsTest-512317318-project] Volume info retrieved successfully.
Aug 29 08:58:56.581289 dv-cinder-806490-1-iscsi devstack@c-api.service[100884]: INFO cinder.api.openstack.wsgi [None req-a3749c2b-181d-4e5c-b70d-5643f65a3709 tempest-VolumesActionsTest-512317318 tempest-VolumesActionsTest-512317318-project] http://10.222.0.45/volume/v3/e0c077a1a35f46c8bf62784a10f80480/volumes/762addaf-2c0e-433b-a054-3a9cf748b2c4 returned with HTTP 200
Aug 29 08:58:56.591905 dv-cinder-806490-1-iscsi devstack@c-api.service[100884]: [pid: 100884|app: 0|req: 158/326] 10.222.0.45 () {58 vars in 1325 bytes} [Sun Aug 29 08:58:56 2021] GET /volume/v3/e0c077a1a35f46c8bf62784a10f80480/volumes/762addaf-2c0e-433b-a054-3a9cf748b2c4 => generated 910 bytes in 70 msecs (HTTP/1.1 200) 7 headers in 285 bytes (1 switches on core 0)
Aug 29 08:58:56.597668 dv-cinder-806490-1-iscsi devstack@c-api.service[100884]: INFO cinder.api.openstack.wsgi [None req-8ef76cc1-df2c-4bb6-a389-b1f8e9734569 tempest-GroupsTest-77997510 tempest-GroupsTest-77997510-project] PUT http://10.222.0.45/volume/v3/666908030cd246518c5abf6f8a8399ea/groups/c4942bbe-ac75-4e1f-8090-a732ef4a1500
Aug 29 08:58:56.598406 dv-cinder-806490-1-iscsi devstack@c-api.service[100884]: /usr/local/lib/python3.8/dist-packages/webob/acceptparse.py:1047: DeprecationWarning: The behavior of AcceptValidHeader.best_match is currently being maintained for backward compatibility, but it will be deprecated in the future, as it does not conform to the RFC.
Aug 29 08:58:56.598406 dv-cinder-806490-1-iscsi devstack@c-api.service[100884]: warnings.warn(
Aug 29 08:58:56.599020 dv-cinder-806490-1-iscsi devstack@c-api.service[100884]: DEBUG cinder.api.openstack.wsgi [None req-8ef76cc1-df2c-4bb6-a389-b1f8e9734569 tempest-GroupsTest-77997510 tempest-GroupsTest-77997510-project] Action: 'update', calling method: version_select, body: {"group": {"add_volumes": "5b4fe807-9bbb-47e8-8088-ee25e7faa083"}} {{(pid=100884) _process_stack /opt/stack/cinder/cinder/api/openstack/wsgi.py:854}}
Aug 29 08:58:56.600654 dv-cinder-806490-1-iscsi devstack@c-api.service[100884]: DEBUG cinder.api.v3.groups [None req-8ef76cc1-df2c-4bb6-a389-b1f8e9734569 tempest-GroupsTest-77997510 tempest-GroupsTest-77997510-project] Update called for group c4942bbe-ac75-4e1f-8090-a732ef4a1500. {{(pid=100884) update /opt/stack/cinder/cinder/api/v3/groups.py:302}}
Aug 29 08:58:56.601464 dv-cinder-806490-1-iscsi devstack@c-api.service[100884]: INFO cinder.api.v3.groups [None req-8ef76cc1-df2c-4bb6-a389-b1f8e9734569 tempest-GroupsTest-77997510 tempest-GroupsTest-77997510-project] Updating group c4942bbe-ac75-4e1f-8090-a732ef4a1500 with name None description: None add_volumes: 5b4fe807-9bbb-47e8-8088-ee25e7faa083 remove_volumes: None.
Aug 29 08:58:56.603665 dv-cinder-806490-1-iscsi devstack@c-api.service[100883]: INFO cinder.volume.api [None req-77c36b2c-d1ca-4e30-993b-d3626a2daf60 tempest-GroupSnapshotsTest-184019469 tempest-GroupSnapshotsTest-184019469-project] Get all volumes completed successfully.
Aug 29 08:58:56.605403 dv-cinder-806490-1-iscsi devstack@c-api.service[100883]: WARNING stevedore.named [None req-77c36b2c-d1ca-4e30-993b-d3626a2daf60 tempest-GroupSnapshotsTest-184019469 tempest-GroupSnapshotsTest-184019469-project] Could not load cinder.keymgr.conf_key_mgr.ConfKeyManager
Aug 29 08:58:56.605914 dv-cinder-806490-1-iscsi devstack@c-api.service[100883]: WARNING castellan.key_manager [None req-77c36b2c-d1ca-4e30-993b-d3626a2daf60 tempest-GroupSnapshotsTest-184019469 tempest-GroupSnapshotsTest-184019469-project] Deprecation Warning : cinder.keymgr.conf_key_mgr.ConfKeyManager is not a stevedore based driver, trying to load it as a class: stevedore.exception.NoMatches: No 'castellan.drivers' driver found, looking for 'cinder.keymgr.conf_key_mgr.ConfKeyManager'
Aug 29 08:58:56.615332 dv-cinder-806490-1-iscsi devstack@c-api.service[100884]: /usr/local/lib/python3.8/dist-packages/oslo_context/context.py:105: DeprecationWarning: Policy enforcement is depending on the value of is_admin. This key is deprecated. Please update your policy file to use the standard policy values.
Aug 29 08:58:56.615332 dv-cinder-806490-1-iscsi devstack@c-api.service[100884]: warnings.warn('Policy enforcement is depending on the value of '
Aug 29 08:58:56.621070 dv-cinder-806490-1-iscsi devstack@c-api.service[100883]: DEBUG oslo_db.sqlalchemy.engines [None req-77c36b2c-d1ca-4e30-993b-d3626a2daf60 tempest-GroupSnapshotsTest-184019469 tempest-GroupSnapshotsTest-184019469-project] MySQL server mode set to STRICT_TRANS_TABLES,STRICT_ALL_TABLES,NO_ZERO_IN_DATE,NO_ZERO_DATE,ERROR_FOR_DIVISION_BY_ZERO,TRADITIONAL,NO_ENGINE_SUBSTITUTION {{(pid=100883) _check_effective_sql_mode /usr/local/lib/python3.8/dist-packages/oslo_db/sqlalchemy/engines.py:314}}
Aug 29 08:58:56.633523 dv-cinder-806490-1-iscsi devstack@c-api.service[100883]: /usr/local/lib/python3.8/dist-packages/oslo_context/context.py:105: DeprecationWarning: Policy enforcement is depending on the value of is_admin. This key is deprecated. Please update your policy file to use the standard policy values.
Aug 29 08:58:56.633523 dv-cinder-806490-1-iscsi devstack@c-api.service[100883]: warnings.warn('Policy enforcement is depending on the value of '
Aug 29 08:58:56.659808 dv-cinder-806490-1-iscsi devstack@c-api.service[100883]: INFO cinder.api.openstack.wsgi [None req-77c36b2c-d1ca-4e30-993b-d3626a2daf60 tempest-GroupSnapshotsTest-184019469 tempest-GroupSnapshotsTest-184019469-project] http://10.222.0.45/volume/v3/8153ce03cbb4430288314cbfe2244a88/volumes/detail returned with HTTP 200
Aug 29 08:58:56.662698 dv-cinder-806490-1-iscsi devstack@c-api.service[100883]: [pid: 100883|app: 0|req: 169/327] 10.222.0.45 () {60 vars in 1276 bytes} [Sun Aug 29 08:58:56 2021] GET /volume/v3/8153ce03cbb4430288314cbfe2244a88/volumes/detail => generated 1003 bytes in 129 msecs (HTTP/1.1 200) 7 headers in 287 bytes (2 switches on core 0)
Aug 29 08:58:56.682289 dv-cinder-806490-1-iscsi devstack@c-api.service[100883]: INFO cinder.api.openstack.wsgi [None req-6b04a448-12e1-4c64-9fb5-27539e8277e6 tempest-AttachVolumeNegativeTest-911988776 tempest-AttachVolumeNegativeTest-911988776-project] GET http://10.222.0.45/volume/v3/412049f115b84b6889a6b6ac82fbbce0/volumes/b2766df6-4d77-4b08-95c7-98184560ff7e
Aug 29 08:58:56.683101 dv-cinder-806490-1-iscsi devstack@c-api.service[100883]: DEBUG cinder.api.openstack.wsgi [None req-6b04a448-12e1-4c64-9fb5-27539e8277e6 tempest-AttachVolumeNegativeTest-911988776 tempest-AttachVolumeNegativeTest-911988776-project] Empty body provided in request {{(pid=100883) get_body /opt/stack/cinder/cinder/api/openstack/wsgi.py:703}}
Aug 29 08:58:56.684103 dv-cinder-806490-1-iscsi devstack@c-api.service[100883]: /usr/local/lib/python3.8/dist-packages/webob/acceptparse.py:1047: DeprecationWarning: The behavior of AcceptValidHeader.best_match is currently being maintained for backward compatibility, but it will be deprecated in the future, as it does not conform to the RFC.
Aug 29 08:58:56.684103 dv-cinder-806490-1-iscsi devstack@c-api.service[100883]: warnings.warn(
Aug 29 08:58:56.684728 dv-cinder-806490-1-iscsi devstack@c-api.service[100883]: DEBUG cinder.api.openstack.wsgi [None req-6b04a448-12e1-4c64-9fb5-27539e8277e6 tempest-AttachVolumeNegativeTest-911988776 tempest-AttachVolumeNegativeTest-911988776-project] Calling method 'show' {{(pid=100883) _process_stack /opt/stack/cinder/cinder/api/openstack/wsgi.py:856}}
Aug 29 08:58:56.685467 dv-cinder-806490-1-iscsi devstack@c-api.service[100884]: INFO cinder.api.openstack.wsgi [None req-8ef76cc1-df2c-4bb6-a389-b1f8e9734569 tempest-GroupsTest-77997510 tempest-GroupsTest-77997510-project] http://10.222.0.45/volume/v3/666908030cd246518c5abf6f8a8399ea/groups/c4942bbe-ac75-4e1f-8090-a732ef4a1500 returned with HTTP 202
Aug 29 08:58:56.687113 dv-cinder-806490-1-iscsi devstack@c-api.service[100884]: [pid: 100884|app: 0|req: 159/328] 10.222.0.45 () {62 vars in 1383 bytes} [Sun Aug 29 08:58:56 2021] PUT /volume/v3/666908030cd246518c5abf6f8a8399ea/groups/c4942bbe-ac75-4e1f-8090-a732ef4a1500 => generated 0 bytes in 104 msecs (HTTP/1.1 202) 6 headers in 234 bytes (1 switches on core 0)
Aug 29 08:58:56.696846 dv-cinder-806490-1-iscsi devstack@c-api.service[100884]: INFO cinder.api.openstack.wsgi [None req-1f968016-6a34-4f50-b614-a740926de5ff tempest-DeleteServersTestJSON-587848058 tempest-DeleteServersTestJSON-587848058-project] GET http://10.222.0.45/volume/v3/52140a30120c480a87aeaf680f31eb2b/volumes/f1eda966-7341-4dd7-8b6f-983d751d405e
Aug 29 08:58:56.697583 dv-cinder-806490-1-iscsi devstack@c-api.service[100884]: DEBUG cinder.api.openstack.wsgi [None req-1f968016-6a34-4f50-b614-a740926de5ff tempest-DeleteServersTestJSON-587848058 tempest-DeleteServersTestJSON-587848058-project] Empty body provided in request {{(pid=100884) get_body /opt/stack/cinder/cinder/api/openstack/wsgi.py:703}}
Aug 29 08:58:56.697854 dv-cinder-806490-1-iscsi devstack@c-api.service[100884]: /usr/local/lib/python3.8/dist-packages/webob/acceptparse.py:1047: DeprecationWarning: The behavior of AcceptValidHeader.best_match is currently being maintained for backward compatibility, but it will be deprecated in the future, as it does not conform to the RFC.
Aug 29 08:58:56.697854 dv-cinder-806490-1-iscsi devstack@c-api.service[100884]: warnings.warn(
Aug 29 08:58:56.698425 dv-cinder-806490-1-iscsi devstack@c-api.service[100884]: DEBUG cinder.api.openstack.wsgi [None req-1f968016-6a34-4f50-b614-a740926de5ff tempest-DeleteServersTestJSON-587848058 tempest-DeleteServersTestJSON-587848058-project] Calling method 'show' {{(pid=100884) _process_stack /opt/stack/cinder/cinder/api/openstack/wsgi.py:856}}
Aug 29 08:58:56.717420 dv-cinder-806490-1-iscsi devstack@c-api.service[100883]: /usr/local/lib/python3.8/dist-packages/oslo_context/context.py:105: DeprecationWarning: Policy enforcement is depending on the value of is_admin. This key is deprecated. Please update your policy file to use the standard policy values.
Aug 29 08:58:56.717420 dv-cinder-806490-1-iscsi devstack@c-api.service[100883]: warnings.warn('Policy enforcement is depending on the value of '
Aug 29 08:58:56.726213 dv-cinder-806490-1-iscsi devstack@c-api.service[100884]: /usr/local/lib/python3.8/dist-packages/oslo_context/context.py:105: DeprecationWarning: Policy enforcement is depending on the value of is_admin. This key is deprecated. Please update your policy file to use the standard policy values.
Aug 29 08:58:56.726213 dv-cinder-806490-1-iscsi devstack@c-api.service[100884]: warnings.warn('Policy enforcement is depending on the value of '
Aug 29 08:58:56.731160 dv-cinder-806490-1-iscsi devstack@c-api.service[100883]: INFO cinder.volume.api [None req-6b04a448-12e1-4c64-9fb5-27539e8277e6 tempest-AttachVolumeNegativeTest-911988776 tempest-AttachVolumeNegativeTest-911988776-project] Volume info retrieved successfully.
Aug 29 08:58:56.740445 dv-cinder-806490-1-iscsi devstack@c-api.service[100884]: INFO cinder.volume.api [None req-1f968016-6a34-4f50-b614-a740926de5ff tempest-DeleteServersTestJSON-587848058 tempest-DeleteServersTestJSON-587848058-project] Volume info retrieved successfully.
Aug 29 08:58:56.754331 dv-cinder-806490-1-iscsi devstack@c-api.service[100883]: /usr/local/lib/python3.8/dist-packages/oslo_context/context.py:105: DeprecationWarning: Policy enforcement is depending on the value of is_admin. This key is deprecated. Please update your policy file to use the standard policy values.
Aug 29 08:58:56.754331 dv-cinder-806490-1-iscsi devstack@c-api.service[100883]: warnings.warn('Policy enforcement is depending on the value of '
Aug 29 08:58:56.766052 dv-cinder-806490-1-iscsi devstack@c-api.service[100884]: /usr/local/lib/python3.8/dist-packages/oslo_context/context.py:105: DeprecationWarning: Policy enforcement is depending on the value of is_admin. This key is deprecated. Please update your policy file to use the standard policy values.
Aug 29 08:58:56.766052 dv-cinder-806490-1-iscsi devstack@c-api.service[100884]: warnings.warn('Policy enforcement is depending on the value of '
Aug 29 08:58:56.769681 dv-cinder-806490-1-iscsi devstack@c-api.service[100883]: INFO cinder.api.openstack.wsgi [None req-6b04a448-12e1-4c64-9fb5-27539e8277e6 tempest-AttachVolumeNegativeTest-911988776 tempest-AttachVolumeNegativeTest-911988776-project] http://10.222.0.45/volume/v3/412049f115b84b6889a6b6ac82fbbce0/volumes/b2766df6-4d77-4b08-95c7-98184560ff7e returned with HTTP 200
Aug 29 08:58:56.771634 dv-cinder-806490-1-iscsi devstack@c-api.service[100883]: [pid: 100883|app: 0|req: 170/329] 10.222.0.45 () {58 vars in 1325 bytes} [Sun Aug 29 08:58:56 2021] GET /volume/v3/412049f115b84b6889a6b6ac82fbbce0/volumes/b2766df6-4d77-4b08-95c7-98184560ff7e => generated 917 bytes in 108 msecs (HTTP/1.1 200) 7 headers in 285 bytes (1 switches on core 0)
Aug 29 08:58:56.779562 dv-cinder-806490-1-iscsi devstack@c-api.service[100883]: INFO cinder.api.openstack.wsgi [None req-c70bddce-23bc-4e36-8926-5526b307a19d tempest-GroupSnapshotsTest-184019469 tempest-GroupSnapshotsTest-184019469-project] GET http://10.222.0.45/volume/v3/8153ce03cbb4430288314cbfe2244a88/snapshots/detail
Aug 29 08:58:56.780577 dv-cinder-806490-1-iscsi devstack@c-api.service[100883]: DEBUG cinder.api.openstack.wsgi [None req-c70bddce-23bc-4e36-8926-5526b307a19d tempest-GroupSnapshotsTest-184019469 tempest-GroupSnapshotsTest-184019469-project] Empty body provided in request {{(pid=100883) get_body /opt/stack/cinder/cinder/api/openstack/wsgi.py:703}}
Aug 29 08:58:56.781070 dv-cinder-806490-1-iscsi devstack@c-api.service[100883]: /usr/local/lib/python3.8/dist-packages/webob/acceptparse.py:1047: DeprecationWarning: The behavior of AcceptValidHeader.best_match is currently being maintained for backward compatibility, but it will be deprecated in the future, as it does not conform to the RFC.
Aug 29 08:58:56.781070 dv-cinder-806490-1-iscsi devstack@c-api.service[100883]: warnings.warn(
Aug 29 08:58:56.781743 dv-cinder-806490-1-iscsi devstack@c-api.service[100883]: DEBUG cinder.api.openstack.wsgi [None req-c70bddce-23bc-4e36-8926-5526b307a19d tempest-GroupSnapshotsTest-184019469 tempest-GroupSnapshotsTest-184019469-project] Calling method 'detail' {{(pid=100883) _process_stack /opt/stack/cinder/cinder/api/openstack/wsgi.py:856}}
Aug 29 08:58:56.782731 dv-cinder-806490-1-iscsi devstack@c-api.service[100883]: DEBUG cinder.api.api_utils [None req-c70bddce-23bc-4e36-8926-5526b307a19d tempest-GroupSnapshotsTest-184019469 tempest-GroupSnapshotsTest-184019469-project] Removing options '' from query. {{(pid=100883) remove_invalid_filter_options /opt/stack/cinder/cinder/api/api_utils.py:73}}
Aug 29 08:58:56.784138 dv-cinder-806490-1-iscsi devstack@c-api.service[100884]: INFO cinder.api.openstack.wsgi [None req-1f968016-6a34-4f50-b614-a740926de5ff tempest-DeleteServersTestJSON-587848058 tempest-DeleteServersTestJSON-587848058-project] http://10.222.0.45/volume/v3/52140a30120c480a87aeaf680f31eb2b/volumes/f1eda966-7341-4dd7-8b6f-983d751d405e returned with HTTP 200
Aug 29 08:58:56.787181 dv-cinder-806490-1-iscsi devstack@c-api.service[100884]: [pid: 100884|app: 0|req: 160/330] 10.222.0.45 () {58 vars in 1325 bytes} [Sun Aug 29 08:58:56 2021] GET /volume/v3/52140a30120c480a87aeaf680f31eb2b/volumes/f1eda966-7341-4dd7-8b6f-983d751d405e => generated 911 bytes in 99 msecs (HTTP/1.1 200) 7 headers in 285 bytes (1 switches on core 0)
Aug 29 08:58:56.787817 dv-cinder-806490-1-iscsi devstack@c-api.service[100883]: DEBUG cinder.db.sqlalchemy.api [None req-c70bddce-23bc-4e36-8926-5526b307a19d tempest-GroupSnapshotsTest-184019469 tempest-GroupSnapshotsTest-184019469-project] Building query based on filter {{(pid=100883) _process_snaps_filters /opt/stack/cinder/cinder/db/sqlalchemy/api.py:3141}}
Aug 29 08:58:56.796385 dv-cinder-806490-1-iscsi devstack@c-api.service[100884]: INFO cinder.api.openstack.wsgi [None req-a0411c0c-0629-473b-a581-cb242d1beadc tempest-GroupsTest-77997510 tempest-GroupsTest-77997510-project] GET http://10.222.0.45/volume/v3/666908030cd246518c5abf6f8a8399ea/groups/c4942bbe-ac75-4e1f-8090-a732ef4a1500
Aug 29 08:58:56.797282 dv-cinder-806490-1-iscsi devstack@c-api.service[100884]: DEBUG cinder.api.openstack.wsgi [None req-a0411c0c-0629-473b-a581-cb242d1beadc tempest-GroupsTest-77997510 tempest-GroupsTest-77997510-project] Empty body provided in request {{(pid=100884) get_body /opt/stack/cinder/cinder/api/openstack/wsgi.py:703}}
Aug 29 08:58:56.797282 dv-cinder-806490-1-iscsi devstack@c-api.service[100884]: /usr/local/lib/python3.8/dist-packages/webob/acceptparse.py:1047: DeprecationWarning: The behavior of AcceptValidHeader.best_match is currently being maintained for backward compatibility, but it will be deprecated in the future, as it does not conform to the RFC.
Aug 29 08:58:56.797282 dv-cinder-806490-1-iscsi devstack@c-api.service[100884]: warnings.warn(
Aug 29 08:58:56.797708 dv-cinder-806490-1-iscsi devstack@c-api.service[100884]: DEBUG cinder.api.openstack.wsgi [None req-a0411c0c-0629-473b-a581-cb242d1beadc tempest-GroupsTest-77997510 tempest-GroupsTest-77997510-project] Calling method 'version_select' {{(pid=100884) _process_stack /opt/stack/cinder/cinder/api/openstack/wsgi.py:856}}
Aug 29 08:58:56.798353 dv-cinder-806490-1-iscsi devstack@c-api.service[100884]: DEBUG cinder.api.v3.groups [None req-a0411c0c-0629-473b-a581-cb242d1beadc tempest-GroupsTest-77997510 tempest-GroupsTest-77997510-project] show called for member c4942bbe-ac75-4e1f-8090-a732ef4a1500 {{(pid=100884) show /opt/stack/cinder/cinder/api/v3/groups.py:58}}
Aug 29 08:58:56.809381 dv-cinder-806490-1-iscsi devstack@c-api.service[100884]: /usr/local/lib/python3.8/dist-packages/oslo_context/context.py:105: DeprecationWarning: Policy enforcement is depending on the value of is_admin. This key is deprecated. Please update your policy file to use the standard policy values.
Aug 29 08:58:56.809381 dv-cinder-806490-1-iscsi devstack@c-api.service[100884]: warnings.warn('Policy enforcement is depending on the value of '
Aug 29 08:58:56.818781 dv-cinder-806490-1-iscsi devstack@c-api.service[100883]: INFO cinder.volume.api [None req-c70bddce-23bc-4e36-8926-5526b307a19d tempest-GroupSnapshotsTest-184019469 tempest-GroupSnapshotsTest-184019469-project] Get all snapshots completed successfully.
Aug 29 08:58:56.819684 dv-cinder-806490-1-iscsi devstack@c-api.service[100883]: /usr/local/lib/python3.8/dist-packages/oslo_context/context.py:105: DeprecationWarning: Policy enforcement is depending on the value of is_admin. This key is deprecated. Please update your policy file to use the standard policy values.
Aug 29 08:58:56.819684 dv-cinder-806490-1-iscsi devstack@c-api.service[100883]: warnings.warn('Policy enforcement is depending on the value of '
Aug 29 08:58:56.821285 dv-cinder-806490-1-iscsi devstack@c-api.service[100883]: INFO cinder.api.openstack.wsgi [None req-c70bddce-23bc-4e36-8926-5526b307a19d tempest-GroupSnapshotsTest-184019469 tempest-GroupSnapshotsTest-184019469-project] http://10.222.0.45/volume/v3/8153ce03cbb4430288314cbfe2244a88/snapshots/detail returned with HTTP 200
Aug 29 08:58:56.828759 dv-cinder-806490-1-iscsi devstack@c-api.service[100883]: [pid: 100883|app: 0|req: 171/331] 10.222.0.45 () {58 vars in 1241 bytes} [Sun Aug 29 08:58:56 2021] GET /volume/v3/8153ce03cbb4430288314cbfe2244a88/snapshots/detail => generated 453 bytes in 56 msecs (HTTP/1.1 200) 7 headers in 285 bytes (1 switches on core 0)
Aug 29 08:58:56.834467 dv-cinder-806490-1-iscsi devstack@c-api.service[100883]: INFO cinder.api.openstack.wsgi [None req-238b9733-7424-4022-a971-ebf8bb2234e9 tempest-GroupSnapshotsTest-184019469 tempest-GroupSnapshotsTest-184019469-project] GET http://10.222.0.45/volume/v3/8153ce03cbb4430288314cbfe2244a88/snapshots/e9ac0e0b-9a52-4483-8ef5-8eb8acc5696b
Aug 29 08:58:56.835148 dv-cinder-806490-1-iscsi devstack@c-api.service[100883]: DEBUG cinder.api.openstack.wsgi [None req-238b9733-7424-4022-a971-ebf8bb2234e9 tempest-GroupSnapshotsTest-184019469 tempest-GroupSnapshotsTest-184019469-project] Empty body provided in request {{(pid=100883) get_body /opt/stack/cinder/cinder/api/openstack/wsgi.py:703}}
Aug 29 08:58:56.836175 dv-cinder-806490-1-iscsi devstack@c-api.service[100883]: /usr/local/lib/python3.8/dist-packages/webob/acceptparse.py:1047: DeprecationWarning: The behavior of AcceptValidHeader.best_match is currently being maintained for backward compatibility, but it will be deprecated in the future, as it does not conform to the RFC.
Aug 29 08:58:56.836175 dv-cinder-806490-1-iscsi devstack@c-api.service[100883]: warnings.warn(
Aug 29 08:58:56.837995 dv-cinder-806490-1-iscsi devstack@c-api.service[100883]: DEBUG cinder.api.openstack.wsgi [None req-238b9733-7424-4022-a971-ebf8bb2234e9 tempest-GroupSnapshotsTest-184019469 tempest-GroupSnapshotsTest-184019469-project] Calling method 'show' {{(pid=100883) _process_stack /opt/stack/cinder/cinder/api/openstack/wsgi.py:856}}
Aug 29 08:58:56.859546 dv-cinder-806490-1-iscsi devstack@c-api.service[100884]: INFO cinder.api.openstack.wsgi [None req-a0411c0c-0629-473b-a581-cb242d1beadc tempest-GroupsTest-77997510 tempest-GroupsTest-77997510-project] http://10.222.0.45/volume/v3/666908030cd246518c5abf6f8a8399ea/groups/c4942bbe-ac75-4e1f-8090-a732ef4a1500 returned with HTTP 200
Aug 29 08:58:56.862141 dv-cinder-806490-1-iscsi devstack@c-api.service[100884]: [pid: 100884|app: 0|req: 161/332] 10.222.0.45 () {60 vars in 1363 bytes} [Sun Aug 29 08:58:56 2021] GET /volume/v3/666908030cd246518c5abf6f8a8399ea/groups/c4942bbe-ac75-4e1f-8090-a732ef4a1500 => generated 323 bytes in 74 msecs (HTTP/1.1 200) 7 headers in 286 bytes (1 switches on core 0)
Aug 29 08:58:56.875579 dv-cinder-806490-1-iscsi devstack@c-api.service[100883]: /usr/local/lib/python3.8/dist-packages/oslo_context/context.py:105: DeprecationWarning: Policy enforcement is depending on the value of is_admin. This key is deprecated. Please update your policy file to use the standard policy values.
Aug 29 08:58:56.875579 dv-cinder-806490-1-iscsi devstack@c-api.service[100883]: warnings.warn('Policy enforcement is depending on the value of '
Aug 29 08:58:56.877900 dv-cinder-806490-1-iscsi devstack@c-api.service[100883]: INFO cinder.volume.api [None req-238b9733-7424-4022-a971-ebf8bb2234e9 tempest-GroupSnapshotsTest-184019469 tempest-GroupSnapshotsTest-184019469-project] Snapshot retrieved successfully.
Aug 29 08:58:56.881129 dv-cinder-806490-1-iscsi devstack@c-api.service[100883]: INFO cinder.api.openstack.wsgi [None req-238b9733-7424-4022-a971-ebf8bb2234e9 tempest-GroupSnapshotsTest-184019469 tempest-GroupSnapshotsTest-184019469-project] http://10.222.0.45/volume/v3/8153ce03cbb4430288314cbfe2244a88/snapshots/e9ac0e0b-9a52-4483-8ef5-8eb8acc5696b returned with HTTP 200
Aug 29 08:58:56.882492 dv-cinder-806490-1-iscsi devstack@c-api.service[100883]: [pid: 100883|app: 0|req: 172/333] 10.222.0.45 () {58 vars in 1331 bytes} [Sun Aug 29 08:58:56 2021] GET /volume/v3/8153ce03cbb4430288314cbfe2244a88/snapshots/e9ac0e0b-9a52-4483-8ef5-8eb8acc5696b => generated 449 bytes in 53 msecs (HTTP/1.1 200) 7 headers in 285 bytes (1 switches on core 0)
Aug 29 08:58:56.997256 dv-cinder-806490-1-iscsi devstack@c-api.service[100884]: INFO cinder.api.openstack.wsgi [None req-5d17d432-7802-4062-bfe9-27cff6aabb85 tempest-VolumesListAdminTestJSON-999127327 tempest-VolumesListAdminTestJSON-999127327-project] GET http://10.222.0.45/volume/v3/25fa49a7a4844b1a9e1543245320ddc5/volumes/a6968283-5156-482f-9a19-24a128fe820b
Aug 29 08:58:56.998050 dv-cinder-806490-1-iscsi devstack@c-api.service[100884]: DEBUG cinder.api.openstack.wsgi [None req-5d17d432-7802-4062-bfe9-27cff6aabb85 tempest-VolumesListAdminTestJSON-999127327 tempest-VolumesListAdminTestJSON-999127327-project] Empty body provided in request {{(pid=100884) get_body /opt/stack/cinder/cinder/api/openstack/wsgi.py:703}}
Aug 29 08:58:56.998481 dv-cinder-806490-1-iscsi devstack@c-api.service[100884]: /usr/local/lib/python3.8/dist-packages/webob/acceptparse.py:1047: DeprecationWarning: The behavior of AcceptValidHeader.best_match is currently being maintained for backward compatibility, but it will be deprecated in the future, as it does not conform to the RFC.
Aug 29 08:58:56.998481 dv-cinder-806490-1-iscsi devstack@c-api.service[100884]: warnings.warn(
Aug 29 08:58:56.998720 dv-cinder-806490-1-iscsi devstack@c-api.service[100884]: DEBUG cinder.api.openstack.wsgi [None req-5d17d432-7802-4062-bfe9-27cff6aabb85 tempest-VolumesListAdminTestJSON-999127327 tempest-VolumesListAdminTestJSON-999127327-project] Calling method 'show' {{(pid=100884) _process_stack /opt/stack/cinder/cinder/api/openstack/wsgi.py:856}}
Aug 29 08:58:57.021280 dv-cinder-806490-1-iscsi devstack@c-api.service[100884]: /usr/local/lib/python3.8/dist-packages/oslo_context/context.py:105: DeprecationWarning: Policy enforcement is depending on the value of is_admin. This key is deprecated. Please update your policy file to use the standard policy values.
Aug 29 08:58:57.021280 dv-cinder-806490-1-iscsi devstack@c-api.service[100884]: warnings.warn('Policy enforcement is depending on the value of '
Aug 29 08:58:57.043593 dv-cinder-806490-1-iscsi devstack@c-api.service[100884]: INFO cinder.volume.api [None req-5d17d432-7802-4062-bfe9-27cff6aabb85 tempest-VolumesListAdminTestJSON-999127327 tempest-VolumesListAdminTestJSON-999127327-project] Volume info retrieved successfully.
Aug 29 08:58:57.065829 dv-cinder-806490-1-iscsi devstack@c-api.service[100884]: INFO cinder.api.openstack.wsgi [None req-5d17d432-7802-4062-bfe9-27cff6aabb85 tempest-VolumesListAdminTestJSON-999127327 tempest-VolumesListAdminTestJSON-999127327-project] http://10.222.0.45/volume/v3/25fa49a7a4844b1a9e1543245320ddc5/volumes/a6968283-5156-482f-9a19-24a128fe820b returned with HTTP 200
Aug 29 08:58:57.066835 dv-cinder-806490-1-iscsi devstack@c-api.service[100884]: [pid: 100884|app: 0|req: 162/334] 10.222.0.45 () {58 vars in 1325 bytes} [Sun Aug 29 08:58:56 2021] GET /volume/v3/25fa49a7a4844b1a9e1543245320ddc5/volumes/a6968283-5156-482f-9a19-24a128fe820b => generated 917 bytes in 73 msecs (HTTP/1.1 200) 7 headers in 285 bytes (1 switches on core 0)
Aug 29 08:58:57.084359 dv-cinder-806490-1-iscsi devstack@c-api.service[100883]: INFO cinder.api.openstack.wsgi [None req-125e8804-9f4f-429d-b943-fb2c43c40ead tempest-VolumesListAdminTestJSON-999127327 tempest-VolumesListAdminTestJSON-999127327-project] GET http://10.222.0.45/volume/v3/25fa49a7a4844b1a9e1543245320ddc5/volumes/a6968283-5156-482f-9a19-24a128fe820b
Aug 29 08:58:57.085300 dv-cinder-806490-1-iscsi devstack@c-api.service[100883]: DEBUG cinder.api.openstack.wsgi [None req-125e8804-9f4f-429d-b943-fb2c43c40ead tempest-VolumesListAdminTestJSON-999127327 tempest-VolumesListAdminTestJSON-999127327-project] Empty body provided in request {{(pid=100883) get_body /opt/stack/cinder/cinder/api/openstack/wsgi.py:703}}
Aug 29 08:58:57.085671 dv-cinder-806490-1-iscsi devstack@c-api.service[100883]: /usr/local/lib/python3.8/dist-packages/webob/acceptparse.py:1047: DeprecationWarning: The behavior of AcceptValidHeader.best_match is currently being maintained for backward compatibility, but it will be deprecated in the future, as it does not conform to the RFC.
Aug 29 08:58:57.085671 dv-cinder-806490-1-iscsi devstack@c-api.service[100883]: warnings.warn(
Aug 29 08:58:57.086587 dv-cinder-806490-1-iscsi devstack@c-api.service[100883]: DEBUG cinder.api.openstack.wsgi [None req-125e8804-9f4f-429d-b943-fb2c43c40ead tempest-VolumesListAdminTestJSON-999127327 tempest-VolumesListAdminTestJSON-999127327-project] Calling method 'show' {{(pid=100883) _process_stack /opt/stack/cinder/cinder/api/openstack/wsgi.py:856}}
Aug 29 08:58:57.109137 dv-cinder-806490-1-iscsi devstack@c-api.service[100883]: /usr/local/lib/python3.8/dist-packages/oslo_context/context.py:105: DeprecationWarning: Policy enforcement is depending on the value of is_admin. This key is deprecated. Please update your policy file to use the standard policy values.
Aug 29 08:58:57.109137 dv-cinder-806490-1-iscsi devstack@c-api.service[100883]: warnings.warn('Policy enforcement is depending on the value of '
Aug 29 08:58:57.119087 dv-cinder-806490-1-iscsi devstack@c-api.service[100883]: INFO cinder.volume.api [None req-125e8804-9f4f-429d-b943-fb2c43c40ead tempest-VolumesListAdminTestJSON-999127327 tempest-VolumesListAdminTestJSON-999127327-project] Volume info retrieved successfully.
Aug 29 08:58:57.137770 dv-cinder-806490-1-iscsi devstack@c-api.service[100883]: INFO cinder.api.openstack.wsgi [None req-125e8804-9f4f-429d-b943-fb2c43c40ead tempest-VolumesListAdminTestJSON-999127327 tempest-VolumesListAdminTestJSON-999127327-project] http://10.222.0.45/volume/v3/25fa49a7a4844b1a9e1543245320ddc5/volumes/a6968283-5156-482f-9a19-24a128fe820b returned with HTTP 200
Aug 29 08:58:57.138672 dv-cinder-806490-1-iscsi devstack@c-api.service[100883]: [pid: 100883|app: 0|req: 173/335] 10.222.0.45 () {58 vars in 1325 bytes} [Sun Aug 29 08:58:57 2021] GET /volume/v3/25fa49a7a4844b1a9e1543245320ddc5/volumes/a6968283-5156-482f-9a19-24a128fe820b => generated 917 bytes in 60 msecs (HTTP/1.1 200) 7 headers in 285 bytes (1 switches on core 0)
Aug 29 08:58:57.156987 dv-cinder-806490-1-iscsi devstack@c-api.service[100884]: INFO cinder.api.openstack.wsgi [None req-9f8873be-5b6d-4f94-9526-597d9de57ecc tempest-VolumesListAdminTestJSON-999127327 tempest-VolumesListAdminTestJSON-999127327-project] POST http://10.222.0.45/volume/v3/25fa49a7a4844b1a9e1543245320ddc5/volumes
Aug 29 08:58:57.157881 dv-cinder-806490-1-iscsi devstack@c-api.service[100884]: /usr/local/lib/python3.8/dist-packages/webob/acceptparse.py:1047: DeprecationWarning: The behavior of AcceptValidHeader.best_match is currently being maintained for backward compatibility, but it will be deprecated in the future, as it does not conform to the RFC.
Aug 29 08:58:57.157881 dv-cinder-806490-1-iscsi devstack@c-api.service[100884]: warnings.warn(
Aug 29 08:58:57.158650 dv-cinder-806490-1-iscsi devstack@c-api.service[100884]: DEBUG cinder.api.openstack.wsgi [None req-9f8873be-5b6d-4f94-9526-597d9de57ecc tempest-VolumesListAdminTestJSON-999127327 tempest-VolumesListAdminTestJSON-999127327-project] Action: 'create', calling method: create, body: {"volume": {"size": 1, "name": "tempest-VolumesListAdminTestJSON-Volume-956589943"}} {{(pid=100884) _process_stack /opt/stack/cinder/cinder/api/openstack/wsgi.py:854}}
Aug 29 08:58:57.160552 dv-cinder-806490-1-iscsi devstack@c-api.service[100884]: DEBUG cinder.api.v3.volumes [None req-9f8873be-5b6d-4f94-9526-597d9de57ecc tempest-VolumesListAdminTestJSON-999127327 tempest-VolumesListAdminTestJSON-999127327-project] Create volume request body: {'volume': {'size': 1, 'name': 'tempest-VolumesListAdminTestJSON-Volume-956589943'}} {{(pid=100884) create /opt/stack/cinder/cinder/api/v3/volumes.py:290}}
Aug 29 08:58:57.162670 dv-cinder-806490-1-iscsi devstack@c-api.service[100884]: INFO cinder.api.v3.volumes [None req-9f8873be-5b6d-4f94-9526-597d9de57ecc tempest-VolumesListAdminTestJSON-999127327 tempest-VolumesListAdminTestJSON-999127327-project] Create volume of 1 GB
Aug 29 08:58:57.173673 dv-cinder-806490-1-iscsi devstack@c-api.service[100884]: INFO cinder.volume.api [None req-9f8873be-5b6d-4f94-9526-597d9de57ecc tempest-VolumesListAdminTestJSON-999127327 tempest-VolumesListAdminTestJSON-999127327-project] Availability Zones retrieved successfully.
Aug 29 08:58:57.207803 dv-cinder-806490-1-iscsi devstack@c-api.service[100884]: DEBUG cinder.volume.api [None req-9f8873be-5b6d-4f94-9526-597d9de57ecc tempest-VolumesListAdminTestJSON-999127327 tempest-VolumesListAdminTestJSON-999127327-project] Flow 'volume_create_api' (57dadebc-0cbd-47ad-b2d4-c64bbe22761e) transitioned into state 'RUNNING' from state 'PENDING' {{(pid=100884) _flow_receiver /usr/local/lib/python3.8/dist-packages/taskflow/listeners/logging.py:141}}
Aug 29 08:58:57.215208 dv-cinder-806490-1-iscsi devstack@c-api.service[100884]: DEBUG cinder.volume.api [None req-9f8873be-5b6d-4f94-9526-597d9de57ecc tempest-VolumesListAdminTestJSON-999127327 tempest-VolumesListAdminTestJSON-999127327-project] Task 'cinder.volume.flows.api.create_volume.ExtractVolumeRequestTask;volume:create' (fc58d11e-1188-4648-852b-bc23657756a6) transitioned into state 'RUNNING' from state 'PENDING' {{(pid=100884) _task_receiver /usr/local/lib/python3.8/dist-packages/taskflow/listeners/logging.py:190}}
Aug 29 08:58:57.219440 dv-cinder-806490-1-iscsi devstack@c-api.service[100884]: DEBUG cinder.volume.flows.api.create_volume [None req-9f8873be-5b6d-4f94-9526-597d9de57ecc tempest-VolumesListAdminTestJSON-999127327 tempest-VolumesListAdminTestJSON-999127327-project] Validating volume size '1' using validate_int {{(pid=100884) _extract_size /opt/stack/cinder/cinder/volume/flows/api/create_volume.py:225}}
Aug 29 08:58:57.260962 dv-cinder-806490-1-iscsi devstack@c-api.service[100884]: DEBUG cinder.volume.api [None req-9f8873be-5b6d-4f94-9526-597d9de57ecc tempest-VolumesListAdminTestJSON-999127327 tempest-VolumesListAdminTestJSON-999127327-project] Task 'cinder.volume.flows.api.create_volume.ExtractVolumeRequestTask;volume:create' (fc58d11e-1188-4648-852b-bc23657756a6) transitioned into state 'SUCCESS' from state 'RUNNING' with result '{'size': 1, 'snapshot_id': None, 'source_volid': None, 'volume_type': VolumeType(created_at=2021-08-29T08:48:07Z,deleted=False,deleted_at=None,description='Default Volume Type',extra_specs={},id=a0883f4c-cfb7-4937-b31f-a3a3b43c1df2,is_public=True,name='__DEFAULT__',projects=[],qos_specs=,qos_specs_id=None,updated_at=2021-08-29T08:48:07Z), 'volume_type_id': 'a0883f4c-cfb7-4937-b31f-a3a3b43c1df2', 'encryption_key_id': None, 'qos_specs': None, 'consistencygroup_id': None, 'cgsnapshot_id': None, 'group_id': None, 'replication_status': 'disabled', 'refresh_az': False, 'backup_id': None, 'multiattach': False, 'availability_zones': ['nova']}' {{(pid=100884) _task_receiver /usr/local/lib/python3.8/dist-packages/taskflow/listeners/logging.py:178}}
Aug 29 08:58:57.263103 dv-cinder-806490-1-iscsi devstack@c-api.service[100884]: DEBUG cinder.volume.api [None req-9f8873be-5b6d-4f94-9526-597d9de57ecc tempest-VolumesListAdminTestJSON-999127327 tempest-VolumesListAdminTestJSON-999127327-project] Task 'cinder.volume.flows.api.create_volume.QuotaReserveTask;volume:create' (290f2df5-3ded-462a-81f6-a0811bdf929d) transitioned into state 'RUNNING' from state 'PENDING' {{(pid=100884) _task_receiver /usr/local/lib/python3.8/dist-packages/taskflow/listeners/logging.py:190}}
Aug 29 08:58:57.327537 dv-cinder-806490-1-iscsi devstack@c-api.service[100884]: DEBUG cinder.quota [None req-9f8873be-5b6d-4f94-9526-597d9de57ecc tempest-VolumesListAdminTestJSON-999127327 tempest-VolumesListAdminTestJSON-999127327-project] Created reservations ['58084f76-074c-4f47-ae49-5888c1dc7d72', '7d3656d0-4499-4bcc-b1f1-20d11c79582a', '4822424c-8d20-40be-8903-1b06236b4cd2', '30f4c4e9-5729-4c2b-9f42-dd4e65964e29'] {{(pid=100884) reserve /opt/stack/cinder/cinder/quota.py:755}}
Aug 29 08:58:57.329937 dv-cinder-806490-1-iscsi devstack@c-api.service[100884]: DEBUG cinder.volume.api [None req-9f8873be-5b6d-4f94-9526-597d9de57ecc tempest-VolumesListAdminTestJSON-999127327 tempest-VolumesListAdminTestJSON-999127327-project] Task 'cinder.volume.flows.api.create_volume.QuotaReserveTask;volume:create' (290f2df5-3ded-462a-81f6-a0811bdf929d) transitioned into state 'SUCCESS' from state 'RUNNING' with result '{'reservations': ['58084f76-074c-4f47-ae49-5888c1dc7d72', '7d3656d0-4499-4bcc-b1f1-20d11c79582a', '4822424c-8d20-40be-8903-1b06236b4cd2', '30f4c4e9-5729-4c2b-9f42-dd4e65964e29']}' {{(pid=100884) _task_receiver /usr/local/lib/python3.8/dist-packages/taskflow/listeners/logging.py:178}}
Aug 29 08:58:57.332415 dv-cinder-806490-1-iscsi devstack@c-api.service[100884]: DEBUG cinder.volume.api [None req-9f8873be-5b6d-4f94-9526-597d9de57ecc tempest-VolumesListAdminTestJSON-999127327 tempest-VolumesListAdminTestJSON-999127327-project] Task 'cinder.volume.flows.api.create_volume.EntryCreateTask;volume:create' (9f5206d9-2cc0-4999-b74f-44828977ed3c) transitioned into state 'RUNNING' from state 'PENDING' {{(pid=100884) _task_receiver /usr/local/lib/python3.8/dist-packages/taskflow/listeners/logging.py:190}}
