Aug 29 08:58:48.885048 dv-cinder-806490-1-iscsi devstack@c-api.service[100884]: WARNING cinder.quota [None req-d561666a-7e86-4efe-9ad5-678f7db4c4f5 tempest-GroupsTest-77997510 tempest-GroupsTest-77997510-project] Deprecated: Default quota for resource: gigabytes_tempest-GroupsTest-volume-type-1954242084 is set by the default quota flag: quota_gigabytes_tempest-GroupsTest-volume-type-1954242084, it is now deprecated. Please use the default quota class for default quota.
Aug 29 08:58:48.943674 dv-cinder-806490-1-iscsi devstack@c-api.service[100883]: DEBUG cinder.quota [None req-655fdccd-6a62-42a2-b0a9-d6545ae060bc tempest-VolumesActionsTest-512317318 tempest-VolumesActionsTest-512317318-project] Created reservations ['8d6f2707-5d1b-4ca4-bf8d-88ae2474cb8a', '9aaedfb5-1cad-4903-8d35-4219a67d1c97', '334e926b-3df5-40b9-8909-4716540e6571', '0cb4957e-d5c9-4d8b-b6cb-d29127734179'] {{(pid=100883) reserve /opt/stack/cinder/cinder/quota.py:755}}
Aug 29 08:58:48.946973 dv-cinder-806490-1-iscsi devstack@c-api.service[100883]: DEBUG cinder.volume.api [None req-655fdccd-6a62-42a2-b0a9-d6545ae060bc tempest-VolumesActionsTest-512317318 tempest-VolumesActionsTest-512317318-project] Task 'cinder.volume.flows.api.create_volume.QuotaReserveTask;volume:create' (f78f55d4-b6d6-4324-906a-0a713a77fc80) transitioned into state 'SUCCESS' from state 'RUNNING' with result '{'reservations': ['8d6f2707-5d1b-4ca4-bf8d-88ae2474cb8a', '9aaedfb5-1cad-4903-8d35-4219a67d1c97', '334e926b-3df5-40b9-8909-4716540e6571', '0cb4957e-d5c9-4d8b-b6cb-d29127734179']}' {{(pid=100883) _task_receiver /usr/local/lib/python3.8/dist-packages/taskflow/listeners/logging.py:178}}
Aug 29 08:58:48.949759 dv-cinder-806490-1-iscsi devstack@c-api.service[100883]: DEBUG cinder.volume.api [None req-655fdccd-6a62-42a2-b0a9-d6545ae060bc tempest-VolumesActionsTest-512317318 tempest-VolumesActionsTest-512317318-project] Task 'cinder.volume.flows.api.create_volume.EntryCreateTask;volume:create' (d8796b60-bfb2-49ff-956d-54f673ec6c08) transitioned into state 'RUNNING' from state 'PENDING' {{(pid=100883) _task_receiver /usr/local/lib/python3.8/dist-packages/taskflow/listeners/logging.py:190}}
Aug 29 08:58:48.951232 dv-cinder-806490-1-iscsi devstack@c-api.service[100884]: DEBUG cinder.quota [None req-d561666a-7e86-4efe-9ad5-678f7db4c4f5 tempest-GroupsTest-77997510 tempest-GroupsTest-77997510-project] Created reservations ['dc4ef493-17ad-41bc-a82b-fe8b0e7732d3', '347d053a-e812-41af-8ead-b4e72c33dfda', '2a799a84-210b-4808-b4f1-d0d980413a48', '73636497-6b70-4c63-a737-b9982b6c0408'] {{(pid=100884) reserve /opt/stack/cinder/cinder/quota.py:755}}
Aug 29 08:58:48.955526 dv-cinder-806490-1-iscsi devstack@c-api.service[100884]: DEBUG cinder.volume.api [None req-d561666a-7e86-4efe-9ad5-678f7db4c4f5 tempest-GroupsTest-77997510 tempest-GroupsTest-77997510-project] Task 'cinder.volume.flows.api.create_volume.QuotaReserveTask;volume:create' (5448d3b7-5c8a-4291-b2e6-6319ff46a174) transitioned into state 'SUCCESS' from state 'RUNNING' with result '{'reservations': ['dc4ef493-17ad-41bc-a82b-fe8b0e7732d3', '347d053a-e812-41af-8ead-b4e72c33dfda', '2a799a84-210b-4808-b4f1-d0d980413a48', '73636497-6b70-4c63-a737-b9982b6c0408']}' {{(pid=100884) _task_receiver /usr/local/lib/python3.8/dist-packages/taskflow/listeners/logging.py:178}}
Aug 29 08:58:48.962252 dv-cinder-806490-1-iscsi devstack@c-api.service[100884]: DEBUG cinder.volume.api [None req-d561666a-7e86-4efe-9ad5-678f7db4c4f5 tempest-GroupsTest-77997510 tempest-GroupsTest-77997510-project] Task 'cinder.volume.flows.api.create_volume.EntryCreateTask;volume:create' (8f04dabb-01b5-401b-8c5d-885971e1400a) transitioned into state 'RUNNING' from state 'PENDING' {{(pid=100884) _task_receiver /usr/local/lib/python3.8/dist-packages/taskflow/listeners/logging.py:190}}
Aug 29 08:58:48.998533 dv-cinder-806490-1-iscsi devstack@c-api.service[100883]: DEBUG cinder.volume.api [None req-655fdccd-6a62-42a2-b0a9-d6545ae060bc tempest-VolumesActionsTest-512317318 tempest-VolumesActionsTest-512317318-project] Task 'cinder.volume.flows.api.create_volume.EntryCreateTask;volume:create' (d8796b60-bfb2-49ff-956d-54f673ec6c08) transitioned into state 'SUCCESS' from state 'RUNNING' with result '{'volume_id': 'fe36d4d7-44ad-4721-9462-11614d0d75eb', 'volume_properties': VolumeProperties(attach_status='detached',availability_zone='nova',cgsnapshot_id=None,consistencygroup_id=None,display_description=None,display_name='tempest-VolumesActionsTest-Volume-444305383',encryption_key_id=None,group_id=None,group_type_id=,metadata={},multiattach=False,project_id='e0c077a1a35f46c8bf62784a10f80480',qos_specs=None,replication_status=,reservations=['8d6f2707-5d1b-4ca4-bf8d-88ae2474cb8a','9aaedfb5-1cad-4903-8d35-4219a67d1c97','334e926b-3df5-40b9-8909-4716540e6571','0cb4957e-d5c9-4d8b-b6cb-d29127734179'],size=1,snapshot_id=None,source_replicaid=,source_volid=None,status='creating',user_id='30d9fbcaa0c741f58f953a96c69b9591',volume_type_id=a0883f4c-cfb7-4937-b31f-a3a3b43c1df2), 'volume': Volume(_name_id=None,admin_metadata=,attach_status='detached',availability_zone='nova',bootable=False,cluster=,cluster_name=None,consistencygroup=,consistencygroup_id=None,created_at=2021-08-29T08:58:48Z,deleted=False,deleted_at=None,display_description=None,display_name='tempest-VolumesActionsTest-Volume-444305383',ec2_id=None,encryption_key_id=None,glance_metadata=,group=,group_id=None,host=None,id=fe36d4d7-44ad-4721-9462-11614d0d75eb,launched_at=None,metadata={},migration_status=None,multiattach=False,previous_status=None,project_id='e0c077a1a35f46c8bf62784a10f80480',provider_auth=None,provider_geometry=None,provider_id=None,provider_location=None,replication_driver_data=None,replication_extended_status=None,replication_status=None,scheduled_at=None,service_uuid=None,shared_targets=True,size=1,snapshot_id=None,snapshots=,source_volid=None,status='creating',terminated_at=None,updated_at=None,use_quota=True,user_id='30d9fbcaa0c741f58f953a96c69b9591',volume_attachment=,volume_type=VolumeType(a0883f4c-cfb7-4937-b31f-a3a3b43c1df2),volume_type_id=a0883f4c-cfb7-4937-b31f-a3a3b43c1df2)}' {{(pid=100883) _task_receiver /usr/local/lib/python3.8/dist-packages/taskflow/listeners/logging.py:178}}
Aug 29 08:58:49.002391 dv-cinder-806490-1-iscsi devstack@c-api.service[100883]: DEBUG cinder.volume.api [None req-655fdccd-6a62-42a2-b0a9-d6545ae060bc tempest-VolumesActionsTest-512317318 tempest-VolumesActionsTest-512317318-project] Task 'cinder.volume.flows.api.create_volume.QuotaCommitTask;volume:create' (457aa7b4-ef5c-420f-b7ed-91bae14d92dd) transitioned into state 'RUNNING' from state 'PENDING' {{(pid=100883) _task_receiver /usr/local/lib/python3.8/dist-packages/taskflow/listeners/logging.py:190}}
Aug 29 08:58:49.028197 dv-cinder-806490-1-iscsi devstack@c-api.service[100884]: DEBUG cinder.volume.api [None req-d561666a-7e86-4efe-9ad5-678f7db4c4f5 tempest-GroupsTest-77997510 tempest-GroupsTest-77997510-project] Task 'cinder.volume.flows.api.create_volume.EntryCreateTask;volume:create' (8f04dabb-01b5-401b-8c5d-885971e1400a) transitioned into state 'SUCCESS' from state 'RUNNING' with result '{'volume_id': 'e47a2b63-47b3-4dcd-a7e8-e222dac438ec', 'volume_properties': VolumeProperties(attach_status='detached',availability_zone='nova',cgsnapshot_id=None,consistencygroup_id=None,display_description=None,display_name='tempest-GroupsTest-Volume-1740002954',encryption_key_id=None,group_id=c4942bbe-ac75-4e1f-8090-a732ef4a1500,group_type_id=,metadata={},multiattach=False,project_id='666908030cd246518c5abf6f8a8399ea',qos_specs=None,replication_status=,reservations=['dc4ef493-17ad-41bc-a82b-fe8b0e7732d3','347d053a-e812-41af-8ead-b4e72c33dfda','2a799a84-210b-4808-b4f1-d0d980413a48','73636497-6b70-4c63-a737-b9982b6c0408'],size=1,snapshot_id=None,source_replicaid=,source_volid=None,status='creating',user_id='9087a62052db48aaaaf07958868df85b',volume_type_id=8d8b1e14-1def-423c-a53d-169fc140f6f4), 'volume': Volume(_name_id=None,admin_metadata=,attach_status='detached',availability_zone='nova',bootable=False,cluster=,cluster_name=None,consistencygroup=,consistencygroup_id=None,created_at=2021-08-29T08:58:48Z,deleted=False,deleted_at=None,display_description=None,display_name='tempest-GroupsTest-Volume-1740002954',ec2_id=None,encryption_key_id=None,glance_metadata=,group=,group_id=c4942bbe-ac75-4e1f-8090-a732ef4a1500,host=None,id=e47a2b63-47b3-4dcd-a7e8-e222dac438ec,launched_at=None,metadata={},migration_status=None,multiattach=False,previous_status=None,project_id='666908030cd246518c5abf6f8a8399ea',provider_auth=None,provider_geometry=None,provider_id=None,provider_location=None,replication_driver_data=None,replication_extended_status=None,replication_status=None,scheduled_at=None,service_uuid=None,shared_targets=True,size=1,snapshot_id=None,snapshots=,source_volid=None,status='creating',terminated_at=None,updated_at=None,use_quota=True,user_id='9087a62052db48aaaaf07958868df85b',volume_attachment=,volume_type=VolumeType(8d8b1e14-1def-423c-a53d-169fc140f6f4),volume_type_id=8d8b1e14-1def-423c-a53d-169fc140f6f4)}' {{(pid=100884) _task_receiver /usr/local/lib/python3.8/dist-packages/taskflow/listeners/logging.py:178}}
Aug 29 08:58:49.030993 dv-cinder-806490-1-iscsi devstack@c-api.service[100884]: DEBUG cinder.volume.api [None req-d561666a-7e86-4efe-9ad5-678f7db4c4f5 tempest-GroupsTest-77997510 tempest-GroupsTest-77997510-project] Task 'cinder.volume.flows.api.create_volume.QuotaCommitTask;volume:create' (5c7d1246-91a8-41dd-b638-3bc1dc5634bd) transitioned into state 'RUNNING' from state 'PENDING' {{(pid=100884) _task_receiver /usr/local/lib/python3.8/dist-packages/taskflow/listeners/logging.py:190}}
Aug 29 08:58:49.051077 dv-cinder-806490-1-iscsi devstack@c-api.service[100883]: DEBUG cinder.volume.api [None req-655fdccd-6a62-42a2-b0a9-d6545ae060bc tempest-VolumesActionsTest-512317318 tempest-VolumesActionsTest-512317318-project] Task 'cinder.volume.flows.api.create_volume.QuotaCommitTask;volume:create' (457aa7b4-ef5c-420f-b7ed-91bae14d92dd) transitioned into state 'SUCCESS' from state 'RUNNING' with result '{'volume_properties': VolumeProperties(attach_status='detached',availability_zone='nova',cgsnapshot_id=None,consistencygroup_id=None,display_description=None,display_name='tempest-VolumesActionsTest-Volume-444305383',encryption_key_id=None,group_id=None,group_type_id=,metadata={},multiattach=False,project_id='e0c077a1a35f46c8bf62784a10f80480',qos_specs=None,replication_status=,reservations=['8d6f2707-5d1b-4ca4-bf8d-88ae2474cb8a','9aaedfb5-1cad-4903-8d35-4219a67d1c97','334e926b-3df5-40b9-8909-4716540e6571','0cb4957e-d5c9-4d8b-b6cb-d29127734179'],size=1,snapshot_id=None,source_replicaid=,source_volid=None,status='creating',user_id='30d9fbcaa0c741f58f953a96c69b9591',volume_type_id=a0883f4c-cfb7-4937-b31f-a3a3b43c1df2)}' {{(pid=100883) _task_receiver /usr/local/lib/python3.8/dist-packages/taskflow/listeners/logging.py:178}}
Aug 29 08:58:49.055844 dv-cinder-806490-1-iscsi devstack@c-api.service[100883]: DEBUG cinder.volume.api [None req-655fdccd-6a62-42a2-b0a9-d6545ae060bc tempest-VolumesActionsTest-512317318 tempest-VolumesActionsTest-512317318-project] Task 'cinder.volume.flows.api.create_volume.VolumeCastTask;volume:create' (774ac663-d909-43d4-b3f3-f2e3722f32e2) transitioned into state 'RUNNING' from state 'PENDING' {{(pid=100883) _task_receiver /usr/local/lib/python3.8/dist-packages/taskflow/listeners/logging.py:190}}
Aug 29 08:58:49.082727 dv-cinder-806490-1-iscsi devstack@c-api.service[100883]: DEBUG cinder.volume.api [None req-655fdccd-6a62-42a2-b0a9-d6545ae060bc tempest-VolumesActionsTest-512317318 tempest-VolumesActionsTest-512317318-project] Task 'cinder.volume.flows.api.create_volume.VolumeCastTask;volume:create' (774ac663-d909-43d4-b3f3-f2e3722f32e2) transitioned into state 'SUCCESS' from state 'RUNNING' with result 'None' {{(pid=100883) _task_receiver /usr/local/lib/python3.8/dist-packages/taskflow/listeners/logging.py:178}}
Aug 29 08:58:49.087797 dv-cinder-806490-1-iscsi devstack@c-api.service[100884]: DEBUG cinder.volume.api [None req-d561666a-7e86-4efe-9ad5-678f7db4c4f5 tempest-GroupsTest-77997510 tempest-GroupsTest-77997510-project] Task 'cinder.volume.flows.api.create_volume.QuotaCommitTask;volume:create' (5c7d1246-91a8-41dd-b638-3bc1dc5634bd) transitioned into state 'SUCCESS' from state 'RUNNING' with result '{'volume_properties': VolumeProperties(attach_status='detached',availability_zone='nova',cgsnapshot_id=None,consistencygroup_id=None,display_description=None,display_name='tempest-GroupsTest-Volume-1740002954',encryption_key_id=None,group_id=c4942bbe-ac75-4e1f-8090-a732ef4a1500,group_type_id=,metadata={},multiattach=False,project_id='666908030cd246518c5abf6f8a8399ea',qos_specs=None,replication_status=,reservations=['dc4ef493-17ad-41bc-a82b-fe8b0e7732d3','347d053a-e812-41af-8ead-b4e72c33dfda','2a799a84-210b-4808-b4f1-d0d980413a48','73636497-6b70-4c63-a737-b9982b6c0408'],size=1,snapshot_id=None,source_replicaid=,source_volid=None,status='creating',user_id='9087a62052db48aaaaf07958868df85b',volume_type_id=8d8b1e14-1def-423c-a53d-169fc140f6f4)}' {{(pid=100884) _task_receiver /usr/local/lib/python3.8/dist-packages/taskflow/listeners/logging.py:178}}
Aug 29 08:58:49.088239 dv-cinder-806490-1-iscsi devstack@c-api.service[100883]: DEBUG cinder.volume.api [None req-655fdccd-6a62-42a2-b0a9-d6545ae060bc tempest-VolumesActionsTest-512317318 tempest-VolumesActionsTest-512317318-project] Flow 'volume_create_api' (2bcb255c-d649-47ed-9539-b9fb3fc77fb2) transitioned into state 'SUCCESS' from state 'RUNNING' {{(pid=100883) _flow_receiver /usr/local/lib/python3.8/dist-packages/taskflow/listeners/logging.py:141}}
Aug 29 08:58:49.090021 dv-cinder-806490-1-iscsi devstack@c-api.service[100883]: INFO cinder.volume.api [None req-655fdccd-6a62-42a2-b0a9-d6545ae060bc tempest-VolumesActionsTest-512317318 tempest-VolumesActionsTest-512317318-project] Create volume request issued successfully.
Aug 29 08:58:49.099445 dv-cinder-806490-1-iscsi devstack@c-api.service[100884]: DEBUG cinder.volume.api [None req-d561666a-7e86-4efe-9ad5-678f7db4c4f5 tempest-GroupsTest-77997510 tempest-GroupsTest-77997510-project] Task 'cinder.volume.flows.api.create_volume.VolumeCastTask;volume:create' (a94c41e6-52f7-4330-ac2d-0120179aedb4) transitioned into state 'RUNNING' from state 'PENDING' {{(pid=100884) _task_receiver /usr/local/lib/python3.8/dist-packages/taskflow/listeners/logging.py:190}}
Aug 29 08:58:49.103507 dv-cinder-806490-1-iscsi devstack@c-api.service[100883]: INFO cinder.api.openstack.wsgi [None req-655fdccd-6a62-42a2-b0a9-d6545ae060bc tempest-VolumesActionsTest-512317318 tempest-VolumesActionsTest-512317318-project] http://10.222.0.45/volume/v3/e0c077a1a35f46c8bf62784a10f80480/volumes returned with HTTP 202
Aug 29 08:58:49.104713 dv-cinder-806490-1-iscsi devstack@c-api.service[100883]: [pid: 100883|app: 0|req: 126/253] 10.222.0.45 () {60 vars in 1235 bytes} [Sun Aug 29 08:58:48 2021] POST /volume/v3/e0c077a1a35f46c8bf62784a10f80480/volumes => generated 817 bytes in 924 msecs (HTTP/1.1 202) 7 headers in 291 bytes (1 switches on core 0)
Aug 29 08:58:49.107292 dv-cinder-806490-1-iscsi devstack@c-api.service[100883]: INFO cinder.api.openstack.wsgi [None req-655fdccd-6a62-42a2-b0a9-d6545ae060bc tempest-VolumesActionsTest-512317318 tempest-VolumesActionsTest-512317318-project] GET http://10.222.0.45/volume//
Aug 29 08:58:49.107978 dv-cinder-806490-1-iscsi devstack@c-api.service[100883]: DEBUG cinder.api.openstack.wsgi [None req-655fdccd-6a62-42a2-b0a9-d6545ae060bc tempest-VolumesActionsTest-512317318 tempest-VolumesActionsTest-512317318-project] Empty body provided in request {{(pid=100883) get_body /opt/stack/cinder/cinder/api/openstack/wsgi.py:703}}
Aug 29 08:58:49.108253 dv-cinder-806490-1-iscsi devstack@c-api.service[100883]: /usr/local/lib/python3.8/dist-packages/webob/acceptparse.py:1047: DeprecationWarning: The behavior of AcceptValidHeader.best_match is currently being maintained for backward compatibility, but it will be deprecated in the future, as it does not conform to the RFC.
Aug 29 08:58:49.108253 dv-cinder-806490-1-iscsi devstack@c-api.service[100883]: warnings.warn(
Aug 29 08:58:49.108798 dv-cinder-806490-1-iscsi devstack@c-api.service[100883]: DEBUG cinder.api.openstack.wsgi [None req-655fdccd-6a62-42a2-b0a9-d6545ae060bc tempest-VolumesActionsTest-512317318 tempest-VolumesActionsTest-512317318-project] Calling method 'all' {{(pid=100883) _process_stack /opt/stack/cinder/cinder/api/openstack/wsgi.py:856}}
Aug 29 08:58:49.110906 dv-cinder-806490-1-iscsi devstack@c-api.service[100883]: INFO cinder.api.openstack.wsgi [None req-655fdccd-6a62-42a2-b0a9-d6545ae060bc tempest-VolumesActionsTest-512317318 tempest-VolumesActionsTest-512317318-project] http://10.222.0.45/volume// returned with HTTP 300
Aug 29 08:58:49.123885 dv-cinder-806490-1-iscsi devstack@c-api.service[100883]: [pid: 100883|app: 0|req: 127/254] 10.222.0.45 () {58 vars in 1300 bytes} [Sun Aug 29 08:58:49 2021] GET /volume/ => generated 386 bytes in 18 msecs (HTTP/1.1 300) 5 headers in 169 bytes (1 switches on core 0)
Aug 29 08:58:49.125590 dv-cinder-806490-1-iscsi devstack@c-api.service[100883]: INFO cinder.api.openstack.wsgi [None req-655fdccd-6a62-42a2-b0a9-d6545ae060bc tempest-VolumesActionsTest-512317318 tempest-VolumesActionsTest-512317318-project] GET http://10.222.0.45/volume//
Aug 29 08:58:49.126244 dv-cinder-806490-1-iscsi devstack@c-api.service[100883]: DEBUG cinder.api.openstack.wsgi [None req-655fdccd-6a62-42a2-b0a9-d6545ae060bc tempest-VolumesActionsTest-512317318 tempest-VolumesActionsTest-512317318-project] Empty body provided in request {{(pid=100883) get_body /opt/stack/cinder/cinder/api/openstack/wsgi.py:703}}
Aug 29 08:58:49.128180 dv-cinder-806490-1-iscsi devstack@c-api.service[100883]: DEBUG cinder.api.openstack.wsgi [None req-655fdccd-6a62-42a2-b0a9-d6545ae060bc tempest-VolumesActionsTest-512317318 tempest-VolumesActionsTest-512317318-project] Calling method 'all' {{(pid=100883) _process_stack /opt/stack/cinder/cinder/api/openstack/wsgi.py:856}}
Aug 29 08:58:49.129794 dv-cinder-806490-1-iscsi devstack@c-api.service[100883]: INFO cinder.api.openstack.wsgi [None req-655fdccd-6a62-42a2-b0a9-d6545ae060bc tempest-VolumesActionsTest-512317318 tempest-VolumesActionsTest-512317318-project] http://10.222.0.45/volume// returned with HTTP 300
Aug 29 08:58:49.131010 dv-cinder-806490-1-iscsi devstack@c-api.service[100883]: [pid: 100883|app: 0|req: 128/255] 10.222.0.45 () {58 vars in 1300 bytes} [Sun Aug 29 08:58:49 2021] GET /volume/ => generated 386 bytes in 6 msecs (HTTP/1.1 300) 5 headers in 169 bytes (1 switches on core 0)
Aug 29 08:58:49.138557 dv-cinder-806490-1-iscsi devstack@c-api.service[100883]: INFO cinder.api.openstack.wsgi [None req-b286044e-3eb9-4382-9185-058c8b0ed39d tempest-VolumesActionsTest-512317318 tempest-VolumesActionsTest-512317318-project] GET http://10.222.0.45/volume/v3/e0c077a1a35f46c8bf62784a10f80480/volumes/fe36d4d7-44ad-4721-9462-11614d0d75eb
Aug 29 08:58:49.139382 dv-cinder-806490-1-iscsi devstack@c-api.service[100883]: DEBUG cinder.api.openstack.wsgi [None req-b286044e-3eb9-4382-9185-058c8b0ed39d tempest-VolumesActionsTest-512317318 tempest-VolumesActionsTest-512317318-project] Empty body provided in request {{(pid=100883) get_body /opt/stack/cinder/cinder/api/openstack/wsgi.py:703}}
Aug 29 08:58:49.140025 dv-cinder-806490-1-iscsi devstack@c-api.service[100883]: DEBUG cinder.api.openstack.wsgi [None req-b286044e-3eb9-4382-9185-058c8b0ed39d tempest-VolumesActionsTest-512317318 tempest-VolumesActionsTest-512317318-project] Calling method 'show' {{(pid=100883) _process_stack /opt/stack/cinder/cinder/api/openstack/wsgi.py:856}}
Aug 29 08:58:49.157167 dv-cinder-806490-1-iscsi devstack@c-api.service[100884]: DEBUG cinder.volume.api [None req-d561666a-7e86-4efe-9ad5-678f7db4c4f5 tempest-GroupsTest-77997510 tempest-GroupsTest-77997510-project] Task 'cinder.volume.flows.api.create_volume.VolumeCastTask;volume:create' (a94c41e6-52f7-4330-ac2d-0120179aedb4) transitioned into state 'SUCCESS' from state 'RUNNING' with result 'None' {{(pid=100884) _task_receiver /usr/local/lib/python3.8/dist-packages/taskflow/listeners/logging.py:178}}
Aug 29 08:58:49.170791 dv-cinder-806490-1-iscsi devstack@c-api.service[100884]: DEBUG cinder.volume.api [None req-d561666a-7e86-4efe-9ad5-678f7db4c4f5 tempest-GroupsTest-77997510 tempest-GroupsTest-77997510-project] Flow 'volume_create_api' (f7164b13-69d8-41b0-9353-29ab97147a47) transitioned into state 'SUCCESS' from state 'RUNNING' {{(pid=100884) _flow_receiver /usr/local/lib/python3.8/dist-packages/taskflow/listeners/logging.py:141}}
Aug 29 08:58:49.172780 dv-cinder-806490-1-iscsi devstack@c-api.service[100884]: INFO cinder.volume.api [None req-d561666a-7e86-4efe-9ad5-678f7db4c4f5 tempest-GroupsTest-77997510 tempest-GroupsTest-77997510-project] Create volume request issued successfully.
Aug 29 08:58:49.173508 dv-cinder-806490-1-iscsi devstack@c-api.service[100883]: /usr/local/lib/python3.8/dist-packages/oslo_context/context.py:105: DeprecationWarning: Policy enforcement is depending on the value of is_admin. This key is deprecated. Please update your policy file to use the standard policy values.
Aug 29 08:58:49.173508 dv-cinder-806490-1-iscsi devstack@c-api.service[100883]: warnings.warn('Policy enforcement is depending on the value of '
Aug 29 08:58:49.194579 dv-cinder-806490-1-iscsi devstack@c-api.service[100883]: INFO cinder.volume.api [None req-b286044e-3eb9-4382-9185-058c8b0ed39d tempest-VolumesActionsTest-512317318 tempest-VolumesActionsTest-512317318-project] Volume info retrieved successfully.
Aug 29 08:58:49.209134 dv-cinder-806490-1-iscsi devstack@c-api.service[100884]: WARNING stevedore.named [None req-d561666a-7e86-4efe-9ad5-678f7db4c4f5 tempest-GroupsTest-77997510 tempest-GroupsTest-77997510-project] Could not load cinder.keymgr.conf_key_mgr.ConfKeyManager
Aug 29 08:58:49.209972 dv-cinder-806490-1-iscsi devstack@c-api.service[100884]: WARNING castellan.key_manager [None req-d561666a-7e86-4efe-9ad5-678f7db4c4f5 tempest-GroupsTest-77997510 tempest-GroupsTest-77997510-project] Deprecation Warning : cinder.keymgr.conf_key_mgr.ConfKeyManager is not a stevedore based driver, trying to load it as a class: stevedore.exception.NoMatches: No 'castellan.drivers' driver found, looking for 'cinder.keymgr.conf_key_mgr.ConfKeyManager'
Aug 29 08:58:49.232948 dv-cinder-806490-1-iscsi devstack@c-api.service[100884]: DEBUG oslo_db.sqlalchemy.engines [None req-d561666a-7e86-4efe-9ad5-678f7db4c4f5 tempest-GroupsTest-77997510 tempest-GroupsTest-77997510-project] MySQL server mode set to STRICT_TRANS_TABLES,STRICT_ALL_TABLES,NO_ZERO_IN_DATE,NO_ZERO_DATE,ERROR_FOR_DIVISION_BY_ZERO,TRADITIONAL,NO_ENGINE_SUBSTITUTION {{(pid=100884) _check_effective_sql_mode /usr/local/lib/python3.8/dist-packages/oslo_db/sqlalchemy/engines.py:314}}
Aug 29 08:58:49.245700 dv-cinder-806490-1-iscsi devstack@c-api.service[100883]: INFO cinder.api.openstack.wsgi [None req-b286044e-3eb9-4382-9185-058c8b0ed39d tempest-VolumesActionsTest-512317318 tempest-VolumesActionsTest-512317318-project] http://10.222.0.45/volume/v3/e0c077a1a35f46c8bf62784a10f80480/volumes/fe36d4d7-44ad-4721-9462-11614d0d75eb returned with HTTP 200
Aug 29 08:58:49.247742 dv-cinder-806490-1-iscsi devstack@c-api.service[100883]: [pid: 100883|app: 0|req: 129/256] 10.222.0.45 () {58 vars in 1325 bytes} [Sun Aug 29 08:58:49 2021] GET /volume/v3/e0c077a1a35f46c8bf62784a10f80480/volumes/fe36d4d7-44ad-4721-9462-11614d0d75eb => generated 885 bytes in 116 msecs (HTTP/1.1 200) 7 headers in 285 bytes (1 switches on core 0)
Aug 29 08:58:49.252667 dv-cinder-806490-1-iscsi devstack@c-api.service[100884]: /usr/local/lib/python3.8/dist-packages/oslo_context/context.py:105: DeprecationWarning: Policy enforcement is depending on the value of is_admin. This key is deprecated. Please update your policy file to use the standard policy values.
Aug 29 08:58:49.252667 dv-cinder-806490-1-iscsi devstack@c-api.service[100884]: warnings.warn('Policy enforcement is depending on the value of '
Aug 29 08:58:49.269366 dv-cinder-806490-1-iscsi devstack@c-api.service[100883]: INFO cinder.api.openstack.wsgi [req-fe642bff-a38b-480d-8fb1-d447e0ec256d req-917cb2a9-a42d-4570-bac9-45ad1aa043a4 tempest-AttachVolumeNegativeTest-911988776 tempest-AttachVolumeNegativeTest-911988776-project] POST http://10.222.0.45/volume/v3/412049f115b84b6889a6b6ac82fbbce0/attachments
Aug 29 08:58:49.270857 dv-cinder-806490-1-iscsi devstack@c-api.service[100883]: /usr/local/lib/python3.8/dist-packages/webob/acceptparse.py:1047: DeprecationWarning: The behavior of AcceptValidHeader.best_match is currently being maintained for backward compatibility, but it will be deprecated in the future, as it does not conform to the RFC.
Aug 29 08:58:49.270857 dv-cinder-806490-1-iscsi devstack@c-api.service[100883]: warnings.warn(
Aug 29 08:58:49.272254 dv-cinder-806490-1-iscsi devstack@c-api.service[100883]: DEBUG cinder.api.openstack.wsgi [req-fe642bff-a38b-480d-8fb1-d447e0ec256d req-917cb2a9-a42d-4570-bac9-45ad1aa043a4 tempest-AttachVolumeNegativeTest-911988776 tempest-AttachVolumeNegativeTest-911988776-project] Action: 'create', calling method: version_select, body: {"attachment": {"volume_uuid": "b2766df6-4d77-4b08-95c7-98184560ff7e", "connector": null, "instance_uuid": "756d26d2-9392-48ce-b617-104331a5faf7"}} {{(pid=100883) _process_stack /opt/stack/cinder/cinder/api/openstack/wsgi.py:854}}
Aug 29 08:58:49.288969 dv-cinder-806490-1-iscsi devstack@c-api.service[100884]: INFO cinder.api.openstack.wsgi [None req-d561666a-7e86-4efe-9ad5-678f7db4c4f5 tempest-GroupsTest-77997510 tempest-GroupsTest-77997510-project] http://10.222.0.45/volume/v3/666908030cd246518c5abf6f8a8399ea/volumes returned with HTTP 202
Aug 29 08:58:49.291013 dv-cinder-806490-1-iscsi devstack@c-api.service[100884]: [pid: 100884|app: 0|req: 128/257] 10.222.0.45 () {62 vars in 1277 bytes} [Sun Aug 29 08:58:48 2021] POST /volume/v3/666908030cd246518c5abf6f8a8399ea/volumes => generated 892 bytes in 604 msecs (HTTP/1.1 202) 7 headers in 292 bytes (1 switches on core 0)
Aug 29 08:58:49.303032 dv-cinder-806490-1-iscsi devstack@c-api.service[100884]: INFO cinder.api.openstack.wsgi [None req-3ce1a079-eafc-494e-bbfb-6ea0a3a4449e tempest-GroupSnapshotsTest-184019469 tempest-GroupSnapshotsTest-184019469-project] GET http://10.222.0.45/volume/v3/8153ce03cbb4430288314cbfe2244a88/groups/5414a694-c5f1-49c2-b75d-919c34d46716
Aug 29 08:58:49.303842 dv-cinder-806490-1-iscsi devstack@c-api.service[100884]: DEBUG cinder.api.openstack.wsgi [None req-3ce1a079-eafc-494e-bbfb-6ea0a3a4449e tempest-GroupSnapshotsTest-184019469 tempest-GroupSnapshotsTest-184019469-project] Empty body provided in request {{(pid=100884) get_body /opt/stack/cinder/cinder/api/openstack/wsgi.py:703}}
Aug 29 08:58:49.304146 dv-cinder-806490-1-iscsi devstack@c-api.service[100884]: /usr/local/lib/python3.8/dist-packages/webob/acceptparse.py:1047: DeprecationWarning: The behavior of AcceptValidHeader.best_match is currently being maintained for backward compatibility, but it will be deprecated in the future, as it does not conform to the RFC.
Aug 29 08:58:49.304146 dv-cinder-806490-1-iscsi devstack@c-api.service[100884]: warnings.warn(
Aug 29 08:58:49.304657 dv-cinder-806490-1-iscsi devstack@c-api.service[100884]: DEBUG cinder.api.openstack.wsgi [None req-3ce1a079-eafc-494e-bbfb-6ea0a3a4449e tempest-GroupSnapshotsTest-184019469 tempest-GroupSnapshotsTest-184019469-project] Calling method 'version_select' {{(pid=100884) _process_stack /opt/stack/cinder/cinder/api/openstack/wsgi.py:856}}
Aug 29 08:58:49.305288 dv-cinder-806490-1-iscsi devstack@c-api.service[100884]: DEBUG cinder.api.v3.groups [None req-3ce1a079-eafc-494e-bbfb-6ea0a3a4449e tempest-GroupSnapshotsTest-184019469 tempest-GroupSnapshotsTest-184019469-project] show called for member 5414a694-c5f1-49c2-b75d-919c34d46716 {{(pid=100884) show /opt/stack/cinder/cinder/api/v3/groups.py:58}}
Aug 29 08:58:49.329275 dv-cinder-806490-1-iscsi devstack@c-api.service[100884]: /usr/local/lib/python3.8/dist-packages/oslo_context/context.py:105: DeprecationWarning: Policy enforcement is depending on the value of is_admin. This key is deprecated. Please update your policy file to use the standard policy values.
Aug 29 08:58:49.329275 dv-cinder-806490-1-iscsi devstack@c-api.service[100884]: warnings.warn('Policy enforcement is depending on the value of '
Aug 29 08:58:49.332057 dv-cinder-806490-1-iscsi devstack@c-api.service[100883]: /usr/local/lib/python3.8/dist-packages/oslo_context/context.py:105: DeprecationWarning: Policy enforcement is depending on the value of is_admin. This key is deprecated. Please update your policy file to use the standard policy values.
Aug 29 08:58:49.332057 dv-cinder-806490-1-iscsi devstack@c-api.service[100883]: warnings.warn('Policy enforcement is depending on the value of '
Aug 29 08:58:49.376303 dv-cinder-806490-1-iscsi devstack@c-api.service[100884]: INFO cinder.api.openstack.wsgi [None req-3ce1a079-eafc-494e-bbfb-6ea0a3a4449e tempest-GroupSnapshotsTest-184019469 tempest-GroupSnapshotsTest-184019469-project] http://10.222.0.45/volume/v3/8153ce03cbb4430288314cbfe2244a88/groups/5414a694-c5f1-49c2-b75d-919c34d46716 returned with HTTP 200
Aug 29 08:58:49.385155 dv-cinder-806490-1-iscsi devstack@c-api.service[100884]: [pid: 100884|app: 0|req: 129/258] 10.222.0.45 () {60 vars in 1363 bytes} [Sun Aug 29 08:58:49 2021] GET /volume/v3/8153ce03cbb4430288314cbfe2244a88/groups/5414a694-c5f1-49c2-b75d-919c34d46716 => generated 393 bytes in 88 msecs (HTTP/1.1 200) 7 headers in 286 bytes (1 switches on core 0)
Aug 29 08:58:49.398239 dv-cinder-806490-1-iscsi devstack@c-api.service[100884]: INFO cinder.api.openstack.wsgi [req-dbcf0fdf-8a38-4d44-8a14-282039d7b324 req-2eb832c1-14c7-4327-9eaf-a86296186853 tempest-DeleteServersTestJSON-587848058 tempest-DeleteServersTestJSON-587848058-project] POST http://10.222.0.45/volume/v3/52140a30120c480a87aeaf680f31eb2b/attachments
Aug 29 08:58:49.402098 dv-cinder-806490-1-iscsi devstack@c-api.service[100884]: /usr/local/lib/python3.8/dist-packages/webob/acceptparse.py:1047: DeprecationWarning: The behavior of AcceptValidHeader.best_match is currently being maintained for backward compatibility, but it will be deprecated in the future, as it does not conform to the RFC.
Aug 29 08:58:49.402098 dv-cinder-806490-1-iscsi devstack@c-api.service[100884]: warnings.warn(
Aug 29 08:58:49.402679 dv-cinder-806490-1-iscsi devstack@c-api.service[100884]: DEBUG cinder.api.openstack.wsgi [req-dbcf0fdf-8a38-4d44-8a14-282039d7b324 req-2eb832c1-14c7-4327-9eaf-a86296186853 tempest-DeleteServersTestJSON-587848058 tempest-DeleteServersTestJSON-587848058-project] Action: 'create', calling method: version_select, body: {"attachment": {"volume_uuid": "f1eda966-7341-4dd7-8b6f-983d751d405e", "connector": null, "instance_uuid": "d33ba989-b3d9-4730-9671-e9b12dcef7de"}} {{(pid=100884) _process_stack /opt/stack/cinder/cinder/api/openstack/wsgi.py:854}}
Aug 29 08:58:49.468058 dv-cinder-806490-1-iscsi devstack@c-api.service[100884]: /usr/local/lib/python3.8/dist-packages/oslo_context/context.py:105: DeprecationWarning: Policy enforcement is depending on the value of is_admin. This key is deprecated. Please update your policy file to use the standard policy values.
Aug 29 08:58:49.468058 dv-cinder-806490-1-iscsi devstack@c-api.service[100884]: warnings.warn('Policy enforcement is depending on the value of '
Aug 29 08:58:49.549760 dv-cinder-806490-1-iscsi devstack@c-api.service[100883]: INFO cinder.api.openstack.wsgi [req-fe642bff-a38b-480d-8fb1-d447e0ec256d req-917cb2a9-a42d-4570-bac9-45ad1aa043a4 tempest-AttachVolumeNegativeTest-911988776 tempest-AttachVolumeNegativeTest-911988776-project] http://10.222.0.45/volume/v3/412049f115b84b6889a6b6ac82fbbce0/attachments returned with HTTP 200
Aug 29 08:58:49.566241 dv-cinder-806490-1-iscsi devstack@c-api.service[100883]: [pid: 100883|app: 0|req: 130/259] 10.222.0.45 () {66 vars in 1575 bytes} [Sun Aug 29 08:58:49 2021] POST /volume/v3/412049f115b84b6889a6b6ac82fbbce0/attachments => generated 273 bytes in 316 msecs (HTTP/1.1 200) 7 headers in 286 bytes (1 switches on core 0)
Aug 29 08:58:49.590433 dv-cinder-806490-1-iscsi devstack@c-api.service[100883]: INFO cinder.api.openstack.wsgi [None req-fbd303d0-ccde-439a-aa97-819d3c9baec2 tempest-GroupsTest-77997510 tempest-GroupsTest-77997510-project] GET http://10.222.0.45/volume/v3/666908030cd246518c5abf6f8a8399ea/volumes/e47a2b63-47b3-4dcd-a7e8-e222dac438ec
Aug 29 08:58:49.590834 dv-cinder-806490-1-iscsi devstack@c-api.service[100883]: DEBUG cinder.api.openstack.wsgi [None req-fbd303d0-ccde-439a-aa97-819d3c9baec2 tempest-GroupsTest-77997510 tempest-GroupsTest-77997510-project] Empty body provided in request {{(pid=100883) get_body /opt/stack/cinder/cinder/api/openstack/wsgi.py:703}}
Aug 29 08:58:49.590990 dv-cinder-806490-1-iscsi devstack@c-api.service[100883]: /usr/local/lib/python3.8/dist-packages/webob/acceptparse.py:1047: DeprecationWarning: The behavior of AcceptValidHeader.best_match is currently being maintained for backward compatibility, but it will be deprecated in the future, as it does not conform to the RFC.
Aug 29 08:58:49.590990 dv-cinder-806490-1-iscsi devstack@c-api.service[100883]: warnings.warn(
Aug 29 08:58:49.591323 dv-cinder-806490-1-iscsi devstack@c-api.service[100883]: DEBUG cinder.api.openstack.wsgi [None req-fbd303d0-ccde-439a-aa97-819d3c9baec2 tempest-GroupsTest-77997510 tempest-GroupsTest-77997510-project] Calling method 'show' {{(pid=100883) _process_stack /opt/stack/cinder/cinder/api/openstack/wsgi.py:856}}
Aug 29 08:58:49.622475 dv-cinder-806490-1-iscsi devstack@c-api.service[100883]: /usr/local/lib/python3.8/dist-packages/oslo_context/context.py:105: DeprecationWarning: Policy enforcement is depending on the value of is_admin. This key is deprecated. Please update your policy file to use the standard policy values.
Aug 29 08:58:49.622475 dv-cinder-806490-1-iscsi devstack@c-api.service[100883]: warnings.warn('Policy enforcement is depending on the value of '
Aug 29 08:58:49.647379 dv-cinder-806490-1-iscsi devstack@c-api.service[100883]: INFO cinder.volume.api [None req-fbd303d0-ccde-439a-aa97-819d3c9baec2 tempest-GroupsTest-77997510 tempest-GroupsTest-77997510-project] Volume info retrieved successfully.
Aug 29 08:58:49.654297 dv-cinder-806490-1-iscsi devstack@c-api.service[100884]: INFO cinder.api.openstack.wsgi [req-dbcf0fdf-8a38-4d44-8a14-282039d7b324 req-2eb832c1-14c7-4327-9eaf-a86296186853 tempest-DeleteServersTestJSON-587848058 tempest-DeleteServersTestJSON-587848058-project] http://10.222.0.45/volume/v3/52140a30120c480a87aeaf680f31eb2b/attachments returned with HTTP 200
Aug 29 08:58:49.656847 dv-cinder-806490-1-iscsi devstack@c-api.service[100884]: [pid: 100884|app: 0|req: 130/260] 10.222.0.45 () {66 vars in 1575 bytes} [Sun Aug 29 08:58:49 2021] POST /volume/v3/52140a30120c480a87aeaf680f31eb2b/attachments => generated 273 bytes in 276 msecs (HTTP/1.1 200) 7 headers in 286 bytes (1 switches on core 0)
Aug 29 08:58:49.658812 dv-cinder-806490-1-iscsi devstack@c-api.service[100883]: WARNING stevedore.named [None req-fbd303d0-ccde-439a-aa97-819d3c9baec2 tempest-GroupsTest-77997510 tempest-GroupsTest-77997510-project] Could not load cinder.keymgr.conf_key_mgr.ConfKeyManager
Aug 29 08:58:49.659345 dv-cinder-806490-1-iscsi devstack@c-api.service[100883]: WARNING castellan.key_manager [None req-fbd303d0-ccde-439a-aa97-819d3c9baec2 tempest-GroupsTest-77997510 tempest-GroupsTest-77997510-project] Deprecation Warning : cinder.keymgr.conf_key_mgr.ConfKeyManager is not a stevedore based driver, trying to load it as a class: stevedore.exception.NoMatches: No 'castellan.drivers' driver found, looking for 'cinder.keymgr.conf_key_mgr.ConfKeyManager'
Aug 29 08:58:49.664527 dv-cinder-806490-1-iscsi devstack@c-api.service[100884]: INFO cinder.api.openstack.wsgi [None req-71c7c963-08f4-4eee-90c9-e442c1c63af4 tempest-GroupSnapshotsTest-184019469 tempest-GroupSnapshotsTest-184019469-project] POST http://10.222.0.45/volume/v3/8153ce03cbb4430288314cbfe2244a88/volumes
Aug 29 08:58:49.666486 dv-cinder-806490-1-iscsi devstack@c-api.service[100884]: /usr/local/lib/python3.8/dist-packages/webob/acceptparse.py:1047: DeprecationWarning: The behavior of AcceptValidHeader.best_match is currently being maintained for backward compatibility, but it will be deprecated in the future, as it does not conform to the RFC.
Aug 29 08:58:49.666486 dv-cinder-806490-1-iscsi devstack@c-api.service[100884]: warnings.warn(
Aug 29 08:58:49.675190 dv-cinder-806490-1-iscsi devstack@c-api.service[100883]: DEBUG oslo_db.sqlalchemy.engines [None req-fbd303d0-ccde-439a-aa97-819d3c9baec2 tempest-GroupsTest-77997510 tempest-GroupsTest-77997510-project] MySQL server mode set to STRICT_TRANS_TABLES,STRICT_ALL_TABLES,NO_ZERO_IN_DATE,NO_ZERO_DATE,ERROR_FOR_DIVISION_BY_ZERO,TRADITIONAL,NO_ENGINE_SUBSTITUTION {{(pid=100883) _check_effective_sql_mode /usr/local/lib/python3.8/dist-packages/oslo_db/sqlalchemy/engines.py:314}}
Aug 29 08:58:49.683226 dv-cinder-806490-1-iscsi devstack@c-api.service[100884]: DEBUG cinder.api.openstack.wsgi [None req-71c7c963-08f4-4eee-90c9-e442c1c63af4 tempest-GroupSnapshotsTest-184019469 tempest-GroupSnapshotsTest-184019469-project] Action: 'create', calling method: create, body: {"volume": {"volume_type": "c5c1a464-d462-4fbd-a7cc-f0064665d9f6", "group_id": "5414a694-c5f1-49c2-b75d-919c34d46716", "size": 1, "name": "tempest-GroupSnapshotsTest-Volume-1236043918"}} {{(pid=100884) _process_stack /opt/stack/cinder/cinder/api/openstack/wsgi.py:854}}
Aug 29 08:58:49.687978 dv-cinder-806490-1-iscsi devstack@c-api.service[100884]: DEBUG cinder.api.v3.volumes [None req-71c7c963-08f4-4eee-90c9-e442c1c63af4 tempest-GroupSnapshotsTest-184019469 tempest-GroupSnapshotsTest-184019469-project] Create volume request body: {'volume': {'volume_type': 'c5c1a464-d462-4fbd-a7cc-f0064665d9f6', 'group_id': '5414a694-c5f1-49c2-b75d-919c34d46716', 'size': 1, 'name': 'tempest-GroupSnapshotsTest-Volume-1236043918'}} {{(pid=100884) create /opt/stack/cinder/cinder/api/v3/volumes.py:290}}
Aug 29 08:58:49.695286 dv-cinder-806490-1-iscsi devstack@c-api.service[100883]: /usr/local/lib/python3.8/dist-packages/oslo_context/context.py:105: DeprecationWarning: Policy enforcement is depending on the value of is_admin. This key is deprecated. Please update your policy file to use the standard policy values.
Aug 29 08:58:49.695286 dv-cinder-806490-1-iscsi devstack@c-api.service[100883]: warnings.warn('Policy enforcement is depending on the value of '
Aug 29 08:58:49.716384 dv-cinder-806490-1-iscsi devstack@c-api.service[100884]: /usr/local/lib/python3.8/dist-packages/oslo_context/context.py:105: DeprecationWarning: Policy enforcement is depending on the value of is_admin. This key is deprecated. Please update your policy file to use the standard policy values.
Aug 29 08:58:49.716384 dv-cinder-806490-1-iscsi devstack@c-api.service[100884]: warnings.warn('Policy enforcement is depending on the value of '
Aug 29 08:58:49.719283 dv-cinder-806490-1-iscsi devstack@c-api.service[100884]: INFO cinder.api.v3.volumes [None req-71c7c963-08f4-4eee-90c9-e442c1c63af4 tempest-GroupSnapshotsTest-184019469 tempest-GroupSnapshotsTest-184019469-project] Create volume of 1 GB
Aug 29 08:58:49.732704 dv-cinder-806490-1-iscsi devstack@c-api.service[100884]: INFO cinder.volume.api [None req-71c7c963-08f4-4eee-90c9-e442c1c63af4 tempest-GroupSnapshotsTest-184019469 tempest-GroupSnapshotsTest-184019469-project] Availability Zones retrieved successfully.
Aug 29 08:58:49.740615 dv-cinder-806490-1-iscsi devstack@c-api.service[100883]: INFO cinder.api.openstack.wsgi [None req-fbd303d0-ccde-439a-aa97-819d3c9baec2 tempest-GroupsTest-77997510 tempest-GroupsTest-77997510-project] http://10.222.0.45/volume/v3/666908030cd246518c5abf6f8a8399ea/volumes/e47a2b63-47b3-4dcd-a7e8-e222dac438ec returned with HTTP 200
Aug 29 08:58:49.746098 dv-cinder-806490-1-iscsi devstack@c-api.service[100883]: [pid: 100883|app: 0|req: 131/261] 10.222.0.45 () {60 vars in 1366 bytes} [Sun Aug 29 08:58:49 2021] GET /volume/v3/666908030cd246518c5abf6f8a8399ea/volumes/e47a2b63-47b3-4dcd-a7e8-e222dac438ec => generated 984 bytes in 179 msecs (HTTP/1.1 200) 7 headers in 286 bytes (1 switches on core 0)
Aug 29 08:58:49.751263 dv-cinder-806490-1-iscsi devstack@c-api.service[100884]: DEBUG cinder.volume.api [None req-71c7c963-08f4-4eee-90c9-e442c1c63af4 tempest-GroupSnapshotsTest-184019469 tempest-GroupSnapshotsTest-184019469-project] Flow 'volume_create_api' (7bbbb170-c708-4a5d-a643-d2b533b1bf9a) transitioned into state 'RUNNING' from state 'PENDING' {{(pid=100884) _flow_receiver /usr/local/lib/python3.8/dist-packages/taskflow/listeners/logging.py:141}}
Aug 29 08:58:49.754130 dv-cinder-806490-1-iscsi devstack@c-api.service[100884]: DEBUG cinder.volume.api [None req-71c7c963-08f4-4eee-90c9-e442c1c63af4 tempest-GroupSnapshotsTest-184019469 tempest-GroupSnapshotsTest-184019469-project] Task 'cinder.volume.flows.api.create_volume.ExtractVolumeRequestTask;volume:create' (5cd40eaa-49b9-4481-86b7-3852e6a4b4a3) transitioned into state 'RUNNING' from state 'PENDING' {{(pid=100884) _task_receiver /usr/local/lib/python3.8/dist-packages/taskflow/listeners/logging.py:190}}
Aug 29 08:58:49.755743 dv-cinder-806490-1-iscsi devstack@c-api.service[100884]: /usr/local/lib/python3.8/dist-packages/oslo_context/context.py:105: DeprecationWarning: Policy enforcement is depending on the value of is_admin. This key is deprecated. Please update your policy file to use the standard policy values.
Aug 29 08:58:49.755743 dv-cinder-806490-1-iscsi devstack@c-api.service[100884]: warnings.warn('Policy enforcement is depending on the value of '
Aug 29 08:58:49.756630 dv-cinder-806490-1-iscsi devstack@c-api.service[100884]: DEBUG cinder.volume.flows.api.create_volume [None req-71c7c963-08f4-4eee-90c9-e442c1c63af4 tempest-GroupSnapshotsTest-184019469 tempest-GroupSnapshotsTest-184019469-project] Validating volume size '1' using validate_int {{(pid=100884) _extract_size /opt/stack/cinder/cinder/volume/flows/api/create_volume.py:225}}
Aug 29 08:58:49.770122 dv-cinder-806490-1-iscsi devstack@c-api.service[100883]: INFO cinder.api.openstack.wsgi [None req-d550cd24-f3be-440e-9d38-37ca923a50e0 tempest-AttachVolumeNegativeTest-911988776 tempest-AttachVolumeNegativeTest-911988776-project] GET http://10.222.0.45/volume/v3/412049f115b84b6889a6b6ac82fbbce0/volumes/b2766df6-4d77-4b08-95c7-98184560ff7e
Aug 29 08:58:49.773759 dv-cinder-806490-1-iscsi devstack@c-api.service[100883]: DEBUG cinder.api.openstack.wsgi [None req-d550cd24-f3be-440e-9d38-37ca923a50e0 tempest-AttachVolumeNegativeTest-911988776 tempest-AttachVolumeNegativeTest-911988776-project] Empty body provided in request {{(pid=100883) get_body /opt/stack/cinder/cinder/api/openstack/wsgi.py:703}}
Aug 29 08:58:49.773932 dv-cinder-806490-1-iscsi devstack@c-api.service[100883]: /usr/local/lib/python3.8/dist-packages/webob/acceptparse.py:1047: DeprecationWarning: The behavior of AcceptValidHeader.best_match is currently being maintained for backward compatibility, but it will be deprecated in the future, as it does not conform to the RFC.
Aug 29 08:58:49.773932 dv-cinder-806490-1-iscsi devstack@c-api.service[100883]: warnings.warn(
Aug 29 08:58:49.777093 dv-cinder-806490-1-iscsi devstack@c-api.service[100883]: DEBUG cinder.api.openstack.wsgi [None req-d550cd24-f3be-440e-9d38-37ca923a50e0 tempest-AttachVolumeNegativeTest-911988776 tempest-AttachVolumeNegativeTest-911988776-project] Calling method 'show' {{(pid=100883) _process_stack /opt/stack/cinder/cinder/api/openstack/wsgi.py:856}}
Aug 29 08:58:49.814261 dv-cinder-806490-1-iscsi devstack@c-api.service[100883]: /usr/local/lib/python3.8/dist-packages/oslo_context/context.py:105: DeprecationWarning: Policy enforcement is depending on the value of is_admin. This key is deprecated. Please update your policy file to use the standard policy values.
Aug 29 08:58:49.814261 dv-cinder-806490-1-iscsi devstack@c-api.service[100883]: warnings.warn('Policy enforcement is depending on the value of '
Aug 29 08:58:49.837165 dv-cinder-806490-1-iscsi devstack@c-api.service[100884]: DEBUG cinder.volume.api [None req-71c7c963-08f4-4eee-90c9-e442c1c63af4 tempest-GroupSnapshotsTest-184019469 tempest-GroupSnapshotsTest-184019469-project] Task 'cinder.volume.flows.api.create_volume.ExtractVolumeRequestTask;volume:create' (5cd40eaa-49b9-4481-86b7-3852e6a4b4a3) transitioned into state 'SUCCESS' from state 'RUNNING' with result '{'size': 1, 'snapshot_id': None, 'source_volid': None, 'volume_type': VolumeType(created_at=2021-08-29T08:58:47Z,deleted=False,deleted_at=None,description=None,extra_specs={},id=c5c1a464-d462-4fbd-a7cc-f0064665d9f6,is_public=True,name='tempest-GroupSnapshotsTest-volume-type-151812537',projects=[],qos_specs=,qos_specs_id=None,updated_at=None), 'volume_type_id': 'c5c1a464-d462-4fbd-a7cc-f0064665d9f6', 'encryption_key_id': None, 'qos_specs': None, 'consistencygroup_id': None, 'cgsnapshot_id': None, 'group_id': '5414a694-c5f1-49c2-b75d-919c34d46716', 'replication_status': 'disabled', 'refresh_az': False, 'backup_id': None, 'multiattach': False, 'availability_zones': ['nova']}' {{(pid=100884) _task_receiver /usr/local/lib/python3.8/dist-packages/taskflow/listeners/logging.py:178}}
Aug 29 08:58:49.839375 dv-cinder-806490-1-iscsi devstack@c-api.service[100883]: INFO cinder.volume.api [None req-d550cd24-f3be-440e-9d38-37ca923a50e0 tempest-AttachVolumeNegativeTest-911988776 tempest-AttachVolumeNegativeTest-911988776-project] Volume info retrieved successfully.
Aug 29 08:58:49.853406 dv-cinder-806490-1-iscsi devstack@c-api.service[100884]: DEBUG cinder.volume.api [None req-71c7c963-08f4-4eee-90c9-e442c1c63af4 tempest-GroupSnapshotsTest-184019469 tempest-GroupSnapshotsTest-184019469-project] Task 'cinder.volume.flows.api.create_volume.QuotaReserveTask;volume:create' (2081dc53-5abe-4849-9be1-1ca194126e87) transitioned into state 'RUNNING' from state 'PENDING' {{(pid=100884) _task_receiver /usr/local/lib/python3.8/dist-packages/taskflow/listeners/logging.py:190}}
Aug 29 08:58:49.879475 dv-cinder-806490-1-iscsi devstack@c-api.service[100883]: /usr/local/lib/python3.8/dist-packages/oslo_context/context.py:105: DeprecationWarning: Policy enforcement is depending on the value of is_admin. This key is deprecated. Please update your policy file to use the standard policy values.
Aug 29 08:58:49.879475 dv-cinder-806490-1-iscsi devstack@c-api.service[100883]: warnings.warn('Policy enforcement is depending on the value of '
Aug 29 08:58:49.893769 dv-cinder-806490-1-iscsi devstack@c-api.service[100883]: INFO cinder.api.openstack.wsgi [None req-d550cd24-f3be-440e-9d38-37ca923a50e0 tempest-AttachVolumeNegativeTest-911988776 tempest-AttachVolumeNegativeTest-911988776-project] http://10.222.0.45/volume/v3/412049f115b84b6889a6b6ac82fbbce0/volumes/b2766df6-4d77-4b08-95c7-98184560ff7e returned with HTTP 200
Aug 29 08:58:49.894893 dv-cinder-806490-1-iscsi devstack@c-api.service[100883]: [pid: 100883|app: 0|req: 132/262] 10.222.0.45 () {58 vars in 1325 bytes} [Sun Aug 29 08:58:49 2021] GET /volume/v3/412049f115b84b6889a6b6ac82fbbce0/volumes/b2766df6-4d77-4b08-95c7-98184560ff7e => generated 916 bytes in 148 msecs (HTTP/1.1 200) 7 headers in 285 bytes (1 switches on core 0)
Aug 29 08:58:49.896098 dv-cinder-806490-1-iscsi devstack@c-api.service[100883]: INFO cinder.api.openstack.wsgi [None req-d550cd24-f3be-440e-9d38-37ca923a50e0 tempest-AttachVolumeNegativeTest-911988776 tempest-AttachVolumeNegativeTest-911988776-project] GET http://10.222.0.45/volume//
Aug 29 08:58:49.896576 dv-cinder-806490-1-iscsi devstack@c-api.service[100883]: DEBUG cinder.api.openstack.wsgi [None req-d550cd24-f3be-440e-9d38-37ca923a50e0 tempest-AttachVolumeNegativeTest-911988776 tempest-AttachVolumeNegativeTest-911988776-project] Empty body provided in request {{(pid=100883) get_body /opt/stack/cinder/cinder/api/openstack/wsgi.py:703}}
Aug 29 08:58:49.896726 dv-cinder-806490-1-iscsi devstack@c-api.service[100883]: /usr/local/lib/python3.8/dist-packages/webob/acceptparse.py:1047: DeprecationWarning: The behavior of AcceptValidHeader.best_match is currently being maintained for backward compatibility, but it will be deprecated in the future, as it does not conform to the RFC.
Aug 29 08:58:49.896726 dv-cinder-806490-1-iscsi devstack@c-api.service[100883]: warnings.warn(
Aug 29 08:58:49.897153 dv-cinder-806490-1-iscsi devstack@c-api.service[100883]: DEBUG cinder.api.openstack.wsgi [None req-d550cd24-f3be-440e-9d38-37ca923a50e0 tempest-AttachVolumeNegativeTest-911988776 tempest-AttachVolumeNegativeTest-911988776-project] Calling method 'all' {{(pid=100883) _process_stack /opt/stack/cinder/cinder/api/openstack/wsgi.py:856}}
Aug 29 08:58:49.898148 dv-cinder-806490-1-iscsi devstack@c-api.service[100883]: INFO cinder.api.openstack.wsgi [None req-d550cd24-f3be-440e-9d38-37ca923a50e0 tempest-AttachVolumeNegativeTest-911988776 tempest-AttachVolumeNegativeTest-911988776-project] http://10.222.0.45/volume// returned with HTTP 300
Aug 29 08:58:49.898744 dv-cinder-806490-1-iscsi devstack@c-api.service[100883]: [pid: 100883|app: 0|req: 133/263] 10.222.0.57 () {56 vars in 1099 bytes} [Sun Aug 29 08:58:49 2021] GET /volume/ => generated 386 bytes in 3 msecs (HTTP/1.1 300) 5 headers in 169 bytes (1 switches on core 0)
Aug 29 08:58:49.902932 dv-cinder-806490-1-iscsi devstack@c-api.service[100883]: INFO cinder.api.openstack.wsgi [None req-0c9a9bfe-46cd-45a6-ae29-cca3f33a83b9 tempest-DeleteServersTestJSON-587848058 tempest-DeleteServersTestJSON-587848058-project] GET http://10.222.0.45/volume/v3/52140a30120c480a87aeaf680f31eb2b/volumes/f1eda966-7341-4dd7-8b6f-983d751d405e
