Sep 02 16:57:06.182455 dv-cinder-806191-10-iscsi neutron-server[93948]: DEBUG neutron.api.v2.base [None req-04ea0f22-bfbc-4d37-804e-e3c7457acedd admin admin] Request body: {'router': {'name': 'tempest-TestVolumeBootPattern-1056112988-router', 'tenant_id': '9514682f2700473da35d592c89a006ec', 'external_gateway_info': {'network_id': '4b8115fd-a9e5-49ac-90d5-59b6465e7e02'}}} {{(pid=93948) prepare_request_body /opt/stack/neutron/neutron/api/v2/base.py:730}}
Sep 02 16:57:06.217400 dv-cinder-806191-10-iscsi neutron-server[93948]: DEBUG neutron_lib.callbacks.manager [None req-04ea0f22-bfbc-4d37-804e-e3c7457acedd admin admin] Notify callbacks ['neutron.services.l3_router.l3_router_plugin.L3_HA_NAT_db_mixin._before_router_create_handler-3676893', 'neutron.services.l3_router.service_providers.driver_controller.DriverController._check_router_request-11335'] for router, before_create {{(pid=93948) _notify_loop /usr/local/lib/python3.8/dist-packages/neutron_lib/callbacks/manager.py:192}}
Sep 02 16:57:06.219375 dv-cinder-806191-10-iscsi neutron-server[93948]: DEBUG neutron_lib.callbacks.manager [None req-04ea0f22-bfbc-4d37-804e-e3c7457acedd admin admin] Notify callbacks ['neutron.services.l3_router.l3_router_plugin.L3_HA_NAT_db_mixin._precommit_router_create-3674957', 'neutron.services.l3_router.l3_router_plugin.DVRResourceOperationHandler._set_distributed_flag-3696605', 'neutron.services.l3_router.l3_router_plugin.RouterAvailabilityZoneMixin._process_az_request-446321', 'neutron.services.l3_router.service_providers.driver_controller.DriverController._set_router_provider-11358'] for router, precommit_create {{(pid=93948) _notify_loop /usr/local/lib/python3.8/dist-packages/neutron_lib/callbacks/manager.py:192}}
Sep 02 16:57:06.225082 dv-cinder-806191-10-iscsi neutron-server[93949]: DEBUG neutron.pecan_wsgi.hooks.policy_enforcement [req-71d5ad71-a9ca-4604-8fce-d6108df874c8 req-652b4c23-1047-4960-9de6-efc6de9ba386 tempest-ServerRescueNegativeTestJSON-221121894 tempest-ServerRescueNegativeTestJSON-221121894-project] Attributes excluded by policy engine: ['standard_attr_id', 'binding:profile', 'binding:host_id', 'binding:vif_type', 'binding:vif_details'] {{(pid=93949) _exclude_attributes_by_policy /opt/stack/neutron/neutron/pecan_wsgi/hooks/policy_enforcement.py:255}}
Sep 02 16:57:06.234474 dv-cinder-806191-10-iscsi neutron-server[93949]: INFO neutron.wsgi [req-71d5ad71-a9ca-4604-8fce-d6108df874c8 req-652b4c23-1047-4960-9de6-efc6de9ba386 tempest-ServerRescueNegativeTestJSON-221121894 tempest-ServerRescueNegativeTestJSON-221121894-project] 10.222.0.77 "GET /v2.0/ports?device_id=5fbee127-cc66-464c-9d1c-04988e17d08b HTTP/1.1" status: 200 len: 945 time: 0.0799756
Sep 02 16:57:06.304842 dv-cinder-806191-10-iscsi neutron-server[93949]: INFO neutron.wsgi [req-71d5ad71-a9ca-4604-8fce-d6108df874c8 req-24e34c89-f508-4df8-afea-02154ef0158d tempest-ServerRescueNegativeTestJSON-221121894 tempest-ServerRescueNegativeTestJSON-221121894-project] 10.222.0.77 "GET /v2.0/security-groups?id=271cb103-9e43-4849-ad27-f4f4340b051e&fields=id&fields=name HTTP/1.1" status: 200 len: 286 time: 0.0607278
Sep 02 16:57:06.315808 dv-cinder-806191-10-iscsi neutron-server[93948]: DEBUG neutron_lib.callbacks.manager [None req-04ea0f22-bfbc-4d37-804e-e3c7457acedd admin admin] Notify callbacks [] for router_controller, precommit_add_association {{(pid=93948) _notify_loop /usr/local/lib/python3.8/dist-packages/neutron_lib/callbacks/manager.py:192}}
Sep 02 16:57:06.379754 dv-cinder-806191-10-iscsi neutron-server[93950]: DEBUG neutron.api.rpc.handlers.dhcp_rpc [None req-ce164525-676a-4360-be95-dedd6f9f6ab1 None None] Create dhcp port {'port': {'name': '', 'admin_state_up': True, 'device_id': 'dhcpb9d1d160-4a11-5e6e-a84a-65260db72064-9118deb7-e97a-4ade-b1a7-91463beb7326', 'network_id': '9118deb7-e97a-4ade-b1a7-91463beb7326', 'tenant_id': '9514682f2700473da35d592c89a006ec', 'fixed_ips': [{'subnet_id': 'a200b5e5-c856-4a2c-9434-ba566e699642'}]}} from dv-cinder-806191-10-iscsi. {{(pid=93950) create_dhcp_port /opt/stack/neutron/neutron/api/rpc/handlers/dhcp_rpc.py:285}}
Sep 02 16:57:06.380731 dv-cinder-806191-10-iscsi neutron-server[93950]: DEBUG neutron_lib.callbacks.manager [None req-ce164525-676a-4360-be95-dedd6f9f6ab1 None None] Notify callbacks ['neutron.plugins.ml2.plugin.SecurityGroupDbMixin._ensure_default_security_group_handler-614764'] for port, before_create {{(pid=93950) _notify_loop /usr/local/lib/python3.8/dist-packages/neutron_lib/callbacks/manager.py:192}}
Sep 02 16:57:06.516684 dv-cinder-806191-10-iscsi neutron-server[93948]: DEBUG neutron_lib.callbacks.manager [None req-04ea0f22-bfbc-4d37-804e-e3c7457acedd admin admin] Notify callbacks [] for router_gateway, precommit_update {{(pid=93948) _notify_loop /usr/local/lib/python3.8/dist-packages/neutron_lib/callbacks/manager.py:192}}
Sep 02 16:57:06.580042 dv-cinder-806191-10-iscsi neutron-server[93950]: DEBUG neutron.db.db_base_plugin_common [None req-ce164525-676a-4360-be95-dedd6f9f6ab1 None None] Allocated IP 172.20.0.2 (9118deb7-e97a-4ade-b1a7-91463beb7326/a200b5e5-c856-4a2c-9434-ba566e699642/c6404cdf-df2b-4c3c-a7de-3e9546aca053) {{(pid=93950) _store_ip_allocation /opt/stack/neutron/neutron/db/db_base_plugin_common.py:131}}
Sep 02 16:57:06.796528 dv-cinder-806191-10-iscsi neutron-server[93950]: DEBUG neutron_lib.callbacks.manager [None req-ce164525-676a-4360-be95-dedd6f9f6ab1 None None] Notify callbacks [] for port, precommit_create {{(pid=93950) _notify_loop /usr/local/lib/python3.8/dist-packages/neutron_lib/callbacks/manager.py:192}}
Sep 02 16:57:06.800283 dv-cinder-806191-10-iscsi neutron-server[93948]: DEBUG neutron_lib.callbacks.manager [None req-04ea0f22-bfbc-4d37-804e-e3c7457acedd admin admin] Notify callbacks [] for router_gateway, before_create {{(pid=93948) _notify_loop /usr/local/lib/python3.8/dist-packages/neutron_lib/callbacks/manager.py:192}}
Sep 02 16:57:06.817206 dv-cinder-806191-10-iscsi neutron-server[93950]: DEBUG neutron.db.provisioning_blocks [None req-ce164525-676a-4360-be95-dedd6f9f6ab1 None None] Transition to ACTIVE for port object c6404cdf-df2b-4c3c-a7de-3e9546aca053 will not be triggered until provisioned by entity L2. {{(pid=93950) add_provisioning_component /opt/stack/neutron/neutron/db/provisioning_blocks.py:73}}
Sep 02 16:57:06.823419 dv-cinder-806191-10-iscsi neutron-server[93948]: DEBUG neutron_lib.callbacks.manager [None req-04ea0f22-bfbc-4d37-804e-e3c7457acedd admin admin] Notify callbacks ['neutron.plugins.ml2.plugin.SecurityGroupDbMixin._ensure_default_security_group_handler-614764'] for port, before_create {{(pid=93948) _notify_loop /usr/local/lib/python3.8/dist-packages/neutron_lib/callbacks/manager.py:192}}
Sep 02 16:57:06.842865 dv-cinder-806191-10-iscsi neutron-server[93950]: DEBUG neutron.db.provisioning_blocks [None req-ce164525-676a-4360-be95-dedd6f9f6ab1 None None] Transition to ACTIVE for port object c6404cdf-df2b-4c3c-a7de-3e9546aca053 will not be triggered until provisioned by entity DHCP. {{(pid=93950) add_provisioning_component /opt/stack/neutron/neutron/db/provisioning_blocks.py:73}}
Sep 02 16:57:06.849984 dv-cinder-806191-10-iscsi neutron-server[93950]: DEBUG neutron_lib.callbacks.manager [None req-ce164525-676a-4360-be95-dedd6f9f6ab1 None None] Notify callbacks ['neutron.plugins.ml2.plugin.SecurityGroupServerNotifierRpcMixin._notify_sg_on_port_change-615091', 'neutron.plugins.ml2.ovo_rpc._ObjectChangeHandler.handle_event-4085670', 'neutron.api.rpc.agentnotifiers.dhcp_rpc_agent_api.DhcpAgentNotifyAPI._native_event_send_dhcp_notification-3673335', 'neutron.db.l3_dvrscheduler_db._notify_l3_agent_new_port-8762871547037'] for port, after_create {{(pid=93950) _notify_loop /usr/local/lib/python3.8/dist-packages/neutron_lib/callbacks/manager.py:192}}
Sep 02 16:57:06.921664 dv-cinder-806191-10-iscsi neutron-server[93950]: DEBUG neutron.scheduler.dhcp_agent_scheduler [None req-ce164525-676a-4360-be95-dedd6f9f6ab1 None None] Network 9118deb7-e97a-4ade-b1a7-91463beb7326 is already hosted by enough agents. {{(pid=93950) _get_dhcp_agents_hosting_network /opt/stack/neutron/neutron/scheduler/dhcp_agent_scheduler.py:275}}
Sep 02 16:57:06.925144 dv-cinder-806191-10-iscsi neutron-server[93950]: DEBUG neutron.scheduler.base_scheduler [None req-ce164525-676a-4360-be95-dedd6f9f6ab1 None None] Resources bound (agent type, host, resource id): {{(pid=93950) schedule /opt/stack/neutron/neutron/scheduler/base_scheduler.py:57}}
Sep 02 16:57:06.932905 dv-cinder-806191-10-iscsi neutron-server[93950]: DEBUG neutron.db.l3_dvrscheduler_db [None req-ce164525-676a-4360-be95-dedd6f9f6ab1 None None] Received port after_create {{(pid=93950) _notify_l3_agent_new_port /opt/stack/neutron/neutron/db/l3_dvrscheduler_db.py:535}}
Sep 02 16:57:06.948065 dv-cinder-806191-10-iscsi neutron-server[93950]: DEBUG neutron.api.rpc.handlers.resources_rpc [None req-ce164525-676a-4360-be95-dedd6f9f6ab1 None None] Pushing event updated for resources: {'Port': ['ID=c6404cdf-df2b-4c3c-a7de-3e9546aca053,revision_number=1']} {{(pid=93950) push /opt/stack/neutron/neutron/api/rpc/handlers/resources_rpc.py:237}}
Sep 02 16:57:06.956729 dv-cinder-806191-10-iscsi neutron-server[93948]: DEBUG neutron.db.db_base_plugin_common [None req-04ea0f22-bfbc-4d37-804e-e3c7457acedd admin admin] Allocated IP 172.27.1.245 (4b8115fd-a9e5-49ac-90d5-59b6465e7e02/a26e674e-8d17-4775-ab3f-e150e9a37aa0/f9b66103-437a-4efa-82a1-178eb5be5bdf) {{(pid=93948) _store_ip_allocation /opt/stack/neutron/neutron/db/db_base_plugin_common.py:131}}
Sep 02 16:57:06.979713 dv-cinder-806191-10-iscsi neutron-server[93950]: DEBUG neutron.api.rpc.callbacks.version_manager [None req-ce164525-676a-4360-be95-dedd6f9f6ab1 None None] Version for resource type AddressGroup changed None to 1.2 on consumer Open vSwitch agent@dv-cinder-806191-10-iscsi {{(pid=93950) _set_version /opt/stack/neutron/neutron/api/rpc/callbacks/version_manager.py:113}}
Sep 02 16:57:06.980453 dv-cinder-806191-10-iscsi neutron-server[93950]: DEBUG neutron.api.rpc.callbacks.version_manager [None req-ce164525-676a-4360-be95-dedd6f9f6ab1 None None] Version for resource type ConntrackHelper changed None to 1.0 on consumer Open vSwitch agent@dv-cinder-806191-10-iscsi {{(pid=93950) _set_version /opt/stack/neutron/neutron/api/rpc/callbacks/version_manager.py:113}}
Sep 02 16:57:06.981167 dv-cinder-806191-10-iscsi neutron-server[93950]: DEBUG neutron.api.rpc.callbacks.version_manager [None req-ce164525-676a-4360-be95-dedd6f9f6ab1 None None] Version for resource type Log changed None to 1.0 on consumer Open vSwitch agent@dv-cinder-806191-10-iscsi {{(pid=93950) _set_version /opt/stack/neutron/neutron/api/rpc/callbacks/version_manager.py:113}}
Sep 02 16:57:06.981714 dv-cinder-806191-10-iscsi neutron-server[93950]: DEBUG neutron.api.rpc.callbacks.version_manager [None req-ce164525-676a-4360-be95-dedd6f9f6ab1 None None] Version for resource type Network changed None to 1.1 on consumer Open vSwitch agent@dv-cinder-806191-10-iscsi {{(pid=93950) _set_version /opt/stack/neutron/neutron/api/rpc/callbacks/version_manager.py:113}}
Sep 02 16:57:06.982212 dv-cinder-806191-10-iscsi neutron-server[93950]: DEBUG neutron.api.rpc.callbacks.version_manager [None req-ce164525-676a-4360-be95-dedd6f9f6ab1 None None] Version for resource type Port changed None to 1.7 on consumer Open vSwitch agent@dv-cinder-806191-10-iscsi {{(pid=93950) _set_version /opt/stack/neutron/neutron/api/rpc/callbacks/version_manager.py:113}}
Sep 02 16:57:06.982869 dv-cinder-806191-10-iscsi neutron-server[93950]: DEBUG neutron.api.rpc.callbacks.version_manager [None req-ce164525-676a-4360-be95-dedd6f9f6ab1 None None] Version for resource type PortForwarding changed None to 1.2 on consumer Open vSwitch agent@dv-cinder-806191-10-iscsi {{(pid=93950) _set_version /opt/stack/neutron/neutron/api/rpc/callbacks/version_manager.py:113}}
Sep 02 16:57:06.983467 dv-cinder-806191-10-iscsi neutron-server[93950]: DEBUG neutron.api.rpc.callbacks.version_manager [None req-ce164525-676a-4360-be95-dedd6f9f6ab1 None None] Version for resource type QosPolicy changed None to 1.9 on consumer Open vSwitch agent@dv-cinder-806191-10-iscsi {{(pid=93950) _set_version /opt/stack/neutron/neutron/api/rpc/callbacks/version_manager.py:113}}
Sep 02 16:57:06.984593 dv-cinder-806191-10-iscsi neutron-server[93950]: DEBUG neutron.api.rpc.callbacks.version_manager [None req-ce164525-676a-4360-be95-dedd6f9f6ab1 None None] Version for resource type SecurityGroup changed None to 1.4 on consumer Open vSwitch agent@dv-cinder-806191-10-iscsi {{(pid=93950) _set_version /opt/stack/neutron/neutron/api/rpc/callbacks/version_manager.py:113}}
Sep 02 16:57:06.985085 dv-cinder-806191-10-iscsi neutron-server[93950]: DEBUG neutron.api.rpc.callbacks.version_manager [None req-ce164525-676a-4360-be95-dedd6f9f6ab1 None None] Version for resource type SecurityGroupRule changed None to 1.2 on consumer Open vSwitch agent@dv-cinder-806191-10-iscsi {{(pid=93950) _set_version /opt/stack/neutron/neutron/api/rpc/callbacks/version_manager.py:113}}
Sep 02 16:57:06.985666 dv-cinder-806191-10-iscsi neutron-server[93950]: DEBUG neutron.api.rpc.callbacks.version_manager [None req-ce164525-676a-4360-be95-dedd6f9f6ab1 None None] Version for resource type SubPort changed None to 1.0 on consumer Open vSwitch agent@dv-cinder-806191-10-iscsi {{(pid=93950) _set_version /opt/stack/neutron/neutron/api/rpc/callbacks/version_manager.py:113}}
Sep 02 16:57:06.986156 dv-cinder-806191-10-iscsi neutron-server[93950]: DEBUG neutron.api.rpc.callbacks.version_manager [None req-ce164525-676a-4360-be95-dedd6f9f6ab1 None None] Version for resource type Subnet changed None to 1.1 on consumer Open vSwitch agent@dv-cinder-806191-10-iscsi {{(pid=93950) _set_version /opt/stack/neutron/neutron/api/rpc/callbacks/version_manager.py:113}}
Sep 02 16:57:06.986650 dv-cinder-806191-10-iscsi neutron-server[93950]: DEBUG neutron.api.rpc.callbacks.version_manager [None req-ce164525-676a-4360-be95-dedd6f9f6ab1 None None] Version for resource type Trunk changed None to 1.1 on consumer Open vSwitch agent@dv-cinder-806191-10-iscsi {{(pid=93950) _set_version /opt/stack/neutron/neutron/api/rpc/callbacks/version_manager.py:113}}
Sep 02 16:57:07.020783 dv-cinder-806191-10-iscsi neutron-server[93950]: DEBUG neutron.plugins.ml2.managers [None req-ce164525-676a-4360-be95-dedd6f9f6ab1 None None] Attempting to bind port c6404cdf-df2b-4c3c-a7de-3e9546aca053 on host dv-cinder-806191-10-iscsi for vnic_type normal with profile {{(pid=93950) bind_port /opt/stack/neutron/neutron/plugins/ml2/managers.py:790}}
Sep 02 16:57:07.021239 dv-cinder-806191-10-iscsi neutron-server[93950]: DEBUG neutron.plugins.ml2.managers [None req-ce164525-676a-4360-be95-dedd6f9f6ab1 None None] Attempting to bind port c6404cdf-df2b-4c3c-a7de-3e9546aca053 by drivers openvswitch,hyperv on host dv-cinder-806191-10-iscsi at level 0 using segments [{'id': 'f61bb09e-d806-41d8-9690-a80849dfcf31', 'network_type': 'vlan', 'physical_network': 'physnet1', 'segmentation_id': 1025, 'network_id': '9118deb7-e97a-4ade-b1a7-91463beb7326'}] {{(pid=93950) _bind_port_level /opt/stack/neutron/neutron/plugins/ml2/managers.py:815}}
Sep 02 16:57:07.021598 dv-cinder-806191-10-iscsi neutron-server[93950]: DEBUG neutron.plugins.ml2.drivers.mech_agent [None req-ce164525-676a-4360-be95-dedd6f9f6ab1 None None] Attempting to bind port c6404cdf-df2b-4c3c-a7de-3e9546aca053 on network 9118deb7-e97a-4ade-b1a7-91463beb7326 {{(pid=93950) bind_port /opt/stack/neutron/neutron/plugins/ml2/drivers/mech_agent.py:85}}
Sep 02 16:57:07.028491 dv-cinder-806191-10-iscsi neutron-server[93950]: DEBUG neutron.plugins.ml2.drivers.mech_agent [None req-ce164525-676a-4360-be95-dedd6f9f6ab1 None None] Checking agent: {'id': 'f84c0674-632d-4e90-8f5b-b760aaa4a506', 'agent_type': 'Open vSwitch agent', 'binary': 'neutron-openvswitch-agent', 'topic': 'N/A', 'host': 'dv-cinder-806191-10-iscsi', 'admin_state_up': True, 'created_at': datetime.datetime(2021, 9, 2, 16, 47, 55), 'started_at': datetime.datetime(2021, 9, 2, 16, 48, 25), 'heartbeat_timestamp': datetime.datetime(2021, 9, 2, 16, 56, 55), 'description': None, 'resources_synced': None, 'availability_zone': None, 'alive': True, 'configurations': {'arp_responder_enabled': False, 'baremetal_smartnic': False, 'bridge_mappings': {'physnet1': 'br-data'}, 'datapath_type': 'system', 'devices': 0, 'enable_distributed_routing': False, 'extensions': [], 'in_distributed_mode': False, 'integration_bridge': 'br-int', 'l2_population': False, 'log_agent_heartbeats': False, 'ovs_capabilities': {'datapath_types': ['netdev', 'system'], 'iface_types': ['erspan', 'geneve', 'gre', 'internal', 'ip6erspan', 'ip6gre', 'lisp', 'patch', 'stt', 'system', 'tap', 'vxlan']}, 'ovs_hybrid_plug': False, 'resource_provider_bandwidths': {}, 'resource_provider_hypervisors': {'br-data': 'dv-cinder-806191-10-iscsi'}, 'resource_provider_inventory_defaults': {'allocation_ratio': 1.0, 'min_unit': 1, 'step_size': 1, 'reserved': 0}, 'tunnel_types': [], 'tunneling_ip': None, 'vhostuser_socket_dir': '/var/run/openvswitch'}, 'resource_versions': {'AddressGroup': '1.2', 'ConntrackHelper': '1.0', 'Log': '1.0', 'Network': '1.1', 'Port': '1.7', 'PortForwarding': '1.2', 'QosPolicy': '1.9', 'SecurityGroup': '1.4', 'SecurityGroupRule': '1.2', 'SubPort': '1.0', 'Subnet': '1.1', 'Trunk': '1.1'}} {{(pid=93950) bind_port /opt/stack/neutron/neutron/plugins/ml2/drivers/mech_agent.py:104}}
Sep 02 16:57:07.029150 dv-cinder-806191-10-iscsi neutron-server[93950]: DEBUG neutron.plugins.ml2.drivers.mech_agent [None req-ce164525-676a-4360-be95-dedd6f9f6ab1 None None] Checking segment: {'id': 'f61bb09e-d806-41d8-9690-a80849dfcf31', 'network_type': 'vlan', 'physical_network': 'physnet1', 'segmentation_id': 1025, 'network_id': '9118deb7-e97a-4ade-b1a7-91463beb7326'} for mappings: {'physnet1': 'br-data'} with network types: ['local', 'flat', 'vlan'] {{(pid=93950) check_segment_for_agent /opt/stack/neutron/neutron/plugins/ml2/drivers/mech_agent.py:352}}
Sep 02 16:57:07.029778 dv-cinder-806191-10-iscsi neutron-server[93950]: DEBUG neutron_lib.callbacks.manager [None req-ce164525-676a-4360-be95-dedd6f9f6ab1 None None] Notify callbacks [] for ovs_bridge_name, before_read {{(pid=93950) _notify_loop /usr/local/lib/python3.8/dist-packages/neutron_lib/callbacks/manager.py:192}}
Sep 02 16:57:07.030338 dv-cinder-806191-10-iscsi neutron-server[93950]: DEBUG neutron.plugins.ml2.drivers.mech_agent [None req-ce164525-676a-4360-be95-dedd6f9f6ab1 None None] Bound using segment: {'id': 'f61bb09e-d806-41d8-9690-a80849dfcf31', 'network_type': 'vlan', 'physical_network': 'physnet1', 'segmentation_id': 1025, 'network_id': '9118deb7-e97a-4ade-b1a7-91463beb7326'} {{(pid=93950) bind_port /opt/stack/neutron/neutron/plugins/ml2/drivers/mech_agent.py:114}}
Sep 02 16:57:07.031128 dv-cinder-806191-10-iscsi neutron-server[93950]: DEBUG neutron.plugins.ml2.managers [None req-ce164525-676a-4360-be95-dedd6f9f6ab1 None None] Bound port: c6404cdf-df2b-4c3c-a7de-3e9546aca053, host: dv-cinder-806191-10-iscsi, vif_type: ovs, vif_details: {"connectivity": "l2", "port_filter": true, "ovs_hybrid_plug": false, "datapath_type": "system", "bridge_name": "br-int"}, binding_levels: [{'bound_driver': 'openvswitch', 'bound_segment': {'id': 'f61bb09e-d806-41d8-9690-a80849dfcf31', 'network_type': 'vlan', 'physical_network': 'physnet1', 'segmentation_id': 1025, 'network_id': '9118deb7-e97a-4ade-b1a7-91463beb7326'}}] {{(pid=93950) _bind_port_level /opt/stack/neutron/neutron/plugins/ml2/managers.py:928}}
Sep 02 16:57:07.031784 dv-cinder-806191-10-iscsi neutron-server[93950]: DEBUG neutron_lib.callbacks.manager [None req-ce164525-676a-4360-be95-dedd6f9f6ab1 None None] Notify callbacks ['neutron.plugins.ml2.plugin.SecurityGroupDbMixin._ensure_default_security_group_handler-614764'] for port, before_update {{(pid=93950) _notify_loop /usr/local/lib/python3.8/dist-packages/neutron_lib/callbacks/manager.py:192}}
Sep 02 16:57:07.153828 dv-cinder-806191-10-iscsi neutron-server[93948]: DEBUG neutron_lib.callbacks.manager [None req-04ea0f22-bfbc-4d37-804e-e3c7457acedd admin admin] Notify callbacks [] for port, precommit_create {{(pid=93948) _notify_loop /usr/local/lib/python3.8/dist-packages/neutron_lib/callbacks/manager.py:192}}
Sep 02 16:57:07.164670 dv-cinder-806191-10-iscsi neutron-server[93950]: DEBUG neutron.plugins.ml2.db [None req-ce164525-676a-4360-be95-dedd6f9f6ab1 None None] For port c6404cdf-df2b-4c3c-a7de-3e9546aca053, host dv-cinder-806191-10-iscsi, cleared binding levels {{(pid=93950) clear_binding_levels /opt/stack/neutron/neutron/plugins/ml2/db.py:87}}
Sep 02 16:57:07.171168 dv-cinder-806191-10-iscsi neutron-server[93950]: DEBUG neutron.plugins.ml2.db [None req-ce164525-676a-4360-be95-dedd6f9f6ab1 None None] For port c6404cdf-df2b-4c3c-a7de-3e9546aca053, host dv-cinder-806191-10-iscsi, set binding levels [PortBindingLevel(driver='openvswitch',host='dv-cinder-806191-10-iscsi',level=0,port_id=c6404cdf-df2b-4c3c-a7de-3e9546aca053,segment=NetworkSegment(f61bb09e-d806-41d8-9690-a80849dfcf31),segment_id=f61bb09e-d806-41d8-9690-a80849dfcf31)] {{(pid=93950) set_binding_levels /opt/stack/neutron/neutron/plugins/ml2/db.py:59}}
Sep 02 16:57:07.178563 dv-cinder-806191-10-iscsi neutron-server[93950]: DEBUG neutron_lib.callbacks.manager [None req-ce164525-676a-4360-be95-dedd6f9f6ab1 None None] Notify callbacks ['neutron.plugins.ml2.plugin.SecurityGroupServerNotifierRpcMixin._notify_sg_on_port_change-615091', 'neutron.plugins.ml2.ovo_rpc._ObjectChangeHandler.handle_event-4085670', 'neutron.api.rpc.agentnotifiers.dhcp_rpc_agent_api.DhcpAgentNotifyAPI._native_event_send_dhcp_notification-3673335', 'neutron.db.l3_db.L3RpcNotifierMixin._notify_gateway_port_ip_changed-8762872084435', 'neutron.db.l3_dvrscheduler_db._notify_l3_agent_port_update-8762871547055', 'neutron.db.l3_hascheduler_db._notify_l3_agent_ha_port_update-8762871547073'] for port, after_update {{(pid=93950) _notify_loop /usr/local/lib/python3.8/dist-packages/neutron_lib/callbacks/manager.py:192}}
Sep 02 16:57:07.231228 dv-cinder-806191-10-iscsi neutron-server[93949]: DEBUG neutron.pecan_wsgi.hooks.policy_enforcement [req-a6e26568-6116-4057-ae65-752a95ed0818 req-ca1b48af-db14-483d-b2e2-1b30356dd574 tempest-DeleteServersTestJSON-1262343457 tempest-DeleteServersTestJSON-1262343457-project] Attributes excluded by policy engine: ['standard_attr_id', 'binding:profile', 'binding:host_id', 'binding:vif_type', 'binding:vif_details'] {{(pid=93949) _exclude_attributes_by_policy /opt/stack/neutron/neutron/pecan_wsgi/hooks/policy_enforcement.py:255}}
Sep 02 16:57:07.239155 dv-cinder-806191-10-iscsi neutron-server[93949]: INFO neutron.wsgi [req-a6e26568-6116-4057-ae65-752a95ed0818 req-ca1b48af-db14-483d-b2e2-1b30356dd574 tempest-DeleteServersTestJSON-1262343457 tempest-DeleteServersTestJSON-1262343457-project] 10.222.0.77 "GET /v2.0/ports?device_id=0a0978c8-76ff-4462-b5b5-74384f158628 HTTP/1.1" status: 200 len: 945 time: 0.1109085
Sep 02 16:57:07.258176 dv-cinder-806191-10-iscsi neutron-server[93948]: DEBUG neutron_lib.callbacks.manager [None req-04ea0f22-bfbc-4d37-804e-e3c7457acedd admin admin] Notify callbacks ['neutron.plugins.ml2.plugin.SecurityGroupServerNotifierRpcMixin._notify_sg_on_port_change-615091', 'neutron.plugins.ml2.ovo_rpc._ObjectChangeHandler.handle_event-4085670', 'neutron.api.rpc.agentnotifiers.dhcp_rpc_agent_api.DhcpAgentNotifyAPI._native_event_send_dhcp_notification-3673335', 'neutron.db.l3_dvrscheduler_db._notify_l3_agent_new_port-8762871547037'] for port, after_create {{(pid=93948) _notify_loop /usr/local/lib/python3.8/dist-packages/neutron_lib/callbacks/manager.py:192}}
Sep 02 16:57:07.277123 dv-cinder-806191-10-iscsi neutron-server[93950]: DEBUG neutron.api.rpc.handlers.resources_rpc [None req-ce164525-676a-4360-be95-dedd6f9f6ab1 None None] Pushing event updated for resources: {'Port': ['ID=c6404cdf-df2b-4c3c-a7de-3e9546aca053,revision_number=2']} {{(pid=93950) push /opt/stack/neutron/neutron/api/rpc/handlers/resources_rpc.py:237}}
Sep 02 16:57:07.292276 dv-cinder-806191-10-iscsi neutron-server[93949]: INFO neutron.wsgi [req-a6e26568-6116-4057-ae65-752a95ed0818 req-cf4abf48-c19e-48af-85c9-1a551c31d8a9 tempest-DeleteServersTestJSON-1262343457 tempest-DeleteServersTestJSON-1262343457-project] 10.222.0.77 "GET /v2.0/security-groups?id=e35e7615-8f3d-4da8-bdd1-b715ab10564b&fields=id&fields=name HTTP/1.1" status: 200 len: 286 time: 0.0518665
Sep 02 16:57:07.315001 dv-cinder-806191-10-iscsi neutron-server[93948]: DEBUG neutron.scheduler.dhcp_agent_scheduler [None req-04ea0f22-bfbc-4d37-804e-e3c7457acedd admin admin] Network 4b8115fd-a9e5-49ac-90d5-59b6465e7e02 is already hosted by enough agents. {{(pid=93948) _get_dhcp_agents_hosting_network /opt/stack/neutron/neutron/scheduler/dhcp_agent_scheduler.py:275}}
Sep 02 16:57:07.315001 dv-cinder-806191-10-iscsi neutron-server[93948]: DEBUG neutron.scheduler.base_scheduler [None req-04ea0f22-bfbc-4d37-804e-e3c7457acedd admin admin] Resources bound (agent type, host, resource id): {{(pid=93948) schedule /opt/stack/neutron/neutron/scheduler/base_scheduler.py:57}}
Sep 02 16:57:07.315432 dv-cinder-806191-10-iscsi neutron-server[93948]: DEBUG neutron.db.l3_dvrscheduler_db [None req-04ea0f22-bfbc-4d37-804e-e3c7457acedd admin admin] Received port after_create {{(pid=93948) _notify_l3_agent_new_port /opt/stack/neutron/neutron/db/l3_dvrscheduler_db.py:535}}
Sep 02 16:57:07.386398 dv-cinder-806191-10-iscsi neutron-server[93948]: DEBUG neutron.api.rpc.handlers.resources_rpc [None req-04ea0f22-bfbc-4d37-804e-e3c7457acedd admin admin] Pushing event updated for resources: {'Port': ['ID=f9b66103-437a-4efa-82a1-178eb5be5bdf,revision_number=1']} {{(pid=93948) push /opt/stack/neutron/neutron/api/rpc/handlers/resources_rpc.py:237}}
Sep 02 16:57:07.444051 dv-cinder-806191-10-iscsi neutron-server[93949]: DEBUG neutron.pecan_wsgi.hooks.policy_enforcement [req-c73a2e1e-e9a9-4691-848e-1d55b78edaa3 req-c0f78b40-6599-4db6-b56b-f89da496c1db tempest-DeleteServersTestJSON-1262343457 tempest-DeleteServersTestJSON-1262343457-project] Attributes excluded by policy engine: ['standard_attr_id', 'binding:profile', 'binding:host_id', 'binding:vif_type', 'binding:vif_details'] {{(pid=93949) _exclude_attributes_by_policy /opt/stack/neutron/neutron/pecan_wsgi/hooks/policy_enforcement.py:255}}
Sep 02 16:57:07.445590 dv-cinder-806191-10-iscsi neutron-server[93949]: INFO neutron.wsgi [req-c73a2e1e-e9a9-4691-848e-1d55b78edaa3 req-c0f78b40-6599-4db6-b56b-f89da496c1db tempest-DeleteServersTestJSON-1262343457 tempest-DeleteServersTestJSON-1262343457-project] 10.222.0.10 "GET /v2.0/ports?device_id=0a0978c8-76ff-4462-b5b5-74384f158628 HTTP/1.1" status: 200 len: 945 time: 0.0914719
Sep 02 16:57:07.490332 dv-cinder-806191-10-iscsi neutron-server[93949]: DEBUG neutron.pecan_wsgi.hooks.policy_enforcement [req-ecd0f2a7-158b-4705-a775-235ad6af20e8 req-b60d7b39-8668-444c-92e2-20424f3a17ca tempest-ServerRescueNegativeTestJSON-221121894 tempest-ServerRescueNegativeTestJSON-221121894-project] Attributes excluded by policy engine: ['standard_attr_id', 'binding:profile', 'binding:host_id', 'binding:vif_type', 'binding:vif_details'] {{(pid=93949) _exclude_attributes_by_policy /opt/stack/neutron/neutron/pecan_wsgi/hooks/policy_enforcement.py:255}}
Sep 02 16:57:07.491957 dv-cinder-806191-10-iscsi neutron-server[93949]: INFO neutron.wsgi [req-ecd0f2a7-158b-4705-a775-235ad6af20e8 req-b60d7b39-8668-444c-92e2-20424f3a17ca tempest-ServerRescueNegativeTestJSON-221121894 tempest-ServerRescueNegativeTestJSON-221121894-project] 10.222.0.77 "GET /v2.0/ports?device_id=5fbee127-cc66-464c-9d1c-04988e17d08b HTTP/1.1" status: 200 len: 945 time: 0.1000333
Sep 02 16:57:07.669849 dv-cinder-806191-10-iscsi neutron-server[93948]: DEBUG neutron_lib.callbacks.manager [None req-04ea0f22-bfbc-4d37-804e-e3c7457acedd admin admin] Notify callbacks [] for router_gateway, after_create {{(pid=93948) _notify_loop /usr/local/lib/python3.8/dist-packages/neutron_lib/callbacks/manager.py:192}}
Sep 02 16:57:07.692898 dv-cinder-806191-10-iscsi neutron-server[93949]: INFO neutron.wsgi [req-ecd0f2a7-158b-4705-a775-235ad6af20e8 req-959251c7-c6ce-4e4f-b48c-3e670facaed1 tempest-ServerRescueNegativeTestJSON-221121894 tempest-ServerRescueNegativeTestJSON-221121894-project] 10.222.0.77 "GET /v2.0/security-groups?id=271cb103-9e43-4849-ad27-f4f4340b051e&fields=id&fields=name HTTP/1.1" status: 200 len: 286 time: 0.1783659
Sep 02 16:57:07.773046 dv-cinder-806191-10-iscsi neutron-server[93949]: DEBUG neutron.plugins.ml2.plugin [req-c73a2e1e-e9a9-4691-848e-1d55b78edaa3 req-32f9a93e-cdd4-4a80-948d-6b7a04c715f7 tempest-DeleteServersTestJSON-1262343457 tempest-DeleteServersTestJSON-1262343457-project] Deleting port 8c80f05f-4282-478f-9188-b2a1b75ffe93 {{(pid=93949) _pre_delete_port /opt/stack/neutron/neutron/plugins/ml2/plugin.py:1921}}
Sep 02 16:57:07.773507 dv-cinder-806191-10-iscsi neutron-server[93949]: DEBUG neutron_lib.callbacks.manager [req-c73a2e1e-e9a9-4691-848e-1d55b78edaa3 req-32f9a93e-cdd4-4a80-948d-6b7a04c715f7 tempest-DeleteServersTestJSON-1262343457 tempest-DeleteServersTestJSON-1262343457-project] Notify callbacks ['neutron.db.l3_db.L3_NAT_dbonly_mixin._prevent_l3_port_delete_callback-8762872079095'] for port, before_delete {{(pid=93949) _notify_loop /usr/local/lib/python3.8/dist-packages/neutron_lib/callbacks/manager.py:192}}
Sep 02 16:57:07.948261 dv-cinder-806191-10-iscsi neutron-server[93949]: DEBUG neutron.plugins.ml2.db [req-c73a2e1e-e9a9-4691-848e-1d55b78edaa3 req-32f9a93e-cdd4-4a80-948d-6b7a04c715f7 tempest-DeleteServersTestJSON-1262343457 tempest-DeleteServersTestJSON-1262343457-project] For port 8c80f05f-4282-478f-9188-b2a1b75ffe93, host hv-cinder-80619, got binding levels [PortBindingLevel(driver='hyperv',host='hv-cinder-80619',level=0,port_id=8c80f05f-4282-478f-9188-b2a1b75ffe93,segment=NetworkSegment(e76adad4-5e61-4835-9d4c-c0628ae4ee48),segment_id=e76adad4-5e61-4835-9d4c-c0628ae4ee48)] {{(pid=93949) get_binding_level_objs /opt/stack/neutron/neutron/plugins/ml2/db.py:74}}
Sep 02 16:57:07.949191 dv-cinder-806191-10-iscsi neutron-server[93949]: DEBUG neutron_lib.callbacks.manager [req-c73a2e1e-e9a9-4691-848e-1d55b78edaa3 req-32f9a93e-cdd4-4a80-948d-6b7a04c715f7 tempest-DeleteServersTestJSON-1262343457 tempest-DeleteServersTestJSON-1262343457-project] Notify callbacks ['neutron.services.l3_router.l3_router_plugin.L3_NAT_dbonly_mixin._precommit_delete_port_callback-3701343'] for port, precommit_delete {{(pid=93949) _notify_loop /usr/local/lib/python3.8/dist-packages/neutron_lib/callbacks/manager.py:192}}
Sep 02 16:57:07.975924 dv-cinder-806191-10-iscsi neutron-server[93949]: DEBUG neutron.plugins.ml2.plugin [req-c73a2e1e-e9a9-4691-848e-1d55b78edaa3 req-32f9a93e-cdd4-4a80-948d-6b7a04c715f7 tempest-DeleteServersTestJSON-1262343457 tempest-DeleteServersTestJSON-1262343457-project] Calling delete_port for 8c80f05f-4282-478f-9188-b2a1b75ffe93 owned by compute:nova {{(pid=93949) delete_port /opt/stack/neutron/neutron/plugins/ml2/plugin.py:1999}}
Sep 02 16:57:08.034290 dv-cinder-806191-10-iscsi neutron-server[93948]: DEBUG neutron_lib.callbacks.manager [None req-04ea0f22-bfbc-4d37-804e-e3c7457acedd admin admin] Notify callbacks ['neutron.services.l3_router.l3_router_plugin.L3_HA_NAT_db_mixin._after_router_create-3674966', 'neutron.services.l3_router.l3_router_plugin.DVRResourceOperationHandler._create_snat_interfaces_after_change-3696522'] for router, after_create {{(pid=93948) _notify_loop /usr/local/lib/python3.8/dist-packages/neutron_lib/callbacks/manager.py:192}}
Sep 02 16:57:08.210073 dv-cinder-806191-10-iscsi neutron-server[93948]: DEBUG neutron.scheduler.l3_agent_scheduler [None req-04ea0f22-bfbc-4d37-804e-e3c7457acedd admin admin] Router 441cfbbe-89e6-4517-920b-1d574dfe929b is scheduled to L3 agent ead3c42b-5fa7-41c7-966e-5c270fb215f5 with binding_index 1 {{(pid=93948) bind_router /opt/stack/neutron/neutron/scheduler/l3_agent_scheduler.py:209}}
Sep 02 16:57:08.215742 dv-cinder-806191-10-iscsi neutron-server[93949]: DEBUG neutron_lib.callbacks.manager [req-c73a2e1e-e9a9-4691-848e-1d55b78edaa3 req-32f9a93e-cdd4-4a80-948d-6b7a04c715f7 tempest-DeleteServersTestJSON-1262343457 tempest-DeleteServersTestJSON-1262343457-project] Notify callbacks ['neutron.plugins.ml2.plugin.SecurityGroupServerNotifierRpcMixin._notify_sg_on_port_change-615091', 'neutron.plugins.ml2.ovo_rpc._ObjectChangeHandler.handle_event-4085670', 'neutron.api.rpc.agentnotifiers.dhcp_rpc_agent_api.DhcpAgentNotifyAPI._native_event_send_dhcp_notification-3673335', 'neutron.db.l3_db.L3RpcNotifierMixin._notify_routers_callback-8762872084417', 'neutron.db.l3_dvrscheduler_db._notify_port_delete-8762871547046'] for port, after_delete {{(pid=93949) _notify_loop /usr/local/lib/python3.8/dist-packages/neutron_lib/callbacks/manager.py:192}}
Sep 02 16:57:08.230775 dv-cinder-806191-10-iscsi neutron-server[93950]: DEBUG neutron.plugins.ml2.db [None req-ea046a5c-5fdd-4bb5-a870-eb969387210c None None] get_ports_and_sgs() called for port_ids ['8c80f05f-4282-478f-9188-b2a1b75ffe93'] {{(pid=93950) get_ports_and_sgs /opt/stack/neutron/neutron/plugins/ml2/db.py:156}}
Sep 02 16:57:08.329377 dv-cinder-806191-10-iscsi neutron-server[93949]: DEBUG neutron.api.rpc.handlers.resources_rpc [None req-32f9a93e-cdd4-4a80-948d-6b7a04c715f7 tempest-DeleteServersTestJSON-1262343457 tempest-DeleteServersTestJSON-1262343457-project] Pushing event deleted for resources: {'Port': ['ID=8c80f05f-4282-478f-9188-b2a1b75ffe93,revision_number=None']} {{(pid=93949) push /opt/stack/neutron/neutron/api/rpc/handlers/resources_rpc.py:237}}
Sep 02 16:57:08.459576 dv-cinder-806191-10-iscsi neutron-server[93948]: DEBUG neutron.api.rpc.agentnotifiers.l3_rpc_agent_api [None req-04ea0f22-bfbc-4d37-804e-e3c7457acedd admin admin] Notify agent at l3_agent.dv-cinder-806191-10-iscsi the message routers_updated {{(pid=93948) _agent_notification /opt/stack/neutron/neutron/api/rpc/agentnotifiers/l3_rpc_agent_api.py:65}}
Sep 02 16:57:08.472094 dv-cinder-806191-10-iscsi neutron-server[93951]: DEBUG neutron.api.rpc.handlers.l3_rpc [None req-2c813c89-e481-4181-986f-2e9b32740ad7 None None] Sync routers for ids ['441cfbbe-89e6-4517-920b-1d574dfe929b'] in dv-cinder-806191-10-iscsi {{(pid=93951) sync_routers /opt/stack/neutron/neutron/api/rpc/handlers/l3_rpc.py:125}}
Sep 02 16:57:08.483246 dv-cinder-806191-10-iscsi neutron-server[93949]: DEBUG neutron.db.l3_dvrscheduler_db [req-c73a2e1e-e9a9-4691-848e-1d55b78edaa3 req-32f9a93e-cdd4-4a80-948d-6b7a04c715f7 tempest-DeleteServersTestJSON-1262343457 tempest-DeleteServersTestJSON-1262343457-project] No DVR routers for this DVR port 8c80f05f-4282-478f-9188-b2a1b75ffe93 on host hv-cinder-80619 {{(pid=93949) get_dvr_routers_to_remove /opt/stack/neutron/neutron/db/l3_dvrscheduler_db.py:214}}
Sep 02 16:57:08.487806 dv-cinder-806191-10-iscsi neutron-server[93949]: DEBUG neutron_lib.callbacks.manager [req-c73a2e1e-e9a9-4691-848e-1d55b78edaa3 req-32f9a93e-cdd4-4a80-948d-6b7a04c715f7 tempest-DeleteServersTestJSON-1262343457 tempest-DeleteServersTestJSON-1262343457-project] Notify callbacks ['neutron.notifiers.nova.Notifier._send_nova_notification-125285'] for port, before_response {{(pid=93949) _notify_loop /usr/local/lib/python3.8/dist-packages/neutron_lib/callbacks/manager.py:192}}
Sep 02 16:57:08.490979 dv-cinder-806191-10-iscsi neutron-server[93949]: INFO neutron.wsgi [req-c73a2e1e-e9a9-4691-848e-1d55b78edaa3 req-32f9a93e-cdd4-4a80-948d-6b7a04c715f7 tempest-DeleteServersTestJSON-1262343457 tempest-DeleteServersTestJSON-1262343457-project] 10.222.0.10 "DELETE /v2.0/ports/8c80f05f-4282-478f-9188-b2a1b75ffe93 HTTP/1.1" status: 204 len: 173 time: 1.0387013
Sep 02 16:57:08.492762 dv-cinder-806191-10-iscsi neutron-server[93949]: DEBUG neutron.notifiers.nova [-] Sending events: [{'server_uuid': '0a0978c8-76ff-4462-b5b5-74384f158628', 'name': 'network-vif-deleted', 'tag': '8c80f05f-4282-478f-9188-b2a1b75ffe93'}] {{(pid=93949) send_events /opt/stack/neutron/neutron/notifiers/nova.py:262}}
Sep 02 16:57:08.497374 dv-cinder-806191-10-iscsi neutron-server[93949]: DEBUG novaclient.v2.client [-] REQ: curl -g -i --cacert "/opt/stack/data/ca-bundle.pem" -X POST http://10.222.0.77/compute/v2.1/os-server-external-events -H "Accept: application/json" -H "Content-Type: application/json" -H "User-Agent: python-novaclient" -H "X-Auth-Token: {SHA256}f3bc4e560b20d4ba5aa39a3a07ad80bb48a3396cd044c3ff1df761246d39e1b3" -H "X-OpenStack-Nova-API-Version: 2.1" -H "X-OpenStack-Request-ID: req-7ed0c698-ecfc-4f4e-88b8-576aa9a109ef" -d '{"events": [{"server_uuid": "0a0978c8-76ff-4462-b5b5-74384f158628", "name": "network-vif-deleted", "tag": "8c80f05f-4282-478f-9188-b2a1b75ffe93"}]}' {{(pid=93949) _http_log_request /usr/local/lib/python3.8/dist-packages/keystoneauth1/session.py:519}}
Sep 02 16:57:08.509772 dv-cinder-806191-10-iscsi neutron-server[93951]: DEBUG neutron.db.l3_dvrscheduler_db [None req-2c813c89-e481-4181-986f-2e9b32740ad7 None None] Routers {'441cfbbe-89e6-4517-920b-1d574dfe929b'} bound to L3 agent in host dv-cinder-806191-10-iscsi {{(pid=93951) _get_router_ids_for_agent /opt/stack/neutron/neutron/db/l3_dvrscheduler_db.py:420}}
Sep 02 16:57:08.514811 dv-cinder-806191-10-iscsi neutron-server[93951]: DEBUG neutron.db.l3_hamode_db [None req-2c813c89-e481-4181-986f-2e9b32740ad7 None None] neutron.services.l3_router.l3_router_plugin.L3RouterPlugin method get_ha_sync_data_for_host called with arguments (, 'dv-cinder-806191-10-iscsi', Agent(admin_state_up=True,agent_type='L3 agent',availability_zone='nova',binary='neutron-l3-agent',configurations={"agent_mode": "legacy", "ex_gw_ports": 3, "extensions": [], "floating_ips": 0, "handle_internal_only_routers": true, "interface_driver": "openvswitch", "interfaces": 3, "log_agent_heartbeats": false, "routers": 3},created_at=2021-09-02T16:47:55Z,description=,heartbeat_timestamp=2021-09-02T16:56:55Z,host='dv-cinder-806191-10-iscsi',id=ead3c42b-5fa7-41c7-966e-5c270fb215f5,load=0,resource_versions=,resources_synced=,started_at=2021-09-02T16:47:55Z,topic='l3_agent')) {'router_ids': ['441cfbbe-89e6-4517-920b-1d574dfe929b'], 'active': True} {{(pid=93951) wrapper /usr/local/lib/python3.8/dist-packages/oslo_log/helpers.py:65}}
Sep 02 16:57:08.524327 dv-cinder-806191-10-iscsi neutron-server[93948]: DEBUG neutron_lib.callbacks.manager [None req-04ea0f22-bfbc-4d37-804e-e3c7457acedd admin admin] Notify callbacks [] for router, before_response {{(pid=93948) _notify_loop /usr/local/lib/python3.8/dist-packages/neutron_lib/callbacks/manager.py:192}}
Sep 02 16:57:08.528229 dv-cinder-806191-10-iscsi neutron-server[93948]: INFO neutron.wsgi [None req-04ea0f22-bfbc-4d37-804e-e3c7457acedd admin admin] 10.222.0.77 "POST /v2.0/routers HTTP/1.1" status: 201 len: 924 time: 2.3490806
Sep 02 16:57:08.530476 dv-cinder-806191-10-iscsi neutron-server[93948]: DEBUG neutron.wsgi [-] (93948) accepted ('10.222.0.77', 40982) {{(pid=93948) server /usr/local/lib/python3.8/dist-packages/eventlet/wsgi.py:982}}
Sep 02 16:57:08.629756 dv-cinder-806191-10-iscsi neutron-server[93949]: INFO neutron.wsgi [req-ce24cbeb-46b2-4a3e-9f1a-740d3de154ef req-7f644306-7202-49e8-aaea-c00243fef1f4 tempest-DeleteServersTestJSON-1262343457 tempest-DeleteServersTestJSON-1262343457-project] 10.222.0.77 "GET /v2.0/ports?device_id=0a0978c8-76ff-4462-b5b5-74384f158628 HTTP/1.1" status: 200 len: 210 time: 0.1477268
Sep 02 16:57:08.639007 dv-cinder-806191-10-iscsi neutron-server[93949]: DEBUG novaclient.v2.client [-] RESP: [200] Connection: close Content-Length: 183 Content-Type: application/json Date: Thu, 02 Sep 2021 16:57:08 GMT OpenStack-API-Version: compute 2.1 Server: Apache/2.4.41 (Ubuntu) Vary: OpenStack-API-Version,X-OpenStack-Nova-API-Version X-OpenStack-Nova-API-Version: 2.1 x-compute-request-id: req-b0739d1f-c903-4671-8964-ddf4ba923a7c x-openstack-request-id: req-b0739d1f-c903-4671-8964-ddf4ba923a7c {{(pid=93949) _http_log_response /usr/local/lib/python3.8/dist-packages/keystoneauth1/session.py:550}}
Sep 02 16:57:08.639219 dv-cinder-806191-10-iscsi neutron-server[93949]: DEBUG novaclient.v2.client [-] RESP BODY: {"events": [{"server_uuid": "0a0978c8-76ff-4462-b5b5-74384f158628", "name": "network-vif-deleted", "tag": "8c80f05f-4282-478f-9188-b2a1b75ffe93", "status": "completed", "code": 200}]} {{(pid=93949) _http_log_response /usr/local/lib/python3.8/dist-packages/keystoneauth1/session.py:582}}
Sep 02 16:57:08.639402 dv-cinder-806191-10-iscsi neutron-server[93949]: DEBUG novaclient.v2.client [-] POST call to compute for http://10.222.0.77/compute/v2.1/os-server-external-events used request id req-b0739d1f-c903-4671-8964-ddf4ba923a7c {{(pid=93949) request /usr/local/lib/python3.8/dist-packages/keystoneauth1/session.py:954}}
Sep 02 16:57:08.640280 dv-cinder-806191-10-iscsi neutron-server[93949]: INFO neutron.notifiers.nova [-] Nova event response: {'server_uuid': '0a0978c8-76ff-4462-b5b5-74384f158628', 'name': 'network-vif-deleted', 'tag': '8c80f05f-4282-478f-9188-b2a1b75ffe93', 'status': 'completed', 'code': 200}
Sep 02 16:57:08.794770 dv-cinder-806191-10-iscsi neutron-server[93951]: DEBUG neutron.db.l3_dvr_db [None req-2c813c89-e481-4181-986f-2e9b32740ad7 None None] Set router 441cfbbe-89e6-4517-920b-1d574dfe929b gateway port host: dv-cinder-806191-10-iscsi {{(pid=93951) _build_routers_list /opt/stack/neutron/neutron/db/l3_dvr_db.py:906}}
Sep 02 16:57:08.856043 dv-cinder-806191-10-iscsi neutron-server[93950]: DEBUG neutron.api.rpc.handlers.dhcp_rpc [None req-92220669-5479-4001-a839-709cba910abe None None] Network 9118deb7-e97a-4ade-b1a7-91463beb7326 requested from dv-cinder-806191-10-iscsi {{(pid=93950) get_network_info /opt/stack/neutron/neutron/api/rpc/handlers/dhcp_rpc.py:218}}
Sep 02 16:57:08.891959 dv-cinder-806191-10-iscsi neutron-server[93949]: DEBUG neutron.pecan_wsgi.hooks.policy_enforcement [req-c9bc7ec0-2ec5-43f0-a8d9-ced5c0466619 req-0d1cb0a1-6fb0-48c9-9a77-2d5984475e2a tempest-ServerRescueNegativeTestJSON-221121894 tempest-ServerRescueNegativeTestJSON-221121894-project] Attributes excluded by policy engine: ['standard_attr_id', 'binding:profile', 'binding:host_id', 'binding:vif_type', 'binding:vif_details'] {{(pid=93949) _exclude_attributes_by_policy /opt/stack/neutron/neutron/pecan_wsgi/hooks/policy_enforcement.py:255}}
Sep 02 16:57:08.894413 dv-cinder-806191-10-iscsi neutron-server[93949]: INFO neutron.wsgi [req-c9bc7ec0-2ec5-43f0-a8d9-ced5c0466619 req-0d1cb0a1-6fb0-48c9-9a77-2d5984475e2a tempest-ServerRescueNegativeTestJSON-221121894 tempest-ServerRescueNegativeTestJSON-221121894-project] 10.222.0.77 "GET /v2.0/ports?device_id=5fbee127-cc66-464c-9d1c-04988e17d08b HTTP/1.1" status: 200 len: 945 time: 0.0943277
Sep 02 16:57:08.963515 dv-cinder-806191-10-iscsi neutron-server[93950]: DEBUG neutron.db.provisioning_blocks [None req-65b9ce1e-23d0-4dc7-9a7f-7204bdaf3ada None None] Provisioning for port c6404cdf-df2b-4c3c-a7de-3e9546aca053 completed by entity DHCP. {{(pid=93950) provisioning_complete /opt/stack/neutron/neutron/db/provisioning_blocks.py:133}}
Sep 02 16:57:08.979462 dv-cinder-806191-10-iscsi neutron-server[93949]: INFO neutron.wsgi [req-c9bc7ec0-2ec5-43f0-a8d9-ced5c0466619 req-44c4e3a7-a89a-4618-a3d3-18801a426cb5 tempest-ServerRescueNegativeTestJSON-221121894 tempest-ServerRescueNegativeTestJSON-221121894-project] 10.222.0.77 "GET /v2.0/security-groups?id=271cb103-9e43-4849-ad27-f4f4340b051e&fields=id&fields=name HTTP/1.1" status: 200 len: 286 time: 0.0701301
Sep 02 16:57:09.077651 dv-cinder-806191-10-iscsi neutron-server[93951]: DEBUG neutron.db.l3_hamode_db [None req-2c813c89-e481-4181-986f-2e9b32740ad7 None None] neutron.services.l3_router.l3_router_plugin.L3RouterPlugin method _process_sync_ha_data called with arguments (, [{'id': '441cfbbe-89e6-4517-920b-1d574dfe929b', 'name': 'tempest-TestVolumeBootPattern-1056112988-router', 'tenant_id': '9514682f2700473da35d592c89a006ec', 'admin_state_up': True, 'status': 'ACTIVE', 'external_gateway_info': {'network_id': '4b8115fd-a9e5-49ac-90d5-59b6465e7e02', 'external_fixed_ips': [{'subnet_id': 'a26e674e-8d17-4775-ab3f-e150e9a37aa0', 'ip_address': '172.27.1.245'}], 'enable_snat': True}, 'gw_port_id': 'f9b66103-437a-4efa-82a1-178eb5be5bdf', 'description': '', 'availability_zones': ['nova'], 'distributed': False, 'ha': False, 'ha_vr_id': 0, 'availability_zone_hints': [], 'routes': [], 'flavor_id': None, 'tags': [], 'created_at': '2021-09-02T16:57:06Z', 'updated_at': '2021-09-02T16:57:07Z', 'revision_number': 3, 'project_id': '9514682f2700473da35d592c89a006ec', 'gw_port': {'id': 'f9b66103-437a-4efa-82a1-178eb5be5bdf', 'name': '', 'network_id': '4b8115fd-a9e5-49ac-90d5-59b6465e7e02', 'tenant_id': '', 'mac_address': 'fa:16:3e:31:34:6d', 'admin_state_up': True, 'status': 'DOWN', 'device_id': '441cfbbe-89e6-4517-920b-1d574dfe929b', 'device_owner': 'network:router_gateway', 'standard_attr_id': 237, 'fixed_ips': [{'subnet_id': 'a26e674e-8d17-4775-ab3f-e150e9a37aa0', 'ip_address': '172.27.1.245', 'prefixlen': 24}], 'allowed_address_pairs': [], 'extra_dhcp_opts': [], 'security_groups': [], 'description': '', 'binding:vnic_type': 'normal', 'binding:profile': {}, 'binding:host_id': '', 'binding:vif_type': 'unbound', 'binding:vif_details': {}, 'port_security_enabled': False, 'tags': [], 'created_at': '2021-09-02T16:57:06Z', 'updated_at': '2021-09-02T16:57:06Z', 'revision_number': 1, 'project_id': '', 'subnets': [{'id': 'a26e674e-8d17-4775-ab3f-e150e9a37aa0', 'cidr': '172.27.1.0/24', 'gateway_ip': '172.27.1.1', 'dns_nameservers': [], 'ipv6_ra_mode': None, 'subnetpool_id': None}], 'extra_subnets': [], 'address_scopes': {4: None, 6: None}, 'mtu': 1500}, 'enable_snat': True, 'gw_port_host': 'dv-cinder-806191-10-iscsi'}], 'dv-cinder-806191-10-iscsi', False) {} {{(pid=93951) wrapper /usr/local/lib/python3.8/dist-packages/oslo_log/helpers.py:65}}
Sep 02 16:57:09.118116 dv-cinder-806191-10-iscsi neutron-server[93951]: DEBUG neutron.api.rpc.handlers.l3_rpc [None req-2c813c89-e481-4181-986f-2e9b32740ad7 None None] Checking router: 441cfbbe-89e6-4517-920b-1d574dfe929b for host: dv-cinder-806191-10-iscsi {{(pid=93951) _ensure_host_set_on_ports /opt/stack/neutron/neutron/api/rpc/handlers/l3_rpc.py:155}}
Sep 02 16:57:09.119368 dv-cinder-806191-10-iscsi neutron-server[93951]: DEBUG neutron.api.rpc.handlers.l3_rpc [None req-2c813c89-e481-4181-986f-2e9b32740ad7 None None] Updating router 441cfbbe-89e6-4517-920b-1d574dfe929b port f9b66103-437a-4efa-82a1-178eb5be5bdf binding host dv-cinder-806191-10-iscsi {{(pid=93951) _ensure_host_set_on_port /opt/stack/neutron/neutron/api/rpc/handlers/l3_rpc.py:205}}
Sep 02 16:57:09.189407 dv-cinder-806191-10-iscsi neutron-server[93951]: DEBUG neutron_lib.callbacks.manager [None req-2c813c89-e481-4181-986f-2e9b32740ad7 None None] Notify callbacks ['neutron.plugins.ml2.plugin.SecurityGroupDbMixin._ensure_default_security_group_handler-614764'] for port, before_update {{(pid=93951) _notify_loop /usr/local/lib/python3.8/dist-packages/neutron_lib/callbacks/manager.py:192}}
Sep 02 16:57:09.316623 dv-cinder-806191-10-iscsi neutron-server[93948]: DEBUG neutron_lib.callbacks.manager [None req-985e58f4-f280-4f76-9a45-ae19e9478b46 admin admin] Notify callbacks ['neutron.plugins.ml2.plugin.SecurityGroupDbMixin._ensure_default_security_group_handler-614764'] for port, before_create {{(pid=93948) _notify_loop /usr/local/lib/python3.8/dist-packages/neutron_lib/callbacks/manager.py:192}}
Sep 02 16:57:09.583364 dv-cinder-806191-10-iscsi neutron-server[93948]: DEBUG neutron.db.db_base_plugin_common [None req-985e58f4-f280-4f76-9a45-ae19e9478b46 admin admin] Allocated IP 172.20.0.1 (9118deb7-e97a-4ade-b1a7-91463beb7326/a200b5e5-c856-4a2c-9434-ba566e699642/a56d5c7f-2bfa-4563-a830-b057906f7f9d) {{(pid=93948) _store_ip_allocation /opt/stack/neutron/neutron/db/db_base_plugin_common.py:131}}
Sep 02 16:57:09.620419 dv-cinder-806191-10-iscsi neutron-server[93951]: DEBUG neutron_lib.callbacks.manager [None req-2c813c89-e481-4181-986f-2e9b32740ad7 None None] Notify callbacks [] for port, precommit_update {{(pid=93951) _notify_loop /usr/local/lib/python3.8/dist-packages/neutron_lib/callbacks/manager.py:192}}
Sep 02 16:57:09.635124 dv-cinder-806191-10-iscsi neutron-server[93951]: DEBUG neutron.db.provisioning_blocks [None req-2c813c89-e481-4181-986f-2e9b32740ad7 None None] Transition to ACTIVE for port object f9b66103-437a-4efa-82a1-178eb5be5bdf will not be triggered until provisioned by entity L2. {{(pid=93951) add_provisioning_component /opt/stack/neutron/neutron/db/provisioning_blocks.py:73}}
Sep 02 16:57:09.648504 dv-cinder-806191-10-iscsi neutron-server[93951]: DEBUG neutron_lib.callbacks.manager [None req-2c813c89-e481-4181-986f-2e9b32740ad7 None None] Notify callbacks ['neutron.plugins.ml2.plugin.SecurityGroupServerNotifierRpcMixin._notify_sg_on_port_change-615091', 'neutron.plugins.ml2.ovo_rpc._ObjectChangeHandler.handle_event-4085670', 'neutron.api.rpc.agentnotifiers.dhcp_rpc_agent_api.DhcpAgentNotifyAPI._native_event_send_dhcp_notification-3673335', 'neutron.db.l3_db.L3RpcNotifierMixin._notify_gateway_port_ip_changed-8762872084435', 'neutron.db.l3_dvrscheduler_db._notify_l3_agent_port_update-8762871547055', 'neutron.db.l3_hascheduler_db._notify_l3_agent_ha_port_update-8762871547073'] for port, after_update {{(pid=93951) _notify_loop /usr/local/lib/python3.8/dist-packages/neutron_lib/callbacks/manager.py:192}}
Sep 02 16:57:09.695638 dv-cinder-806191-10-iscsi neutron-server[93950]: DEBUG neutron.plugins.ml2.rpc [None req-943cbcb7-ebb4-4f16-aef2-95bd5e72af77 None None] Device c6404cdf-df2b-4c3c-a7de-3e9546aca053 up at agent ovs-agent-dv-cinder-806191-10-iscsi {{(pid=93950) update_device_up /opt/stack/neutron/neutron/plugins/ml2/rpc.py:296}}
Sep 02 16:57:09.700796 dv-cinder-806191-10-iscsi neutron-server[93951]: DEBUG neutron.api.rpc.handlers.resources_rpc [None req-9a82ff7b-bb99-4aeb-b24d-f5cb8b8d614d None None] Pushing event updated for resources: {'Port': ['ID=f9b66103-437a-4efa-82a1-178eb5be5bdf,revision_number=2']} {{(pid=93951) push /opt/stack/neutron/neutron/api/rpc/handlers/resources_rpc.py:237}}
