Aug 25 16:11:14.967763 dv-cinder-806007-1-smb devstack@c-api.service[81960]: INFO cinder.volume.api [None req-d3654256-6bd9-4e30-b9d3-5c6ef0a8c612 tempest-VolumesTransfersV355Test-593414691 tempest-VolumesTransfersV355Test-593414691-project] Availability Zones retrieved successfully.
Aug 25 16:11:14.985370 dv-cinder-806007-1-smb devstack@c-api.service[81960]: DEBUG cinder.volume.api [None req-d3654256-6bd9-4e30-b9d3-5c6ef0a8c612 tempest-VolumesTransfersV355Test-593414691 tempest-VolumesTransfersV355Test-593414691-project] Flow 'volume_create_api' (7a94a73e-aafc-4d07-9fed-822aadfd5739) transitioned into state 'RUNNING' from state 'PENDING' {{(pid=81960) _flow_receiver /usr/local/lib/python3.8/dist-packages/taskflow/listeners/logging.py:141}}
Aug 25 16:11:14.988331 dv-cinder-806007-1-smb devstack@c-api.service[81960]: DEBUG cinder.volume.api [None req-d3654256-6bd9-4e30-b9d3-5c6ef0a8c612 tempest-VolumesTransfersV355Test-593414691 tempest-VolumesTransfersV355Test-593414691-project] Task 'cinder.volume.flows.api.create_volume.ExtractVolumeRequestTask;volume:create' (5fc82bf7-98f4-4c23-a840-e6c8f5934114) transitioned into state 'RUNNING' from state 'PENDING' {{(pid=81960) _task_receiver /usr/local/lib/python3.8/dist-packages/taskflow/listeners/logging.py:190}}
Aug 25 16:11:14.990371 dv-cinder-806007-1-smb devstack@c-api.service[81960]: DEBUG cinder.volume.flows.api.create_volume [None req-d3654256-6bd9-4e30-b9d3-5c6ef0a8c612 tempest-VolumesTransfersV355Test-593414691 tempest-VolumesTransfersV355Test-593414691-project] Validating volume size '1' using validate_int {{(pid=81960) _extract_size /opt/stack/cinder/cinder/volume/flows/api/create_volume.py:202}}
Aug 25 16:11:14.993518 dv-cinder-806007-1-smb devstack@c-api.service[81959]: DEBUG cinder.volume.api [None req-77daeaaa-046d-4b2a-9b69-889142ec3d1a tempest-VolumesCloneTest-1964102090 tempest-VolumesCloneTest-1964102090-project] Task 'cinder.volume.flows.api.create_volume.VolumeCastTask;volume:create' (0647e790-2bd5-4f5d-a883-6284b46df379) transitioned into state 'SUCCESS' from state 'RUNNING' with result 'None' {{(pid=81959) _task_receiver /usr/local/lib/python3.8/dist-packages/taskflow/listeners/logging.py:178}}
Aug 25 16:11:14.996983 dv-cinder-806007-1-smb devstack@c-api.service[81959]: DEBUG cinder.volume.api [None req-77daeaaa-046d-4b2a-9b69-889142ec3d1a tempest-VolumesCloneTest-1964102090 tempest-VolumesCloneTest-1964102090-project] Flow 'volume_create_api' (9900ea05-839d-4c8c-9082-cd803fedd7f8) transitioned into state 'SUCCESS' from state 'RUNNING' {{(pid=81959) _flow_receiver /usr/local/lib/python3.8/dist-packages/taskflow/listeners/logging.py:141}}
Aug 25 16:11:15.080538 dv-cinder-806007-1-smb devstack@c-api.service[81959]: INFO cinder.volume.api [None req-77daeaaa-046d-4b2a-9b69-889142ec3d1a tempest-VolumesCloneTest-1964102090 tempest-VolumesCloneTest-1964102090-project] Create volume request issued successfully.
Aug 25 16:11:15.099864 dv-cinder-806007-1-smb devstack@c-api.service[81959]: INFO cinder.api.openstack.wsgi [None req-77daeaaa-046d-4b2a-9b69-889142ec3d1a tempest-VolumesCloneTest-1964102090 tempest-VolumesCloneTest-1964102090-project] http://10.222.0.68/volume/v3/3bad12226b4d4d31b503263cb08d6785/volumes returned with HTTP 202
Aug 25 16:11:15.102207 dv-cinder-806007-1-smb devstack@c-api.service[81959]: [pid: 81959|app: 0|req: 205/416] 10.222.0.68 () {60 vars in 1236 bytes} [Wed Aug 25 16:11:14 2021] POST /volume/v3/3bad12226b4d4d31b503263cb08d6785/volumes => generated 850 bytes in 552 msecs (HTTP/1.1 202) 7 headers in 291 bytes (1 switches on core 0)
Aug 25 16:11:15.118431 dv-cinder-806007-1-smb devstack@c-api.service[81959]: INFO cinder.api.openstack.wsgi [None req-0c0f40b9-6139-4a91-92c2-aa9163263120 tempest-VolumesCloneTest-1964102090 tempest-VolumesCloneTest-1964102090-project] GET http://10.222.0.68/volume/v3/3bad12226b4d4d31b503263cb08d6785/volumes/8203966e-3184-46dd-a28f-c4602f52a5a8
Aug 25 16:11:15.119587 dv-cinder-806007-1-smb devstack@c-api.service[81959]: DEBUG cinder.api.openstack.wsgi [None req-0c0f40b9-6139-4a91-92c2-aa9163263120 tempest-VolumesCloneTest-1964102090 tempest-VolumesCloneTest-1964102090-project] Empty body provided in request {{(pid=81959) get_body /opt/stack/cinder/cinder/api/openstack/wsgi.py:714}}
Aug 25 16:11:15.120636 dv-cinder-806007-1-smb devstack@c-api.service[81959]: /usr/local/lib/python3.8/dist-packages/webob/acceptparse.py:1047: DeprecationWarning: The behavior of AcceptValidHeader.best_match is currently being maintained for backward compatibility, but it will be deprecated in the future, as it does not conform to the RFC.
Aug 25 16:11:15.120636 dv-cinder-806007-1-smb devstack@c-api.service[81959]: warnings.warn(
Aug 25 16:11:15.121611 dv-cinder-806007-1-smb devstack@c-api.service[81959]: DEBUG cinder.api.openstack.wsgi [None req-0c0f40b9-6139-4a91-92c2-aa9163263120 tempest-VolumesCloneTest-1964102090 tempest-VolumesCloneTest-1964102090-project] Calling method 'show' {{(pid=81959) _process_stack /opt/stack/cinder/cinder/api/openstack/wsgi.py:867}}
Aug 25 16:11:15.124515 dv-cinder-806007-1-smb devstack@c-api.service[81960]: DEBUG cinder.volume.api [None req-d3654256-6bd9-4e30-b9d3-5c6ef0a8c612 tempest-VolumesTransfersV355Test-593414691 tempest-VolumesTransfersV355Test-593414691-project] Task 'cinder.volume.flows.api.create_volume.ExtractVolumeRequestTask;volume:create' (5fc82bf7-98f4-4c23-a840-e6c8f5934114) transitioned into state 'SUCCESS' from state 'RUNNING' with result '{'size': 1, 'snapshot_id': None, 'source_volid': None, 'volume_type': VolumeType(created_at=2021-08-25T15:59:18Z,deleted=False,deleted_at=None,description='Default Volume Type',extra_specs={},id=9a59161e-ed31-46a7-8f47-4b0459c06d82,is_public=True,name='__DEFAULT__',projects=[],qos_specs=,qos_specs_id=None,updated_at=2021-08-25T15:59:18Z), 'volume_type_id': '9a59161e-ed31-46a7-8f47-4b0459c06d82', 'encryption_key_id': None, 'qos_specs': None, 'consistencygroup_id': None, 'cgsnapshot_id': None, 'group_id': None, 'replication_status': 'disabled', 'refresh_az': False, 'backup_id': None, 'multiattach': False, 'availability_zones': ['nova']}' {{(pid=81960) _task_receiver /usr/local/lib/python3.8/dist-packages/taskflow/listeners/logging.py:178}}
Aug 25 16:11:15.127095 dv-cinder-806007-1-smb devstack@c-api.service[81960]: DEBUG cinder.volume.api [None req-d3654256-6bd9-4e30-b9d3-5c6ef0a8c612 tempest-VolumesTransfersV355Test-593414691 tempest-VolumesTransfersV355Test-593414691-project] Task 'cinder.volume.flows.api.create_volume.QuotaReserveTask;volume:create' (af93c328-151a-49aa-8838-d2e8df1a410b) transitioned into state 'RUNNING' from state 'PENDING' {{(pid=81960) _task_receiver /usr/local/lib/python3.8/dist-packages/taskflow/listeners/logging.py:190}}
Aug 25 16:11:15.204464 dv-cinder-806007-1-smb devstack@c-api.service[81959]: /usr/local/lib/python3.8/dist-packages/oslo_context/context.py:105: DeprecationWarning: Policy enforcement is depending on the value of is_admin. This key is deprecated. Please update your policy file to use the standard policy values.
Aug 25 16:11:15.204464 dv-cinder-806007-1-smb devstack@c-api.service[81959]: warnings.warn('Policy enforcement is depending on the value of '
Aug 25 16:11:15.216135 dv-cinder-806007-1-smb devstack@c-api.service[81960]: DEBUG cinder.quota [None req-d3654256-6bd9-4e30-b9d3-5c6ef0a8c612 tempest-VolumesTransfersV355Test-593414691 tempest-VolumesTransfersV355Test-593414691-project] Created reservations ['689bbe1a-39bc-4e32-98e1-8a016947df48', 'ae2f77f7-4d80-4e67-89c0-3401c073ade8', '3167811d-d29f-48b2-99d5-2cd3ff1f09b6', 'b39f4f1a-48ad-4aab-a257-e2f8106d109b'] {{(pid=81960) reserve /opt/stack/cinder/cinder/quota.py:1036}}
Aug 25 16:11:15.217264 dv-cinder-806007-1-smb devstack@c-api.service[81959]: INFO cinder.volume.api [None req-0c0f40b9-6139-4a91-92c2-aa9163263120 tempest-VolumesCloneTest-1964102090 tempest-VolumesCloneTest-1964102090-project] Volume info retrieved successfully.
Aug 25 16:11:15.220453 dv-cinder-806007-1-smb devstack@c-api.service[81960]: DEBUG cinder.volume.api [None req-d3654256-6bd9-4e30-b9d3-5c6ef0a8c612 tempest-VolumesTransfersV355Test-593414691 tempest-VolumesTransfersV355Test-593414691-project] Task 'cinder.volume.flows.api.create_volume.QuotaReserveTask;volume:create' (af93c328-151a-49aa-8838-d2e8df1a410b) transitioned into state 'SUCCESS' from state 'RUNNING' with result '{'reservations': ['689bbe1a-39bc-4e32-98e1-8a016947df48', 'ae2f77f7-4d80-4e67-89c0-3401c073ade8', '3167811d-d29f-48b2-99d5-2cd3ff1f09b6', 'b39f4f1a-48ad-4aab-a257-e2f8106d109b']}' {{(pid=81960) _task_receiver /usr/local/lib/python3.8/dist-packages/taskflow/listeners/logging.py:178}}
Aug 25 16:11:15.224424 dv-cinder-806007-1-smb devstack@c-api.service[81960]: DEBUG cinder.volume.api [None req-d3654256-6bd9-4e30-b9d3-5c6ef0a8c612 tempest-VolumesTransfersV355Test-593414691 tempest-VolumesTransfersV355Test-593414691-project] Task 'cinder.volume.flows.api.create_volume.EntryCreateTask;volume:create' (2978fcc4-1227-4581-8138-ad321f244eb2) transitioned into state 'RUNNING' from state 'PENDING' {{(pid=81960) _task_receiver /usr/local/lib/python3.8/dist-packages/taskflow/listeners/logging.py:190}}
Aug 25 16:11:15.243453 dv-cinder-806007-1-smb devstack@c-api.service[81959]: INFO cinder.api.openstack.wsgi [None req-0c0f40b9-6139-4a91-92c2-aa9163263120 tempest-VolumesCloneTest-1964102090 tempest-VolumesCloneTest-1964102090-project] http://10.222.0.68/volume/v3/3bad12226b4d4d31b503263cb08d6785/volumes/8203966e-3184-46dd-a28f-c4602f52a5a8 returned with HTTP 200
Aug 25 16:11:15.244448 dv-cinder-806007-1-smb devstack@c-api.service[81959]: [pid: 81959|app: 0|req: 206/417] 10.222.0.68 () {58 vars in 1325 bytes} [Wed Aug 25 16:11:15 2021] GET /volume/v3/3bad12226b4d4d31b503263cb08d6785/volumes/8203966e-3184-46dd-a28f-c4602f52a5a8 => generated 942 bytes in 133 msecs (HTTP/1.1 200) 7 headers in 285 bytes (2 switches on core 0)
Aug 25 16:11:15.256700 dv-cinder-806007-1-smb devstack@c-api.service[81959]: INFO cinder.api.openstack.wsgi [None req-b8db7c9c-bc86-40e6-9e0e-07ec4340178e tempest-VolumeRetypeWithoutMigrationTest-2130677734 tempest-VolumeRetypeWithoutMigrationTest-2130677734-project] GET http://10.222.0.68/volume/v3/5e4aa54984e94b6fbe9b2611204a83d5/volumes/5ac06ff1-6df8-42f8-881d-a420e06e3e33
Aug 25 16:11:15.257189 dv-cinder-806007-1-smb devstack@c-api.service[81959]: DEBUG cinder.api.openstack.wsgi [None req-b8db7c9c-bc86-40e6-9e0e-07ec4340178e tempest-VolumeRetypeWithoutMigrationTest-2130677734 tempest-VolumeRetypeWithoutMigrationTest-2130677734-project] Empty body provided in request {{(pid=81959) get_body /opt/stack/cinder/cinder/api/openstack/wsgi.py:714}}
Aug 25 16:11:15.257376 dv-cinder-806007-1-smb devstack@c-api.service[81959]: /usr/local/lib/python3.8/dist-packages/webob/acceptparse.py:1047: DeprecationWarning: The behavior of AcceptValidHeader.best_match is currently being maintained for backward compatibility, but it will be deprecated in the future, as it does not conform to the RFC.
Aug 25 16:11:15.257376 dv-cinder-806007-1-smb devstack@c-api.service[81959]: warnings.warn(
Aug 25 16:11:15.257697 dv-cinder-806007-1-smb devstack@c-api.service[81959]: DEBUG cinder.api.openstack.wsgi [None req-b8db7c9c-bc86-40e6-9e0e-07ec4340178e tempest-VolumeRetypeWithoutMigrationTest-2130677734 tempest-VolumeRetypeWithoutMigrationTest-2130677734-project] Calling method 'show' {{(pid=81959) _process_stack /opt/stack/cinder/cinder/api/openstack/wsgi.py:867}}
Aug 25 16:11:15.303960 dv-cinder-806007-1-smb devstack@c-api.service[81960]: DEBUG cinder.volume.api [None req-d3654256-6bd9-4e30-b9d3-5c6ef0a8c612 tempest-VolumesTransfersV355Test-593414691 tempest-VolumesTransfersV355Test-593414691-project] Task 'cinder.volume.flows.api.create_volume.EntryCreateTask;volume:create' (2978fcc4-1227-4581-8138-ad321f244eb2) transitioned into state 'SUCCESS' from state 'RUNNING' with result '{'volume_id': '5779e124-3e7b-411a-a70c-5c6e6a228f6f', 'volume_properties': VolumeProperties(attach_status='detached',availability_zone='nova',cgsnapshot_id=None,consistencygroup_id=None,display_description=None,display_name='tempest-VolumesTransfersV355Test-Volume-552584324',encryption_key_id=None,group_id=None,group_type_id=,metadata={},multiattach=False,project_id='153cdb8d8c9e4ab19ea3655f339231a0',qos_specs=None,replication_status=,reservations=['689bbe1a-39bc-4e32-98e1-8a016947df48','ae2f77f7-4d80-4e67-89c0-3401c073ade8','3167811d-d29f-48b2-99d5-2cd3ff1f09b6','b39f4f1a-48ad-4aab-a257-e2f8106d109b'],size=1,snapshot_id=None,source_replicaid=,source_volid=None,status='creating',user_id='ccdd460567ef4f62b137088ad48dac86',volume_type_id=9a59161e-ed31-46a7-8f47-4b0459c06d82), 'volume': Volume(_name_id=None,admin_metadata=,attach_status='detached',availability_zone='nova',bootable=False,cluster=,cluster_name=None,consistencygroup=,consistencygroup_id=None,created_at=2021-08-25T16:11:15Z,deleted=False,deleted_at=None,display_description=None,display_name='tempest-VolumesTransfersV355Test-Volume-552584324',ec2_id=None,encryption_key_id=None,glance_metadata=,group=,group_id=None,host=None,id=5779e124-3e7b-411a-a70c-5c6e6a228f6f,launched_at=None,metadata={},migration_status=None,multiattach=False,previous_status=None,project_id='153cdb8d8c9e4ab19ea3655f339231a0',provider_auth=None,provider_geometry=None,provider_id=None,provider_location=None,replication_driver_data=None,replication_extended_status=None,replication_status=None,scheduled_at=None,service_uuid=None,shared_targets=True,size=1,snapshot_id=None,snapshots=,source_volid=None,status='creating',terminated_at=None,updated_at=None,user_id='ccdd460567ef4f62b137088ad48dac86',volume_attachment=,volume_type=,volume_type_id=9a59161e-ed31-46a7-8f47-4b0459c06d82)}' {{(pid=81960) _task_receiver /usr/local/lib/python3.8/dist-packages/taskflow/listeners/logging.py:178}}
Aug 25 16:11:15.307664 dv-cinder-806007-1-smb devstack@c-api.service[81960]: DEBUG cinder.volume.api [None req-d3654256-6bd9-4e30-b9d3-5c6ef0a8c612 tempest-VolumesTransfersV355Test-593414691 tempest-VolumesTransfersV355Test-593414691-project] Task 'cinder.volume.flows.api.create_volume.QuotaCommitTask;volume:create' (95dc4eff-7f29-4c6e-98c0-f9f80b931316) transitioned into state 'RUNNING' from state 'PENDING' {{(pid=81960) _task_receiver /usr/local/lib/python3.8/dist-packages/taskflow/listeners/logging.py:190}}
Aug 25 16:11:15.328306 dv-cinder-806007-1-smb devstack@c-api.service[81959]: INFO cinder.api.openstack.wsgi [None req-b8db7c9c-bc86-40e6-9e0e-07ec4340178e tempest-VolumeRetypeWithoutMigrationTest-2130677734 tempest-VolumeRetypeWithoutMigrationTest-2130677734-project] http://10.222.0.68/volume/v3/5e4aa54984e94b6fbe9b2611204a83d5/volumes/5ac06ff1-6df8-42f8-881d-a420e06e3e33 returned with HTTP 404
Aug 25 16:11:15.333401 dv-cinder-806007-1-smb devstack@c-api.service[81959]: [pid: 81959|app: 0|req: 207/418] 10.222.0.68 () {58 vars in 1325 bytes} [Wed Aug 25 16:11:15 2021] GET /volume/v3/5e4aa54984e94b6fbe9b2611204a83d5/volumes/5ac06ff1-6df8-42f8-881d-a420e06e3e33 => generated 109 bytes in 80 msecs (HTTP/1.1 404) 7 headers in 292 bytes (1 switches on core 0)
Aug 25 16:11:15.339985 dv-cinder-806007-1-smb devstack@c-api.service[81959]: INFO cinder.api.openstack.wsgi [None req-e5046e90-ae47-42ad-80b2-787d7d67a83d tempest-VolumeRetypeWithoutMigrationTest-468958813 tempest-VolumeRetypeWithoutMigrationTest-468958813-project-admin] DELETE http://10.222.0.68/volume/v3/a4da5dc6dff84e2dafa2c3a805fb9270/types/eb4bd108-3cd4-4a7b-bb26-841a1dfb1887
Aug 25 16:11:15.340470 dv-cinder-806007-1-smb devstack@c-api.service[81959]: DEBUG cinder.api.openstack.wsgi [None req-e5046e90-ae47-42ad-80b2-787d7d67a83d tempest-VolumeRetypeWithoutMigrationTest-468958813 tempest-VolumeRetypeWithoutMigrationTest-468958813-project-admin] Empty body provided in request {{(pid=81959) get_body /opt/stack/cinder/cinder/api/openstack/wsgi.py:714}}
Aug 25 16:11:15.340916 dv-cinder-806007-1-smb devstack@c-api.service[81959]: DEBUG cinder.api.openstack.wsgi [None req-e5046e90-ae47-42ad-80b2-787d7d67a83d tempest-VolumeRetypeWithoutMigrationTest-468958813 tempest-VolumeRetypeWithoutMigrationTest-468958813-project-admin] Calling method '_delete' {{(pid=81959) _process_stack /opt/stack/cinder/cinder/api/openstack/wsgi.py:867}}
Aug 25 16:11:15.361617 dv-cinder-806007-1-smb devstack@c-api.service[81960]: DEBUG cinder.volume.api [None req-d3654256-6bd9-4e30-b9d3-5c6ef0a8c612 tempest-VolumesTransfersV355Test-593414691 tempest-VolumesTransfersV355Test-593414691-project] Task 'cinder.volume.flows.api.create_volume.QuotaCommitTask;volume:create' (95dc4eff-7f29-4c6e-98c0-f9f80b931316) transitioned into state 'SUCCESS' from state 'RUNNING' with result '{'volume_properties': VolumeProperties(attach_status='detached',availability_zone='nova',cgsnapshot_id=None,consistencygroup_id=None,display_description=None,display_name='tempest-VolumesTransfersV355Test-Volume-552584324',encryption_key_id=None,group_id=None,group_type_id=,metadata={},multiattach=False,project_id='153cdb8d8c9e4ab19ea3655f339231a0',qos_specs=None,replication_status=,reservations=['689bbe1a-39bc-4e32-98e1-8a016947df48','ae2f77f7-4d80-4e67-89c0-3401c073ade8','3167811d-d29f-48b2-99d5-2cd3ff1f09b6','b39f4f1a-48ad-4aab-a257-e2f8106d109b'],size=1,snapshot_id=None,source_replicaid=,source_volid=None,status='creating',user_id='ccdd460567ef4f62b137088ad48dac86',volume_type_id=9a59161e-ed31-46a7-8f47-4b0459c06d82)}' {{(pid=81960) _task_receiver /usr/local/lib/python3.8/dist-packages/taskflow/listeners/logging.py:178}}
Aug 25 16:11:15.364158 dv-cinder-806007-1-smb devstack@c-api.service[81960]: DEBUG cinder.volume.api [None req-d3654256-6bd9-4e30-b9d3-5c6ef0a8c612 tempest-VolumesTransfersV355Test-593414691 tempest-VolumesTransfersV355Test-593414691-project] Task 'cinder.volume.flows.api.create_volume.VolumeCastTask;volume:create' (cc026cae-11a7-4e6f-9b5f-6d10a0c81713) transitioned into state 'RUNNING' from state 'PENDING' {{(pid=81960) _task_receiver /usr/local/lib/python3.8/dist-packages/taskflow/listeners/logging.py:190}}
Aug 25 16:11:15.384806 dv-cinder-806007-1-smb devstack@c-api.service[81960]: DEBUG cinder.volume.api [None req-d3654256-6bd9-4e30-b9d3-5c6ef0a8c612 tempest-VolumesTransfersV355Test-593414691 tempest-VolumesTransfersV355Test-593414691-project] Task 'cinder.volume.flows.api.create_volume.VolumeCastTask;volume:create' (cc026cae-11a7-4e6f-9b5f-6d10a0c81713) transitioned into state 'SUCCESS' from state 'RUNNING' with result 'None' {{(pid=81960) _task_receiver /usr/local/lib/python3.8/dist-packages/taskflow/listeners/logging.py:178}}
Aug 25 16:11:15.388356 dv-cinder-806007-1-smb devstack@c-api.service[81960]: DEBUG cinder.volume.api [None req-d3654256-6bd9-4e30-b9d3-5c6ef0a8c612 tempest-VolumesTransfersV355Test-593414691 tempest-VolumesTransfersV355Test-593414691-project] Flow 'volume_create_api' (7a94a73e-aafc-4d07-9fed-822aadfd5739) transitioned into state 'SUCCESS' from state 'RUNNING' {{(pid=81960) _flow_receiver /usr/local/lib/python3.8/dist-packages/taskflow/listeners/logging.py:141}}
Aug 25 16:11:15.450385 dv-cinder-806007-1-smb devstack@c-api.service[81960]: INFO cinder.volume.api [None req-d3654256-6bd9-4e30-b9d3-5c6ef0a8c612 tempest-VolumesTransfersV355Test-593414691 tempest-VolumesTransfersV355Test-593414691-project] Create volume request issued successfully.
Aug 25 16:11:15.457291 dv-cinder-806007-1-smb devstack@c-api.service[81959]: /usr/local/lib/python3.8/dist-packages/sqlalchemy/orm/evaluator.py:95: SAWarning: Evaluating non-mapped column expression 'updated_at' onto ORM instances; this is a deprecated use case. Please make use of the actual mapped columns in ORM-evaluated UPDATE / DELETE expressions.
Aug 25 16:11:15.457291 dv-cinder-806007-1-smb devstack@c-api.service[81959]: util.warn(
Aug 25 16:11:15.467400 dv-cinder-806007-1-smb devstack@c-api.service[81960]: INFO cinder.api.openstack.wsgi [None req-d3654256-6bd9-4e30-b9d3-5c6ef0a8c612 tempest-VolumesTransfersV355Test-593414691 tempest-VolumesTransfersV355Test-593414691-project] http://10.222.0.68/volume/v3/153cdb8d8c9e4ab19ea3655f339231a0/volumes returned with HTTP 202
Aug 25 16:11:15.468699 dv-cinder-806007-1-smb devstack@c-api.service[81960]: [pid: 81960|app: 0|req: 212/419] 10.222.0.68 () {62 vars in 1276 bytes} [Wed Aug 25 16:11:14 2021] POST /volume/v3/153cdb8d8c9e4ab19ea3655f339231a0/volumes => generated 887 bytes in 543 msecs (HTTP/1.1 202) 7 headers in 292 bytes (1 switches on core 0)
Aug 25 16:11:15.479819 dv-cinder-806007-1-smb devstack@c-api.service[81959]: INFO cinder.api.openstack.wsgi [None req-e5046e90-ae47-42ad-80b2-787d7d67a83d tempest-VolumeRetypeWithoutMigrationTest-468958813 tempest-VolumeRetypeWithoutMigrationTest-468958813-project-admin] http://10.222.0.68/volume/v3/a4da5dc6dff84e2dafa2c3a805fb9270/types/eb4bd108-3cd4-4a7b-bb26-841a1dfb1887 returned with HTTP 202
Aug 25 16:11:15.480755 dv-cinder-806007-1-smb devstack@c-api.service[81959]: [pid: 81959|app: 0|req: 208/420] 10.222.0.68 () {58 vars in 1322 bytes} [Wed Aug 25 16:11:15 2021] DELETE /volume/v3/a4da5dc6dff84e2dafa2c3a805fb9270/types/eb4bd108-3cd4-4a7b-bb26-841a1dfb1887 => generated 0 bytes in 147 msecs (HTTP/1.1 202) 6 headers in 233 bytes (1 switches on core 0)
Aug 25 16:11:15.484229 dv-cinder-806007-1-smb devstack@c-api.service[81960]: INFO cinder.api.openstack.wsgi [None req-3d686bde-9355-4d5b-983b-882b28b41469 tempest-VolumesTransfersV355Test-593414691 tempest-VolumesTransfersV355Test-593414691-project] GET http://10.222.0.68/volume/v3/153cdb8d8c9e4ab19ea3655f339231a0/volumes/5779e124-3e7b-411a-a70c-5c6e6a228f6f
Aug 25 16:11:15.484901 dv-cinder-806007-1-smb devstack@c-api.service[81960]: DEBUG cinder.api.openstack.wsgi [None req-3d686bde-9355-4d5b-983b-882b28b41469 tempest-VolumesTransfersV355Test-593414691 tempest-VolumesTransfersV355Test-593414691-project] Empty body provided in request {{(pid=81960) get_body /opt/stack/cinder/cinder/api/openstack/wsgi.py:714}}
Aug 25 16:11:15.485246 dv-cinder-806007-1-smb devstack@c-api.service[81960]: /usr/local/lib/python3.8/dist-packages/webob/acceptparse.py:1047: DeprecationWarning: The behavior of AcceptValidHeader.best_match is currently being maintained for backward compatibility, but it will be deprecated in the future, as it does not conform to the RFC.
Aug 25 16:11:15.485246 dv-cinder-806007-1-smb devstack@c-api.service[81960]: warnings.warn(
Aug 25 16:11:15.486565 dv-cinder-806007-1-smb devstack@c-api.service[81960]: DEBUG cinder.api.openstack.wsgi [None req-3d686bde-9355-4d5b-983b-882b28b41469 tempest-VolumesTransfersV355Test-593414691 tempest-VolumesTransfersV355Test-593414691-project] Calling method 'show' {{(pid=81960) _process_stack /opt/stack/cinder/cinder/api/openstack/wsgi.py:867}}
Aug 25 16:11:15.488239 dv-cinder-806007-1-smb devstack@c-api.service[81959]: INFO cinder.api.openstack.wsgi [None req-abd60dc4-4a47-4faf-bb27-8d52b105f492 tempest-VolumeRetypeWithoutMigrationTest-468958813 tempest-VolumeRetypeWithoutMigrationTest-468958813-project-admin] GET http://10.222.0.68/volume/v3/a4da5dc6dff84e2dafa2c3a805fb9270/types/eb4bd108-3cd4-4a7b-bb26-841a1dfb1887
Aug 25 16:11:15.488758 dv-cinder-806007-1-smb devstack@c-api.service[81959]: DEBUG cinder.api.openstack.wsgi [None req-abd60dc4-4a47-4faf-bb27-8d52b105f492 tempest-VolumeRetypeWithoutMigrationTest-468958813 tempest-VolumeRetypeWithoutMigrationTest-468958813-project-admin] Empty body provided in request {{(pid=81959) get_body /opt/stack/cinder/cinder/api/openstack/wsgi.py:714}}
Aug 25 16:11:15.489553 dv-cinder-806007-1-smb devstack@c-api.service[81959]: DEBUG cinder.api.openstack.wsgi [None req-abd60dc4-4a47-4faf-bb27-8d52b105f492 tempest-VolumeRetypeWithoutMigrationTest-468958813 tempest-VolumeRetypeWithoutMigrationTest-468958813-project-admin] Calling method 'show' {{(pid=81959) _process_stack /opt/stack/cinder/cinder/api/openstack/wsgi.py:867}}
Aug 25 16:11:15.511696 dv-cinder-806007-1-smb devstack@c-api.service[81959]: INFO cinder.api.openstack.wsgi [None req-abd60dc4-4a47-4faf-bb27-8d52b105f492 tempest-VolumeRetypeWithoutMigrationTest-468958813 tempest-VolumeRetypeWithoutMigrationTest-468958813-project-admin] http://10.222.0.68/volume/v3/a4da5dc6dff84e2dafa2c3a805fb9270/types/eb4bd108-3cd4-4a7b-bb26-841a1dfb1887 returned with HTTP 404
Aug 25 16:11:15.513040 dv-cinder-806007-1-smb devstack@c-api.service[81959]: [pid: 81959|app: 0|req: 209/421] 10.222.0.68 () {58 vars in 1319 bytes} [Wed Aug 25 16:11:15 2021] GET /volume/v3/a4da5dc6dff84e2dafa2c3a805fb9270/types/eb4bd108-3cd4-4a7b-bb26-841a1dfb1887 => generated 114 bytes in 29 msecs (HTTP/1.1 404) 7 headers in 292 bytes (2 switches on core 0)
Aug 25 16:11:15.521582 dv-cinder-806007-1-smb devstack@c-api.service[81959]: INFO cinder.api.openstack.wsgi [None req-d9cfb92a-1edc-4f52-a517-c2b6c4b9ff76 tempest-VolumeRetypeWithoutMigrationTest-468958813 tempest-VolumeRetypeWithoutMigrationTest-468958813-project-admin] DELETE http://10.222.0.68/volume/v3/a4da5dc6dff84e2dafa2c3a805fb9270/types/de6193ff-c882-477c-95ae-141233cb5595
Aug 25 16:11:15.522124 dv-cinder-806007-1-smb devstack@c-api.service[81959]: DEBUG cinder.api.openstack.wsgi [None req-d9cfb92a-1edc-4f52-a517-c2b6c4b9ff76 tempest-VolumeRetypeWithoutMigrationTest-468958813 tempest-VolumeRetypeWithoutMigrationTest-468958813-project-admin] Empty body provided in request {{(pid=81959) get_body /opt/stack/cinder/cinder/api/openstack/wsgi.py:714}}
Aug 25 16:11:15.522637 dv-cinder-806007-1-smb devstack@c-api.service[81959]: DEBUG cinder.api.openstack.wsgi [None req-d9cfb92a-1edc-4f52-a517-c2b6c4b9ff76 tempest-VolumeRetypeWithoutMigrationTest-468958813 tempest-VolumeRetypeWithoutMigrationTest-468958813-project-admin] Calling method '_delete' {{(pid=81959) _process_stack /opt/stack/cinder/cinder/api/openstack/wsgi.py:867}}
Aug 25 16:11:15.544952 dv-cinder-806007-1-smb devstack@c-api.service[81960]: /usr/local/lib/python3.8/dist-packages/oslo_context/context.py:105: DeprecationWarning: Policy enforcement is depending on the value of is_admin. This key is deprecated. Please update your policy file to use the standard policy values.
Aug 25 16:11:15.544952 dv-cinder-806007-1-smb devstack@c-api.service[81960]: warnings.warn('Policy enforcement is depending on the value of '
Aug 25 16:11:15.573687 dv-cinder-806007-1-smb devstack@c-api.service[81960]: INFO cinder.volume.api [None req-3d686bde-9355-4d5b-983b-882b28b41469 tempest-VolumesTransfersV355Test-593414691 tempest-VolumesTransfersV355Test-593414691-project] Volume info retrieved successfully.
Aug 25 16:11:15.613605 dv-cinder-806007-1-smb devstack@c-api.service[81960]: INFO cinder.api.openstack.wsgi [None req-3d686bde-9355-4d5b-983b-882b28b41469 tempest-VolumesTransfersV355Test-593414691 tempest-VolumesTransfersV355Test-593414691-project] http://10.222.0.68/volume/v3/153cdb8d8c9e4ab19ea3655f339231a0/volumes/5779e124-3e7b-411a-a70c-5c6e6a228f6f returned with HTTP 200
Aug 25 16:11:15.614709 dv-cinder-806007-1-smb devstack@c-api.service[81960]: [pid: 81960|app: 0|req: 213/422] 10.222.0.68 () {60 vars in 1366 bytes} [Wed Aug 25 16:11:15 2021] GET /volume/v3/153cdb8d8c9e4ab19ea3655f339231a0/volumes/5779e124-3e7b-411a-a70c-5c6e6a228f6f => generated 955 bytes in 135 msecs (HTTP/1.1 200) 7 headers in 286 bytes (2 switches on core 0)
Aug 25 16:11:15.630687 dv-cinder-806007-1-smb devstack@c-api.service[81959]: INFO cinder.api.openstack.wsgi [None req-d9cfb92a-1edc-4f52-a517-c2b6c4b9ff76 tempest-VolumeRetypeWithoutMigrationTest-468958813 tempest-VolumeRetypeWithoutMigrationTest-468958813-project-admin] http://10.222.0.68/volume/v3/a4da5dc6dff84e2dafa2c3a805fb9270/types/de6193ff-c882-477c-95ae-141233cb5595 returned with HTTP 202
Aug 25 16:11:15.637984 dv-cinder-806007-1-smb devstack@c-api.service[81959]: [pid: 81959|app: 0|req: 210/423] 10.222.0.68 () {58 vars in 1322 bytes} [Wed Aug 25 16:11:15 2021] DELETE /volume/v3/a4da5dc6dff84e2dafa2c3a805fb9270/types/de6193ff-c882-477c-95ae-141233cb5595 => generated 0 bytes in 115 msecs (HTTP/1.1 202) 6 headers in 233 bytes (2 switches on core 0)
Aug 25 16:11:15.640342 dv-cinder-806007-1-smb devstack@c-api.service[81960]: INFO cinder.api.openstack.wsgi [None req-6f6fa133-4739-4c0e-bc21-2d1a54da04d7 tempest-VolumeRetypeWithoutMigrationTest-468958813 tempest-VolumeRetypeWithoutMigrationTest-468958813-project-admin] GET http://10.222.0.68/volume/v3/a4da5dc6dff84e2dafa2c3a805fb9270/types/de6193ff-c882-477c-95ae-141233cb5595
Aug 25 16:11:15.640804 dv-cinder-806007-1-smb devstack@c-api.service[81960]: DEBUG cinder.api.openstack.wsgi [None req-6f6fa133-4739-4c0e-bc21-2d1a54da04d7 tempest-VolumeRetypeWithoutMigrationTest-468958813 tempest-VolumeRetypeWithoutMigrationTest-468958813-project-admin] Empty body provided in request {{(pid=81960) get_body /opt/stack/cinder/cinder/api/openstack/wsgi.py:714}}
Aug 25 16:11:15.640983 dv-cinder-806007-1-smb devstack@c-api.service[81960]: /usr/local/lib/python3.8/dist-packages/webob/acceptparse.py:1047: DeprecationWarning: The behavior of AcceptValidHeader.best_match is currently being maintained for backward compatibility, but it will be deprecated in the future, as it does not conform to the RFC.
Aug 25 16:11:15.640983 dv-cinder-806007-1-smb devstack@c-api.service[81960]: warnings.warn(
Aug 25 16:11:15.644115 dv-cinder-806007-1-smb devstack@c-api.service[81960]: DEBUG cinder.api.openstack.wsgi [None req-6f6fa133-4739-4c0e-bc21-2d1a54da04d7 tempest-VolumeRetypeWithoutMigrationTest-468958813 tempest-VolumeRetypeWithoutMigrationTest-468958813-project-admin] Calling method 'show' {{(pid=81960) _process_stack /opt/stack/cinder/cinder/api/openstack/wsgi.py:867}}
Aug 25 16:11:15.663804 dv-cinder-806007-1-smb devstack@c-api.service[81960]: INFO cinder.api.openstack.wsgi [None req-6f6fa133-4739-4c0e-bc21-2d1a54da04d7 tempest-VolumeRetypeWithoutMigrationTest-468958813 tempest-VolumeRetypeWithoutMigrationTest-468958813-project-admin] http://10.222.0.68/volume/v3/a4da5dc6dff84e2dafa2c3a805fb9270/types/de6193ff-c882-477c-95ae-141233cb5595 returned with HTTP 404
Aug 25 16:11:15.665127 dv-cinder-806007-1-smb devstack@c-api.service[81960]: [pid: 81960|app: 0|req: 214/424] 10.222.0.68 () {58 vars in 1319 bytes} [Wed Aug 25 16:11:15 2021] GET /volume/v3/a4da5dc6dff84e2dafa2c3a805fb9270/types/de6193ff-c882-477c-95ae-141233cb5595 => generated 114 bytes in 30 msecs (HTTP/1.1 404) 7 headers in 292 bytes (2 switches on core 0)
Aug 25 16:11:16.259269 dv-cinder-806007-1-smb devstack@c-api.service[81959]: INFO cinder.api.openstack.wsgi [None req-ad4e76c9-5b7e-4750-8525-66ab365aae03 tempest-VolumesCloneTest-1964102090 tempest-VolumesCloneTest-1964102090-project] GET http://10.222.0.68/volume/v3/3bad12226b4d4d31b503263cb08d6785/volumes/8203966e-3184-46dd-a28f-c4602f52a5a8
Aug 25 16:11:16.259801 dv-cinder-806007-1-smb devstack@c-api.service[81959]: DEBUG cinder.api.openstack.wsgi [None req-ad4e76c9-5b7e-4750-8525-66ab365aae03 tempest-VolumesCloneTest-1964102090 tempest-VolumesCloneTest-1964102090-project] Empty body provided in request {{(pid=81959) get_body /opt/stack/cinder/cinder/api/openstack/wsgi.py:714}}
Aug 25 16:11:16.261023 dv-cinder-806007-1-smb devstack@c-api.service[81959]: DEBUG cinder.api.openstack.wsgi [None req-ad4e76c9-5b7e-4750-8525-66ab365aae03 tempest-VolumesCloneTest-1964102090 tempest-VolumesCloneTest-1964102090-project] Calling method 'show' {{(pid=81959) _process_stack /opt/stack/cinder/cinder/api/openstack/wsgi.py:867}}
Aug 25 16:11:16.348103 dv-cinder-806007-1-smb devstack@c-api.service[81959]: /usr/local/lib/python3.8/dist-packages/oslo_context/context.py:105: DeprecationWarning: Policy enforcement is depending on the value of is_admin. This key is deprecated. Please update your policy file to use the standard policy values.
Aug 25 16:11:16.348103 dv-cinder-806007-1-smb devstack@c-api.service[81959]: warnings.warn('Policy enforcement is depending on the value of '
Aug 25 16:11:16.356611 dv-cinder-806007-1-smb devstack@c-api.service[81959]: INFO cinder.volume.api [None req-ad4e76c9-5b7e-4750-8525-66ab365aae03 tempest-VolumesCloneTest-1964102090 tempest-VolumesCloneTest-1964102090-project] Volume info retrieved successfully.
Aug 25 16:11:16.403695 dv-cinder-806007-1-smb devstack@c-api.service[81959]: INFO cinder.api.openstack.wsgi [None req-ad4e76c9-5b7e-4750-8525-66ab365aae03 tempest-VolumesCloneTest-1964102090 tempest-VolumesCloneTest-1964102090-project] http://10.222.0.68/volume/v3/3bad12226b4d4d31b503263cb08d6785/volumes/8203966e-3184-46dd-a28f-c4602f52a5a8 returned with HTTP 200
Aug 25 16:11:16.407506 dv-cinder-806007-1-smb devstack@c-api.service[81959]: [pid: 81959|app: 0|req: 211/425] 10.222.0.68 () {58 vars in 1325 bytes} [Wed Aug 25 16:11:16 2021] GET /volume/v3/3bad12226b4d4d31b503263cb08d6785/volumes/8203966e-3184-46dd-a28f-c4602f52a5a8 => generated 943 bytes in 152 msecs (HTTP/1.1 200) 7 headers in 285 bytes (1 switches on core 0)
Aug 25 16:11:16.423440 dv-cinder-806007-1-smb devstack@c-api.service[81960]: INFO cinder.api.openstack.wsgi [None req-733eb53f-7450-4513-8a87-2570e2d0071c tempest-VolumesCloneTest-1964102090 tempest-VolumesCloneTest-1964102090-project] GET http://10.222.0.68/volume/v3/3bad12226b4d4d31b503263cb08d6785/volumes/8203966e-3184-46dd-a28f-c4602f52a5a8
Aug 25 16:11:16.424212 dv-cinder-806007-1-smb devstack@c-api.service[81960]: DEBUG cinder.api.openstack.wsgi [None req-733eb53f-7450-4513-8a87-2570e2d0071c tempest-VolumesCloneTest-1964102090 tempest-VolumesCloneTest-1964102090-project] Empty body provided in request {{(pid=81960) get_body /opt/stack/cinder/cinder/api/openstack/wsgi.py:714}}
Aug 25 16:11:16.424813 dv-cinder-806007-1-smb devstack@c-api.service[81960]: DEBUG cinder.api.openstack.wsgi [None req-733eb53f-7450-4513-8a87-2570e2d0071c tempest-VolumesCloneTest-1964102090 tempest-VolumesCloneTest-1964102090-project] Calling method 'show' {{(pid=81960) _process_stack /opt/stack/cinder/cinder/api/openstack/wsgi.py:867}}
Aug 25 16:11:16.515128 dv-cinder-806007-1-smb devstack@c-api.service[81960]: /usr/local/lib/python3.8/dist-packages/oslo_context/context.py:105: DeprecationWarning: Policy enforcement is depending on the value of is_admin. This key is deprecated. Please update your policy file to use the standard policy values.
Aug 25 16:11:16.515128 dv-cinder-806007-1-smb devstack@c-api.service[81960]: warnings.warn('Policy enforcement is depending on the value of '
Aug 25 16:11:16.544397 dv-cinder-806007-1-smb devstack@c-api.service[81960]: INFO cinder.volume.api [None req-733eb53f-7450-4513-8a87-2570e2d0071c tempest-VolumesCloneTest-1964102090 tempest-VolumesCloneTest-1964102090-project] Volume info retrieved successfully.
Aug 25 16:11:16.595059 dv-cinder-806007-1-smb devstack@c-api.service[81960]: INFO cinder.api.openstack.wsgi [None req-733eb53f-7450-4513-8a87-2570e2d0071c tempest-VolumesCloneTest-1964102090 tempest-VolumesCloneTest-1964102090-project] http://10.222.0.68/volume/v3/3bad12226b4d4d31b503263cb08d6785/volumes/8203966e-3184-46dd-a28f-c4602f52a5a8 returned with HTTP 200
Aug 25 16:11:16.607440 dv-cinder-806007-1-smb devstack@c-api.service[81960]: [pid: 81960|app: 0|req: 215/426] 10.222.0.68 () {58 vars in 1325 bytes} [Wed Aug 25 16:11:16 2021] GET /volume/v3/3bad12226b4d4d31b503263cb08d6785/volumes/8203966e-3184-46dd-a28f-c4602f52a5a8 => generated 943 bytes in 189 msecs (HTTP/1.1 200) 7 headers in 285 bytes (1 switches on core 0)
Aug 25 16:11:16.611942 dv-cinder-806007-1-smb devstack@c-api.service[81959]: INFO cinder.api.openstack.wsgi [None req-086815e3-1945-4652-a23e-ad191f2bba11 tempest-VolumesCloneTest-1964102090 tempest-VolumesCloneTest-1964102090-project] DELETE http://10.222.0.68/volume/v3/3bad12226b4d4d31b503263cb08d6785/volumes/8203966e-3184-46dd-a28f-c4602f52a5a8
Aug 25 16:11:16.612413 dv-cinder-806007-1-smb devstack@c-api.service[81959]: DEBUG cinder.api.openstack.wsgi [None req-086815e3-1945-4652-a23e-ad191f2bba11 tempest-VolumesCloneTest-1964102090 tempest-VolumesCloneTest-1964102090-project] Empty body provided in request {{(pid=81959) get_body /opt/stack/cinder/cinder/api/openstack/wsgi.py:714}}
Aug 25 16:11:16.612592 dv-cinder-806007-1-smb devstack@c-api.service[81959]: /usr/local/lib/python3.8/dist-packages/webob/acceptparse.py:1047: DeprecationWarning: The behavior of AcceptValidHeader.best_match is currently being maintained for backward compatibility, but it will be deprecated in the future, as it does not conform to the RFC.
Aug 25 16:11:16.612592 dv-cinder-806007-1-smb devstack@c-api.service[81959]: warnings.warn(
Aug 25 16:11:16.613868 dv-cinder-806007-1-smb devstack@c-api.service[81959]: DEBUG cinder.api.openstack.wsgi [None req-086815e3-1945-4652-a23e-ad191f2bba11 tempest-VolumesCloneTest-1964102090 tempest-VolumesCloneTest-1964102090-project] Calling method 'delete' {{(pid=81959) _process_stack /opt/stack/cinder/cinder/api/openstack/wsgi.py:867}}
Aug 25 16:11:16.614307 dv-cinder-806007-1-smb devstack@c-api.service[81959]: INFO cinder.api.v3.volumes [None req-086815e3-1945-4652-a23e-ad191f2bba11 tempest-VolumesCloneTest-1964102090 tempest-VolumesCloneTest-1964102090-project] Delete volume with id: 8203966e-3184-46dd-a28f-c4602f52a5a8
Aug 25 16:11:16.631659 dv-cinder-806007-1-smb devstack@c-api.service[81960]: INFO cinder.api.openstack.wsgi [None req-6f17ff89-dab9-480f-8757-37652579eacb tempest-VolumesTransfersV355Test-593414691 tempest-VolumesTransfersV355Test-593414691-project] GET http://10.222.0.68/volume/v3/153cdb8d8c9e4ab19ea3655f339231a0/volumes/5779e124-3e7b-411a-a70c-5c6e6a228f6f
Aug 25 16:11:16.632414 dv-cinder-806007-1-smb devstack@c-api.service[81960]: DEBUG cinder.api.openstack.wsgi [None req-6f17ff89-dab9-480f-8757-37652579eacb tempest-VolumesTransfersV355Test-593414691 tempest-VolumesTransfersV355Test-593414691-project] Empty body provided in request {{(pid=81960) get_body /opt/stack/cinder/cinder/api/openstack/wsgi.py:714}}
Aug 25 16:11:16.632769 dv-cinder-806007-1-smb devstack@c-api.service[81960]: /usr/local/lib/python3.8/dist-packages/webob/acceptparse.py:1047: DeprecationWarning: The behavior of AcceptValidHeader.best_match is currently being maintained for backward compatibility, but it will be deprecated in the future, as it does not conform to the RFC.
Aug 25 16:11:16.632769 dv-cinder-806007-1-smb devstack@c-api.service[81960]: warnings.warn(
Aug 25 16:11:16.633308 dv-cinder-806007-1-smb devstack@c-api.service[81960]: DEBUG cinder.api.openstack.wsgi [None req-6f17ff89-dab9-480f-8757-37652579eacb tempest-VolumesTransfersV355Test-593414691 tempest-VolumesTransfersV355Test-593414691-project] Calling method 'show' {{(pid=81960) _process_stack /opt/stack/cinder/cinder/api/openstack/wsgi.py:867}}
Aug 25 16:11:16.714368 dv-cinder-806007-1-smb devstack@c-api.service[81960]: /usr/local/lib/python3.8/dist-packages/oslo_context/context.py:105: DeprecationWarning: Policy enforcement is depending on the value of is_admin. This key is deprecated. Please update your policy file to use the standard policy values.
Aug 25 16:11:16.714368 dv-cinder-806007-1-smb devstack@c-api.service[81960]: warnings.warn('Policy enforcement is depending on the value of '
Aug 25 16:11:16.721971 dv-cinder-806007-1-smb devstack@c-api.service[81959]: /usr/local/lib/python3.8/dist-packages/oslo_context/context.py:105: DeprecationWarning: Policy enforcement is depending on the value of is_admin. This key is deprecated. Please update your policy file to use the standard policy values.
Aug 25 16:11:16.721971 dv-cinder-806007-1-smb devstack@c-api.service[81959]: warnings.warn('Policy enforcement is depending on the value of '
Aug 25 16:11:16.723660 dv-cinder-806007-1-smb devstack@c-api.service[81960]: INFO cinder.volume.api [None req-6f17ff89-dab9-480f-8757-37652579eacb tempest-VolumesTransfersV355Test-593414691 tempest-VolumesTransfersV355Test-593414691-project] Volume info retrieved successfully.
Aug 25 16:11:16.725861 dv-cinder-806007-1-smb devstack@c-api.service[81959]: INFO cinder.volume.api [None req-086815e3-1945-4652-a23e-ad191f2bba11 tempest-VolumesCloneTest-1964102090 tempest-VolumesCloneTest-1964102090-project] Volume info retrieved successfully.
Aug 25 16:11:16.750691 dv-cinder-806007-1-smb devstack@c-api.service[81960]: INFO cinder.api.openstack.wsgi [None req-6f17ff89-dab9-480f-8757-37652579eacb tempest-VolumesTransfersV355Test-593414691 tempest-VolumesTransfersV355Test-593414691-project] http://10.222.0.68/volume/v3/153cdb8d8c9e4ab19ea3655f339231a0/volumes/5779e124-3e7b-411a-a70c-5c6e6a228f6f returned with HTTP 200
Aug 25 16:11:16.752087 dv-cinder-806007-1-smb devstack@c-api.service[81960]: [pid: 81960|app: 0|req: 216/427] 10.222.0.68 () {60 vars in 1366 bytes} [Wed Aug 25 16:11:16 2021] GET /volume/v3/153cdb8d8c9e4ab19ea3655f339231a0/volumes/5779e124-3e7b-411a-a70c-5c6e6a228f6f => generated 1015 bytes in 124 msecs (HTTP/1.1 200) 7 headers in 287 bytes (2 switches on core 0)
Aug 25 16:11:16.776591 dv-cinder-806007-1-smb devstack@c-api.service[81960]: INFO cinder.api.openstack.wsgi [None req-4ce371d5-d069-4a26-a944-dbcc3b6679d0 tempest-VolumesTransfersV355Test-593414691 tempest-VolumesTransfersV355Test-593414691-project] POST http://10.222.0.68/volume/v3/153cdb8d8c9e4ab19ea3655f339231a0/volume-transfers
Aug 25 16:11:16.776971 dv-cinder-806007-1-smb devstack@c-api.service[81960]: /usr/local/lib/python3.8/dist-packages/webob/acceptparse.py:1047: DeprecationWarning: The behavior of AcceptValidHeader.best_match is currently being maintained for backward compatibility, but it will be deprecated in the future, as it does not conform to the RFC.
Aug 25 16:11:16.776971 dv-cinder-806007-1-smb devstack@c-api.service[81960]: warnings.warn(
Aug 25 16:11:16.777585 dv-cinder-806007-1-smb devstack@c-api.service[81960]: DEBUG cinder.api.openstack.wsgi [None req-4ce371d5-d069-4a26-a944-dbcc3b6679d0 tempest-VolumesTransfersV355Test-593414691 tempest-VolumesTransfersV355Test-593414691-project] Action: 'create', calling method: create, body: {"transfer": {"volume_id": "5779e124-3e7b-411a-a70c-5c6e6a228f6f"}} {{(pid=81960) _process_stack /opt/stack/cinder/cinder/api/openstack/wsgi.py:865}}
Aug 25 16:11:16.778567 dv-cinder-806007-1-smb devstack@c-api.service[81960]: DEBUG cinder.api.v3.volume_transfer [None req-4ce371d5-d069-4a26-a944-dbcc3b6679d0 tempest-VolumesTransfersV355Test-593414691 tempest-VolumesTransfersV355Test-593414691-project] Creating new volume transfer {'transfer': {'volume_id': '5779e124-3e7b-411a-a70c-5c6e6a228f6f'}} {{(pid=81960) create /opt/stack/cinder/cinder/api/v3/volume_transfer.py:85}}
Aug 25 16:11:16.779007 dv-cinder-806007-1-smb devstack@c-api.service[81960]: INFO cinder.api.v3.volume_transfer [None req-4ce371d5-d069-4a26-a944-dbcc3b6679d0 tempest-VolumesTransfersV355Test-593414691 tempest-VolumesTransfersV355Test-593414691-project] Creating transfer of volume 5779e124-3e7b-411a-a70c-5c6e6a228f6f
Aug 25 16:11:16.779347 dv-cinder-806007-1-smb devstack@c-api.service[81960]: INFO cinder.transfer.api [None req-4ce371d5-d069-4a26-a944-dbcc3b6679d0 tempest-VolumesTransfersV355Test-593414691 tempest-VolumesTransfersV355Test-593414691-project] Generating transfer record for volume 5779e124-3e7b-411a-a70c-5c6e6a228f6f
Aug 25 16:11:16.783890 dv-cinder-806007-1-smb devstack@c-api.service[81959]: INFO cinder.volume.api [None req-086815e3-1945-4652-a23e-ad191f2bba11 tempest-VolumesCloneTest-1964102090 tempest-VolumesCloneTest-1964102090-project] Delete volume request issued successfully.
Aug 25 16:11:16.784365 dv-cinder-806007-1-smb devstack@c-api.service[81959]: INFO cinder.api.openstack.wsgi [None req-086815e3-1945-4652-a23e-ad191f2bba11 tempest-VolumesCloneTest-1964102090 tempest-VolumesCloneTest-1964102090-project] http://10.222.0.68/volume/v3/3bad12226b4d4d31b503263cb08d6785/volumes/8203966e-3184-46dd-a28f-c4602f52a5a8 returned with HTTP 202
Aug 25 16:11:16.788713 dv-cinder-806007-1-smb devstack@c-api.service[81959]: [pid: 81959|app: 0|req: 212/428] 10.222.0.68 () {58 vars in 1328 bytes} [Wed Aug 25 16:11:16 2021] DELETE /volume/v3/3bad12226b4d4d31b503263cb08d6785/volumes/8203966e-3184-46dd-a28f-c4602f52a5a8 => generated 0 bytes in 179 msecs (HTTP/1.1 202) 6 headers in 233 bytes (2 switches on core 0)
Aug 25 16:11:16.794539 dv-cinder-806007-1-smb devstack@c-api.service[81959]: INFO cinder.api.openstack.wsgi [None req-c0fbe908-dfb6-499f-842e-57a1c61f3878 tempest-VolumesCloneTest-1964102090 tempest-VolumesCloneTest-1964102090-project] GET http://10.222.0.68/volume/v3/3bad12226b4d4d31b503263cb08d6785/volumes/8203966e-3184-46dd-a28f-c4602f52a5a8
Aug 25 16:11:16.795180 dv-cinder-806007-1-smb devstack@c-api.service[81959]: DEBUG cinder.api.openstack.wsgi [None req-c0fbe908-dfb6-499f-842e-57a1c61f3878 tempest-VolumesCloneTest-1964102090 tempest-VolumesCloneTest-1964102090-project] Empty body provided in request {{(pid=81959) get_body /opt/stack/cinder/cinder/api/openstack/wsgi.py:714}}
Aug 25 16:11:16.795371 dv-cinder-806007-1-smb devstack@c-api.service[81959]: /usr/local/lib/python3.8/dist-packages/webob/acceptparse.py:1047: DeprecationWarning: The behavior of AcceptValidHeader.best_match is currently being maintained for backward compatibility, but it will be deprecated in the future, as it does not conform to the RFC.
Aug 25 16:11:16.795371 dv-cinder-806007-1-smb devstack@c-api.service[81959]: warnings.warn(
Aug 25 16:11:16.795691 dv-cinder-806007-1-smb devstack@c-api.service[81959]: DEBUG cinder.api.openstack.wsgi [None req-c0fbe908-dfb6-499f-842e-57a1c61f3878 tempest-VolumesCloneTest-1964102090 tempest-VolumesCloneTest-1964102090-project] Calling method 'show' {{(pid=81959) _process_stack /opt/stack/cinder/cinder/api/openstack/wsgi.py:867}}
Aug 25 16:11:16.831569 dv-cinder-806007-1-smb devstack@c-api.service[81960]: /usr/local/lib/python3.8/dist-packages/oslo_context/context.py:105: DeprecationWarning: Policy enforcement is depending on the value of is_admin. This key is deprecated. Please update your policy file to use the standard policy values.
Aug 25 16:11:16.831569 dv-cinder-806007-1-smb devstack@c-api.service[81960]: warnings.warn('Policy enforcement is depending on the value of '
Aug 25 16:11:16.867012 dv-cinder-806007-1-smb devstack@c-api.service[81960]: INFO cinder.api.openstack.wsgi [None req-4ce371d5-d069-4a26-a944-dbcc3b6679d0 tempest-VolumesTransfersV355Test-593414691 tempest-VolumesTransfersV355Test-593414691-project] http://10.222.0.68/volume/v3/153cdb8d8c9e4ab19ea3655f339231a0/volume-transfers returned with HTTP 202
Aug 25 16:11:16.875532 dv-cinder-806007-1-smb devstack@c-api.service[81960]: [pid: 81960|app: 0|req: 217/429] 10.222.0.68 () {60 vars in 1262 bytes} [Wed Aug 25 16:11:16 2021] POST /volume/v3/153cdb8d8c9e4ab19ea3655f339231a0/volume-transfers => generated 507 bytes in 110 msecs (HTTP/1.1 202) 7 headers in 291 bytes (1 switches on core 0)
Aug 25 16:11:16.880176 dv-cinder-806007-1-smb devstack@c-api.service[81960]: INFO cinder.api.openstack.wsgi [None req-86f535fd-0399-4089-927f-8524406cc1fb tempest-VolumesTransfersV355Test-593414691 tempest-VolumesTransfersV355Test-593414691-project] GET http://10.222.0.68/volume/v3/153cdb8d8c9e4ab19ea3655f339231a0/volumes/5779e124-3e7b-411a-a70c-5c6e6a228f6f
Aug 25 16:11:16.880736 dv-cinder-806007-1-smb devstack@c-api.service[81960]: DEBUG cinder.api.openstack.wsgi [None req-86f535fd-0399-4089-927f-8524406cc1fb tempest-VolumesTransfersV355Test-593414691 tempest-VolumesTransfersV355Test-593414691-project] Empty body provided in request {{(pid=81960) get_body /opt/stack/cinder/cinder/api/openstack/wsgi.py:714}}
Aug 25 16:11:16.880912 dv-cinder-806007-1-smb devstack@c-api.service[81960]: /usr/local/lib/python3.8/dist-packages/webob/acceptparse.py:1047: DeprecationWarning: The behavior of AcceptValidHeader.best_match is currently being maintained for backward compatibility, but it will be deprecated in the future, as it does not conform to the RFC.
Aug 25 16:11:16.880912 dv-cinder-806007-1-smb devstack@c-api.service[81960]: warnings.warn(
Aug 25 16:11:16.881534 dv-cinder-806007-1-smb devstack@c-api.service[81960]: DEBUG cinder.api.openstack.wsgi [None req-86f535fd-0399-4089-927f-8524406cc1fb tempest-VolumesTransfersV355Test-593414691 tempest-VolumesTransfersV355Test-593414691-project] Calling method 'show' {{(pid=81960) _process_stack /opt/stack/cinder/cinder/api/openstack/wsgi.py:867}}
Aug 25 16:11:16.905128 dv-cinder-806007-1-smb devstack@c-api.service[81959]: /usr/local/lib/python3.8/dist-packages/oslo_context/context.py:105: DeprecationWarning: Policy enforcement is depending on the value of is_admin. This key is deprecated. Please update your policy file to use the standard policy values.
Aug 25 16:11:16.905128 dv-cinder-806007-1-smb devstack@c-api.service[81959]: warnings.warn('Policy enforcement is depending on the value of '
Aug 25 16:11:16.936236 dv-cinder-806007-1-smb devstack@c-api.service[81959]: INFO cinder.volume.api [None req-c0fbe908-dfb6-499f-842e-57a1c61f3878 tempest-VolumesCloneTest-1964102090 tempest-VolumesCloneTest-1964102090-project] Volume info retrieved successfully.
Aug 25 16:11:16.941665 dv-cinder-806007-1-smb devstack@c-api.service[81960]: /usr/local/lib/python3.8/dist-packages/oslo_context/context.py:105: DeprecationWarning: Policy enforcement is depending on the value of is_admin. This key is deprecated. Please update your policy file to use the standard policy values.
Aug 25 16:11:16.941665 dv-cinder-806007-1-smb devstack@c-api.service[81960]: warnings.warn('Policy enforcement is depending on the value of '
Aug 25 16:11:16.952208 dv-cinder-806007-1-smb devstack@c-api.service[81960]: INFO cinder.volume.api [None req-86f535fd-0399-4089-927f-8524406cc1fb tempest-VolumesTransfersV355Test-593414691 tempest-VolumesTransfersV355Test-593414691-project] Volume info retrieved successfully.
