Aug 25 16:08:37.633453 dv-cinder-806007-1-iscsi neutron-server[75028]: INFO neutron.wsgi [req-b06764f2-2bf6-49b0-b869-ac97de058753 req-cfe3d561-6fe4-4c39-9857-fdd4be93a42c service neutron] 10.222.0.73 "GET /v2.0/networks/4f8cb69e-98a1-4f0f-a268-3315584ed92c?fields=provider%3Aphysical_network&fields=provider%3Anetwork_type HTTP/1.1" status: 200 len: 281 time: 0.2724543
Aug 25 16:08:37.638666 dv-cinder-806007-1-iscsi neutron-server[75029]: DEBUG neutron.db.l3_dvrscheduler_db [None req-45cb5814-2c38-407e-8e4a-49b079666117 admin admin] Received port after_create {{(pid=75029) _notify_l3_agent_new_port /opt/stack/neutron/neutron/db/l3_dvrscheduler_db.py:535}}
Aug 25 16:08:37.722998 dv-cinder-806007-1-iscsi neutron-server[75029]: DEBUG neutron_lib.callbacks.manager [None req-f3576f81-6fda-4e49-9f0f-a16b3b6c201b admin admin] Subscribe: > segment before_delete 55550000 {{(pid=75029) subscribe /usr/local/lib/python3.8/dist-packages/neutron_lib/callbacks/manager.py:45}}
Aug 25 16:08:37.723355 dv-cinder-806007-1-iscsi neutron-server[75029]: DEBUG neutron_lib.callbacks.manager [None req-f3576f81-6fda-4e49-9f0f-a16b3b6c201b admin admin] Subscribe: > subnet precommit_delete_associations 55550000 {{(pid=75029) subscribe /usr/local/lib/python3.8/dist-packages/neutron_lib/callbacks/manager.py:45}}
Aug 25 16:08:37.724149 dv-cinder-806007-1-iscsi neutron-server[75029]: DEBUG neutron_lib.callbacks.manager [None req-f3576f81-6fda-4e49-9f0f-a16b3b6c201b admin admin] Subscribe: > segment_host_mapping after_create 55550000 {{(pid=75029) subscribe /usr/local/lib/python3.8/dist-packages/neutron_lib/callbacks/manager.py:45}}
Aug 25 16:08:37.724468 dv-cinder-806007-1-iscsi neutron-server[75029]: DEBUG neutron_lib.callbacks.manager [None req-f3576f81-6fda-4e49-9f0f-a16b3b6c201b admin admin] Subscribe: > port after_create 55550000 {{(pid=75029) subscribe /usr/local/lib/python3.8/dist-packages/neutron_lib/callbacks/manager.py:45}}
Aug 25 16:08:37.724778 dv-cinder-806007-1-iscsi neutron-server[75029]: DEBUG neutron_lib.callbacks.manager [None req-f3576f81-6fda-4e49-9f0f-a16b3b6c201b admin admin] Subscribe: > port after_delete 55550000 {{(pid=75029) subscribe /usr/local/lib/python3.8/dist-packages/neutron_lib/callbacks/manager.py:45}}
Aug 25 16:08:37.725097 dv-cinder-806007-1-iscsi neutron-server[75029]: DEBUG neutron_lib.callbacks.manager [None req-f3576f81-6fda-4e49-9f0f-a16b3b6c201b admin admin] Subscribe: > port after_update 55550000 {{(pid=75029) subscribe /usr/local/lib/python3.8/dist-packages/neutron_lib/callbacks/manager.py:45}}
Aug 25 16:08:37.725403 dv-cinder-806007-1-iscsi neutron-server[75029]: DEBUG neutron_lib.callbacks.manager [None req-f3576f81-6fda-4e49-9f0f-a16b3b6c201b admin admin] Subscribe: > segment after_delete 55550000 {{(pid=75029) subscribe /usr/local/lib/python3.8/dist-packages/neutron_lib/callbacks/manager.py:45}}
Aug 25 16:08:37.725726 dv-cinder-806007-1-iscsi neutron-server[75029]: DEBUG neutron_lib.callbacks.manager [None req-f3576f81-6fda-4e49-9f0f-a16b3b6c201b admin admin] Subscribe: > subnet after_create 55550000 {{(pid=75029) subscribe /usr/local/lib/python3.8/dist-packages/neutron_lib/callbacks/manager.py:45}}
Aug 25 16:08:37.726107 dv-cinder-806007-1-iscsi neutron-server[75029]: DEBUG neutron_lib.callbacks.manager [None req-f3576f81-6fda-4e49-9f0f-a16b3b6c201b admin admin] Subscribe: > subnet after_delete 55550000 {{(pid=75029) subscribe /usr/local/lib/python3.8/dist-packages/neutron_lib/callbacks/manager.py:45}}
Aug 25 16:08:37.726321 dv-cinder-806007-1-iscsi neutron-server[75029]: DEBUG neutron_lib.callbacks.manager [None req-f3576f81-6fda-4e49-9f0f-a16b3b6c201b admin admin] Subscribe: > subnet after_update 55550000 {{(pid=75029) subscribe /usr/local/lib/python3.8/dist-packages/neutron_lib/callbacks/manager.py:45}}
Aug 25 16:08:38.004493 dv-cinder-806007-1-iscsi neutron-server[75029]: DEBUG neutron_lib.callbacks.manager [None req-f3576f81-6fda-4e49-9f0f-a16b3b6c201b admin admin] Subscribe: > subnet after_create 55550000 {{(pid=75029) subscribe /usr/local/lib/python3.8/dist-packages/neutron_lib/callbacks/manager.py:45}}
Aug 25 16:08:38.004854 dv-cinder-806007-1-iscsi neutron-server[75029]: DEBUG neutron_lib.callbacks.manager [None req-f3576f81-6fda-4e49-9f0f-a16b3b6c201b admin admin] Subscribe: > subnet after_delete 55550000 {{(pid=75029) subscribe /usr/local/lib/python3.8/dist-packages/neutron_lib/callbacks/manager.py:45}}
Aug 25 16:08:38.005186 dv-cinder-806007-1-iscsi neutron-server[75029]: DEBUG neutron_lib.callbacks.manager [None req-f3576f81-6fda-4e49-9f0f-a16b3b6c201b admin admin] Subscribe: > subnet before_create 55550000 {{(pid=75029) subscribe /usr/local/lib/python3.8/dist-packages/neutron_lib/callbacks/manager.py:45}}
Aug 25 16:08:38.005498 dv-cinder-806007-1-iscsi neutron-server[75029]: DEBUG neutron_lib.callbacks.manager [None req-f3576f81-6fda-4e49-9f0f-a16b3b6c201b admin admin] Subscribe: > subnet before_update 55550000 {{(pid=75029) subscribe /usr/local/lib/python3.8/dist-packages/neutron_lib/callbacks/manager.py:45}}
Aug 25 16:08:38.005867 dv-cinder-806007-1-iscsi neutron-server[75029]: DEBUG neutron.services.segments.db [None req-f3576f81-6fda-4e49-9f0f-a16b3b6c201b admin admin] neutron.services.segments.plugin.Plugin method get_segments called with arguments (,) {'filters': {'network_id': ['d7410d7a-c302-4450-9d09-aa3d8d6abe4b']}} {{(pid=75029) wrapper /usr/local/lib/python3.8/dist-packages/oslo_log/helpers.py:65}}
Aug 25 16:08:38.038699 dv-cinder-806007-1-iscsi neutron-server[75028]: DEBUG neutron.wsgi [-] (75028) accepted ('10.222.0.73', 50078) {{(pid=75028) server /usr/local/lib/python3.8/dist-packages/eventlet/wsgi.py:992}}
Aug 25 16:08:38.080412 dv-cinder-806007-1-iscsi neutron-server[75029]: DEBUG neutron.services.segments.db [None req-f3576f81-6fda-4e49-9f0f-a16b3b6c201b admin admin] neutron.services.segments.plugin.Plugin method delete_segment called with arguments (, '2ceebedb-3d51-4991-948d-da1c07ea725a') {'for_net_delete': True} {{(pid=75029) wrapper /usr/local/lib/python3.8/dist-packages/oslo_log/helpers.py:65}}
Aug 25 16:08:38.080990 dv-cinder-806007-1-iscsi neutron-server[75029]: DEBUG neutron.services.segments.db [None req-f3576f81-6fda-4e49-9f0f-a16b3b6c201b admin admin] neutron.services.segments.plugin.Plugin method get_segment called with arguments (, '2ceebedb-3d51-4991-948d-da1c07ea725a') {} {{(pid=75029) wrapper /usr/local/lib/python3.8/dist-packages/oslo_log/helpers.py:65}}
Aug 25 16:08:38.099298 dv-cinder-806007-1-iscsi neutron-server[75028]: DEBUG neutron_lib.callbacks.manager [None req-f6cf1daf-a3b9-439b-b20a-740eaf428f35 admin admin] Notify callbacks [] for port, precommit_create {{(pid=75028) _notify_loop /usr/local/lib/python3.8/dist-packages/neutron_lib/callbacks/manager.py:192}}
Aug 25 16:08:38.119210 dv-cinder-806007-1-iscsi neutron-server[75029]: DEBUG neutron_lib.callbacks.manager [None req-f3576f81-6fda-4e49-9f0f-a16b3b6c201b admin admin] Notify callbacks ['neutron.plugins.ml2.db._prevent_segment_delete_with_port_bound-8766033806493', 'neutron.services.segments.plugin.Plugin._prevent_segment_delete_with_subnet_associated-7089974'] for segment, before_delete {{(pid=75029) _notify_loop /usr/local/lib/python3.8/dist-packages/neutron_lib/callbacks/manager.py:192}}
Aug 25 16:08:38.121357 dv-cinder-806007-1-iscsi neutron-server[75028]: INFO neutron.wsgi [req-91cd3a0c-a630-4233-a4af-83d54432c50c req-f48395b3-3b03-4da9-b3c1-de07265949c8 tempest-DeleteServersTestJSON-264118746 tempest-DeleteServersTestJSON-264118746-project] 10.222.0.73 "GET /v2.0/ports?device_id=376a3868-0a3c-412d-a34c-068f7b03056e HTTP/1.1" status: 200 len: 210 time: 0.0811307
Aug 25 16:08:38.141100 dv-cinder-806007-1-iscsi neutron-server[75028]: DEBUG neutron.db.provisioning_blocks [None req-f6cf1daf-a3b9-439b-b20a-740eaf428f35 admin admin] Transition to ACTIVE for port object 485542db-9a44-464a-90fd-df97af733394 will not be triggered until provisioned by entity DHCP. {{(pid=75028) add_provisioning_component /opt/stack/neutron/neutron/db/provisioning_blocks.py:73}}
Aug 25 16:08:38.148900 dv-cinder-806007-1-iscsi neutron-server[75029]: DEBUG neutron_lib.callbacks.manager [None req-3def3998-ec62-496b-873d-71eca8d97ff6 admin admin] Notify callbacks [] for security_group, precommit_create {{(pid=75029) _notify_loop /usr/local/lib/python3.8/dist-packages/neutron_lib/callbacks/manager.py:192}}
Aug 25 16:08:38.159481 dv-cinder-806007-1-iscsi neutron-server[75029]: DEBUG neutron_lib.callbacks.manager [None req-f3576f81-6fda-4e49-9f0f-a16b3b6c201b admin admin] Notify callbacks ['neutron.plugins.ml2.plugin.Ml2Plugin._handle_segment_change-1045777'] for segment, precommit_delete {{(pid=75029) _notify_loop /usr/local/lib/python3.8/dist-packages/neutron_lib/callbacks/manager.py:192}}
Aug 25 16:08:38.166731 dv-cinder-806007-1-iscsi neutron-server[75029]: DEBUG neutron_lib.callbacks.manager [None req-3def3998-ec62-496b-873d-71eca8d97ff6 admin admin] Notify callbacks ['neutron.plugins.ml2.ovo_rpc._ObjectChangeHandler.handle_event-2088650'] for security_group, after_create {{(pid=75029) _notify_loop /usr/local/lib/python3.8/dist-packages/neutron_lib/callbacks/manager.py:192}}
Aug 25 16:08:38.189226 dv-cinder-806007-1-iscsi neutron-server[75029]: DEBUG neutron.plugins.ml2.drivers.type_vlan [None req-f3576f81-6fda-4e49-9f0f-a16b3b6c201b admin admin] Releasing vlan 1152 on physical network physnet1 to pool {{(pid=75029) release_segment /opt/stack/neutron/neutron/plugins/ml2/drivers/type_vlan.py:310}}
Aug 25 16:08:38.189623 dv-cinder-806007-1-iscsi neutron-server[75029]: DEBUG neutron_lib.callbacks.manager [None req-f3576f81-6fda-4e49-9f0f-a16b3b6c201b admin admin] Notify callbacks ['neutron.plugins.ml2.plugin.Ml2Plugin._handle_after_delete_segment_change-1045775', 'neutron.services.segments.plugin.NovaSegmentNotifier._notify_segment_deleted-1512802'] for segment, after_delete {{(pid=75029) _notify_loop /usr/local/lib/python3.8/dist-packages/neutron_lib/callbacks/manager.py:192}}
Aug 25 16:08:38.190141 dv-cinder-806007-1-iscsi neutron-server[75028]: DEBUG neutron_lib.callbacks.manager [None req-f6cf1daf-a3b9-439b-b20a-740eaf428f35 admin admin] Notify callbacks ['neutron.plugins.ml2.plugin.SecurityGroupServerNotifierRpcMixin.notify_sg_on_port_change-646397', 'neutron.plugins.ml2.ovo_rpc._ObjectChangeHandler.handle_event-450724', 'neutron.api.rpc.agentnotifiers.dhcp_rpc_agent_api.DhcpAgentNotifyAPI._native_event_send_dhcp_notification-3043540', 'neutron.db.l3_dvrscheduler_db._notify_l3_agent_new_port-8766033300767'] for port, after_create {{(pid=75028) _notify_loop /usr/local/lib/python3.8/dist-packages/neutron_lib/callbacks/manager.py:192}}
Aug 25 16:08:38.194735 dv-cinder-806007-1-iscsi neutron-server[75028]: DEBUG oslo_concurrency.lockutils [-] Lock "event-dispatch" acquired by "neutron.plugins.ml2.ovo_rpc._ObjectChangeHandler.dispatch_events" :: waited 0.000s {{(pid=75028) inner /usr/local/lib/python3.8/dist-packages/oslo_concurrency/lockutils.py:355}}
Aug 25 16:08:38.202682 dv-cinder-806007-1-iscsi neutron-server[75029]: DEBUG oslo_concurrency.lockutils [-] Lock "event-dispatch" acquired by "neutron.plugins.ml2.ovo_rpc._ObjectChangeHandler.dispatch_events" :: waited 0.000s {{(pid=75029) inner /usr/local/lib/python3.8/dist-packages/oslo_concurrency/lockutils.py:355}}
Aug 25 16:08:38.210841 dv-cinder-806007-1-iscsi neutron-server[75029]: /usr/local/lib/python3.8/dist-packages/sqlalchemy/orm/relationships.py:1993: SAWarning: Setting backref / back_populates on relationship QosNetworkPolicyBinding.port to refer to viewonly relationship Port.qos_network_policy_binding should include sync_backref=False set on the QosNetworkPolicyBinding.port relationship. (this warning may be suppressed after 10 occurrences)
Aug 25 16:08:38.210841 dv-cinder-806007-1-iscsi neutron-server[75029]: util.warn_limited(
Aug 25 16:08:38.210841 dv-cinder-806007-1-iscsi neutron-server[75029]: /usr/local/lib/python3.8/dist-packages/sqlalchemy/orm/relationships.py:1993: SAWarning: Setting backref / back_populates on relationship Tag.standard_attr to refer to viewonly relationship StandardAttribute.tags should include sync_backref=False set on the Tag.standard_attr relationship. (this warning may be suppressed after 10 occurrences)
Aug 25 16:08:38.210841 dv-cinder-806007-1-iscsi neutron-server[75029]: util.warn_limited(
Aug 25 16:08:38.210841 dv-cinder-806007-1-iscsi neutron-server[75029]: Traceback (most recent call last):
Aug 25 16:08:38.210841 dv-cinder-806007-1-iscsi neutron-server[75029]: File "/usr/local/lib/python3.8/dist-packages/eventlet/hubs/hub.py", line 461, in fire_timers
Aug 25 16:08:38.210841 dv-cinder-806007-1-iscsi neutron-server[75029]: timer()
Aug 25 16:08:38.210841 dv-cinder-806007-1-iscsi neutron-server[75029]: File "/usr/local/lib/python3.8/dist-packages/eventlet/hubs/timer.py", line 59, in __call__
Aug 25 16:08:38.210841 dv-cinder-806007-1-iscsi neutron-server[75029]: cb(*args, **kw)
Aug 25 16:08:38.210841 dv-cinder-806007-1-iscsi neutron-server[75029]: File "/opt/stack/neutron/neutron/common/utils.py", line 901, in wrapper
Aug 25 16:08:38.210841 dv-cinder-806007-1-iscsi neutron-server[75029]: return func(*args, **kwargs)
Aug 25 16:08:38.210841 dv-cinder-806007-1-iscsi neutron-server[75029]: File "/opt/stack/neutron/neutron/notifiers/batch_notifier.py", line 58, in synced_send
Aug 25 16:08:38.210841 dv-cinder-806007-1-iscsi neutron-server[75029]: self._notify()
Aug 25 16:08:38.210841 dv-cinder-806007-1-iscsi neutron-server[75029]: File "/opt/stack/neutron/neutron/notifiers/batch_notifier.py", line 69, in _notify
Aug 25 16:08:38.210841 dv-cinder-806007-1-iscsi neutron-server[75029]: self.callback(batched_events)
Aug 25 16:08:38.210841 dv-cinder-806007-1-iscsi neutron-server[75029]: File "/opt/stack/neutron/neutron/services/segments/plugin.py", line 211, in _send_notifications
Aug 25 16:08:38.210841 dv-cinder-806007-1-iscsi neutron-server[75029]: event.method(event)
Aug 25 16:08:38.210841 dv-cinder-806007-1-iscsi neutron-server[75029]: File "/opt/stack/neutron/neutron/services/segments/plugin.py", line 379, in _delete_nova_inventory
Aug 25 16:08:38.210841 dv-cinder-806007-1-iscsi neutron-server[75029]: aggregate_id = self._get_aggregate_id(event.segment_id)
Aug 25 16:08:38.210841 dv-cinder-806007-1-iscsi neutron-server[75029]: File "/opt/stack/neutron/neutron/services/segments/plugin.py", line 366, in _get_aggregate_id
Aug 25 16:08:38.210841 dv-cinder-806007-1-iscsi neutron-server[75029]: aggregate_uuid = self.p_client.list_aggregates(
Aug 25 16:08:38.210841 dv-cinder-806007-1-iscsi neutron-server[75029]: File "/usr/local/lib/python3.8/dist-packages/neutron_lib/placement/client.py", line 57, in wrapper
Aug 25 16:08:38.210841 dv-cinder-806007-1-iscsi neutron-server[75029]: return f(self, *a, **k)
Aug 25 16:08:38.210841 dv-cinder-806007-1-iscsi neutron-server[75029]: File "/usr/local/lib/python3.8/dist-packages/neutron_lib/placement/client.py", line 554, in list_aggregates
Aug 25 16:08:38.210841 dv-cinder-806007-1-iscsi neutron-server[75029]: return self._get(url).json()
Aug 25 16:08:38.210841 dv-cinder-806007-1-iscsi neutron-server[75029]: File "/usr/local/lib/python3.8/dist-packages/neutron_lib/placement/client.py", line 190, in _get
Aug 25 16:08:38.210841 dv-cinder-806007-1-iscsi neutron-server[75029]: return self._client.get(url, endpoint_filter=self._ks_filter,
Aug 25 16:08:38.210841 dv-cinder-806007-1-iscsi neutron-server[75029]: File "/usr/local/lib/python3.8/dist-packages/keystoneauth1/session.py", line 1131, in get
Aug 25 16:08:38.210841 dv-cinder-806007-1-iscsi neutron-server[75029]: return self.request(url, 'GET', **kwargs)
Aug 25 16:08:38.210841 dv-cinder-806007-1-iscsi neutron-server[75029]: File "/usr/local/lib/python3.8/dist-packages/keystoneauth1/session.py", line 801, in request
Aug 25 16:08:38.210841 dv-cinder-806007-1-iscsi neutron-server[75029]: base_url = self.get_endpoint(auth, allow=allow,
Aug 25 16:08:38.210841 dv-cinder-806007-1-iscsi neutron-server[75029]: File "/usr/local/lib/python3.8/dist-packages/keystoneauth1/session.py", line 1231, in get_endpoint
Aug 25 16:08:38.210841 dv-cinder-806007-1-iscsi neutron-server[75029]: auth = self._auth_required(auth, 'determine endpoint URL')
Aug 25 16:08:38.210841 dv-cinder-806007-1-iscsi neutron-server[75029]: File "/usr/local/lib/python3.8/dist-packages/keystoneauth1/session.py", line 1171, in _auth_required
Aug 25 16:08:38.210841 dv-cinder-806007-1-iscsi neutron-server[75029]: raise exceptions.MissingAuthPlugin(msg_fmt % msg)
Aug 25 16:08:38.210841 dv-cinder-806007-1-iscsi neutron-server[75029]: keystoneauth1.exceptions.auth_plugins.MissingAuthPlugin: An auth plugin is required to determine endpoint URL
Aug 25 16:08:38.265223 dv-cinder-806007-1-iscsi neutron-server[75028]: DEBUG neutron.scheduler.dhcp_agent_scheduler [None req-f6cf1daf-a3b9-439b-b20a-740eaf428f35 admin admin] Network b3283531-0cca-4c41-9237-dcec1b05d939 is already hosted by enough agents. {{(pid=75028) _get_dhcp_agents_hosting_network /opt/stack/neutron/neutron/scheduler/dhcp_agent_scheduler.py:275}}
Aug 25 16:08:38.268156 dv-cinder-806007-1-iscsi neutron-server[75028]: DEBUG neutron.scheduler.base_scheduler [None req-f6cf1daf-a3b9-439b-b20a-740eaf428f35 admin admin] Resources bound (agent type, host, resource id): {{(pid=75028) schedule /opt/stack/neutron/neutron/scheduler/base_scheduler.py:57}}
Aug 25 16:08:38.272702 dv-cinder-806007-1-iscsi neutron-server[75028]: DEBUG neutron.db.l3_dvrscheduler_db [None req-f6cf1daf-a3b9-439b-b20a-740eaf428f35 admin admin] Received port after_create {{(pid=75028) _notify_l3_agent_new_port /opt/stack/neutron/neutron/db/l3_dvrscheduler_db.py:535}}
Aug 25 16:08:38.273262 dv-cinder-806007-1-iscsi neutron-server[75028]: DEBUG neutron_lib.callbacks.manager [None req-f6cf1daf-a3b9-439b-b20a-740eaf428f35 admin admin] Notify callbacks ['neutron.services.l3_router.l3_router_plugin.DVRResourceOperationHandler._add_csnat_on_interface_create-2023104'] for router_interface, before_create {{(pid=75028) _notify_loop /usr/local/lib/python3.8/dist-packages/neutron_lib/callbacks/manager.py:192}}
Aug 25 16:08:38.276338 dv-cinder-806007-1-iscsi neutron-server[75028]: DEBUG neutron.api.rpc.handlers.resources_rpc [None req-f6cf1daf-a3b9-439b-b20a-740eaf428f35 admin admin] Pushing event updated for resources: {'Port': ['ID=485542db-9a44-464a-90fd-df97af733394,revision_number=1']} {{(pid=75028) push /opt/stack/neutron/neutron/api/rpc/handlers/resources_rpc.py:237}}
Aug 25 16:08:38.280038 dv-cinder-806007-1-iscsi neutron-server[75028]: DEBUG oslo_concurrency.lockutils [None req-f6cf1daf-a3b9-439b-b20a-740eaf428f35 admin admin] Lock "event-dispatch" released by "neutron.plugins.ml2.ovo_rpc._ObjectChangeHandler.dispatch_events" :: held 0.085s {{(pid=75028) inner /usr/local/lib/python3.8/dist-packages/oslo_concurrency/lockutils.py:367}}
Aug 25 16:08:38.353291 dv-cinder-806007-1-iscsi neutron-server[75029]: DEBUG neutron.api.rpc.handlers.resources_rpc [None req-3def3998-ec62-496b-873d-71eca8d97ff6 admin admin] Pushing event updated for resources: {'SecurityGroup': ['ID=2e96ead5-7c5a-4663-a4fa-71acd6bf416a,revision_number=1']} {{(pid=75029) push /opt/stack/neutron/neutron/api/rpc/handlers/resources_rpc.py:237}}
Aug 25 16:08:38.359000 dv-cinder-806007-1-iscsi neutron-server[75029]: DEBUG oslo_concurrency.lockutils [None req-3def3998-ec62-496b-873d-71eca8d97ff6 admin admin] Lock "event-dispatch" released by "neutron.plugins.ml2.ovo_rpc._ObjectChangeHandler.dispatch_events" :: held 0.156s {{(pid=75029) inner /usr/local/lib/python3.8/dist-packages/oslo_concurrency/lockutils.py:367}}
Aug 25 16:08:38.374149 dv-cinder-806007-1-iscsi neutron-server[75029]: DEBUG neutron_lib.callbacks.manager [None req-f3576f81-6fda-4e49-9f0f-a16b3b6c201b admin admin] Notify callbacks ['neutron.plugins.ml2.plugin.Ml2Plugin._network_delete_after_delete_handler-1046056', 'neutron.plugins.ml2.ovo_rpc._ObjectChangeHandler.handle_event-2088499', 'neutron.api.rpc.agentnotifiers.dhcp_rpc_agent_api.DhcpAgentNotifyAPI._native_event_send_dhcp_notification-3043540', 'neutron.services.l3_router.l3_router_plugin.DVRResourceOperationHandler.delete_fip_namespaces_for_ext_net-2023007'] for network, after_delete {{(pid=75029) _notify_loop /usr/local/lib/python3.8/dist-packages/neutron_lib/callbacks/manager.py:192}}
Aug 25 16:08:38.388461 dv-cinder-806007-1-iscsi neutron-server[75029]: DEBUG neutron.quota.resource [None req-3def3998-ec62-496b-873d-71eca8d97ff6 admin admin] Synchronizing usage tracker for tenant:1e61cce3b1d5433c8dc31028b121e14e on resource:security_group {{(pid=75029) resync /opt/stack/neutron/neutron/quota/resource.py:241}}
Aug 25 16:08:38.389726 dv-cinder-806007-1-iscsi neutron-server[75028]: DEBUG neutron_lib.callbacks.manager [None req-f6cf1daf-a3b9-439b-b20a-740eaf428f35 admin admin] Notify callbacks ['neutron.plugins.ml2.plugin.SecurityGroupDbMixin._ensure_default_security_group_handler-646202'] for port, before_update {{(pid=75028) _notify_loop /usr/local/lib/python3.8/dist-packages/neutron_lib/callbacks/manager.py:192}}
Aug 25 16:08:38.470689 dv-cinder-806007-1-iscsi neutron-server[75029]: DEBUG oslo_concurrency.lockutils [None req-268344c2-9d18-4d15-91f7-5ebaaf53d25b admin admin] Lock "event-dispatch" acquired by "neutron.plugins.ml2.ovo_rpc._ObjectChangeHandler.dispatch_events" :: waited 0.000s {{(pid=75029) inner /usr/local/lib/python3.8/dist-packages/oslo_concurrency/lockutils.py:355}}
Aug 25 16:08:38.511907 dv-cinder-806007-1-iscsi neutron-server[75029]: DEBUG neutron_lib.callbacks.manager [None req-f3576f81-6fda-4e49-9f0f-a16b3b6c201b admin admin] Notify callbacks ['neutron.api.rpc.agentnotifiers.dhcp_rpc_agent_api.DhcpAgentNotifyAPI._send_dhcp_notification-3043438'] for network, before_response {{(pid=75029) _notify_loop /usr/local/lib/python3.8/dist-packages/neutron_lib/callbacks/manager.py:192}}
Aug 25 16:08:38.554026 dv-cinder-806007-1-iscsi neutron-server[75029]: DEBUG neutron.api.rpc.handlers.resources_rpc [None req-f3576f81-6fda-4e49-9f0f-a16b3b6c201b admin admin] Pushing event deleted for resources: {'Network': ['ID=d7410d7a-c302-4450-9d09-aa3d8d6abe4b,revision_number=None']} {{(pid=75029) push /opt/stack/neutron/neutron/api/rpc/handlers/resources_rpc.py:237}}
Aug 25 16:08:38.600165 dv-cinder-806007-1-iscsi neutron-server[75029]: DEBUG oslo_concurrency.lockutils [None req-f3576f81-6fda-4e49-9f0f-a16b3b6c201b admin admin] Lock "event-dispatch" released by "neutron.plugins.ml2.ovo_rpc._ObjectChangeHandler.dispatch_events" :: held 0.130s {{(pid=75029) inner /usr/local/lib/python3.8/dist-packages/oslo_concurrency/lockutils.py:367}}
Aug 25 16:08:38.604054 dv-cinder-806007-1-iscsi neutron-server[75029]: DEBUG neutron.quota.resource [None req-3def3998-ec62-496b-873d-71eca8d97ff6 admin admin] Unset dirty status for tenant:1e61cce3b1d5433c8dc31028b121e14e on resource:security_group {{(pid=75029) _resync /opt/stack/neutron/neutron/quota/resource.py:233}}
Aug 25 16:08:38.606995 dv-cinder-806007-1-iscsi neutron-server[75029]: INFO neutron.wsgi [None req-3def3998-ec62-496b-873d-71eca8d97ff6 admin admin] 10.222.0.73 "GET /v2.0/security-groups?tenant_id=c5044cce0a814a8f8bf397999b029050&name=default HTTP/1.1" status: 200 len: 2647 time: 2.1926167
Aug 25 16:08:38.611224 dv-cinder-806007-1-iscsi neutron-server[75028]: DEBUG neutron.wsgi [-] (75028) accepted ('10.222.0.73', 50098) {{(pid=75028) server /usr/local/lib/python3.8/dist-packages/eventlet/wsgi.py:992}}
Aug 25 16:08:38.629556 dv-cinder-806007-1-iscsi neutron-server[75029]: INFO neutron.wsgi [None req-f3576f81-6fda-4e49-9f0f-a16b3b6c201b admin admin] 10.222.0.73 "DELETE /v2.0/networks/d7410d7a-c302-4450-9d09-aa3d8d6abe4b HTTP/1.1" status: 204 len: 168 time: 1.6923218
Aug 25 16:08:38.632396 dv-cinder-806007-1-iscsi neutron-server[75029]: DEBUG neutron.wsgi [-] (75029) accepted ('10.222.0.73', 50102) {{(pid=75029) server /usr/local/lib/python3.8/dist-packages/eventlet/wsgi.py:992}}
Aug 25 16:08:38.756650 dv-cinder-806007-1-iscsi neutron-server[75029]: DEBUG neutron.scheduler.l3_agent_scheduler [None req-d9042730-8182-4e02-8eea-5238bee29845 admin admin] Router 5934c67d-1444-4554-8766-bb57d42e920e is scheduled to L3 agent 26e0503d-c181-4075-845f-7c5fd7073e8f with binding_index 1 {{(pid=75029) bind_router /opt/stack/neutron/neutron/scheduler/l3_agent_scheduler.py:209}}
Aug 25 16:08:38.765483 dv-cinder-806007-1-iscsi neutron-server[75029]: DEBUG neutron_lib.callbacks.manager [None req-45cb5814-2c38-407e-8e4a-49b079666117 admin admin] Notify callbacks [] for router_gateway, after_create {{(pid=75029) _notify_loop /usr/local/lib/python3.8/dist-packages/neutron_lib/callbacks/manager.py:192}}
Aug 25 16:08:38.766258 dv-cinder-806007-1-iscsi neutron-server[75029]: DEBUG neutron_lib.callbacks.manager [None req-45cb5814-2c38-407e-8e4a-49b079666117 admin admin] Notify callbacks ['neutron.services.l3_router.l3_router_plugin.L3_HA_NAT_db_mixin._after_router_create-2017379', 'neutron.services.l3_router.l3_router_plugin.DVRResourceOperationHandler._create_snat_interfaces_after_change-2022942'] for router, after_create {{(pid=75029) _notify_loop /usr/local/lib/python3.8/dist-packages/neutron_lib/callbacks/manager.py:192}}
Aug 25 16:08:38.788039 dv-cinder-806007-1-iscsi neutron-server[75029]: DEBUG neutron.db.db_base_plugin_v2 [None req-5e873917-0250-4fa6-9330-db120b82b1bb admin admin] Deleting subnet cacb84e3-2a61-40ea-aab9-ebfbcc14e47f {{(pid=75029) delete_subnet /opt/stack/neutron/neutron/db/db_base_plugin_v2.py:1047}}
Aug 25 16:08:38.802761 dv-cinder-806007-1-iscsi neutron-server[75028]: DEBUG neutron_lib.callbacks.manager [None req-a1ac5f7e-d270-4397-9d76-e56ce579594e admin admin] Notify callbacks [] for security_group, before_delete {{(pid=75028) _notify_loop /usr/local/lib/python3.8/dist-packages/neutron_lib/callbacks/manager.py:192}}
Aug 25 16:08:38.841595 dv-cinder-806007-1-iscsi neutron-server[75030]: DEBUG neutron.db.provisioning_blocks [None req-ae4ee096-8ba2-4f79-932d-5854cfbde2a2 None None] Provisioning for port 485542db-9a44-464a-90fd-df97af733394 completed by entity DHCP. {{(pid=75030) provisioning_complete /opt/stack/neutron/neutron/db/provisioning_blocks.py:133}}
Aug 25 16:08:38.855632 dv-cinder-806007-1-iscsi neutron-server[75028]: DEBUG neutron_lib.callbacks.manager [None req-f6cf1daf-a3b9-439b-b20a-740eaf428f35 admin admin] Notify callbacks [] for port, precommit_update {{(pid=75028) _notify_loop /usr/local/lib/python3.8/dist-packages/neutron_lib/callbacks/manager.py:192}}
Aug 25 16:08:38.858950 dv-cinder-806007-1-iscsi neutron-server[75028]: DEBUG neutron_lib.callbacks.manager [None req-a1ac5f7e-d270-4397-9d76-e56ce579594e admin admin] Notify callbacks [] for security_group, precommit_delete {{(pid=75028) _notify_loop /usr/local/lib/python3.8/dist-packages/neutron_lib/callbacks/manager.py:192}}
Aug 25 16:08:38.868560 dv-cinder-806007-1-iscsi neutron-server[75028]: DEBUG neutron_lib.callbacks.manager [None req-f6cf1daf-a3b9-439b-b20a-740eaf428f35 admin admin] Notify callbacks ['neutron.plugins.ml2.plugin.SecurityGroupServerNotifierRpcMixin.notify_sg_on_port_change-646397', 'neutron.plugins.ml2.ovo_rpc._ObjectChangeHandler.handle_event-450724', 'neutron.api.rpc.agentnotifiers.dhcp_rpc_agent_api.DhcpAgentNotifyAPI._native_event_send_dhcp_notification-3043540', 'neutron.db.l3_db.L3RpcNotifierMixin._notify_gateway_port_ip_changed-8766033724694', 'neutron.db.l3_dvrscheduler_db._notify_l3_agent_port_update-8766033300785', 'neutron.db.l3_hascheduler_db._notify_l3_agent_ha_port_update-8766033300830'] for port, after_update {{(pid=75028) _notify_loop /usr/local/lib/python3.8/dist-packages/neutron_lib/callbacks/manager.py:192}}
Aug 25 16:08:38.868685 dv-cinder-806007-1-iscsi neutron-server[75030]: DEBUG neutron.db.provisioning_blocks [None req-ae4ee096-8ba2-4f79-932d-5854cfbde2a2 None None] Provisioning complete for port 485542db-9a44-464a-90fd-df97af733394 triggered by entity DHCP. {{(pid=75030) provisioning_complete /opt/stack/neutron/neutron/db/provisioning_blocks.py:139}}
Aug 25 16:08:38.868939 dv-cinder-806007-1-iscsi neutron-server[75030]: DEBUG neutron_lib.callbacks.manager [None req-ae4ee096-8ba2-4f79-932d-5854cfbde2a2 None None] Notify callbacks ['neutron.plugins.ml2.plugin.Ml2Plugin._port_provisioned-1040646'] for port, provisioning_complete {{(pid=75030) _notify_loop /usr/local/lib/python3.8/dist-packages/neutron_lib/callbacks/manager.py:192}}
Aug 25 16:08:38.877828 dv-cinder-806007-1-iscsi neutron-server[75028]: DEBUG neutron_lib.callbacks.manager [None req-f6cf1daf-a3b9-439b-b20a-740eaf428f35 admin admin] Notify callbacks ['neutron.api.rpc.agentnotifiers.dhcp_rpc_agent_api.DhcpAgentNotifyAPI._after_router_interface_created-2970624', 'neutron.services.l3_router.l3_router_plugin.DVRResourceOperationHandler._update_snat_v6_addrs_after_intf_update-2020137'] for router_interface, after_create {{(pid=75028) _notify_loop /usr/local/lib/python3.8/dist-packages/neutron_lib/callbacks/manager.py:192}}
Aug 25 16:08:38.881157 dv-cinder-806007-1-iscsi neutron-server[75028]: DEBUG oslo_concurrency.lockutils [None req-37623cd5-f3f1-4f4a-aed8-a072e88cf832 admin admin] Lock "event-dispatch" acquired by "neutron.plugins.ml2.ovo_rpc._ObjectChangeHandler.dispatch_events" :: waited 0.000s {{(pid=75028) inner /usr/local/lib/python3.8/dist-packages/oslo_concurrency/lockutils.py:355}}
Aug 25 16:08:38.984028 dv-cinder-806007-1-iscsi neutron-server[75030]: DEBUG neutron.api.rpc.handlers.dhcp_rpc [None req-5dec8d74-4ff4-44fc-af9e-43498e87d440 None None] Network 4e3848be-798e-470b-ac4e-1dbd15888ed2 requested from dv-cinder-806007-1-iscsi {{(pid=75030) get_network_info /opt/stack/neutron/neutron/api/rpc/handlers/dhcp_rpc.py:198}}
Aug 25 16:08:38.984703 dv-cinder-806007-1-iscsi neutron-server[75029]: DEBUG neutron_lib.callbacks.manager [None req-5e873917-0250-4fa6-9330-db120b82b1bb admin admin] Notify callbacks [] for subnet, before_delete {{(pid=75029) _notify_loop /usr/local/lib/python3.8/dist-packages/neutron_lib/callbacks/manager.py:192}}
Aug 25 16:08:39.080710 dv-cinder-806007-1-iscsi neutron-server[75029]: DEBUG neutron_lib.callbacks.manager [None req-5e873917-0250-4fa6-9330-db120b82b1bb admin admin] Notify callbacks ['neutron.services.segments.plugin.Plugin._validate_auto_address_subnet_delete-7089977'] for subnet, precommit_delete_associations {{(pid=75029) _notify_loop /usr/local/lib/python3.8/dist-packages/neutron_lib/callbacks/manager.py:192}}
Aug 25 16:08:39.103695 dv-cinder-806007-1-iscsi neutron-server[75030]: DEBUG neutron.plugins.ml2.plugin [None req-ae4ee096-8ba2-4f79-932d-5854cfbde2a2 None None] Port 485542db-9a44-464a-90fd-df97af733394 cannot update to ACTIVE because it is not bound. {{(pid=75030) _port_provisioned /opt/stack/neutron/neutron/plugins/ml2/plugin.py:311}}
Aug 25 16:08:39.223546 dv-cinder-806007-1-iscsi neutron-server[75028]: DEBUG neutron.api.rpc.handlers.resources_rpc [None req-f6cf1daf-a3b9-439b-b20a-740eaf428f35 admin admin] Pushing event updated for resources: {'Port': ['ID=485542db-9a44-464a-90fd-df97af733394,revision_number=2']} {{(pid=75028) push /opt/stack/neutron/neutron/api/rpc/handlers/resources_rpc.py:237}}
Aug 25 16:08:39.235650 dv-cinder-806007-1-iscsi neutron-server[75028]: DEBUG oslo_concurrency.lockutils [None req-f6cf1daf-a3b9-439b-b20a-740eaf428f35 admin admin] Lock "event-dispatch" released by "neutron.plugins.ml2.ovo_rpc._ObjectChangeHandler.dispatch_events" :: held 0.354s {{(pid=75028) inner /usr/local/lib/python3.8/dist-packages/oslo_concurrency/lockutils.py:367}}
Aug 25 16:08:39.247467 dv-cinder-806007-1-iscsi neutron-server[75028]: DEBUG neutron.scheduler.dhcp_agent_scheduler [None req-f6cf1daf-a3b9-439b-b20a-740eaf428f35 admin admin] Network b3283531-0cca-4c41-9237-dcec1b05d939 is already hosted by enough agents. {{(pid=75028) _get_dhcp_agents_hosting_network /opt/stack/neutron/neutron/scheduler/dhcp_agent_scheduler.py:275}}
Aug 25 16:08:39.249412 dv-cinder-806007-1-iscsi neutron-server[75028]: DEBUG neutron.scheduler.base_scheduler [None req-f6cf1daf-a3b9-439b-b20a-740eaf428f35 admin admin] Resources bound (agent type, host, resource id): {{(pid=75028) schedule /opt/stack/neutron/neutron/scheduler/base_scheduler.py:57}}
Aug 25 16:08:39.250019 dv-cinder-806007-1-iscsi neutron-server[75030]: DEBUG neutron.plugins.ml2.rpc [None req-5fc8cc71-6f93-4780-b2b6-3e006911aac4 None None] Device c44a5b0e-d34b-4a39-be8d-03bc9a9c535d up at agent ovs-agent-dv-cinder-806007-1-iscsi {{(pid=75030) update_device_up /opt/stack/neutron/neutron/plugins/ml2/rpc.py:278}}
Aug 25 16:08:39.251776 dv-cinder-806007-1-iscsi neutron-server[75028]: DEBUG neutron_lib.callbacks.manager [None req-a1ac5f7e-d270-4397-9d76-e56ce579594e admin admin] Notify callbacks ['neutron.plugins.ml2.ovo_rpc._ObjectChangeHandler.handle_event-2088650'] for security_group, after_delete {{(pid=75028) _notify_loop /usr/local/lib/python3.8/dist-packages/neutron_lib/callbacks/manager.py:192}}
Aug 25 16:08:39.299390 dv-cinder-806007-1-iscsi neutron-server[75029]: DEBUG neutron_lib.callbacks.manager [None req-5e873917-0250-4fa6-9330-db120b82b1bb admin admin] Notify callbacks ['neutron.plugins.ml2.plugin.Ml2Plugin._subnet_delete_precommit_handler-1045930'] for subnet, precommit_delete {{(pid=75029) _notify_loop /usr/local/lib/python3.8/dist-packages/neutron_lib/callbacks/manager.py:192}}
Aug 25 16:08:39.389172 dv-cinder-806007-1-iscsi neutron-server[75030]: DEBUG neutron.db.provisioning_blocks [None req-e65a5a06-c4d5-4467-b0cc-8b5df1b0421a None None] Provisioning for port c44a5b0e-d34b-4a39-be8d-03bc9a9c535d completed by entity DHCP. {{(pid=75030) provisioning_complete /opt/stack/neutron/neutron/db/provisioning_blocks.py:133}}
Aug 25 16:08:39.402019 dv-cinder-806007-1-iscsi neutron-server[75029]: DEBUG neutron_lib.callbacks.manager [None req-5e873917-0250-4fa6-9330-db120b82b1bb admin admin] Notify callbacks ['neutron.plugins.ml2.plugin.Ml2Plugin._subnet_delete_after_delete_handler-1045907', 'neutron.plugins.ml2.ovo_rpc._ObjectChangeHandler.handle_event-450736', 'neutron.api.rpc.agentnotifiers.dhcp_rpc_agent_api.DhcpAgentNotifyAPI._native_event_send_dhcp_notification-3043540', 'neutron.services.segments.plugin.NovaSegmentNotifier._notify_subnet_deleted-1512900', 'neutron.services.segments.plugin.SegmentHostRoutes.host_routes_after_delete-6846997'] for subnet, after_delete {{(pid=75029) _notify_loop /usr/local/lib/python3.8/dist-packages/neutron_lib/callbacks/manager.py:192}}
Aug 25 16:08:39.413942 dv-cinder-806007-1-iscsi neutron-server[75029]: DEBUG oslo_concurrency.lockutils [None req-49f0fb0b-2ff3-4b88-ad05-b30d20d3e54e admin admin] Lock "event-dispatch" acquired by "neutron.plugins.ml2.ovo_rpc._ObjectChangeHandler.dispatch_events" :: waited 0.000s {{(pid=75029) inner /usr/local/lib/python3.8/dist-packages/oslo_concurrency/lockutils.py:355}}
Aug 25 16:08:39.457224 dv-cinder-806007-1-iscsi neutron-server[75030]: DEBUG neutron.db.provisioning_blocks [None req-5fc8cc71-6f93-4780-b2b6-3e006911aac4 None None] Provisioning for port c44a5b0e-d34b-4a39-be8d-03bc9a9c535d completed by entity L2. {{(pid=75030) provisioning_complete /opt/stack/neutron/neutron/db/provisioning_blocks.py:133}}
Aug 25 16:08:39.469456 dv-cinder-806007-1-iscsi neutron-server[75030]: DEBUG neutron.db.provisioning_blocks [None req-5fc8cc71-6f93-4780-b2b6-3e006911aac4 None None] Provisioning complete for port c44a5b0e-d34b-4a39-be8d-03bc9a9c535d triggered by entity L2. {{(pid=75030) provisioning_complete /opt/stack/neutron/neutron/db/provisioning_blocks.py:139}}
Aug 25 16:08:39.469836 dv-cinder-806007-1-iscsi neutron-server[75030]: DEBUG neutron_lib.callbacks.manager [None req-5fc8cc71-6f93-4780-b2b6-3e006911aac4 None None] Notify callbacks ['neutron.plugins.ml2.plugin.Ml2Plugin._port_provisioned-1040646'] for port, provisioning_complete {{(pid=75030) _notify_loop /usr/local/lib/python3.8/dist-packages/neutron_lib/callbacks/manager.py:192}}
Aug 25 16:08:39.575590 dv-cinder-806007-1-iscsi neutron-server[75028]: DEBUG oslo_concurrency.lockutils [None req-388216b5-c58c-43c7-95e8-a5b4842c61d9 admin admin] Lock "event-dispatch" acquired by "neutron.plugins.ml2.ovo_rpc._ObjectChangeHandler.dispatch_events" :: waited 0.000s {{(pid=75028) inner /usr/local/lib/python3.8/dist-packages/oslo_concurrency/lockutils.py:355}}
Aug 25 16:08:39.595013 dv-cinder-806007-1-iscsi neutron-server[75029]: DEBUG neutron_lib.callbacks.manager [None req-5e873917-0250-4fa6-9330-db120b82b1bb admin admin] Notify callbacks ['neutron.api.rpc.agentnotifiers.dhcp_rpc_agent_api.DhcpAgentNotifyAPI._send_dhcp_notification-3043438'] for subnet, before_response {{(pid=75029) _notify_loop /usr/local/lib/python3.8/dist-packages/neutron_lib/callbacks/manager.py:192}}
Aug 25 16:08:39.613969 dv-cinder-806007-1-iscsi neutron-server[75029]: DEBUG neutron.api.rpc.handlers.resources_rpc [None req-5e873917-0250-4fa6-9330-db120b82b1bb admin admin] Pushing event deleted for resources: {'Subnet': ['ID=cacb84e3-2a61-40ea-aab9-ebfbcc14e47f,revision_number=None']} {{(pid=75029) push /opt/stack/neutron/neutron/api/rpc/handlers/resources_rpc.py:237}}
Aug 25 16:08:39.620412 dv-cinder-806007-1-iscsi neutron-server[75029]: INFO neutron.wsgi [None req-5e873917-0250-4fa6-9330-db120b82b1bb admin admin] 10.222.0.73 "DELETE /v2.0/subnets/cacb84e3-2a61-40ea-aab9-ebfbcc14e47f HTTP/1.1" status: 204 len: 168 time: 0.9821274
Aug 25 16:08:39.621031 dv-cinder-806007-1-iscsi neutron-server[75029]: DEBUG neutron.wsgi [-] (75029) accepted ('10.222.0.73', 50124) {{(pid=75029) server /usr/local/lib/python3.8/dist-packages/eventlet/wsgi.py:992}}
Aug 25 16:08:39.622056 dv-cinder-806007-1-iscsi neutron-server[75029]: DEBUG oslo_concurrency.lockutils [None req-5e873917-0250-4fa6-9330-db120b82b1bb admin admin] Lock "event-dispatch" released by "neutron.plugins.ml2.ovo_rpc._ObjectChangeHandler.dispatch_events" :: held 0.208s {{(pid=75029) inner /usr/local/lib/python3.8/dist-packages/oslo_concurrency/lockutils.py:367}}
Aug 25 16:08:39.628711 dv-cinder-806007-1-iscsi neutron-server[75030]: DEBUG neutron_lib.callbacks.manager [None req-5fc8cc71-6f93-4780-b2b6-3e006911aac4 None None] Notify callbacks ['neutron.plugins.ml2.plugin.SecurityGroupDbMixin._ensure_default_security_group_handler-646202'] for port, before_update {{(pid=75030) _notify_loop /usr/local/lib/python3.8/dist-packages/neutron_lib/callbacks/manager.py:192}}
Aug 25 16:08:39.655478 dv-cinder-806007-1-iscsi neutron-server[75028]: DEBUG neutron.api.rpc.handlers.resources_rpc [None req-a1ac5f7e-d270-4397-9d76-e56ce579594e admin admin] Pushing event deleted for resources: {'SecurityGroup': ['ID=2e96ead5-7c5a-4663-a4fa-71acd6bf416a,revision_number=None']} {{(pid=75028) push /opt/stack/neutron/neutron/api/rpc/handlers/resources_rpc.py:237}}
Aug 25 16:08:39.662173 dv-cinder-806007-1-iscsi neutron-server[75028]: DEBUG oslo_concurrency.lockutils [None req-a1ac5f7e-d270-4397-9d76-e56ce579594e admin admin] Lock "event-dispatch" released by "neutron.plugins.ml2.ovo_rpc._ObjectChangeHandler.dispatch_events" :: held 0.086s {{(pid=75028) inner /usr/local/lib/python3.8/dist-packages/oslo_concurrency/lockutils.py:367}}
Aug 25 16:08:39.671311 dv-cinder-806007-1-iscsi neutron-server[75030]: DEBUG neutron.db.provisioning_blocks [None req-64780283-c10c-4c99-90ea-ec433c84ee70 None None] Provisioning complete for port 485542db-9a44-464a-90fd-df97af733394 triggered by entity DHCP. {{(pid=75030) provisioning_complete /opt/stack/neutron/neutron/db/provisioning_blocks.py:139}}
Aug 25 16:08:39.671722 dv-cinder-806007-1-iscsi neutron-server[75030]: DEBUG neutron_lib.callbacks.manager [None req-64780283-c10c-4c99-90ea-ec433c84ee70 None None] Notify callbacks ['neutron.plugins.ml2.plugin.Ml2Plugin._port_provisioned-1040646'] for port, provisioning_complete {{(pid=75030) _notify_loop /usr/local/lib/python3.8/dist-packages/neutron_lib/callbacks/manager.py:192}}
Aug 25 16:08:39.672665 dv-cinder-806007-1-iscsi neutron-server[75028]: INFO neutron.wsgi [req-f5cdbe02-e4ca-4c53-8c1e-ff034323da3c req-363a4e91-4131-4879-a8f3-6e63ee0cbd40 tempest-DeleteServersTestJSON-264118746 tempest-DeleteServersTestJSON-264118746-project] 10.222.0.73 "GET /v2.0/ports?device_id=376a3868-0a3c-412d-a34c-068f7b03056e HTTP/1.1" status: 200 len: 210 time: 0.2028294
Aug 25 16:08:39.690410 dv-cinder-806007-1-iscsi neutron-server[75028]: DEBUG neutron_lib.callbacks.manager [None req-a1ac5f7e-d270-4397-9d76-e56ce579594e admin admin] Notify callbacks [] for security_group, before_response {{(pid=75028) _notify_loop /usr/local/lib/python3.8/dist-packages/neutron_lib/callbacks/manager.py:192}}
Aug 25 16:08:39.691965 dv-cinder-806007-1-iscsi neutron-server[75028]: INFO neutron.wsgi [None req-a1ac5f7e-d270-4397-9d76-e56ce579594e admin admin] 10.222.0.73 "DELETE /v2.0/security-groups/2e96ead5-7c5a-4663-a4fa-71acd6bf416a HTTP/1.1" status: 204 len: 168 time: 1.0795841
Aug 25 16:08:39.792875 dv-cinder-806007-1-iscsi neutron-server[75029]: DEBUG neutron_lib.callbacks.manager [None req-490bc727-f30f-4c7a-bc42-13f04c53f0bb admin admin] Notify callbacks ['neutron.plugins.ml2.plugin.External_net_db_mixin._before_network_delete_handler-579792'] for network, before_delete {{(pid=75029) _notify_loop /usr/local/lib/python3.8/dist-packages/neutron_lib/callbacks/manager.py:192}}
Aug 25 16:08:39.798337 dv-cinder-806007-1-iscsi neutron-server[75030]: DEBUG neutron.plugins.ml2.db [None req-5fc8cc71-6f93-4780-b2b6-3e006911aac4 None None] For port c44a5b0e-d34b-4a39-be8d-03bc9a9c535d, host dv-cinder-806007-1-iscsi, got binding levels [PortBindingLevel(driver='openvswitch',host='dv-cinder-806007-1-iscsi',level=0,port_id=c44a5b0e-d34b-4a39-be8d-03bc9a9c535d,segment=NetworkSegment(fe8eda2e-9f2c-4f9b-8130-c6683b2cd365),segment_id=fe8eda2e-9f2c-4f9b-8130-c6683b2cd365)] {{(pid=75030) get_binding_level_objs /opt/stack/neutron/neutron/plugins/ml2/db.py:74}}
Aug 25 16:08:39.806801 dv-cinder-806007-1-iscsi neutron-server[75030]: DEBUG neutron_lib.callbacks.manager [None req-5fc8cc71-6f93-4780-b2b6-3e006911aac4 None None] Notify callbacks ['neutron.plugins.ml2.plugin.SecurityGroupServerNotifierRpcMixin.notify_sg_on_port_change-646397', 'neutron.plugins.ml2.ovo_rpc._ObjectChangeHandler.handle_event-450724', 'neutron.api.rpc.agentnotifiers.dhcp_rpc_agent_api.DhcpAgentNotifyAPI._native_event_send_dhcp_notification-3043540', 'neutron.db.l3_db.L3RpcNotifierMixin._notify_gateway_port_ip_changed-8766033724694', 'neutron.db.l3_dvrscheduler_db._notify_l3_agent_port_update-8766033300785', 'neutron.db.l3_hascheduler_db._notify_l3_agent_ha_port_update-8766033300830'] for port, after_update {{(pid=75030) _notify_loop /usr/local/lib/python3.8/dist-packages/neutron_lib/callbacks/manager.py:192}}
Aug 25 16:08:39.810765 dv-cinder-806007-1-iscsi neutron-server[75030]: DEBUG neutron.plugins.ml2.rpc [None req-5fc8cc71-6f93-4780-b2b6-3e006911aac4 None None] Device 10f77dcb-ad23-4780-a71f-f3f8d4a448a5 up at agent ovs-agent-dv-cinder-806007-1-iscsi {{(pid=75030) update_device_up /opt/stack/neutron/neutron/plugins/ml2/rpc.py:278}}
Aug 25 16:08:39.846662 dv-cinder-806007-1-iscsi neutron-server[75030]: DEBUG oslo_concurrency.lockutils [None req-5fc8cc71-6f93-4780-b2b6-3e006911aac4 None None] Lock "event-dispatch" acquired by "neutron.plugins.ml2.ovo_rpc._ObjectChangeHandler.dispatch_events" :: waited 0.000s {{(pid=75030) inner /usr/local/lib/python3.8/dist-packages/oslo_concurrency/lockutils.py:355}}
Aug 25 16:08:39.988549 dv-cinder-806007-1-iscsi neutron-server[75030]: DEBUG neutron.plugins.ml2.plugin [None req-64780283-c10c-4c99-90ea-ec433c84ee70 None None] Port 485542db-9a44-464a-90fd-df97af733394 cannot update to ACTIVE because it is not bound. {{(pid=75030) _port_provisioned /opt/stack/neutron/neutron/plugins/ml2/plugin.py:311}}
Aug 25 16:08:40.011160 dv-cinder-806007-1-iscsi neutron-server[75028]: DEBUG neutron.scheduler.l3_agent_scheduler [None req-f6cf1daf-a3b9-439b-b20a-740eaf428f35 admin admin] Router 2814c97a-902b-4922-ad67-921c8defeb08 has already been hosted by L3 agent 26e0503d-c181-4075-845f-7c5fd7073e8f {{(pid=75028) _get_candidates /opt/stack/neutron/neutron/scheduler/l3_agent_scheduler.py:126}}
Aug 25 16:08:40.091992 dv-cinder-806007-1-iscsi neutron-server[75030]: DEBUG neutron.api.rpc.handlers.resources_rpc [None req-5fc8cc71-6f93-4780-b2b6-3e006911aac4 None None] Pushing event updated for resources: {'Port': ['ID=c44a5b0e-d34b-4a39-be8d-03bc9a9c535d,revision_number=3']} {{(pid=75030) push /opt/stack/neutron/neutron/api/rpc/handlers/resources_rpc.py:237}}
Aug 25 16:08:40.123182 dv-cinder-806007-1-iscsi neutron-server[75030]: DEBUG oslo_concurrency.lockutils [None req-5fc8cc71-6f93-4780-b2b6-3e006911aac4 None None] Lock "event-dispatch" released by "neutron.plugins.ml2.ovo_rpc._ObjectChangeHandler.dispatch_events" :: held 0.276s {{(pid=75030) inner /usr/local/lib/python3.8/dist-packages/oslo_concurrency/lockutils.py:367}}
Aug 25 16:08:40.134441 dv-cinder-806007-1-iscsi neutron-server[75030]: DEBUG neutron.db.provisioning_blocks [None req-5fc8cc71-6f93-4780-b2b6-3e006911aac4 None None] Provisioning complete for port 10f77dcb-ad23-4780-a71f-f3f8d4a448a5 triggered by entity L2. {{(pid=75030) provisioning_complete /opt/stack/neutron/neutron/db/provisioning_blocks.py:139}}
Aug 25 16:08:40.134827 dv-cinder-806007-1-iscsi neutron-server[75030]: DEBUG neutron_lib.callbacks.manager [None req-5fc8cc71-6f93-4780-b2b6-3e006911aac4 None None] Notify callbacks ['neutron.plugins.ml2.plugin.Ml2Plugin._port_provisioned-1040646'] for port, provisioning_complete {{(pid=75030) _notify_loop /usr/local/lib/python3.8/dist-packages/neutron_lib/callbacks/manager.py:192}}
Aug 25 16:08:40.216240 dv-cinder-806007-1-iscsi neutron-server[75030]: DEBUG neutron.db.provisioning_blocks [None req-8e4df1ce-1bab-4b3f-9376-533ba4074416 None None] Provisioning complete for port c44a5b0e-d34b-4a39-be8d-03bc9a9c535d triggered by entity DHCP. {{(pid=75030) provisioning_complete /opt/stack/neutron/neutron/db/provisioning_blocks.py:139}}
Aug 25 16:08:40.216614 dv-cinder-806007-1-iscsi neutron-server[75030]: DEBUG neutron_lib.callbacks.manager [None req-8e4df1ce-1bab-4b3f-9376-533ba4074416 None None] Notify callbacks ['neutron.plugins.ml2.plugin.Ml2Plugin._port_provisioned-1040646'] for port, provisioning_complete {{(pid=75030) _notify_loop /usr/local/lib/python3.8/dist-packages/neutron_lib/callbacks/manager.py:192}}
Aug 25 16:08:40.289134 dv-cinder-806007-1-iscsi neutron-server[75028]: DEBUG neutron.api.rpc.agentnotifiers.l3_rpc_agent_api [None req-f6cf1daf-a3b9-439b-b20a-740eaf428f35 admin admin] Notify agent at l3_agent.dv-cinder-806007-1-iscsi the message routers_updated {{(pid=75028) _agent_notification /opt/stack/neutron/neutron/api/rpc/agentnotifiers/l3_rpc_agent_api.py:65}}
Aug 25 16:08:40.296499 dv-cinder-806007-1-iscsi neutron-server[75029]: DEBUG neutron_lib.callbacks.manager [None req-490bc727-f30f-4c7a-bc42-13f04c53f0bb admin admin] Notify callbacks ['neutron.plugins.ml2.plugin.Ml2Plugin._network_delete_precommit_handler-1046051', 'neutron.services.segments.db._delete_segments_for_network-8766033803906'] for network, precommit_delete {{(pid=75029) _notify_loop /usr/local/lib/python3.8/dist-packages/neutron_lib/callbacks/manager.py:192}}
Aug 25 16:08:40.308155 dv-cinder-806007-1-iscsi neutron-server[75028]: INFO neutron.wsgi [None req-f6cf1daf-a3b9-439b-b20a-740eaf428f35 admin admin] 10.222.0.73 "PUT /v2.0/routers/2814c97a-902b-4922-ad67-921c8defeb08/add_router_interface HTTP/1.1" status: 200 len: 503 time: 6.1403666
Aug 25 16:08:40.321326 dv-cinder-806007-1-iscsi neutron-server[75029]: DEBUG neutron.services.segments.db [None req-490bc727-f30f-4c7a-bc42-13f04c53f0bb admin admin] neutron.services.segments.plugin.Plugin method get_segments called with arguments (,) {'filters': {'network_id': ['01576c16-5ce0-41e0-b30e-e43d08f533d3']}} {{(pid=75029) wrapper /usr/local/lib/python3.8/dist-packages/oslo_log/helpers.py:65}}
Aug 25 16:08:40.343565 dv-cinder-806007-1-iscsi neutron-server[75029]: DEBUG neutron.services.segments.db [None req-490bc727-f30f-4c7a-bc42-13f04c53f0bb admin admin] neutron.services.segments.plugin.Plugin method delete_segment called with arguments (, 'dfe79231-c616-454d-8009-ed60bddff695') {'for_net_delete': True} {{(pid=75029) wrapper /usr/local/lib/python3.8/dist-packages/oslo_log/helpers.py:65}}
Aug 25 16:08:40.343801 dv-cinder-806007-1-iscsi neutron-server[75029]: DEBUG neutron.services.segments.db [None req-490bc727-f30f-4c7a-bc42-13f04c53f0bb admin admin] neutron.services.segments.plugin.Plugin method get_segment called with arguments (, 'dfe79231-c616-454d-8009-ed60bddff695') {} {{(pid=75029) wrapper /usr/local/lib/python3.8/dist-packages/oslo_log/helpers.py:65}}
Aug 25 16:08:40.365324 dv-cinder-806007-1-iscsi neutron-server[75029]: DEBUG neutron.api.rpc.agentnotifiers.l3_rpc_agent_api [None req-d9042730-8182-4e02-8eea-5238bee29845 admin admin] Notify agent at l3_agent.dv-cinder-806007-1-iscsi the message routers_updated {{(pid=75029) _agent_notification /opt/stack/neutron/neutron/api/rpc/agentnotifiers/l3_rpc_agent_api.py:65}}
Aug 25 16:08:40.370825 dv-cinder-806007-1-iscsi neutron-server[75029]: DEBUG neutron_lib.callbacks.manager [None req-490bc727-f30f-4c7a-bc42-13f04c53f0bb admin admin] Notify callbacks ['neutron.plugins.ml2.db._prevent_segment_delete_with_port_bound-8766033806493', 'neutron.services.segments.plugin.Plugin._prevent_segment_delete_with_subnet_associated-7089974'] for segment, before_delete {{(pid=75029) _notify_loop /usr/local/lib/python3.8/dist-packages/neutron_lib/callbacks/manager.py:192}}
Aug 25 16:08:40.408385 dv-cinder-806007-1-iscsi neutron-server[75029]: DEBUG neutron_lib.callbacks.manager [None req-490bc727-f30f-4c7a-bc42-13f04c53f0bb admin admin] Notify callbacks ['neutron.plugins.ml2.plugin.Ml2Plugin._handle_segment_change-1045777'] for segment, precommit_delete {{(pid=75029) _notify_loop /usr/local/lib/python3.8/dist-packages/neutron_lib/callbacks/manager.py:192}}
