Aug 25 16:09:58.073386 dv-cinder-806007-1-iscsi neutron-server[75029]: DEBUG oslo_concurrency.lockutils [None req-d1d4aab1-c114-4406-9b30-69620c5553b6 tempest-AttachVolumeTestJSON-1851376781 tempest-AttachVolumeTestJSON-1851376781-project] Lock "event-dispatch" acquired by "neutron.plugins.ml2.ovo_rpc._ObjectChangeHandler.dispatch_events" :: waited 0.000s {{(pid=75029) inner /usr/local/lib/python3.8/dist-packages/oslo_concurrency/lockutils.py:355}}
Aug 25 16:09:58.093295 dv-cinder-806007-1-iscsi neutron-server[75028]: INFO neutron.wsgi [req-9a3648ea-9654-47b2-8d2e-f542b03ee251 req-c34d984b-b448-4b3e-8257-6efb3f4f6218 tempest-ServerRescueNegativeTestJSON-493070469 tempest-ServerRescueNegativeTestJSON-493070469-project] 10.222.0.73 "GET /v2.0/security-groups?id=7c1cfc77-298d-4d8b-860a-e6c38bb66ff1&fields=id&fields=name HTTP/1.1" status: 200 len: 286 time: 0.1621532
Aug 25 16:09:58.133036 dv-cinder-806007-1-iscsi neutron-server[75028]: DEBUG neutron_lib.callbacks.manager [None req-759f6f68-ec38-4c85-a276-6c7d28540f34 admin admin] Notify callbacks [] for security_group, before_delete {{(pid=75028) _notify_loop /usr/local/lib/python3.8/dist-packages/neutron_lib/callbacks/manager.py:192}}
Aug 25 16:09:58.156807 dv-cinder-806007-1-iscsi neutron-server[75029]: DEBUG neutron_lib.callbacks.manager [req-28c4390a-610c-44f1-9f27-72783b184c01 req-dd95b0d7-875a-4c07-94c8-6c2a4be3a7c4 service neutron] Notify callbacks ['neutron.notifiers.nova.Notifier._send_nova_notification-399075'] for port, before_response {{(pid=75029) _notify_loop /usr/local/lib/python3.8/dist-packages/neutron_lib/callbacks/manager.py:192}}
Aug 25 16:09:58.158690 dv-cinder-806007-1-iscsi neutron-server[75029]: INFO neutron.wsgi [req-28c4390a-610c-44f1-9f27-72783b184c01 req-dd95b0d7-875a-4c07-94c8-6c2a4be3a7c4 service neutron] 10.222.0.76 "PUT /v2.0/ports/ca34c05a-231c-43f2-83b9-d1d28fd40d37 HTTP/1.1" status: 200 len: 1094 time: 1.3189759
Aug 25 16:09:58.159311 dv-cinder-806007-1-iscsi neutron-server[75029]: DEBUG neutron.notifiers.nova [-] Sending events: [{'name': 'network-changed', 'server_uuid': '9f50fa80-ebee-4421-8554-da0ef2bb8719', 'tag': 'ca34c05a-231c-43f2-83b9-d1d28fd40d37'}] {{(pid=75029) send_events /opt/stack/neutron/neutron/notifiers/nova.py:262}}
Aug 25 16:09:58.207426 dv-cinder-806007-1-iscsi neutron-server[75029]: DEBUG neutron.api.rpc.handlers.resources_rpc [None req-dd95b0d7-875a-4c07-94c8-6c2a4be3a7c4 service neutron] Pushing event updated for resources: {'Port': ['ID=ca34c05a-231c-43f2-83b9-d1d28fd40d37,revision_number=3']} {{(pid=75029) push /opt/stack/neutron/neutron/api/rpc/handlers/resources_rpc.py:237}}
Aug 25 16:09:58.211435 dv-cinder-806007-1-iscsi neutron-server[75029]: DEBUG oslo_concurrency.lockutils [None req-dd95b0d7-875a-4c07-94c8-6c2a4be3a7c4 service neutron] Lock "event-dispatch" released by "neutron.plugins.ml2.ovo_rpc._ObjectChangeHandler.dispatch_events" :: held 0.138s {{(pid=75029) inner /usr/local/lib/python3.8/dist-packages/oslo_concurrency/lockutils.py:367}}
Aug 25 16:09:58.241686 dv-cinder-806007-1-iscsi neutron-server[75028]: DEBUG neutron_lib.callbacks.manager [None req-759f6f68-ec38-4c85-a276-6c7d28540f34 admin admin] Notify callbacks [] for security_group, precommit_delete {{(pid=75028) _notify_loop /usr/local/lib/python3.8/dist-packages/neutron_lib/callbacks/manager.py:192}}
Aug 25 16:09:58.353270 dv-cinder-806007-1-iscsi neutron-server[75028]: DEBUG neutron_lib.callbacks.manager [None req-759f6f68-ec38-4c85-a276-6c7d28540f34 admin admin] Notify callbacks ['neutron.plugins.ml2.ovo_rpc._ObjectChangeHandler.handle_event-2088650'] for security_group, after_delete {{(pid=75028) _notify_loop /usr/local/lib/python3.8/dist-packages/neutron_lib/callbacks/manager.py:192}}
Aug 25 16:09:58.360477 dv-cinder-806007-1-iscsi neutron-server[75028]: DEBUG oslo_concurrency.lockutils [None req-e3e25add-edb5-4f98-887f-efff6388ef2c admin admin] Lock "event-dispatch" acquired by "neutron.plugins.ml2.ovo_rpc._ObjectChangeHandler.dispatch_events" :: waited 0.000s {{(pid=75028) inner /usr/local/lib/python3.8/dist-packages/oslo_concurrency/lockutils.py:355}}
Aug 25 16:09:58.380530 dv-cinder-806007-1-iscsi neutron-server[75028]: DEBUG neutron.api.rpc.handlers.resources_rpc [None req-759f6f68-ec38-4c85-a276-6c7d28540f34 admin admin] Pushing event deleted for resources: {'SecurityGroup': ['ID=f7bf8e95-1410-43b2-a243-aa773f0e557a,revision_number=None']} {{(pid=75028) push /opt/stack/neutron/neutron/api/rpc/handlers/resources_rpc.py:237}}
Aug 25 16:09:58.384011 dv-cinder-806007-1-iscsi neutron-server[75028]: DEBUG oslo_concurrency.lockutils [None req-759f6f68-ec38-4c85-a276-6c7d28540f34 admin admin] Lock "event-dispatch" released by "neutron.plugins.ml2.ovo_rpc._ObjectChangeHandler.dispatch_events" :: held 0.024s {{(pid=75028) inner /usr/local/lib/python3.8/dist-packages/oslo_concurrency/lockutils.py:367}}
Aug 25 16:09:58.386169 dv-cinder-806007-1-iscsi neutron-server[75028]: DEBUG neutron_lib.callbacks.manager [None req-759f6f68-ec38-4c85-a276-6c7d28540f34 admin admin] Notify callbacks [] for security_group, before_response {{(pid=75028) _notify_loop /usr/local/lib/python3.8/dist-packages/neutron_lib/callbacks/manager.py:192}}
Aug 25 16:09:58.391085 dv-cinder-806007-1-iscsi neutron-server[75028]: INFO neutron.wsgi [None req-759f6f68-ec38-4c85-a276-6c7d28540f34 admin admin] 10.222.0.73 "DELETE /v2.0/security-groups/f7bf8e95-1410-43b2-a243-aa773f0e557a HTTP/1.1" status: 204 len: 168 time: 0.4561296
Aug 25 16:09:58.406869 dv-cinder-806007-1-iscsi neutron-server[75029]: INFO neutron.notifiers.nova [-] Nova event response: {'name': 'network-changed', 'server_uuid': '9f50fa80-ebee-4421-8554-da0ef2bb8719', 'tag': 'ca34c05a-231c-43f2-83b9-d1d28fd40d37', 'status': 'completed', 'code': 200}
Aug 25 16:09:58.428784 dv-cinder-806007-1-iscsi neutron-server[75029]: INFO neutron.wsgi [req-28c4390a-610c-44f1-9f27-72783b184c01 req-b3b7838d-72f9-47fe-b55f-6909e4f0f288 service neutron] 10.222.0.76 "GET /v2.0/ports?tenant_id=3c7ab4ea55f24fa9905a48022cd3a8aa&device_id=9f50fa80-ebee-4421-8554-da0ef2bb8719 HTTP/1.1" status: 200 len: 1097 time: 0.1108687
Aug 25 16:09:58.443710 dv-cinder-806007-1-iscsi neutron-server[75028]: DEBUG neutron.wsgi [-] (75028) accepted ('10.222.0.73', 52648) {{(pid=75028) server /usr/local/lib/python3.8/dist-packages/eventlet/wsgi.py:992}}
Aug 25 16:09:58.516988 dv-cinder-806007-1-iscsi neutron-server[75029]: INFO neutron.wsgi [req-28c4390a-610c-44f1-9f27-72783b184c01 req-23e5076c-27a1-4b2d-9b1e-cf26d1f1f553 service neutron] 10.222.0.76 "GET /v2.0/floatingips?fixed_ip_address=172.20.0.13&port_id=ca34c05a-231c-43f2-83b9-d1d28fd40d37 HTTP/1.1" status: 200 len: 217 time: 0.0678940
Aug 25 16:09:58.587263 dv-cinder-806007-1-iscsi neutron-server[75029]: DEBUG neutron.pecan_wsgi.hooks.policy_enforcement [req-28c4390a-610c-44f1-9f27-72783b184c01 req-36cb9c7b-9675-43e1-8d0d-099b47a6fe14 service neutron] Attributes excluded by policy engine: ['shared', 'segment_id'] {{(pid=75029) _exclude_attributes_by_policy /opt/stack/neutron/neutron/pecan_wsgi/hooks/policy_enforcement.py:255}}
Aug 25 16:09:58.589422 dv-cinder-806007-1-iscsi neutron-server[75029]: INFO neutron.wsgi [req-28c4390a-610c-44f1-9f27-72783b184c01 req-36cb9c7b-9675-43e1-8d0d-099b47a6fe14 service neutron] 10.222.0.76 "GET /v2.0/subnets?id=4f5401a7-aee7-4cf9-8721-14dbab981305 HTTP/1.1" status: 200 len: 854 time: 0.0639427
Aug 25 16:09:58.611053 dv-cinder-806007-1-iscsi neutron-server[75028]: DEBUG neutron_lib.callbacks.manager [None req-dea24997-dd27-48f8-8f90-16153959f401 admin admin] Notify callbacks [] for security_group, before_create {{(pid=75028) _notify_loop /usr/local/lib/python3.8/dist-packages/neutron_lib/callbacks/manager.py:192}}
Aug 25 16:09:58.648858 dv-cinder-806007-1-iscsi neutron-server[75029]: INFO neutron.wsgi [req-28c4390a-610c-44f1-9f27-72783b184c01 req-85769f04-d8fc-4c12-aecd-4590d28d82ef service neutron] 10.222.0.76 "GET /v2.0/ports?network_id=81cfb394-8717-4f82-8a7d-65d5d91c2cb7&device_owner=network%3Adhcp HTTP/1.1" status: 200 len: 210 time: 0.0469534
Aug 25 16:09:58.649096 dv-cinder-806007-1-iscsi neutron-server[75028]: DEBUG neutron.db.quota.driver [None req-dea24997-dd27-48f8-8f90-16153959f401 admin admin] Resources subnetpool have unlimited quota limit. It is not required to calculate headroom {{(pid=75028) make_reservation /opt/stack/neutron/neutron/db/quota/driver.py:219}}
Aug 25 16:09:58.652772 dv-cinder-806007-1-iscsi neutron-server[75028]: DEBUG neutron.quota.resource [None req-dea24997-dd27-48f8-8f90-16153959f401 admin admin] Usage tracker for resource:security_group_rule and tenant:32e39639438f4b60b5b83e8f813bf8b2 is out of sync, need to count used quota {{(pid=75028) count_used /opt/stack/neutron/neutron/quota/resource.py:270}}
Aug 25 16:09:58.656238 dv-cinder-806007-1-iscsi neutron-server[75028]: DEBUG neutron.quota.resource [None req-dea24997-dd27-48f8-8f90-16153959f401 admin admin] Quota usage for security_group_rule was recalculated. Used quota:0. {{(pid=75028) count_used /opt/stack/neutron/neutron/quota/resource.py:290}}
Aug 25 16:09:58.662117 dv-cinder-806007-1-iscsi neutron-server[75028]: DEBUG neutron.db.quota.driver [None req-dea24997-dd27-48f8-8f90-16153959f401 admin admin] Attempting to reserve 4 items for resource security_group_rule. Total usage: 0; quota limit: 100; headroom:100 {{(pid=75028) make_reservation /opt/stack/neutron/neutron/db/quota/driver.py:246}}
Aug 25 16:09:58.734628 dv-cinder-806007-1-iscsi neutron-server[75028]: DEBUG neutron_lib.callbacks.manager [None req-dea24997-dd27-48f8-8f90-16153959f401 admin admin] Notify callbacks [] for security_group, precommit_create {{(pid=75028) _notify_loop /usr/local/lib/python3.8/dist-packages/neutron_lib/callbacks/manager.py:192}}
Aug 25 16:09:58.740011 dv-cinder-806007-1-iscsi neutron-server[75028]: DEBUG neutron_lib.callbacks.manager [None req-dea24997-dd27-48f8-8f90-16153959f401 admin admin] Notify callbacks ['neutron.plugins.ml2.ovo_rpc._ObjectChangeHandler.handle_event-2088650'] for security_group, after_create {{(pid=75028) _notify_loop /usr/local/lib/python3.8/dist-packages/neutron_lib/callbacks/manager.py:192}}
Aug 25 16:09:58.748083 dv-cinder-806007-1-iscsi neutron-server[75028]: DEBUG oslo_concurrency.lockutils [None req-214f7160-e6e3-4315-831f-7a9ae1ea90d7 admin admin] Lock "event-dispatch" acquired by "neutron.plugins.ml2.ovo_rpc._ObjectChangeHandler.dispatch_events" :: waited 0.000s {{(pid=75028) inner /usr/local/lib/python3.8/dist-packages/oslo_concurrency/lockutils.py:355}}
Aug 25 16:09:58.775503 dv-cinder-806007-1-iscsi neutron-server[75028]: DEBUG neutron.api.rpc.handlers.resources_rpc [None req-dea24997-dd27-48f8-8f90-16153959f401 admin admin] Pushing event updated for resources: {'SecurityGroup': ['ID=d9a87dbb-4cfb-41fb-8da7-1afd94be7138,revision_number=1']} {{(pid=75028) push /opt/stack/neutron/neutron/api/rpc/handlers/resources_rpc.py:237}}
Aug 25 16:09:58.781244 dv-cinder-806007-1-iscsi neutron-server[75028]: DEBUG oslo_concurrency.lockutils [None req-dea24997-dd27-48f8-8f90-16153959f401 admin admin] Lock "event-dispatch" released by "neutron.plugins.ml2.ovo_rpc._ObjectChangeHandler.dispatch_events" :: held 0.033s {{(pid=75028) inner /usr/local/lib/python3.8/dist-packages/oslo_concurrency/lockutils.py:367}}
Aug 25 16:09:58.795685 dv-cinder-806007-1-iscsi neutron-server[75029]: INFO neutron.wsgi [req-28c4390a-610c-44f1-9f27-72783b184c01 req-cec1b158-d086-40a9-86bd-11073bce7c32 service neutron] 10.222.0.76 "GET /v2.0/networks/81cfb394-8717-4f82-8a7d-65d5d91c2cb7?fields=segments HTTP/1.1" status: 200 len: 212 time: 0.1384354
Aug 25 16:09:58.802932 dv-cinder-806007-1-iscsi neutron-server[75028]: INFO neutron.wsgi [None req-dea24997-dd27-48f8-8f90-16153959f401 admin admin] 10.222.0.73 "GET /v2.0/security-groups?tenant_id=32e39639438f4b60b5b83e8f813bf8b2&name=default HTTP/1.1" status: 200 len: 2647 time: 0.3580642
Aug 25 16:09:58.805400 dv-cinder-806007-1-iscsi neutron-server[75028]: DEBUG neutron.wsgi [-] (75028) accepted ('10.222.0.73', 52660) {{(pid=75028) server /usr/local/lib/python3.8/dist-packages/eventlet/wsgi.py:992}}
Aug 25 16:09:58.879891 dv-cinder-806007-1-iscsi neutron-server[75028]: DEBUG neutron_lib.callbacks.manager [None req-e44a53b5-64ad-43ee-8971-d8b395fedf19 admin admin] Notify callbacks [] for security_group, before_delete {{(pid=75028) _notify_loop /usr/local/lib/python3.8/dist-packages/neutron_lib/callbacks/manager.py:192}}
Aug 25 16:09:58.914991 dv-cinder-806007-1-iscsi neutron-server[75028]: DEBUG neutron_lib.callbacks.manager [None req-e44a53b5-64ad-43ee-8971-d8b395fedf19 admin admin] Notify callbacks [] for security_group, precommit_delete {{(pid=75028) _notify_loop /usr/local/lib/python3.8/dist-packages/neutron_lib/callbacks/manager.py:192}}
Aug 25 16:09:58.956256 dv-cinder-806007-1-iscsi neutron-server[75029]: INFO neutron.wsgi [req-28c4390a-610c-44f1-9f27-72783b184c01 req-7fa34fe8-620b-4520-b390-ed92d0d45221 service neutron] 10.222.0.76 "GET /v2.0/networks/81cfb394-8717-4f82-8a7d-65d5d91c2cb7?fields=provider%3Aphysical_network&fields=provider%3Anetwork_type HTTP/1.1" status: 200 len: 281 time: 0.1535788
Aug 25 16:09:58.980380 dv-cinder-806007-1-iscsi neutron-server[75028]: DEBUG neutron_lib.callbacks.manager [None req-e44a53b5-64ad-43ee-8971-d8b395fedf19 admin admin] Notify callbacks ['neutron.plugins.ml2.ovo_rpc._ObjectChangeHandler.handle_event-2088650'] for security_group, after_delete {{(pid=75028) _notify_loop /usr/local/lib/python3.8/dist-packages/neutron_lib/callbacks/manager.py:192}}
Aug 25 16:09:58.984614 dv-cinder-806007-1-iscsi neutron-server[75028]: DEBUG oslo_concurrency.lockutils [-] Lock "event-dispatch" acquired by "neutron.plugins.ml2.ovo_rpc._ObjectChangeHandler.dispatch_events" :: waited 0.000s {{(pid=75028) inner /usr/local/lib/python3.8/dist-packages/oslo_concurrency/lockutils.py:355}}
Aug 25 16:09:58.995858 dv-cinder-806007-1-iscsi neutron-server[75028]: DEBUG neutron.api.rpc.handlers.resources_rpc [None req-e44a53b5-64ad-43ee-8971-d8b395fedf19 admin admin] Pushing event deleted for resources: {'SecurityGroup': ['ID=d9a87dbb-4cfb-41fb-8da7-1afd94be7138,revision_number=None']} {{(pid=75028) push /opt/stack/neutron/neutron/api/rpc/handlers/resources_rpc.py:237}}
Aug 25 16:09:59.001004 dv-cinder-806007-1-iscsi neutron-server[75028]: DEBUG oslo_concurrency.lockutils [None req-e44a53b5-64ad-43ee-8971-d8b395fedf19 admin admin] Lock "event-dispatch" released by "neutron.plugins.ml2.ovo_rpc._ObjectChangeHandler.dispatch_events" :: held 0.016s {{(pid=75028) inner /usr/local/lib/python3.8/dist-packages/oslo_concurrency/lockutils.py:367}}
Aug 25 16:09:59.002857 dv-cinder-806007-1-iscsi neutron-server[75028]: DEBUG neutron_lib.callbacks.manager [None req-e44a53b5-64ad-43ee-8971-d8b395fedf19 admin admin] Notify callbacks [] for security_group, before_response {{(pid=75028) _notify_loop /usr/local/lib/python3.8/dist-packages/neutron_lib/callbacks/manager.py:192}}
Aug 25 16:09:59.004118 dv-cinder-806007-1-iscsi neutron-server[75028]: INFO neutron.wsgi [None req-e44a53b5-64ad-43ee-8971-d8b395fedf19 admin admin] 10.222.0.73 "DELETE /v2.0/security-groups/d9a87dbb-4cfb-41fb-8da7-1afd94be7138 HTTP/1.1" status: 204 len: 168 time: 0.1976988
Aug 25 16:09:59.196379 dv-cinder-806007-1-iscsi neutron-server[75029]: INFO neutron.wsgi [req-bc031bbf-a971-4e31-b9d9-2512f2fbbc0e req-24362fe5-2a61-4903-9c2e-453490139fd8 service neutron] 10.222.0.76 "GET /v2.0/ports?tenant_id=3c7ab4ea55f24fa9905a48022cd3a8aa&device_id=9f50fa80-ebee-4421-8554-da0ef2bb8719 HTTP/1.1" status: 200 len: 1097 time: 0.1113422
Aug 25 16:09:59.343695 dv-cinder-806007-1-iscsi neutron-server[75028]: DEBUG neutron.pecan_wsgi.hooks.policy_enforcement [req-8cd69734-043d-4ac9-b00c-ea9f0193a737 req-e6cf27ba-de49-4fc2-b0e0-4d7a80ab76f4 tempest-AttachVolumeNegativeTest-1678294428 tempest-AttachVolumeNegativeTest-1678294428-project] Attributes excluded by policy engine: ['binding:profile', 'binding:host_id', 'binding:vif_type', 'binding:vif_details'] {{(pid=75028) _exclude_attributes_by_policy /opt/stack/neutron/neutron/pecan_wsgi/hooks/policy_enforcement.py:255}}
Aug 25 16:09:59.345215 dv-cinder-806007-1-iscsi neutron-server[75028]: INFO neutron.wsgi [req-8cd69734-043d-4ac9-b00c-ea9f0193a737 req-e6cf27ba-de49-4fc2-b0e0-4d7a80ab76f4 tempest-AttachVolumeNegativeTest-1678294428 tempest-AttachVolumeNegativeTest-1678294428-project] 10.222.0.73 "GET /v2.0/ports?device_id=9f50fa80-ebee-4421-8554-da0ef2bb8719 HTTP/1.1" status: 200 len: 944 time: 0.1742399
Aug 25 16:09:59.426924 dv-cinder-806007-1-iscsi neutron-server[75029]: DEBUG neutron.pecan_wsgi.hooks.policy_enforcement [req-bc031bbf-a971-4e31-b9d9-2512f2fbbc0e req-4f0543eb-0