Aug 25 07:27:30.180772 dv-cinder-805949-1-smb neutron-server[94346]: INFO neutron.wsgi [req-1b865876-fd89-4fea-9e55-6e68a8b5dd9b req-d79908ff-ad2e-411c-847a-f52e109dd418 tempest-VolumesNegativeTest-350973781 tempest-VolumesNegativeTest-350973781-project] 10.222.0.23 "POST /v2.0/ports HTTP/1.1" status: 201 len: 937 time: 1.6355238
Aug 25 07:27:30.193888 dv-cinder-805949-1-smb neutron-server[94345]: DEBUG neutron.pecan_wsgi.hooks.policy_enforcement [req-aed31c87-5f57-4763-a4fd-bee23d7993df req-d72b22fd-4fb5-4ec2-9530-cf07e14edb4b tempest-VolumesActionsTest-2057992390 tempest-VolumesActionsTest-2057992390-project] Attributes excluded by policy engine: ['standard_attr_id', 'binding:profile', 'binding:host_id', 'binding:vif_type', 'binding:vif_details'] {{(pid=94345) _exclude_attributes_by_policy /opt/stack/neutron/neutron/pecan_wsgi/hooks/policy_enforcement.py:255}}
Aug 25 07:27:30.195702 dv-cinder-805949-1-smb neutron-server[94345]: INFO neutron.wsgi [req-aed31c87-5f57-4763-a4fd-bee23d7993df req-d72b22fd-4fb5-4ec2-9530-cf07e14edb4b tempest-VolumesActionsTest-2057992390 tempest-VolumesActionsTest-2057992390-project] 10.222.0.16 "GET /v2.0/ports?device_id=d786eebf-3953-474e-9c57-7ebdda4006ca HTTP/1.1" status: 200 len: 931 time: 0.0839117
Aug 25 07:27:30.197341 dv-cinder-805949-1-smb neutron-server[94346]: DEBUG neutron.api.v2.base [req-1b865876-fd89-4fea-9e55-6e68a8b5dd9b req-7974b128-70cb-4b82-a66d-035dad769b56 service neutron] Request body: {'port': {'device_id': 'e330f495-6c44-4354-8ba8-238d3290ac51', 'device_owner': 'compute:nova', 'binding:host_id': 'hv-cinder-80594'}} {{(pid=94346) prepare_request_body /opt/stack/neutron/neutron/api/v2/base.py:730}}
Aug 25 07:27:30.272665 dv-cinder-805949-1-smb neutron-server[94346]: INFO neutron.wsgi [req-dc1adc6b-e5e2-4a9b-821c-689aae37e943 req-70bb7f8f-5057-495a-83ab-11d2c406036d tempest-VolumesActionsTest-2057992390 tempest-VolumesActionsTest-2057992390-project] 10.222.0.23 "POST /v2.0/ports HTTP/1.1" status: 201 len: 933 time: 1.3092871
Aug 25 07:27:30.285204 dv-cinder-805949-1-smb neutron-server[94345]: INFO neutron.wsgi [req-aed31c87-5f57-4763-a4fd-bee23d7993df req-86cea51b-eb18-4880-9cee-d1a4217e2995 tempest-VolumesActionsTest-2057992390 tempest-VolumesActionsTest-2057992390-project] 10.222.0.16 "GET /v2.0/security-groups?id=07f08834-b7ab-4ed2-95ca-561396992f51&fields=id&fields=name HTTP/1.1" status: 200 len: 286 time: 0.0611584
Aug 25 07:27:30.305774 dv-cinder-805949-1-smb neutron-server[94346]: DEBUG neutron.api.v2.base [req-dc1adc6b-e5e2-4a9b-821c-689aae37e943 req-44aae824-fb9d-441d-a6d6-604ae397811c service neutron] Request body: {'port': {'device_id': 'd786eebf-3953-474e-9c57-7ebdda4006ca', 'device_owner': 'compute:nova', 'binding:host_id': 'hv-cinder-80594'}} {{(pid=94346) prepare_request_body /opt/stack/neutron/neutron/api/v2/base.py:730}}
Aug 25 07:27:30.338802 dv-cinder-805949-1-smb neutron-server[94346]: DEBUG neutron_lib.callbacks.manager [req-1b865876-fd89-4fea-9e55-6e68a8b5dd9b req-7974b128-70cb-4b82-a66d-035dad769b56 service neutron] Notify callbacks ['neutron.plugins.ml2.plugin.SecurityGroupDbMixin._ensure_default_security_group_handler-1998095'] for port, before_update {{(pid=94346) _notify_loop /usr/local/lib/python3.8/dist-packages/neutron_lib/callbacks/manager.py:192}}
Aug 25 07:27:30.353881 dv-cinder-805949-1-smb neutron-server[94348]: DEBUG neutron.db.provisioning_blocks [None req-47bc37e8-badd-4e8d-b76f-302bf09e3c36 None None] Provisioning for port 8bd3ded4-7e8e-4d67-b8f0-ebf6bb51bbba completed by entity DHCP. {{(pid=94348) provisioning_complete /opt/stack/neutron/neutron/db/provisioning_blocks.py:133}}
Aug 25 07:27:30.360405 dv-cinder-805949-1-smb neutron-server[94348]: DEBUG neutron.db.provisioning_blocks [None req-47bc37e8-badd-4e8d-b76f-302bf09e3c36 None None] Provisioning complete for port 8bd3ded4-7e8e-4d67-b8f0-ebf6bb51bbba triggered by entity DHCP. {{(pid=94348) provisioning_complete /opt/stack/neutron/neutron/db/provisioning_blocks.py:139}}
Aug 25 07:27:30.361421 dv-cinder-805949-1-smb neutron-server[94348]: DEBUG neutron_lib.callbacks.manager [None req-47bc37e8-badd-4e8d-b76f-302bf09e3c36 None None] Notify callbacks ['neutron.plugins.ml2.plugin.Ml2Plugin._port_provisioned-2006419'] for port, provisioning_complete {{(pid=94348) _notify_loop /usr/local/lib/python3.8/dist-packages/neutron_lib/callbacks/manager.py:192}}
Aug 25 07:27:30.410273 dv-cinder-805949-1-smb neutron-server[94348]: DEBUG neutron.plugins.ml2.plugin [None req-47bc37e8-badd-4e8d-b76f-302bf09e3c36 None None] Port 8bd3ded4-7e8e-4d67-b8f0-ebf6bb51bbba cannot update to ACTIVE because it is not bound. {{(pid=94348) _port_provisioned /opt/stack/neutron/neutron/plugins/ml2/plugin.py:337}}
Aug 25 07:27:30.448935 dv-cinder-805949-1-smb neutron-server[94345]: DEBUG neutron.pecan_wsgi.hooks.policy_enforcement [req-0e2ad03c-e8e1-4dee-a86a-52ea41daad18 req-6c7bd5b7-6077-420d-b789-fd1695df13bc tempest-AttachVolumeNegativeTest-1615383146 tempest-AttachVolumeNegativeTest-1615383146-project] Attributes excluded by policy engine: ['standard_attr_id', 'binding:profile', 'binding:host_id', 'binding:vif_type', 'binding:vif_details'] {{(pid=94345) _exclude_attributes_by_policy /opt/stack/neutron/neutron/pecan_wsgi/hooks/policy_enforcement.py:255}}
Aug 25 07:27:30.453338 dv-cinder-805949-1-smb neutron-server[94345]: INFO neutron.wsgi [req-0e2ad03c-e8e1-4dee-a86a-52ea41daad18 req-6c7bd5b7-6077-420d-b789-fd1695df13bc tempest-AttachVolumeNegativeTest-1615383146 tempest-AttachVolumeNegativeTest-1615383146-project] 10.222.0.16 "GET /v2.0/ports?device_id=8104e3f3-9d8e-450b-8068-9fcfef31d7bd HTTP/1.1" status: 200 len: 945 time: 0.0581374
Aug 25 07:27:30.493489 dv-cinder-805949-1-smb neutron-server[94345]: INFO neutron.wsgi [req-0e2ad03c-e8e1-4dee-a86a-52ea41daad18 req-1b54794d-015f-42e9-826e-c7e4b2dec893 tempest-AttachVolumeNegativeTest-1615383146 tempest-AttachVolumeNegativeTest-1615383146-project] 10.222.0.16 "GET /v2.0/security-groups?id=21152f11-cd24-4e0e-a565-77c1090988ee&fields=id&fields=name HTTP/1.1" status: 200 len: 286 time: 0.0335751
Aug 25 07:27:30.495941 dv-cinder-805949-1-smb neutron-server[94346]: DEBUG neutron_lib.callbacks.manager [req-dc1adc6b-e5e2-4a9b-821c-689aae37e943 req-44aae824-fb9d-441d-a6d6-604ae397811c service neutron] Notify callbacks ['neutron.plugins.ml2.plugin.SecurityGroupDbMixin._ensure_default_security_group_handler-1998095'] for port, before_update {{(pid=94346) _notify_loop /usr/local/lib/python3.8/dist-packages/neutron_lib/callbacks/manager.py:192}}
Aug 25 07:27:30.545968 dv-cinder-805949-1-smb neutron-server[94345]: DEBUG neutron.pecan_wsgi.hooks.policy_enforcement [req-844ff80a-36d7-4105-aff9-eda0b646288b req-e72d0ca0-9960-414b-8dc1-637171879d3b tempest-ServerRescueNegativeTestJSON-1004352235 tempest-ServerRescueNegativeTestJSON-1004352235-project] Attributes excluded by policy engine: ['standard_attr_id', 'binding:profile', 'binding:host_id', 'binding:vif_type', 'binding:vif_details'] {{(pid=94345) _exclude_attributes_by_policy /opt/stack/neutron/neutron/pecan_wsgi/hooks/policy_enforcement.py:255}}
Aug 25 07:27:30.547590 dv-cinder-805949-1-smb neutron-server[94345]: INFO neutron.wsgi [req-844ff80a-36d7-4105-aff9-eda0b646288b req-e72d0ca0-9960-414b-8dc1-637171879d3b tempest-ServerRescueNegativeTestJSON-1004352235 tempest-ServerRescueNegativeTestJSON-1004352235-project] 10.222.0.16 "GET /v2.0/ports?device_id=21e6678b-e90a-4ff1-883f-34c13a804f2a HTTP/1.1" status: 200 len: 945 time: 0.0528095
Aug 25 07:27:30.586486 dv-cinder-805949-1-smb neutron-server[94345]: INFO neutron.wsgi [req-844ff80a-36d7-4105-aff9-eda0b646288b req-01b1a052-0890-4c5c-958d-0e5549ee5eaa tempest-ServerRescueNegativeTestJSON-1004352235 tempest-ServerRescueNegativeTestJSON-1004352235-project] 10.222.0.16 "GET /v2.0/security-groups?id=551827dc-5747-42f3-b6ad-65c70e2f3d11&fields=id&fields=name HTTP/1.1" status: 200 len: 286 time: 0.0322392
Aug 25 07:27:30.823906 dv-cinder-805949-1-smb neutron-server[94346]: DEBUG neutron.notifiers.nova [req-1b865876-fd89-4fea-9e55-6e68a8b5dd9b req-7974b128-70cb-4b82-a66d-035dad769b56 service neutron] Ignoring state change previous_port_status: DOWN current_port_status: DOWN port_id 8bd3ded4-7e8e-4d67-b8f0-ebf6bb51bbba {{(pid=94346) record_port_status_changed /opt/stack/neutron/neutron/notifiers/nova.py:224}}
Aug 25 07:27:30.833246 dv-cinder-805949-1-smb neutron-server[94346]: DEBUG neutron_lib.callbacks.manager [req-1b865876-fd89-4fea-9e55-6e68a8b5dd9b req-7974b128-70cb-4b82-a66d-035dad769b56 service neutron] Notify callbacks [] for port, precommit_update {{(pid=94346) _notify_loop /usr/local/lib/python3.8/dist-packages/neutron_lib/callbacks/manager.py:192}}
Aug 25 07:27:30.834044 dv-cinder-805949-1-smb neutron-server[94345]: DEBUG neutron.wsgi [-] (94345) accepted ('10.222.0.16', 46746) {{(pid=94345) server /usr/local/lib/python3.8/dist-packages/eventlet/wsgi.py:982}}
Aug 25 07:27:30.858247 dv-cinder-805949-1-smb neutron-server[94346]: DEBUG neutron.db.provisioning_blocks [req-1b865876-fd89-4fea-9e55-6e68a8b5dd9b req-7974b128-70cb-4b82-a66d-035dad769b56 service neutron] Transition to ACTIVE for port object 8bd3ded4-7e8e-4d67-b8f0-ebf6bb51bbba will not be triggered until provisioned by entity L2. {{(pid=94346) add_provisioning_component /opt/stack/neutron/neutron/db/provisioning_blocks.py:73}}
Aug 25 07:27:30.899546 dv-cinder-805949-1-smb neutron-server[94346]: DEBUG neutron.notifiers.nova [req-dc1adc6b-e5e2-4a9b-821c-689aae37e943 req-44aae824-fb9d-441d-a6d6-604ae397811c service neutron] Ignoring state change previous_port_status: DOWN current_port_status: DOWN port_id 12dc5fcd-1829-4e88-b870-c7660723857f {{(pid=94346) record_port_status_changed /opt/stack/neutron/neutron/notifiers/nova.py:224}}
Aug 25 07:27:30.907077 dv-cinder-805949-1-smb neutron-server[94346]: DEBUG neutron_lib.callbacks.manager [req-dc1adc6b-e5e2-4a9b-821c-689aae37e943 req-44aae824-fb9d-441d-a6d6-604ae397811c service neutron] Notify callbacks [] for port, precommit_update {{(pid=94346) _notify_loop /usr/local/lib/python3.8/dist-packages/neutron_lib/callbacks/manager.py:192}}
Aug 25 07:27:30.919316 dv-cinder-805949-1-smb neutron-server[94346]: DEBUG neutron.db.provisioning_blocks [req-dc1adc6b-e5e2-4a9b-821c-689aae37e943 req-44aae824-fb9d-441d-a6d6-604ae397811c service neutron] Transition to ACTIVE for port object 12dc5fcd-1829-4e88-b870-c7660723857f will not be triggered until provisioned by entity L2. {{(pid=94346) add_provisioning_component /opt/stack/neutron/neutron/db/provisioning_blocks.py:73}}
Aug 25 07:27:30.942142 dv-cinder-805949-1-smb neutron-server[94345]: DEBUG neutron_lib.callbacks.manager [None req-23b30d84-9afd-4e8d-94e5-5ab327c2a4e7 admin admin] Notify callbacks [] for security_group, before_create {{(pid=94345) _notify_loop /usr/local/lib/python3.8/dist-packages/neutron_lib/callbacks/manager.py:192}}
Aug 25 07:27:30.945486 dv-cinder-805949-1-smb neutron-server[94346]: DEBUG neutron_lib.callbacks.manager [req-1b865876-fd89-4fea-9e55-6e68a8b5dd9b req-7974b128-70cb-4b82-a66d-035dad769b56 service neutron] Notify callbacks ['neutron.plugins.ml2.plugin.SecurityGroupServerNotifierRpcMixin._notify_sg_on_port_change-1998286', 'neutron.plugins.ml2.ovo_rpc._ObjectChangeHandler.handle_event-121011', 'neutron.api.rpc.agentnotifiers.dhcp_rpc_agent_api.DhcpAgentNotifyAPI._native_event_send_dhcp_notification-769452', 'neutron.db.l3_db.L3RpcNotifierMixin._notify_gateway_port_ip_changed-8785681416677', 'neutron.db.l3_dvrscheduler_db._notify_l3_agent_port_update-8785680995274', 'neutron.db.l3_hascheduler_db._notify_l3_agent_ha_port_update-8785680995292', 'neutron.services.segments.plugin.NovaSegmentNotifier._notify_port_updated-25539090'] for port, after_update {{(pid=94346) _notify_loop /usr/local/lib/python3.8/dist-packages/neutron_lib/callbacks/manager.py:192}}
Aug 25 07:27:30.994868 dv-cinder-805949-1-smb neutron-server[94346]: DEBUG neutron.api.rpc.handlers.resources_rpc [None req-7974b128-70cb-4b82-a66d-035dad769b56 service neutron] Pushing event updated for resources: {'Port': ['ID=8bd3ded4-7e8e-4d67-b8f0-ebf6bb51bbba,revision_number=2']} {{(pid=94346) push /opt/stack/neutron/neutron/api/rpc/handlers/resources_rpc.py:237}}
Aug 25 07:27:31.020531 dv-cinder-805949-1-smb neutron-server[94346]: DEBUG neutron_lib.callbacks.manager [req-dc1adc6b-e5e2-4a9b-821c-689aae37e943 req-44aae824-fb9d-441d-a6d6-604ae397811c service neutron] Notify callbacks ['neutron.plugins.ml2.plugin.SecurityGroupServerNotifierRpcMixin._notify_sg_on_port_change-1998286', 'neutron.plugins.ml2.ovo_rpc._ObjectChangeHandler.handle_event-121011', 'neutron.api.rpc.agentnotifiers.dhcp_rpc_agent_api.DhcpAgentNotifyAPI._native_event_send_dhcp_notification-769452', 'neutron.db.l3_db.L3RpcNotifierMixin._notify_gateway_port_ip_changed-8785681416677', 'neutron.db.l3_dvrscheduler_db._notify_l3_agent_port_update-8785680995274', 'neutron.db.l3_hascheduler_db._notify_l3_agent_ha_port_update-8785680995292', 'neutron.services.segments.plugin.NovaSegmentNotifier._notify_port_updated-25539090'] for port, after_update {{(pid=94346) _notify_loop /usr/local/lib/python3.8/dist-packages/neutron_lib/callbacks/manager.py:192}}
Aug 25 07:27:31.073401 dv-cinder-805949-1-smb neutron-server[94345]: DEBUG neutron.pecan_wsgi.hooks.policy_enforcement [req-8a18fa62-5aca-4c61-b750-f02a69cc0d6d req-6628361e-1dcb-470c-a36f-d0bb9af2d77a tempest-VolumesNegativeTest-350973781 tempest-VolumesNegativeTest-350973781-project] Attributes excluded by policy engine: ['standard_attr_id', 'binding:profile', 'binding:host_id', 'binding:vif_type', 'binding:vif_details'] {{(pid=94345) _exclude_attributes_by_policy /opt/stack/neutron/neutron/pecan_wsgi/hooks/policy_enforcement.py:255}}
Aug 25 07:27:31.080812 dv-cinder-805949-1-smb neutron-server[94345]: INFO neutron.wsgi [req-8a18fa62-5aca-4c61-b750-f02a69cc0d6d req-6628361e-1dcb-470c-a36f-d0bb9af2d77a tempest-VolumesNegativeTest-350973781 tempest-VolumesNegativeTest-350973781-project] 10.222.0.16 "GET /v2.0/ports?device_id=e330f495-6c44-4354-8ba8-238d3290ac51 HTTP/1.1" status: 200 len: 947 time: 0.0851326
Aug 25 07:27:31.113061 dv-cinder-805949-1-smb neutron-server[94346]: DEBUG neutron.api.rpc.handlers.resources_rpc [None req-44aae824-fb9d-441d-a6d6-604ae397811c service neutron] Pushing event updated for resources: {'Port': ['ID=12dc5fcd-1829-4e88-b870-c7660723857f,revision_number=2']} {{(pid=94346) push /opt/stack/neutron/neutron/api/rpc/handlers/resources_rpc.py:237}}
Aug 25 07:27:31.117750 dv-cinder-805949-1-smb neutron-server[94345]: DEBUG neutron_lib.callbacks.manager [None req-23b30d84-9afd-4e8d-94e5-5ab327c2a4e7 admin admin] Notify callbacks [] for security_group, precommit_create {{(pid=94345) _notify_loop /usr/local/lib/python3.8/dist-packages/neutron_lib/callbacks/manager.py:192}}
Aug 25 07:27:31.142656 dv-cinder-805949-1-smb neutron-server[94345]: INFO neutron.wsgi [req-8a18fa62-5aca-4c61-b750-f02a69cc0d6d req-d3adbb4a-9aa2-4939-b7ee-44bf6e1d0cc2 tempest-VolumesNegativeTest-350973781 tempest-VolumesNegativeTest-350973781-project] 10.222.0.16 "GET /v2.0/security-groups?id=783dd7ed-b41e-40e8-b98b-bcf265c87cc6&fields=id&fields=name HTTP/1.1" status: 200 len: 286 time: 0.0605330
Aug 25 07:27:31.149611 dv-cinder-805949-1-smb neutron-server[94346]: DEBUG neutron.plugins.ml2.managers [req-1b865876-fd89-4fea-9e55-6e68a8b5dd9b req-7974b128-70cb-4b82-a66d-035dad769b56 service neutron] Attempting to bind port 8bd3ded4-7e8e-4d67-b8f0-ebf6bb51bbba on host hv-cinder-80594 for vnic_type normal with profile {{(pid=94346) bind_port /opt/stack/neutron/neutron/plugins/ml2/managers.py:790}}
Aug 25 07:27:31.150022 dv-cinder-805949-1-smb neutron-server[94346]: DEBUG neutron.plugins.ml2.managers [req-1b865876-fd89-4fea-9e55-6e68a8b5dd9b req-7974b128-70cb-4b82-a66d-035dad769b56 service neutron] Attempting to bind port 8bd3ded4-7e8e-4d67-b8f0-ebf6bb51bbba by drivers openvswitch,hyperv on host hv-cinder-80594 at level 0 using segments [{'id': '24661387-9785-4724-a52a-1ff127ae2aee', 'network_type': 'vlan', 'physical_network': 'physnet1', 'segmentation_id': 389, 'network_id': 'eb6725e7-64d7-498b-b445-253dc27b4e5e'}] {{(pid=94346) _bind_port_level /opt/stack/neutron/neutron/plugins/ml2/managers.py:815}}
Aug 25 07:27:31.150261 dv-cinder-805949-1-smb neutron-server[94346]: DEBUG neutron.plugins.ml2.drivers.mech_agent [req-1b865876-fd89-4fea-9e55-6e68a8b5dd9b req-7974b128-70cb-4b82-a66d-035dad769b56 service neutron] Attempting to bind port 8bd3ded4-7e8e-4d67-b8f0-ebf6bb51bbba on network eb6725e7-64d7-498b-b445-253dc27b4e5e {{(pid=94346) bind_port /opt/stack/neutron/neutron/plugins/ml2/drivers/mech_agent.py:85}}
Aug 25 07:27:31.183611 dv-cinder-805949-1-smb neutron-server[94346]: DEBUG neutron.plugins.ml2.drivers.mech_agent [req-1b865876-fd89-4fea-9e55-6e68a8b5dd9b req-7974b128-70cb-4b82-a66d-035dad769b56 service neutron] Port 8bd3ded4-7e8e-4d67-b8f0-ebf6bb51bbba on network eb6725e7-64d7-498b-b445-253dc27b4e5e not bound, no agent of type Open vSwitch agent registered on host hv-cinder-80594 {{(pid=94346) bind_port /opt/stack/neutron/neutron/plugins/ml2/drivers/mech_agent.py:97}}
Aug 25 07:27:31.184161 dv-cinder-805949-1-smb neutron-server[94346]: DEBUG neutron.plugins.ml2.drivers.mech_agent [req-1b865876-fd89-4fea-9e55-6e68a8b5dd9b req-7974b128-70cb-4b82-a66d-035dad769b56 service neutron] Attempting to bind port 8bd3ded4-7e8e-4d67-b8f0-ebf6bb51bbba on network eb6725e7-64d7-498b-b445-253dc27b4e5e {{(pid=94346) bind_port /opt/stack/neutron/neutron/plugins/ml2/drivers/mech_agent.py:85}}
Aug 25 07:27:31.186208 dv-cinder-805949-1-smb neutron-server[94345]: DEBUG neutron_lib.callbacks.manager [None req-23b30d84-9afd-4e8d-94e5-5ab327c2a4e7 admin admin] Notify callbacks ['neutron.plugins.ml2.ovo_rpc._ObjectChangeHandler.handle_event-961598'] for security_group, after_create {{(pid=94345) _notify_loop /usr/local/lib/python3.8/dist-packages/neutron_lib/callbacks/manager.py:192}}
Aug 25 07:27:31.196019 dv-cinder-805949-1-smb neutron-server[94348]: DEBUG neutron.notifiers.nova [-] Sending events: [{'server_uuid': '8104e3f3-9d8e-450b-8068-9fcfef31d7bd', 'name': 'network-vif-plugged', 'status': 'completed', 'tag': '9f99c613-f1e5-43c1-a0b2-36879b066f20'}] {{(pid=94348) send_events /opt/stack/neutron/neutron/notifiers/nova.py:262}}
Aug 25 07:27:31.198797 dv-cinder-805949-1-smb neutron-server[94348]: DEBUG novaclient.v2.client [-] REQ: curl -g -i --cacert "/opt/stack/data/ca-bundle.pem" -X POST http://10.222.0.16/compute/v2.1/os-server-external-events -H "Accept: application/json" -H "Content-Type: application/json" -H "User-Agent: python-novaclient" -H "X-Auth-Token: {SHA256}3353233dd14efee9709bfc7910bc7c18119589ebe4a24b53a3b3eaf341731607" -H "X-OpenStack-Nova-API-Version: 2.1" -H "X-OpenStack-Request-ID: req-57ed9d8f-7ba9-45eb-bcb7-a2f868d27abe" -d '{"events": [{"server_uuid": "8104e3f3-9d8e-450b-8068-9fcfef31d7bd", "name": "network-vif-plugged", "status": "completed", "tag": "9f99c613-f1e5-43c1-a0b2-36879b066f20"}]}' {{(pid=94348) _http_log_request /usr/local/lib/python3.8/dist-packages/keystoneauth1/session.py:519}}
Aug 25 07:27:31.211096 dv-cinder-805949-1-smb neutron-server[94346]: DEBUG neutron.plugins.ml2.drivers.mech_agent [req-1b865876-fd89-4fea-9e55-6e68a8b5dd9b req-7974b128-70cb-4b82-a66d-035dad769b56 service neutron] Checking agent: {'id': '3c08ab42-7242-4b94-b64a-2a9d4f11435d', 'agent_type': 'HyperV agent', 'binary': 'neutron-hyperv-agent', 'topic': 'N/A', 'host': 'hv-cinder-80594', 'admin_state_up': True, 'created_at': datetime.datetime(2021, 8, 25, 7, 24, 20), 'started_at': datetime.datetime(2021, 8, 25, 7, 24, 20), 'heartbeat_timestamp': datetime.datetime(2021, 8, 25, 7, 27, 20), 'description': None, 'resources_synced': None, 'availability_zone': None, 'alive': True, 'configurations': {'vswitch_mappings': {'physnet1$': 'br-data'}}, 'resource_versions': {}} {{(pid=94346) bind_port /opt/stack/neutron/neutron/plugins/ml2/drivers/mech_agent.py:104}}
Aug 25 07:27:31.211470 dv-cinder-805949-1-smb neutron-server[94346]: DEBUG neutron.plugins.ml2.drivers.mech_agent [req-1b865876-fd89-4fea-9e55-6e68a8b5dd9b req-7974b128-70cb-4b82-a66d-035dad769b56 service neutron] Checking segment: {'id': '24661387-9785-4724-a52a-1ff127ae2aee', 'network_type': 'vlan', 'physical_network': 'physnet1', 'segmentation_id': 389, 'network_id': 'eb6725e7-64d7-498b-b445-253dc27b4e5e'} for mappings: {'physnet1$': 'br-data'} with network types: ['local', 'flat', 'vlan'] {{(pid=94346) check_segment_for_agent /opt/stack/neutron/neutron/plugins/ml2/drivers/mech_agent.py:352}}
Aug 25 07:27:31.211858 dv-cinder-805949-1-smb neutron-server[94346]: DEBUG neutron.plugins.ml2.drivers.mech_agent [req-1b865876-fd89-4fea-9e55-6e68a8b5dd9b req-7974b128-70cb-4b82-a66d-035dad769b56 service neutron] Bound using segment: {'id': '24661387-9785-4724-a52a-1ff127ae2aee', 'network_type': 'vlan', 'physical_network': 'physnet1', 'segmentation_id': 389, 'network_id': 'eb6725e7-64d7-498b-b445-253dc27b4e5e'} {{(pid=94346) bind_port /opt/stack/neutron/neutron/plugins/ml2/drivers/mech_agent.py:114}}
Aug 25 07:27:31.212514 dv-cinder-805949-1-smb neutron-server[94346]: DEBUG neutron.plugins.ml2.managers [req-1b865876-fd89-4fea-9e55-6e68a8b5dd9b req-7974b128-70cb-4b82-a66d-035dad769b56 service neutron] Bound port: 8bd3ded4-7e8e-4d67-b8f0-ebf6bb51bbba, host: hv-cinder-80594, vif_type: hyperv, vif_details: {"connectivity": "legacy", "port_filter": false}, binding_levels: [{'bound_driver': 'hyperv', 'bound_segment': {'id': '24661387-9785-4724-a52a-1ff127ae2aee', 'network_type': 'vlan', 'physical_network': 'physnet1', 'segmentation_id': 389, 'network_id': 'eb6725e7-64d7-498b-b445-253dc27b4e5e'}}] {{(pid=94346) _bind_port_level /opt/stack/neutron/neutron/plugins/ml2/managers.py:928}}
Aug 25 07:27:31.213203 dv-cinder-805949-1-smb neutron-server[94346]: DEBUG neutron_lib.callbacks.manager [req-1b865876-fd89-4fea-9e55-6e68a8b5dd9b req-7974b128-70cb-4b82-a66d-035dad769b56 service neutron] Notify callbacks ['neutron.plugins.ml2.plugin.SecurityGroupDbMixin._ensure_default_security_group_handler-1998095'] for port, before_update {{(pid=94346) _notify_loop /usr/local/lib/python3.8/dist-packages/neutron_lib/callbacks/manager.py:192}}
Aug 25 07:27:31.243820 dv-cinder-805949-1-smb neutron-server[94345]: DEBUG neutron.api.rpc.handlers.resources_rpc [None req-23b30d84-9afd-4e8d-94e5-5ab327c2a4e7 admin admin] Pushing event updated for resources: {'SecurityGroup': ['ID=40920b57-1d07-46a7-919c-51ff227cd1fd,revision_number=1']} {{(pid=94345) push /opt/stack/neutron/neutron/api/rpc/handlers/resources_rpc.py:237}}
Aug 25 07:27:31.264329 dv-cinder-805949-1-smb neutron-server[94348]: DEBUG novaclient.v2.client [-] RESP: [200] Connection: close Content-Length: 183 Content-Type: application/json Date: Wed, 25 Aug 2021 07:27:31 GMT OpenStack-API-Version: compute 2.1 Server: Apache/2.4.41 (Ubuntu) Vary: OpenStack-API-Version,X-OpenStack-Nova-API-Version X-OpenStack-Nova-API-Version: 2.1 x-compute-request-id: req-a9dc6973-d4a0-42a5-975c-b70ad1b0f5b2 x-openstack-request-id: req-a9dc6973-d4a0-42a5-975c-b70ad1b0f5b2 {{(pid=94348) _http_log_response /usr/local/lib/python3.8/dist-packages/keystoneauth1/session.py:550}}
Aug 25 07:27:31.264522 dv-cinder-805949-1-smb neutron-server[94348]: DEBUG novaclient.v2.client [-] RESP BODY: {"events": [{"server_uuid": "8104e3f3-9d8e-450b-8068-9fcfef31d7bd", "name": "network-vif-plugged", "status": "completed", "tag": "9f99c613-f1e5-43c1-a0b2-36879b066f20", "code": 200}]} {{(pid=94348) _http_log_response /usr/local/lib/python3.8/dist-packages/keystoneauth1/session.py:582}}
Aug 25 07:27:31.264829 dv-cinder-805949-1-smb neutron-server[94348]: DEBUG novaclient.v2.client [-] POST call to compute for http://10.222.0.16/compute/v2.1/os-server-external-events used request id req-a9dc6973-d4a0-42a5-975c-b70ad1b0f5b2 {{(pid=94348) request /usr/local/lib/python3.8/dist-packages/keystoneauth1/session.py:954}}
Aug 25 07:27:31.265813 dv-cinder-805949-1-smb neutron-server[94348]: INFO neutron.notifiers.nova [-] Nova event response: {'server_uuid': '8104e3f3-9d8e-450b-8068-9fcfef31d7bd', 'name': 'network-vif-plugged', 'status': 'completed', 'tag': '9f99c613-f1e5-43c1-a0b2-36879b066f20', 'code': 200}
Aug 25 07:27:31.266369 dv-cinder-805949-1-smb neutron-server[94346]: DEBUG neutron.plugins.ml2.managers [req-dc1adc6b-e5e2-4a9b-821c-689aae37e943 req-44aae824-fb9d-441d-a6d6-604ae397811c service neutron] Attempting to bind port 12dc5fcd-1829-4e88-b870-c7660723857f on host hv-cinder-80594 for vnic_type normal with profile {{(pid=94346) bind_port /opt/stack/neutron/neutron/plugins/ml2/managers.py:790}}
Aug 25 07:27:31.266713 dv-cinder-805949-1-smb neutron-server[94346]: DEBUG neutron.plugins.ml2.managers [req-dc1adc6b-e5e2-4a9b-821c-689aae37e943 req-44aae824-fb9d-441d-a6d6-604ae397811c service neutron] Attempting to bind port 12dc5fcd-1829-4e88-b870-c7660723857f by drivers openvswitch,hyperv on host hv-cinder-80594 at level 0 using segments [{'id': 'cc6cb172-8df9-42b3-ab50-cc8394774e0d', 'network_type': 'vlan', 'physical_network': 'physnet1', 'segmentation_id': 382, 'network_id': '19472128-8a4a-44e2-8d4a-6882f9291759'}] {{(pid=94346) _bind_port_level /opt/stack/neutron/neutron/plugins/ml2/managers.py:815}}
Aug 25 07:27:31.267036 dv-cinder-805949-1-smb neutron-server[94346]: DEBUG neutron.plugins.ml2.drivers.mech_agent [req-dc1adc6b-e5e2-4a9b-821c-689aae37e943 req-44aae824-fb9d-441d-a6d6-604ae397811c service neutron] Attempting to bind port 12dc5fcd-1829-4e88-b870-c7660723857f on network 19472128-8a4a-44e2-8d4a-6882f9291759 {{(pid=94346) bind_port /opt/stack/neutron/neutron/plugins/ml2/drivers/mech_agent.py:85}}
Aug 25 07:27:31.271593 dv-cinder-805949-1-smb neutron-server[94345]: INFO neutron.wsgi [None req-23b30d84-9afd-4e8d-94e5-5ab327c2a4e7 admin admin] 10.222.0.16 "GET /v2.0/security-groups?tenant_id=a61db223bb104a15aafa64b030d7436d&name=default HTTP/1.1" status: 200 len: 2979 time: 0.4363670
Aug 25 07:27:31.274160 dv-cinder-805949-1-smb neutron-server[94345]: DEBUG neutron.wsgi [-] (94345) accepted ('10.222.0.16', 46758) {{(pid=94345) server /usr/local/lib/python3.8/dist-packages/eventlet/wsgi.py:982}}
Aug 25 07:27:31.275792 dv-cinder-805949-1-smb neutron-server[94346]: DEBUG neutron.plugins.ml2.drivers.mech_agent [req-dc1adc6b-e5e2-4a9b-821c-689aae37e943 req-44aae824-fb9d-441d-a6d6-604ae397811c service neutron] Port 12dc5fcd-1829-4e88-b870-c7660723857f on network 19472128-8a4a-44e2-8d4a-6882f9291759 not bound, no agent of type Open vSwitch agent registered on host hv-cinder-80594 {{(pid=94346) bind_port /opt/stack/neutron/neutron/plugins/ml2/drivers/mech_agent.py:97}}
Aug 25 07:27:31.276114 dv-cinder-805949-1-smb neutron-server[94346]: DEBUG neutron.plugins.ml2.drivers.mech_agent [req-dc1adc6b-e5e2-4a9b-821c-689aae37e943 req-44aae824-fb9d-441d-a6d6-604ae397811c service neutron] Attempting to bind port 12dc5fcd-1829-4e88-b870-c7660723857f on network 19472128-8a4a-44e2-8d4a-6882f9291759 {{(pid=94346) bind_port /opt/stack/neutron/neutron/plugins/ml2/drivers/mech_agent.py:85}}
Aug 25 07:27:31.287809 dv-cinder-805949-1-smb neutron-server[94346]: DEBUG neutron.plugins.ml2.drivers.mech_agent [req-dc1adc6b-e5e2-4a9b-821c-689aae37e943 req-44aae824-fb9d-441d-a6d6-604ae397811c service neutron] Checking agent: {'id': '3c08ab42-7242-4b94-b64a-2a9d4f11435d', 'agent_type': 'HyperV agent', 'binary': 'neutron-hyperv-agent', 'topic': 'N/A', 'host': 'hv-cinder-80594', 'admin_state_up': True, 'created_at': datetime.datetime(2021, 8, 25, 7, 24, 20), 'started_at': datetime.datetime(2021, 8, 25, 7, 24, 20), 'heartbeat_timestamp': datetime.datetime(2021, 8, 25, 7, 27, 20), 'description': None, 'resources_synced': None, 'availability_zone': None, 'alive': True, 'configurations': {'vswitch_mappings': {'physnet1$': 'br-data'}}, 'resource_versions': {}} {{(pid=94346) bind_port /opt/stack/neutron/neutron/plugins/ml2/drivers/mech_agent.py:104}}
Aug 25 07:27:31.288148 dv-cinder-805949-1-smb neutron-server[94346]: DEBUG neutron.plugins.ml2.drivers.mech_agent [req-dc1adc6b-e5e2-4a9b-821c-689aae37e943 req-44aae824-fb9d-441d-a6d6-604ae397811c service neutron] Checking segment: {'id': 'cc6cb172-8df9-42b3-ab50-cc8394774e0d', 'network_type': 'vlan', 'physical_network': 'physnet1', 'segmentation_id': 382, 'network_id': '19472128-8a4a-44e2-8d4a-6882f9291759'} for mappings: {'physnet1$': 'br-data'} with network types: ['local', 'flat', 'vlan'] {{(pid=94346) check_segment_for_agent /opt/stack/neutron/neutron/plugins/ml2/drivers/mech_agent.py:352}}
Aug 25 07:27:31.288531 dv-cinder-805949-1-smb neutron-server[94346]: DEBUG neutron.plugins.ml2.drivers.mech_agent [req-dc1adc6b-e5e2-4a9b-821c-689aae37e943 req-44aae824-fb9d-441d-a6d6-604ae397811c service neutron] Bound using segment: {'id': 'cc6cb172-8df9-42b3-ab50-cc8394774e0d', 'network_type': 'vlan', 'physical_network': 'physnet1', 'segmentation_id': 382, 'network_id': '19472128-8a4a-44e2-8d4a-6882f9291759'} {{(pid=94346) bind_port /opt/stack/neutron/neutron/plugins/ml2/drivers/mech_agent.py:114}}
Aug 25 07:27:31.289010 dv-cinder-805949-1-smb neutron-server[94346]: DEBUG neutron.plugins.ml2.managers [req-dc1adc6b-e5e2-4a9b-821c-689aae37e943 req-44aae824-fb9d-441d-a6d6-604ae397811c service neutron] Bound port: 12dc5fcd-1829-4e88-b870-c7660723857f, host: hv-cinder-80594, vif_type: hyperv, vif_details: {"connectivity": "legacy", "port_filter": false}, binding_levels: [{'bound_driver': 'hyperv', 'bound_segment': {'id': 'cc6cb172-8df9-42b3-ab50-cc8394774e0d', 'network_type': 'vlan', 'physical_network': 'physnet1', 'segmentation_id': 382, 'network_id': '19472128-8a4a-44e2-8d4a-6882f9291759'}}] {{(pid=94346) _bind_port_level /opt/stack/neutron/neutron/plugins/ml2/managers.py:928}}
Aug 25 07:27:31.293302 dv-cinder-805949-1-smb neutron-server[94346]: DEBUG neutron_lib.callbacks.manager [req-dc1adc6b-e5e2-4a9b-821c-689aae37e943 req-44aae824-fb9d-441d-a6d6-604ae397811c service neutron] Notify callbacks ['neutron.plugins.ml2.plugin.SecurityGroupDbMixin._ensure_default_security_group_handler-1998095'] for port, before_update {{(pid=94346) _notify_loop /usr/local/lib/python3.8/dist-packages/neutron_lib/callbacks/manager.py:192}}
Aug 25 07:27:31.340211 dv-cinder-805949-1-smb neutron-server[94345]: DEBUG neutron_lib.callbacks.manager [None req-793c294d-e65f-4367-ad36-0e966dfd9514 admin admin] Notify callbacks [] for security_group, before_delete {{(pid=94345) _notify_loop /usr/local/lib/python3.8/dist-packages/neutron_lib/callbacks/manager.py:192}}
Aug 25 07:27:31.371495 dv-cinder-805949-1-smb neutron-server[94345]: DEBUG neutron_lib.callbacks.manager [None req-793c294d-e65f-4367-ad36-0e966dfd9514 admin admin] Notify callbacks [] for security_group, precommit_delete {{(pid=94345) _notify_loop /usr/local/lib/python3.8/dist-packages/neutron_lib/callbacks/manager.py:192}}
Aug 25 07:27:31.388719 dv-cinder-805949-1-smb neutron-server[94346]: DEBUG neutron.plugins.ml2.db [req-1b865876-fd89-4fea-9e55-6e68a8b5dd9b req-7974b128-70cb-4b82-a66d-035dad769b56 service neutron] For port 8bd3ded4-7e8e-4d67-b8f0-ebf6bb51bbba, host hv-cinder-80594, cleared binding levels {{(pid=94346) clear_binding_levels /opt/stack/neutron/neutron/plugins/ml2/db.py:87}}
Aug 25 07:27:31.407253 dv-cinder-805949-1-smb neutron-server[94346]: DEBUG neutron.plugins.ml2.db [req-1b865876-fd89-4fea-9e55-6e68a8b5dd9b req-7974b128-70cb-4b82-a66d-035dad769b56 service neutron] For port 8bd3ded4-7e8e-4d67-b8f0-ebf6bb51bbba, host hv-cinder-80594, set binding levels [PortBindingLevel(driver='hyperv',host='hv-cinder-80594',level=0,port_id=8bd3ded4-7e8e-4d67-b8f0-ebf6bb51bbba,segment=NetworkSegment(24661387-9785-4724-a52a-1ff127ae2aee),segment_id=24661387-9785-4724-a52a-1ff127ae2aee)] {{(pid=94346) set_binding_levels /opt/stack/neutron/neutron/plugins/ml2/db.py:59}}
Aug 25 07:27:31.431068 dv-cinder-805949-1-smb neutron-server[94346]: DEBUG neutron.plugins.ml2.db [req-dc1adc6b-e5e2-4a9b-821c-689aae37e943 req-44aae824-fb9d-441d-a6d6-604ae397811c service neutron] For port 12dc5fcd-1829-4e88-b870-c7660723857f, host hv-cinder-80594, cleared binding levels {{(pid=94346) clear_binding_levels /opt/stack/neutron/neutron/plugins/ml2/db.py:87}}
Aug 25 07:27:31.434140 dv-cinder-805949-1-smb neutron-server[94346]: DEBUG neutron.plugins.ml2.db [req-dc1adc6b-e5e2-4a9b-821c-689aae37e943 req-44aae824-fb9d-441d-a6d6-604ae397811c service neutron] For port 12dc5fcd-1829-4e88-b870-c7660723857f, host hv-cinder-80594, set binding levels [PortBindingLevel(driver='hyperv',host='hv-cinder-80594',level=0,port_id=12dc5fcd-1829-4e88-b870-c7660723857f,segment=NetworkSegment(cc6cb172-8df9-42b3-ab50-cc8394774e0d),segment_id=cc6cb172-8df9-42b3-ab50-cc8394774e0d)] {{(pid=94346) set_binding_levels /opt/stack/neutron/neutron/plugins/ml2/db.py:59}}
Aug 25 07:27:31.453139 dv-cinder-805949-1-smb neutron-server[94345]: DEBUG neutron.pecan_wsgi.hooks.policy_enforcement [req-fafd2bbf-3d86-4120-87ed-a0828b03e2ff req-f070c9e4-7234-4cc3-bdde-9d43978e033c tempest-VolumesActionsTest-2057992390 tempest-VolumesActionsTest-2057992390-project] Attributes excluded by policy engine: ['standard_attr_id', 'binding:profile', 'binding:host_id', 'binding:vif_type', 'binding:vif_details'] {{(pid=94345) _exclude_attributes_by_policy /opt/stack/neutron/neutron/pecan_wsgi/hooks/policy_enforcement.py:255}}
Aug 25 07:27:31.454599 dv-cinder-805949-1-smb neutron-server[94345]: INFO neutron.wsgi [req-fafd2bbf-3d86-4120-87ed-a0828b03e2ff req-f070c9e4-7234-4cc3-bdde-9d43978e033c tempest-VolumesActionsTest-2057992390 tempest-VolumesActionsTest-2057992390-project] 10.222.0.16 "GET /v2.0/ports?device_id=d786eebf-3953-474e-9c57-7ebdda4006ca HTTP/1.1" status: 200 len: 943 time: 0.0699525
Aug 25 07:27:31.473884 dv-cinder-805949-1-smb neutron-server[94346]: DEBUG neutron_lib.callbacks.manager [req-1b865876-fd89-4fea-9e55-6e68a8b5dd9b req-7974b128-70cb-4b82-a66d-035dad769b56 service neutron] Notify callbacks ['neutron.plugins.ml2.plugin.SecurityGroupServerNotifierRpcMixin._notify_sg_on_port_change-1998286', 'neutron.plugins.ml2.ovo_rpc._ObjectChangeHandler.handle_event-121011', 'neutron.api.rpc.agentnotifiers.dhcp_rpc_agent_api.DhcpAgentNotifyAPI._native_event_send_dhcp_notification-769452', 'neutron.db.l3_db.L3RpcNotifierMixin._notify_gateway_port_ip_changed-8785681416677', 'neutron.db.l3_dvrscheduler_db._notify_l3_agent_port_update-8785680995274', 'neutron.db.l3_hascheduler_db._notify_l3_agent_ha_port_update-8785680995292', 'neutron.services.segments.plugin.NovaSegmentNotifier._notify_port_updated-25539090'] for port, after_update {{(pid=94346) _notify_loop /usr/local/lib/python3.8/dist-packages/neutron_lib/callbacks/manager.py:192}}
Aug 25 07:27:31.507783 dv-cinder-805949-1-smb neutron-server[94345]: INFO neutron.wsgi [req-fafd2bbf-3d86-4120-87ed-a0828b03e2ff req-5fb8cfc5-d246-4aca-ac1a-626e2c5066be tempest-VolumesActionsTest-2057992390 tempest-VolumesActionsTest-2057992390-project] 10.222.0.16 "GET /v2.0/security-groups?id=07f08834-b7ab-4ed2-95ca-561396992f51&fields=id&fields=name HTTP/1.1" status: 200 len: 286 time: 0.0461388
Aug 25 07:27:31.511951 dv-cinder-805949-1-smb neutron-server[94346]: DEBUG neutron.pecan_wsgi.hooks.policy_enforcement [req-1b865876-fd89-4fea-9e55-6e68a8b5dd9b req-7974b128-70cb-4b82-a66d-035dad769b56 service neutron] Attributes excluded by policy engine: ['standard_attr_id'] {{(pid=94346) _exclude_attributes_by_policy /opt/stack/neutron/neutron/pecan_wsgi/hooks/policy_enforcement.py:255}}
Aug 25 07:27:31.512820 dv-cinder-805949-1-smb neutron-server[94346]: DEBUG neutron_lib.callbacks.manager [req-1b865876-fd89-4fea-9e55-6e68a8b5dd9b req-7974b128-70cb-4b82-a66d-035dad769b56 service neutron] Notify callbacks ['neutron.notifiers.nova.Notifier._send_nova_notification-465838'] for port, before_response {{(pid=94346) _notify_loop /usr/local/lib/python3.8/dist-packages/neutron_lib/callbacks/manager.py:192}}
Aug 25 07:27:31.514403 dv-cinder-805949-1-smb neutron-server[94346]: INFO neutron.wsgi [req-1b865876-fd89-4fea-9e55-6e68a8b5dd9b req-7974b128-70cb-4b82-a66d-035dad769b56 service neutron] 10.222.0.23 "PUT /v2.0/ports/8bd3ded4-7e8e-4d67-b8f0-ebf6bb51bbba HTTP/1.1" status: 200 len: 1097 time: 1.3253777
Aug 25 07:27:31.514936 dv-cinder-805949-1-smb neutron-server[94346]: DEBUG neutron.notifiers.nova [-] Sending events: [{'name': 'network-changed', 'server_uuid': 'e330f495-6c44-4354-8ba8-238d3290ac51', 'tag': '8bd3ded4-7e8e-4d67-b8f0-ebf6bb51bbba'}] {{(pid=94346) send_events /opt/stack/neutron/neutron/notifiers/nova.py:262}}
Aug 25 07:27:31.517589 dv-cinder-805949-1-smb neutron-server[94346]: DEBUG novaclient.v2.client [-] REQ: curl -g -i --cacert "/opt/stack/data/ca-bundle.pem" -X POST http://10.222.0.16/compute/v2.1/os-server-external-events -H "Accept: application/json" -H "Content-Type: application/json" -H "User-Agent: python-novaclient" -H "X-Auth-Token: {SHA256}155168e1f6ebb010d09b622bd049f175e2c48bb4cb7ad57c9c9709f3d8259fbe" -H "X-OpenStack-Nova-API-Version: 2.1" -H "X-OpenStack-Request-ID: req-bd094447-560d-43f1-a726-3978f1021f1c" -d '{"events": [{"name": "network-changed", "server_uuid": "e330f495-6c44-4354-8ba8-238d3290ac51", "tag": "8bd3ded4-7e8e-4d67-b8f0-ebf6bb51bbba"}]}' {{(pid=94346) _http_log_request /usr/local/lib/python3.8/dist-packages/keystoneauth1/session.py:519}}
Aug 25 07:27:31.528062 dv-cinder-805949-1-smb neutron-server[94346]: DEBUG neutron_lib.callbacks.manager [req-dc1adc6b-e5e2-4a9b-821c-689aae37e943 req-44aae824-fb9d-441d-a6d6-604ae397811c service neutron] Notify callbacks ['neutron.plugins.ml2.plugin.SecurityGroupServerNotifierRpcMixin._notify_sg_on_port_change-1998286', 'neutron.plugins.ml2.ovo_rpc._ObjectChangeHandler.handle_event-121011', 'neutron.api.rpc.agentnotifiers.dhcp_rpc_agent_api.DhcpAgentNotifyAPI._native_event_send_dhcp_notification-769452', 'neutron.db.l3_db.L3RpcNotifierMixin._notify_gateway_port_ip_changed-8785681416677', 'neutron.db.l3_dvrscheduler_db._notify_l3_agent_port_update-8785680995274', 'neutron.db.l3_hascheduler_db._notify_l3_agent_ha_port_update-8785680995292', 'neutron.services.segments.plugin.NovaSegmentNotifier._notify_port_updated-25539090'] for port, after_update {{(pid=94346) _notify_loop /usr/local/lib/python3.8/dist-packages/neutron_lib/callbacks/manager.py:192}}
Aug 25 07:27:31.559589 dv-cinder-805949-1-smb neutron-server[94346]: DEBUG neutron.pecan_wsgi.hooks.policy_enforcement [req-dc1adc6b-e5e2-4a9b-821c-689aae37e943 req-44aae824-fb9d-441d-a6d6-604ae397811c service neutron] Attributes excluded by policy engine: ['standard_attr_id'] {{(pid=94346) _exclude_attributes_by_policy /opt/stack/neutron/neutron/pecan_wsgi/hooks/policy_enforcement.py:255}}
Aug 25 07:27:31.560218 dv-cinder-805949-1-smb neutron-server[94346]: DEBUG neutron_lib.callbacks.manager [req-dc1adc6b-e5e2-4a9b-821c-689aae37e943 req-44aae824-fb9d-441d-a6d6-604ae397811c service neutron] Notify callbacks ['neutron.notifiers.nova.Notifier._send_nova_notification-465838'] for port, before_response {{(pid=94346) _notify_loop /usr/local/lib/python3.8/dist-packages/neutron_lib/callbacks/manager.py:192}}
Aug 25 07:27:31.561612 dv-cinder-805949-1-smb neutron-server[94346]: INFO neutron.wsgi [req-dc1adc6b-e5e2-4a9b-821c-689aae37e943 req-44aae824-fb9d-441d-a6d6-604ae397811c service neutron] 10.222.0.23 "PUT /v2.0/ports/12dc5fcd-1829-4e88-b870-c7660723857f HTTP/1.1" status: 200 len: 1093 time: 1.2618659
Aug 25 07:27:31.562565 dv-cinder-805949-1-smb neutron-server[94346]: DEBUG neutron.api.rpc.handlers.resources_rpc [None req-7974b128-70cb-4b82-a66d-035dad769b56 service neutron] Pushing event updated for resources: {'Port': ['ID=8bd3ded4-7e8e-4d67-b8f0-ebf6bb51bbba,revision_number=3']} {{(pid=94346) push /opt/stack/neutron/neutron/api/rpc/handlers/resources_rpc.py:237}}
Aug 25 07:27:31.571900 dv-cinder-805949-1-smb neutron-server[94345]: DEBUG neutron_lib.callbacks.manager [None req-793c294d-e65f-4367-ad36-0e966dfd9514 admin admin] Notify callbacks ['neutron.plugins.ml2.ovo_rpc._ObjectChangeHandler.handle_event-961598'] for security_group, after_delete {{(pid=94345) _notify_loop /usr/local/lib/python3.8/dist-packages/neutron_lib/callbacks/manager.py:192}}
Aug 25 07:27:31.586490 dv-cinder-805949-1-smb neutron-server[94345]: DEBUG neutron_lib.callbacks.manager [None req-793c294d-e65f-4367-ad36-0e966dfd9514 admin admin] Notify callbacks [] for security_group, before_response {{(pid=94345) _notify_loop /usr/local/lib/python3.8/dist-packages/neutron_lib/callbacks/manager.py:192}}
Aug 25 07:27:31.590922 dv-cinder-805949-1-smb neutron-server[94345]: INFO neutron.wsgi [None req-793c294d-e65f-4367-ad36-0e966dfd9514 admin admin] 10.222.0.16 "DELETE /v2.0/security-groups/40920b57-1d07-46a7-919c-51ff227cd1fd HTTP/1.1" status: 204 len: 168 time: 0.3140283
Aug 25 07:27:31.602677 dv-cinder-805949-1-smb neutron-server[94346]: DEBUG novaclient.v2.client [-] RESP: [200] Connection: close Content-Length: 179 Content-Type: application/json Date: Wed, 25 Aug 2021 07:27:31 GMT OpenStack-API-Version: compute 2.1 Server: Apache/2.4.41 (Ubuntu) Vary: OpenStack-API-Version,X-OpenStack-Nova-API-Version X-OpenStack-Nova-API-Version: 2.1 x-compute-request-id: req-a6489f66-f235-4f23-849a-40c7dcb2ae7f x-openstack-request-id: req-a6489f66-f235-4f23-849a-40c7dcb2ae7f {{(pid=94346) _http_log_response /usr/local/lib/python3.8/dist-packages/keystoneauth1/session.py:550}}
Aug 25 07:27:31.602963 dv-cinder-805949-1-smb neutron-server[94346]: DEBUG novaclient.v2.client [-] RESP BODY: {"events": [{"name": "network-changed", "server_uuid": "e330f495-6c44-4354-8ba8-238d3290ac51", "tag": "8bd3ded4-7e8e-4d67-b8f0-ebf6bb51bbba", "status": "completed", "code": 200}]} {{(pid=94346) _http_log_response /usr/local/lib/python3.8/dist-packages/keystoneauth1/session.py:582}}
Aug 25 07:27:31.603217 dv-cinder-805949-1-smb neutron-server[94346]: DEBUG novaclient.v2.client [-] POST call to compute for http://10.222.0.16/compute/v2.1/os-server-external-events used request id req-a6489f66-f235-4f23-849a-40c7dcb2ae7f {{(pid=94346) request /usr/local/lib/python3.8/dist-packages/keystoneauth1/session.py:954}}
Aug 25 07:27:31.603609 dv-cinder-805949-1-smb neutron-server[94346]: INFO neutron.notifiers.nova [-] Nova event response: {'name': 'network-changed', 'server_uuid': 'e330f495-6c44-4354-8ba8-238d3290ac51', 'tag': '8bd3ded4-7e8e-4d67-b8f0-ebf6bb51bbba', 'status': 'completed', 'code': 200}
Aug 25 07:27:31.682553 dv-cinder-805949-1-smb neutron-server[94345]: DEBUG neutron.api.rpc.handlers.resources_rpc [None req-793c294d-e65f-4367-ad36-0e966dfd9514 admin admin] Pushing event deleted for resources: {'SecurityGroup': ['ID=40920b57-1d07-46a7-919c-51ff227cd1fd,revision_number=None']} {{(pid=94345) push /opt/stack/neutron/neutron/api/rpc/handlers/resources_rpc.py:237}}
Aug 25 07:27:31.753495 dv-cinder-805949-1-smb neutron-server[94346]: DEBUG neutron.api.rpc.handlers.resources_rpc [None req-44aae824-fb9d-441d-a6d6-604ae397811c service neutron] Pushing event updated for resources: {'Port': ['ID=12dc5fcd-1829-4e88-b870-c7660723857f,revision_number=3']} {{(pid=94346) push /opt/stack/neutron/neutron/api/rpc/handlers/resources_rpc.py:237}}
Aug 25 07:27:31.772428 dv-cinder-805949-1-smb neutron-server[94345]: DEBUG neutron.pecan_wsgi.hooks.policy_enforcement [req-41a0e36f-7d02-4e56-8449-3e68a5da5fea req-232c607c-98f7-4fe7-a432-7b4f77b313c8 tempest-AttachVolumeNegativeTest-1615383146 tempest-AttachVolumeNegativeTest-1615383146-project] Attributes excluded by policy engine: ['standard_attr_id', 'binding:profile', 'binding:host_id', 'binding:vif_type', 'binding:vif_details'] {{(pid=94345) _exclude_attributes_by_policy /opt/stack/neutron/neutron/pecan_wsgi/hooks/policy_enforcement.py:255}}
Aug 25 07:27:31.774736 dv-cinder-805949-1-smb neutron-server[94345]: INFO neutron.wsgi [req-41a0e36f-7d02-4e56-8449-3e68a5da5fea req-232c607c-98f7-4fe7-a432-7b4f77b313c8 tempest-AttachVolumeNegativeTest-1615383146 tempest-AttachVolumeNegativeTest-1615383146-project] 10.222.0.16 "GET /v2.0/ports?device_id=8104e3f3-9d8e-450b-8068-9fcfef31d7bd HTTP/1.1" status: 200 len: 945 time: 0.1701243
Aug 25 07:27:31.801357 dv-cinder-805949-1-smb neutron-server[94345]: DEBUG neutron.pecan_wsgi.hooks.policy_enforcement [req-0d5b253d-155f-4f8e-9a36-8e518ed8e644 req-9f554352-8edf-4960-af5e-f95f4e471044 tempest-ServerRescueNegativeTestJSON-1004352235 tempest-ServerRescueNegativeTestJSON-1004352235-project] Attributes excluded by policy engine: ['standard_attr_id', 'binding:profile', 'binding:host_id', 'binding:vif_type', 'binding:vif_details'] {{(pid=94345) _exclude_attributes_by_policy /opt/stack/neutron/neutron/pecan_wsgi/hooks/policy_enforcement.py:255}}
Aug 25 07:27:31.802979 dv-cinder-805949-1-smb neutron-server[94345]: INFO neutron.wsgi [req-0d5b253d-155f-4f8e-9a36-8e518ed8e644 req-9f554352-8edf-4960-af5e-f95f4e471044 tempest-ServerRescueNegativeTestJSON-1004352235 tempest-ServerRescueNegativeTestJSON-1004352235-project] 10.222.0.16 "GET /v2.0/ports?device_id=21e6678b-e90a-4ff1-883f-34c13a804f2a HTTP/1.1" status: 200 len: 945 time: 0.1065505
Aug 25 07:27:31.809341 dv-cinder-805949-1-smb neutron-server[94346]: DEBUG neutron.pecan_wsgi.hooks.policy_enforcement [req-bd094447-560d-43f1-a726-3978f1021f1c req-5db7cc9c-419a-4b71-ae06-4f5d724c41c0 service neutron] Attributes excluded by policy engine: ['standard_attr_id'] {{(pid=94346) _exclude_attributes_by_policy /opt/stack/neutron/neutron/pecan_wsgi/hooks/policy_enforcement.py:255}}
Aug 25 07:27:31.810954 dv-cinder-805949-1-smb neutron-server[94346]: INFO neutron.wsgi [req-bd094447-560d-43f1-a726-3978f1021f1c req-5db7cc9c-419a-4b71-ae06-4f5d724c41c0 service neutron] 10.222.0.23 "GET /v2.0/ports?tenant_id=f1dc0993a15f4e8886eac0a5fb2b2d25&device_id=e330f495-6c44-4354-8ba8-238d3290ac51 HTTP/1.1" status: 200 len: 1100 time: 0.1746364
Aug 25 07:27:31.825843 dv-cinder-805949-1-smb neutron-server[94346]: DEBUG neutron.pecan_wsgi.hooks.policy_enforcement [req-dc1adc6b-e5e2-4a9b-821c-689aae37e943 req-145bc285-1bfb-435b-9989-6832843a1a71 service neutron] Attributes excluded by policy engine: ['standard_attr_id'] {{(pid=94346) _exclude_attributes_by_policy /opt/stack/neutron/neutron/pecan_wsgi/hooks/policy_enforcement.py:255}}
Aug 25 07:27:31.827345 dv-cinder-805949-1-smb neutron-server[94346]: INFO neutron.wsgi [req-dc1adc6b-e5e2-4a9b-821c-689aae37e943 req-145bc285-1bfb-435b-9989-6832843a1a71 service neutron] 10.222.0.23 "GET /v2.0/ports?tenant_id=676e3defd3564658836412973c0c0e49&device_id=d786eebf-3953-474e-9c57-7ebdda4006ca HTTP/1.1" status: 200 len: 1096 time: 0.1320665
Aug 25 07:27:31.851801 dv-cinder-805949-1-smb neutron-server[94345]: INFO neutron.wsgi [req-41a0e36f-7d02-4e56-8449-3e68a5da5fea req-a2711b06-7cb4-4677-83a5-0ab3323c749e tempest-AttachVolumeNegativeTest-1615383146 tempest-AttachVolumeNegativeTest-1615383146-project] 10.222.0.16 "GET /v2.0/security-groups?id=21152f11-cd24-4e0e-a565-77c1090988ee&fields=id&fields=name HTTP/1.1" status: 200 len: 286 time: 0.0669899
Aug 25 07:27:31.859608 dv-cinder-805949-1-smb neutron-server[94346]: DEBUG neutron.pecan_wsgi.hooks.policy_enforcement [req-a9404ff8-ab77-422b-b2af-ec5ccece7fb3 req-eaa6ab46-4e72-48af-9865-9b9970a3b3f6 service neutron] Attributes excluded by policy engine: ['standard_attr_id'] {{(pid=94346) _exclude_attributes_by_policy /opt/stack/neutron/neutron/pecan_wsgi/hooks/policy_enforcement.py:255}}
Aug 25 07:27:31.861102 dv-cinder-805949-1-smb neutron-server[94346]: INFO neutron.wsgi [req-a9404ff8-ab77-422b-b2af-ec5ccece7fb3 req-eaa6ab46-4e72-48af-9865-9b9970a3b3f6 service neutron] 10.222.0.23 "GET /v2.0/ports?device_id=8104e3f3-9d8e-450b-8068-9fcfef31d7bd HTTP/1.1" status: 200 len: 1098 time: 0.1021695
Aug 25 07:27:31.862692 dv-cinder-805949-1-smb neutron-server[94346]: INFO neutron.wsgi [req-bd094447-560d-43f1-a726-3978f1021f1c req-961356a1-3b7f-45ba-b75e-fc9a3eba33b7 service neutron] 10.222.0.23 "GET /v2.0/networks?tenant_id=f1dc0993a15f4e8886eac0a5fb2b2d25&shared=False HTTP/1.1" status: 200 len: 213 time: 0.0345311
Aug 25 07:27:31.889488 dv-cinder-805949-1-smb neutron-server[94345]: DEBUG neutron.wsgi [-] (94345) accepted ('10.222.0.16', 46780) {{(pid=94345) server /usr/local/lib/python3.8/dist-packages/eventlet/wsgi.py:982}}
Aug 25 07:27:31.906550 dv-cinder-805949-1-smb neutron-server[94346]: INFO neutron.wsgi [req-dc1adc6b-e5e2-4a9b-821c-689aae37e943 req-df3be911-2202-4e87-9b5b-85c76dae14cf service neutron] 10.222.0.23 "GET /v2.0/floatingips?fixed_ip_address=172.20.0.7&port_id=12dc5fcd-1829-4e88-b870-c7660723857f HTTP/1.1" status: 200 len: 217 time: 0.0652118
Aug 25 07:27:31.909620 dv-cinder-805949-1-smb neutron-server[94345]: INFO neutron.wsgi [req-0d5b253d-155f-4f8e-9a36-8e518ed8e644 req-71ce91ef-4c71-4b3d-b71c-40a06ca14a29 tempest-ServerRescueNegativeTestJSON-1004352235 tempest-ServerRescueNegativeTestJSON-1004352235-project] 10.222.0.16 "GET /v2.0/security-groups?id=551827dc-5747-42f3-b6ad-65c70e2f3d11&fields=id&fields=name HTTP/1.1" status: 200 len: 286 time: 0.0710931
Aug 25 07:27:32.020732 dv-cinder-805949-1-smb neutron-server[94346]: INFO neutron.wsgi [req-a9404ff8-ab77-422b-b2af-ec5ccece7fb3 req-a0645efb-ca24-4121-ae3a-cc3352b584a6 service neutron] 10.222.0.23 "GET /v2.0/security-groups?id=21152f11-cd24-4e0e-a565-77c1090988ee&fields=id&fields=name HTTP/1.1" status: 200 len: 286 time: 0.1306779
Aug 25 07:27:32.033091 dv-cinder-805949-1-smb neutron-server[94346]: DEBUG neutron.pecan_wsgi.hooks.policy_enforcement [req-dc1adc6b-e5e2-4a9b-821c-689aae37e943 req-dbd7459e-20ee-438f-a78c-060ef47145d8 service neutron] Attributes excluded by policy engine: ['standard_attr_id', 'shared', 'segment_id'] {{(pid=94346) _exclude_attributes_by_policy /opt/stack/neutron/neutron/pecan_wsgi/hooks/policy_enforcement.py:255}}
Aug 25 07:27:32.034274 dv-cinder-805949-1-smb neutron-server[94346]: INFO neutron.wsgi [req-dc1adc6b-e5e2-4a9b-821c-689aae37e943 req-dbd7459e-20ee-438f-a78c-060ef47145d8 service neutron] 10.222.0.23 "GET /v2.0/subnets?id=c2a87985-b6d2-49b6-bac8-ad2cb95c5e7e HTTP/1.1" status: 200 len: 848 time: 0.1092937
