Aug 25 07:26:10.763781 dv-cinder-805949-1-smb neutron-server[94345]: DEBUG neutron.api.rpc.handlers.resources_rpc [None req-ed48b27e-ef06-4e69-90cd-570632cc2d69 admin admin] Pushing event updated for resources: {'SecurityGroup': ['ID=f0c3d8ff-f0dd-426d-80ac-3dbe4db5da86,revision_number=1']} {{(pid=94345) push /opt/stack/neutron/neutron/api/rpc/handlers/resources_rpc.py:237}}
Aug 25 07:26:10.786429 dv-cinder-805949-1-smb neutron-server[94345]: DEBUG neutron_lib.callbacks.manager [None req-ed48b27e-ef06-4e69-90cd-570632cc2d69 admin admin] Notify callbacks ['neutron.services.auto_allocate.db._ensure_external_network_default_value_callback-8785681013023'] for network, precommit_create {{(pid=94345) _notify_loop /usr/local/lib/python3.8/dist-packages/neutron_lib/callbacks/manager.py:192}}
Aug 25 07:26:10.843363 dv-cinder-805949-1-smb neutron-server[94346]: DEBUG neutron.scheduler.dhcp_agent_scheduler [None req-6695dbbb-8db0-4f42-9bbe-3e9f74debaae admin admin] Network 1c01f629-d055-4be4-9b41-1552e12ca4a3 is scheduled to be hosted by DHCP agent e6d8ae5b-136c-4e9a-af90-87a600c02b59 with binding_index 1 {{(pid=94346) bind /opt/stack/neutron/neutron/scheduler/dhcp_agent_scheduler.py:227}}
Aug 25 07:26:10.857013 dv-cinder-805949-1-smb neutron-server[94345]: DEBUG neutron_lib.callbacks.manager [None req-9f9e95d1-d013-4ca7-82ba-c31f429058ba admin admin] Notify callbacks [] for security_group, precommit_create {{(pid=94345) _notify_loop /usr/local/lib/python3.8/dist-packages/neutron_lib/callbacks/manager.py:192}}
Aug 25 07:26:10.895608 dv-cinder-805949-1-smb neutron-server[94345]: DEBUG neutron_lib.callbacks.manager [None req-ed48b27e-ef06-4e69-90cd-570632cc2d69 admin admin] Notify callbacks ['neutron.plugins.ml2.ovo_rpc._ObjectChangeHandler.handle_event-961746', 'neutron.api.rpc.agentnotifiers.dhcp_rpc_agent_api.DhcpAgentNotifyAPI._native_event_send_dhcp_notification-769452'] for network, after_create {{(pid=94345) _notify_loop /usr/local/lib/python3.8/dist-packages/neutron_lib/callbacks/manager.py:192}}
Aug 25 07:26:10.896631 dv-cinder-805949-1-smb neutron-server[94345]: DEBUG neutron.pecan_wsgi.hooks.policy_enforcement [None req-ed48b27e-ef06-4e69-90cd-570632cc2d69 admin admin] Attributes excluded by policy engine: ['standard_attr_id', 'vlan_transparent'] {{(pid=94345) _exclude_attributes_by_policy /opt/stack/neutron/neutron/pecan_wsgi/hooks/policy_enforcement.py:255}}
Aug 25 07:26:10.897214 dv-cinder-805949-1-smb neutron-server[94345]: DEBUG neutron_lib.callbacks.manager [None req-ed48b27e-ef06-4e69-90cd-570632cc2d69 admin admin] Notify callbacks ['neutron.api.rpc.agentnotifiers.dhcp_rpc_agent_api.DhcpAgentNotifyAPI._send_dhcp_notification-769502'] for network, before_response {{(pid=94345) _notify_loop /usr/local/lib/python3.8/dist-packages/neutron_lib/callbacks/manager.py:192}}
Aug 25 07:26:10.924647 dv-cinder-805949-1-smb neutron-server[94345]: DEBUG neutron_lib.callbacks.manager [None req-9f9e95d1-d013-4ca7-82ba-c31f429058ba admin admin] Notify callbacks ['neutron.plugins.ml2.ovo_rpc._ObjectChangeHandler.handle_event-961598'] for security_group, after_create {{(pid=94345) _notify_loop /usr/local/lib/python3.8/dist-packages/neutron_lib/callbacks/manager.py:192}}
Aug 25 07:26:10.935460 dv-cinder-805949-1-smb neutron-server[94346]: DEBUG neutron.scheduler.base_scheduler [None req-6695dbbb-8db0-4f42-9bbe-3e9f74debaae admin admin] Resources bound (agent type, host, resource id): (DHCP agent, dv-cinder-805949-1-smb, 1c01f629-d055-4be4-9b41-1552e12ca4a3) {{(pid=94346) schedule /opt/stack/neutron/neutron/scheduler/base_scheduler.py:57}}
Aug 25 07:26:10.945884 dv-cinder-805949-1-smb neutron-server[94346]: DEBUG neutron.pecan_wsgi.hooks.policy_enforcement [None req-6695dbbb-8db0-4f42-9bbe-3e9f74debaae admin admin] Attributes excluded by policy engine: ['standard_attr_id', 'shared', 'network'] {{(pid=94346) _exclude_attributes_by_policy /opt/stack/neutron/neutron/pecan_wsgi/hooks/policy_enforcement.py:255}}
Aug 25 07:26:10.947181 dv-cinder-805949-1-smb neutron-server[94348]: DEBUG neutron.api.rpc.handlers.dhcp_rpc [None req-27e3c578-f8bb-441b-8666-96c2512d2988 None None] Network 1c01f629-d055-4be4-9b41-1552e12ca4a3 requested from dv-cinder-805949-1-smb {{(pid=94348) get_network_info /opt/stack/neutron/neutron/api/rpc/handlers/dhcp_rpc.py:218}}
Aug 25 07:26:10.951782 dv-cinder-805949-1-smb neutron-server[94346]: DEBUG neutron_lib.callbacks.manager [None req-6695dbbb-8db0-4f42-9bbe-3e9f74debaae admin admin] Notify callbacks ['neutron.api.rpc.agentnotifiers.dhcp_rpc_agent_api.DhcpAgentNotifyAPI._send_dhcp_notification-769502'] for subnet, before_response {{(pid=94346) _notify_loop /usr/local/lib/python3.8/dist-packages/neutron_lib/callbacks/manager.py:192}}
Aug 25 07:26:10.975245 dv-cinder-805949-1-smb neutron-server[94345]: DEBUG neutron.api.rpc.handlers.resources_rpc [None req-ed48b27e-ef06-4e69-90cd-570632cc2d69 admin admin] Pushing event updated for resources: {'Network': ['ID=99f6c2e5-64ac-44e2-987e-5923b8a89f4e,revision_number=1']} {{(pid=94345) push /opt/stack/neutron/neutron/api/rpc/handlers/resources_rpc.py:237}}
Aug 25 07:26:10.981413 dv-cinder-805949-1-smb neutron-server[94345]: DEBUG neutron.plugins.ml2.drivers.helpers [None req-9f9e95d1-d013-4ca7-82ba-c31f429058ba admin admin] vlan segment allocate from pool success with {'physical_network': 'physnet1', 'vlan_id': 363} {{(pid=94345) allocate_partially_specified_segment /opt/stack/neutron/neutron/plugins/ml2/drivers/helpers.py:153}}
Aug 25 07:26:10.991014 dv-cinder-805949-1-smb neutron-server[94348]: DEBUG neutron.plugins.ml2.rpc [None req-b597c3e7-aeda-470c-86d9-f3657f603d19 None None] Network 99f6c2e5-64ac-44e2-987e-5923b8a89f4e details requested by agent ovs-agent-dv-cinder-805949-1-smb with host dv-cinder-805949-1-smb {{(pid=94348) get_network_details /opt/stack/neutron/neutron/plugins/ml2/rpc.py:248}}
Aug 25 07:26:11.003353 dv-cinder-805949-1-smb neutron-server[94345]: DEBUG neutron_lib.callbacks.manager [None req-9f9e95d1-d013-4ca7-82ba-c31f429058ba admin admin] Notify callbacks ['neutron.plugins.ml2.plugin.Ml2Plugin._handle_segment_change-1655284'] for segment, precommit_create {{(pid=94345) _notify_loop /usr/local/lib/python3.8/dist-packages/neutron_lib/callbacks/manager.py:192}}
Aug 25 07:26:11.003742 dv-cinder-805949-1-smb neutron-server[94345]: INFO neutron.db.segments_db [None req-9f9e95d1-d013-4ca7-82ba-c31f429058ba admin admin] Added segment df5c5d57-6635-4ae7-9b32-919191615e99 of type vlan for network 093d0fa7-7909-4e32-a9fd-266747b9ed51
Aug 25 07:26:11.010124 dv-cinder-805949-1-smb neutron-server[94346]: DEBUG neutron.pecan_wsgi.hooks.quota_enforcement [None req-9856840e-2837-46a3-a9a5-355363fac8d1 admin admin] Made reservation on behalf of d7cc4cfbcd0a4622846860849ab06782 for: {'network': 1} {{(pid=94346) before /opt/stack/neutron/neutron/pecan_wsgi/hooks/quota_enforcement.py:53}}
Aug 25 07:26:11.013025 dv-cinder-805949-1-smb neutron-server[94346]: DEBUG neutron_lib.callbacks.manager [None req-9856840e-2837-46a3-a9a5-355363fac8d1 admin admin] Notify callbacks ['neutron.plugins.ml2.plugin.SecurityGroupDbMixin._ensure_default_security_group_handler-1998095'] for network, before_create {{(pid=94346) _notify_loop /usr/local/lib/python3.8/dist-packages/neutron_lib/callbacks/manager.py:192}}
Aug 25 07:26:11.016357 dv-cinder-805949-1-smb neutron-server[94345]: DEBUG neutron.api.rpc.handlers.resources_rpc [None req-9f9e95d1-d013-4ca7-82ba-c31f429058ba admin admin] Pushing event updated for resources: {'SecurityGroup': ['ID=c11cc4d7-8ea6-414d-82b6-40f71942b969,revision_number=1']} {{(pid=94345) push /opt/stack/neutron/neutron/api/rpc/handlers/resources_rpc.py:237}}
Aug 25 07:26:11.056080 dv-cinder-805949-1-smb neutron-server[94345]: DEBUG neutron_lib.callbacks.manager [None req-9f9e95d1-d013-4ca7-82ba-c31f429058ba admin admin] Notify callbacks ['neutron.services.auto_allocate.db._ensure_external_network_default_value_callback-8785681013023'] for network, precommit_create {{(pid=94345) _notify_loop /usr/local/lib/python3.8/dist-packages/neutron_lib/callbacks/manager.py:192}}
Aug 25 07:26:11.073759 dv-cinder-805949-1-smb neutron-server[94346]: DEBUG neutron_lib.callbacks.manager [None req-9856840e-2837-46a3-a9a5-355363fac8d1 admin admin] Notify callbacks [] for security_group, before_create {{(pid=94346) _notify_loop /usr/local/lib/python3.8/dist-packages/neutron_lib/callbacks/manager.py:192}}
Aug 25 07:26:11.144727 dv-cinder-805949-1-smb neutron-server[94345]: INFO neutron.wsgi [None req-ed48b27e-ef06-4e69-90cd-570632cc2d69 admin admin] 10.222.0.16 "POST /v2.0/networks HTTP/1.1" status: 201 len: 889 time: 1.6658113
Aug 25 07:26:11.150542 dv-cinder-805949-1-smb neutron-server[94345]: DEBUG neutron.wsgi [-] (94345) accepted ('10.222.0.16', 43786) {{(pid=94345) server /usr/local/lib/python3.8/dist-packages/eventlet/wsgi.py:982}}
Aug 25 07:26:11.158124 dv-cinder-805949-1-smb neutron-server[94345]: DEBUG neutron.api.v2.base [None req-c83c31b0-3b67-465d-a048-18da90fa337c admin admin] Request body: {'subnet': {'network_id': '99f6c2e5-64ac-44e2-987e-5923b8a89f4e', 'cidr': '172.20.0.0/28', 'name': 'tempest-AttachVolumeShelveTestJSON-790719157-subnet', 'tenant_id': 'c7ec76a906104c63b93738cd5cfeb57a', 'enable_dhcp': True, 'ip_version': 4}} {{(pid=94345) prepare_request_body /opt/stack/neutron/neutron/api/v2/base.py:730}}
Aug 25 07:26:11.198853 dv-cinder-805949-1-smb neutron-server[94345]: DEBUG neutron_lib.callbacks.manager [None req-9f9e95d1-d013-4ca7-82ba-c31f429058ba admin admin] Notify callbacks ['neutron.plugins.ml2.ovo_rpc._ObjectChangeHandler.handle_event-961746', 'neutron.api.rpc.agentnotifiers.dhcp_rpc_agent_api.DhcpAgentNotifyAPI._native_event_send_dhcp_notification-769452'] for network, after_create {{(pid=94345) _notify_loop /usr/local/lib/python3.8/dist-packages/neutron_lib/callbacks/manager.py:192}}
Aug 25 07:26:11.200116 dv-cinder-805949-1-smb neutron-server[94345]: DEBUG neutron.pecan_wsgi.hooks.policy_enforcement [None req-9f9e95d1-d013-4ca7-82ba-c31f429058ba admin admin] Attributes excluded by policy engine: ['standard_attr_id', 'vlan_transparent'] {{(pid=94345) _exclude_attributes_by_policy /opt/stack/neutron/neutron/pecan_wsgi/hooks/policy_enforcement.py:255}}
Aug 25 07:26:11.201043 dv-cinder-805949-1-smb neutron-server[94345]: DEBUG neutron_lib.callbacks.manager [None req-9f9e95d1-d013-4ca7-82ba-c31f429058ba admin admin] Notify callbacks ['neutron.api.rpc.agentnotifiers.dhcp_rpc_agent_api.DhcpAgentNotifyAPI._send_dhcp_notification-769502'] for network, before_response {{(pid=94345) _notify_loop /usr/local/lib/python3.8/dist-packages/neutron_lib/callbacks/manager.py:192}}
Aug 25 07:26:11.241303 dv-cinder-805949-1-smb neutron-server[94346]: DEBUG neutron_lib.callbacks.manager [None req-9856840e-2837-46a3-a9a5-355363fac8d1 admin admin] Notify callbacks [] for security_group, precommit_create {{(pid=94346) _notify_loop /usr/local/lib/python3.8/dist-packages/neutron_lib/callbacks/manager.py:192}}
Aug 25 07:26:11.243891 dv-cinder-805949-1-smb neutron-server[94346]: INFO neutron.wsgi [None req-6695dbbb-8db0-4f42-9bbe-3e9f74debaae admin admin] 10.222.0.16 "POST /v2.0/subnets HTTP/1.1" status: 201 len: 849 time: 1.2055066
Aug 25 07:26:11.290887 dv-cinder-805949-1-smb neutron-server[94345]: DEBUG neutron.api.rpc.handlers.resources_rpc [None req-9f9e95d1-d013-4ca7-82ba-c31f429058ba admin admin] Pushing event updated for resources: {'Network': ['ID=093d0fa7-7909-4e32-a9fd-266747b9ed51,revision_number=1']} {{(pid=94345) push /opt/stack/neutron/neutron/api/rpc/handlers/resources_rpc.py:237}}
Aug 25 07:26:11.305478 dv-cinder-805949-1-smb neutron-server[94348]: DEBUG neutron.plugins.ml2.rpc [None req-b597c3e7-aeda-470c-86d9-f3657f603d19 None None] Network 093d0fa7-7909-4e32-a9fd-266747b9ed51 details requested by agent ovs-agent-dv-cinder-805949-1-smb with host dv-cinder-805949-1-smb {{(pid=94348) get_network_details /opt/stack/neutron/neutron/plugins/ml2/rpc.py:248}}
Aug 25 07:26:11.320203 dv-cinder-805949-1-smb neutron-server[94346]: DEBUG neutron_lib.callbacks.manager [None req-9856840e-2837-46a3-a9a5-355363fac8d1 admin admin] Notify callbacks ['neutron.plugins.ml2.ovo_rpc._ObjectChangeHandler.handle_event-961598'] for security_group, after_create {{(pid=94346) _notify_loop /usr/local/lib/python3.8/dist-packages/neutron_lib/callbacks/manager.py:192}}
Aug 25 07:26:11.345763 dv-cinder-805949-1-smb neutron-server[94346]: DEBUG neutron.plugins.ml2.drivers.helpers [None req-9856840e-2837-46a3-a9a5-355363fac8d1 admin admin] vlan segment allocate from pool success with {'physical_network': 'physnet1', 'vlan_id': 383} {{(pid=94346) allocate_partially_specified_segment /opt/stack/neutron/neutron/plugins/ml2/drivers/helpers.py:153}}
Aug 25 07:26:11.351837 dv-cinder-805949-1-smb neutron-server[94348]: DEBUG neutron.api.rpc.handlers.dhcp_rpc [None req-05077fde-7fbf-47d9-bbfd-cdacf3a20846 None None] Network 1c01f629-d055-4be4-9b41-1552e12ca4a3 requested from dv-cinder-805949-1-smb {{(pid=94348) get_network_info /opt/stack/neutron/neutron/api/rpc/handlers/dhcp_rpc.py:218}}
Aug 25 07:26:11.369661 dv-cinder-805949-1-smb neutron-server[94346]: DEBUG neutron.api.rpc.handlers.resources_rpc [None req-9856840e-2837-46a3-a9a5-355363fac8d1 admin admin] Pushing event updated for resources: {'SecurityGroup': ['ID=21152f11-cd24-4e0e-a565-77c1090988ee,revision_number=1']} {{(pid=94346) push /opt/stack/neutron/neutron/api/rpc/handlers/resources_rpc.py:237}}
Aug 25 07:26:11.373199 dv-cinder-805949-1-smb neutron-server[94346]: DEBUG neutron_lib.callbacks.manager [None req-9856840e-2837-46a3-a9a5-355363fac8d1 admin admin] Notify callbacks ['neutron.plugins.ml2.plugin.Ml2Plugin._handle_segment_change-1655284'] for segment, precommit_create {{(pid=94346) _notify_loop /usr/local/lib/python3.8/dist-packages/neutron_lib/callbacks/manager.py:192}}
Aug 25 07:26:11.374104 dv-cinder-805949-1-smb neutron-server[94346]: INFO neutron.db.segments_db [None req-9856840e-2837-46a3-a9a5-355363fac8d1 admin admin] Added segment 84252ee3-a0ec-47dd-b601-8cc9398d2d31 of type vlan for network 8e2309c9-8b05-4b21-8b0e-e1d3b419424f
Aug 25 07:26:11.429914 dv-cinder-805949-1-smb neutron-server[94345]: INFO neutron.wsgi [None req-9f9e95d1-d013-4ca7-82ba-c31f429058ba admin admin] 10.222.0.16 "POST /v2.0/networks HTTP/1.1" status: 201 len: 884 time: 1.3240848
Aug 25 07:26:11.432801 dv-cinder-805949-1-smb neutron-server[94345]: DEBUG neutron.wsgi [-] (94345) accepted ('10.222.0.16', 43800) {{(pid=94345) server /usr/local/lib/python3.8/dist-packages/eventlet/wsgi.py:982}}
Aug 25 07:26:11.451051 dv-cinder-805949-1-smb neutron-server[94345]: DEBUG neutron.api.v2.base [None req-0d682b42-23fb-4e0d-ab37-77d93c2b3dc9 admin admin] Request body: {'subnet': {'network_id': '093d0fa7-7909-4e32-a9fd-266747b9ed51', 'cidr': '172.20.0.0/28', 'name': 'tempest-AttachVolumeTestJSON-1424196552-subnet', 'tenant_id': '38e26fc822704a59b53bd55a1e0bb6a3', 'enable_dhcp': True, 'ip_version': 4}} {{(pid=94345) prepare_request_body /opt/stack/neutron/neutron/api/v2/base.py:730}}
Aug 25 07:26:11.463973 dv-cinder-805949-1-smb neutron-server[94346]: DEBUG neutron_lib.callbacks.manager [None req-9856840e-2837-46a3-a9a5-355363fac8d1 admin admin] Notify callbacks ['neutron.services.auto_allocate.db._ensure_external_network_default_value_callback-8785681013023'] for network, precommit_create {{(pid=94346) _notify_loop /usr/local/lib/python3.8/dist-packages/neutron_lib/callbacks/manager.py:192}}
Aug 25 07:26:11.498964 dv-cinder-805949-1-smb neutron-server[94345]: DEBUG neutron.pecan_wsgi.hooks.quota_enforcement [None req-c83c31b0-3b67-465d-a048-18da90fa337c admin admin] Made reservation on behalf of c7ec76a906104c63b93738cd5cfeb57a for: {'subnet': 1} {{(pid=94345) before /opt/stack/neutron/neutron/pecan_wsgi/hooks/quota_enforcement.py:53}}
Aug 25 07:26:11.501711 dv-cinder-805949-1-smb neutron-server[94345]: DEBUG neutron_lib.callbacks.manager [None req-c83c31b0-3b67-465d-a048-18da90fa337c admin admin] Notify callbacks [] for subnet, before_create {{(pid=94345) _notify_loop /usr/local/lib/python3.8/dist-packages/neutron_lib/callbacks/manager.py:192}}
Aug 25 07:26:11.587288 dv-cinder-805949-1-smb neutron-server[94346]: DEBUG neutron_lib.callbacks.manager [None req-9856840e-2837-46a3-a9a5-355363fac8d1 admin admin] Notify callbacks ['neutron.plugins.ml2.ovo_rpc._ObjectChangeHandler.handle_event-961746', 'neutron.api.rpc.agentnotifiers.dhcp_rpc_agent_api.DhcpAgentNotifyAPI._native_event_send_dhcp_notification-769452'] for network, after_create {{(pid=94346) _notify_loop /usr/local/lib/python3.8/dist-packages/neutron_lib/callbacks/manager.py:192}}
Aug 25 07:26:11.589834 dv-cinder-805949-1-smb neutron-server[94346]: DEBUG neutron.pecan_wsgi.hooks.policy_enforcement [None req-9856840e-2837-46a3-a9a5-355363fac8d1 admin admin] Attributes excluded by policy engine: ['standard_attr_id', 'vlan_transparent'] {{(pid=94346) _exclude_attributes_by_policy /opt/stack/neutron/neutron/pecan_wsgi/hooks/policy_enforcement.py:255}}
Aug 25 07:26:11.591061 dv-cinder-805949-1-smb neutron-server[94346]: DEBUG neutron_lib.callbacks.manager [None req-9856840e-2837-46a3-a9a5-355363fac8d1 admin admin] Notify callbacks ['neutron.api.rpc.agentnotifiers.dhcp_rpc_agent_api.DhcpAgentNotifyAPI._send_dhcp_notification-769502'] for network, before_response {{(pid=94346) _notify_loop /usr/local/lib/python3.8/dist-packages/neutron_lib/callbacks/manager.py:192}}
Aug 25 07:26:11.623541 dv-cinder-805949-1-smb neutron-server[94345]: DEBUG neutron.pecan_wsgi.hooks.quota_enforcement [None req-0d682b42-23fb-4e0d-ab37-77d93c2b3dc9 admin admin] Made reservation on behalf of 38e26fc822704a59b53bd55a1e0bb6a3 for: {'subnet': 1} {{(pid=94345) before /opt/stack/neutron/neutron/pecan_wsgi/hooks/quota_enforcement.py:53}}
Aug 25 07:26:11.631961 dv-cinder-805949-1-smb neutron-server[94345]: DEBUG neutron_lib.callbacks.manager [None req-0d682b42-23fb-4e0d-ab37-77d93c2b3dc9 admin admin] Notify callbacks [] for subnet, before_create {{(pid=94345) _notify_loop /usr/local/lib/python3.8/dist-packages/neutron_lib/callbacks/manager.py:192}}
Aug 25 07:26:11.673993 dv-cinder-805949-1-smb neutron-server[94346]: DEBUG neutron.api.rpc.handlers.resources_rpc [None req-9856840e-2837-46a3-a9a5-355363fac8d1 admin admin] Pushing event updated for resources: {'Network': ['ID=8e2309c9-8b05-4b21-8b0e-e1d3b419424f,revision_number=1']} {{(pid=94346) push /opt/stack/neutron/neutron/api/rpc/handlers/resources_rpc.py:237}}
Aug 25 07:26:11.687365 dv-cinder-805949-1-smb neutron-server[94348]: DEBUG neutron.plugins.ml2.rpc [None req-b597c3e7-aeda-470c-86d9-f3657f603d19 None None] Network 8e2309c9-8b05-4b21-8b0e-e1d3b419424f details requested by agent ovs-agent-dv-cinder-805949-1-smb with host dv-cinder-805949-1-smb {{(pid=94348) get_network_details /opt/stack/neutron/neutron/plugins/ml2/rpc.py:248}}
Aug 25 07:26:11.759101 dv-cinder-805949-1-smb neutron-server[94346]: INFO neutron.wsgi [None req-9856840e-2837-46a3-a9a5-355363fac8d1 admin admin] 10.222.0.16 "POST /v2.0/networks HTTP/1.1" status: 201 len: 888 time: 2.2681270
Aug 25 07:26:11.761896 dv-cinder-805949-1-smb neutron-server[94346]: DEBUG neutron.wsgi [-] (94346) accepted ('10.222.0.16', 43820) {{(pid=94346) server /usr/local/lib/python3.8/dist-packages/eventlet/wsgi.py:982}}
Aug 25 07:26:11.768786 dv-cinder-805949-1-smb neutron-server[94346]: DEBUG neutron.api.v2.base [None req-a4686e40-a2c7-43f5-a7c7-a7e298aef011 admin admin] Request body: {'subnet': {'network_id': '8e2309c9-8b05-4b21-8b0e-e1d3b419424f', 'cidr': '172.20.0.0/28', 'name': 'tempest-AttachVolumeNegativeTest-1780687859-subnet', 'tenant_id': 'd7cc4cfbcd0a4622846860849ab06782', 'enable_dhcp': False, 'ip_version': 4}} {{(pid=94346) prepare_request_body /opt/stack/neutron/neutron/api/v2/base.py:730}}
Aug 25 07:26:11.878385 dv-cinder-805949-1-smb neutron-server[94346]: DEBUG neutron.pecan_wsgi.hooks.quota_enforcement [None req-a4686e40-a2c7-43f5-a7c7-a7e298aef011 admin admin] Made reservation on behalf of d7cc4cfbcd0a4622846860849ab06782 for: {'subnet': 1} {{(pid=94346) before /opt/stack/neutron/neutron/pecan_wsgi/hooks/quota_enforcement.py:53}}
Aug 25 07:26:11.881388 dv-cinder-805949-1-smb neutron-server[94346]: DEBUG neutron_lib.callbacks.manager [None req-a4686e40-a2c7-43f5-a7c7-a7e298aef011 admin admin] Notify callbacks [] for subnet, before_create {{(pid=94346) _notify_loop /usr/local/lib/python3.8/dist-packages/neutron_lib/callbacks/manager.py:192}}
Aug 25 07:26:11.964904 dv-cinder-805949-1-smb neutron-server[94345]: DEBUG neutron_lib.callbacks.manager [None req-c83c31b0-3b67-465d-a048-18da90fa337c admin admin] Notify callbacks ['neutron.plugins.ml2.ovo_rpc._ObjectChangeHandler.handle_event-965225', 'neutron.api.rpc.agentnotifiers.dhcp_rpc_agent_api.DhcpAgentNotifyAPI._native_event_send_dhcp_notification-769452'] for subnet, after_create {{(pid=94345) _notify_loop /usr/local/lib/python3.8/dist-packages/neutron_lib/callbacks/manager.py:192}}
Aug 25 07:26:12.016002 dv-cinder-805949-1-smb neutron-server[94345]: DEBUG neutron_lib.callbacks.manager [None req-0d682b42-23fb-4e0d-ab37-77d93c2b3dc9 admin admin] Notify callbacks ['neutron.plugins.ml2.ovo_rpc._ObjectChangeHandler.handle_event-965225', 'neutron.api.rpc.agentnotifiers.dhcp_rpc_agent_api.DhcpAgentNotifyAPI._native_event_send_dhcp_notification-769452'] for subnet, after_create {{(pid=94345) _notify_loop /usr/local/lib/python3.8/dist-packages/neutron_lib/callbacks/manager.py:192}}
Aug 25 07:26:12.119375 dv-cinder-805949-1-smb neutron-server[94345]: DEBUG neutron.api.rpc.handlers.resources_rpc [None req-c83c31b0-3b67-465d-a048-18da90fa337c admin admin] Pushing event updated for resources: {'Subnet': ['ID=c14164b0-4f23-45f0-b089-8a1d23764f29,revision_number=0']} {{(pid=94345) push /opt/stack/neutron/neutron/api/rpc/handlers/resources_rpc.py:237}}
Aug 25 07:26:12.141392 dv-cinder-805949-1-smb neutron-server[94345]: DEBUG neutron.plugins.ml2.drivers.mech_agent [None req-c83c31b0-3b67-465d-a048-18da90fa337c admin admin] Checking segment: {'id': '99242dfc-dd95-4f38-9fe6-a54b013ee4a4', 'network_type': 'vlan', 'physical_network': 'physnet1', 'segmentation_id': 350, 'network_id': '99f6c2e5-64ac-44e2-987e-5923b8a89f4e'} for mappings: {'physnet1': 'br-data'} with network types: ['local', 'flat', 'vlan'] {{(pid=94345) check_segment_for_agent /opt/stack/neutron/neutron/plugins/ml2/drivers/mech_agent.py:352}}
Aug 25 07:26:12.141766 dv-cinder-805949-1-smb neutron-server[94345]: DEBUG neutron.scheduler.dhcp_agent_scheduler [None req-c83c31b0-3b67-465d-a048-18da90fa337c admin admin] Network hostable DHCP agents. Network: 99f6c2e5-64ac-44e2-987e-5923b8a89f4e, hostable agents: ['e6d8ae5b-136c-4e9a-af90-87a600c02b59'], hosted agents: [] {{(pid=94345) _get_network_hostable_dhcp_agents /opt/stack/neutron/neutron/scheduler/dhcp_agent_scheduler.py:329}}
Aug 25 07:26:12.165516 dv-cinder-805949-1-smb neutron-server[94345]: DEBUG neutron.plugins.ml2.drivers.mech_agent [None req-0d682b42-23fb-4e0d-ab37-77d93c2b3dc9 admin admin] Checking segment: {'id': 'df5c5d57-6635-4ae7-9b32-919191615e99', 'network_type': 'vlan', 'physical_network': 'physnet1', 'segmentation_id': 363, 'network_id': '093d0fa7-7909-4e32-a9fd-266747b9ed51'} for mappings: {'physnet1': 'br-data'} with network types: ['local', 'flat', 'vlan'] {{(pid=94345) check_segment_for_agent /opt/stack/neutron/neutron/plugins/ml2/drivers/mech_agent.py:352}}
Aug 25 07:26:12.166064 dv-cinder-805949-1-smb neutron-server[94345]: DEBUG neutron.scheduler.dhcp_agent_scheduler [None req-0d682b42-23fb-4e0d-ab37-77d93c2b3dc9 admin admin] Network hostable DHCP agents. Network: 093d0fa7-7909-4e32-a9fd-266747b9ed51, hostable agents: ['e6d8ae5b-136c-4e9a-af90-87a600c02b59'], hosted agents: [] {{(pid=94345) _get_network_hostable_dhcp_agents /opt/stack/neutron/neutron/scheduler/dhcp_agent_scheduler.py:329}}
Aug 25 07:26:12.198800 dv-cinder-805949-1-smb neutron-server[94345]: DEBUG neutron.api.rpc.handlers.resources_rpc [None req-0d682b42-23fb-4e0d-ab37-77d93c2b3dc9 admin admin] Pushing event updated for resources: {'Subnet': ['ID=05ab65ec-bf63-4ee1-a596-aec6111077fd,revision_number=0']} {{(pid=94345) push /opt/stack/neutron/neutron/api/rpc/handlers/resources_rpc.py:237}}
Aug 25 07:26:12.250788 dv-cinder-805949-1-smb neutron-server[94346]: DEBUG neutron_lib.callbacks.manager [None req-a4686e40-a2c7-43f5-a7c7-a7e298aef011 admin admin] Notify callbacks ['neutron.plugins.ml2.ovo_rpc._ObjectChangeHandler.handle_event-965225', 'neutron.api.rpc.agentnotifiers.dhcp_rpc_agent_api.DhcpAgentNotifyAPI._native_event_send_dhcp_notification-769452'] for subnet, after_create {{(pid=94346) _notify_loop /usr/local/lib/python3.8/dist-packages/neutron_lib/callbacks/manager.py:192}}
Aug 25 07:26:12.272395 dv-cinder-805949-1-smb neutron-server[94345]: DEBUG neutron.wsgi [-] (94345) accepted ('10.222.0.16', 43854) {{(pid=94345) server /usr/local/lib/python3.8/dist-packages/eventlet/wsgi.py:982}}
Aug 25 07:26:12.283775 dv-cinder-805949-1-smb neutron-server[94345]: DEBUG neutron.scheduler.dhcp_agent_scheduler [None req-c83c31b0-3b67-465d-a048-18da90fa337c admin admin] Network 99f6c2e5-64ac-44e2-987e-5923b8a89f4e is scheduled to be hosted by DHCP agent e6d8ae5b-136c-4e9a-af90-87a600c02b59 with binding_index 1 {{(pid=94345) bind /opt/stack/neutron/neutron/scheduler/dhcp_agent_scheduler.py:227}}
Aug 25 07:26:12.283775 dv-cinder-805949-1-smb neutron-server[94345]: WARNING keystonemiddleware.auth_token [-] A valid token was submitted as a service token, but it was not a valid service token. This is incorrect but backwards compatible behaviour. This will be removed in future releases.
Aug 25 07:26:12.314375 dv-cinder-805949-1-smb neutron-server[94345]: DEBUG neutron.scheduler.dhcp_agent_scheduler [None req-0d682b42-23fb-4e0d-ab37-77d93c2b3dc9 admin admin] Network 093d0fa7-7909-4e32-a9fd-266747b9ed51 is scheduled to be hosted by DHCP agent e6d8ae5b-136c-4e9a-af90-87a600c02b59 with binding_index 1 {{(pid=94345) bind /opt/stack/neutron/neutron/scheduler/dhcp_agent_scheduler.py:227}}
Aug 25 07:26:12.319967 dv-cinder-805949-1-smb neutron-server[94346]: DEBUG neutron.api.rpc.handlers.resources_rpc [None req-a4686e40-a2c7-43f5-a7c7-a7e298aef011 admin admin] Pushing event updated for resources: {'Subnet': ['ID=353119d2-0694-4d1b-8589-203a5b45bfbc,revision_number=0']} {{(pid=94346) push /opt/stack/neutron/neutron/api/rpc/handlers/resources_rpc.py:237}}
Aug 25 07:26:12.331239 dv-cinder-805949-1-smb neutron-server[94346]: DEBUG neutron.plugins.ml2.drivers.mech_agent [None req-a4686e40-a2c7-43f5-a7c7-a7e298aef011 admin admin] Checking segment: {'id': '84252ee3-a0ec-47dd-b601-8cc9398d2d31', 'network_type': 'vlan', 'physical_network': 'physnet1', 'segmentation_id': 383, 'network_id': '8e2309c9-8b05-4b21-8b0e-e1d3b419424f'} for mappings: {'physnet1': 'br-data'} with network types: ['local', 'flat', 'vlan'] {{(pid=94346) check_segment_for_agent /opt/stack/neutron/neutron/plugins/ml2/drivers/mech_agent.py:352}}
Aug 25 07:26:12.332238 dv-cinder-805949-1-smb neutron-server[94346]: DEBUG neutron.scheduler.dhcp_agent_scheduler [None req-a4686e40-a2c7-43f5-a7c7-a7e298aef011 admin admin] Network hostable DHCP agents. Network: 8e2309c9-8b05-4b21-8b0e-e1d3b419424f, hostable agents: ['e6d8ae5b-136c-4e9a-af90-87a600c02b59'], hosted agents: [] {{(pid=94346) _get_network_hostable_dhcp_agents /opt/stack/neutron/neutron/scheduler/dhcp_agent_scheduler.py:329}}
Aug 25 07:26:12.406587 dv-cinder-805949-1-smb neutron-server[94345]: DEBUG neutron.scheduler.base_scheduler [None req-c83c31b0-3b67-465d-a048-18da90fa337c admin admin] Resources bound (agent type, host, resource id): (DHCP agent, dv-cinder-805949-1-smb, 99f6c2e5-64ac-44e2-987e-5923b8a89f4e) {{(pid=94345) schedule /opt/stack/neutron/neutron/scheduler/base_scheduler.py:57}}
Aug 25 07:26:12.408056 dv-cinder-805949-1-smb neutron-server[94345]: DEBUG neutron.scheduler.base_scheduler [None req-0d682b42-23fb-4e0d-ab37-77d93c2b3dc9 admin admin] Resources bound (agent type, host, resource id): (DHCP agent, dv-cinder-805949-1-smb, 093d0fa7-7909-4e32-a9fd-266747b9ed51) {{(pid=94345) schedule /opt/stack/neutron/neutron/scheduler/base_scheduler.py:57}}
Aug 25 07:26:12.415934 dv-cinder-805949-1-smb neutron-server[94348]: DEBUG neutron.api.rpc.handlers.dhcp_rpc [None req-e7de05d3-4dc3-4da8-ba14-2fd9016c195e None None] Network 99f6c2e5-64ac-44e2-987e-5923b8a89f4e requested from dv-cinder-805949-1-smb {{(pid=94348) get_network_info /opt/stack/neutron/neutron/api/rpc/handlers/dhcp_rpc.py:218}}
Aug 25 07:26:12.446623 dv-cinder-805949-1-smb neutron-server[94345]: DEBUG neutron.pecan_wsgi.hooks.policy_enforcement [None req-c83c31b0-3b67-465d-a048-18da90fa337c admin admin] Attributes excluded by policy engine: ['standard_attr_id', 'shared', 'network'] {{(pid=94345) _exclude_attributes_by_policy /opt/stack/neutron/neutron/pecan_wsgi/hooks/policy_enforcement.py:255}}
Aug 25 07:26:12.447575 dv-cinder-805949-1-smb neutron-server[94345]: DEBUG neutron_lib.callbacks.manager [None req-c83c31b0-3b67-465d-a048-18da90fa337c admin admin] Notify callbacks ['neutron.api.rpc.agentnotifiers.dhcp_rpc_agent_api.DhcpAgentNotifyAPI._send_dhcp_notification-769502'] for subnet, before_response {{(pid=94345) _notify_loop /usr/local/lib/python3.8/dist-packages/neutron_lib/callbacks/manager.py:192}}
Aug 25 07:26:12.472986 dv-cinder-805949-1-smb neutron-server[94346]: DEBUG neutron.scheduler.dhcp_agent_scheduler [None req-a4686e40-a2c7-43f5-a7c7-a7e298aef011 admin admin] Network 8e2309c9-8b05-4b21-8b0e-e1d3b419424f is scheduled to be hosted by DHCP agent e6d8ae5b-136c-4e9a-af90-87a600c02b59 with binding_index 1 {{(pid=94346) bind /opt/stack/neutron/neutron/scheduler/dhcp_agent_scheduler.py:227}}
Aug 25 07:26:12.480249 dv-cinder-805949-1-smb neutron-server[94346]: DEBUG neutron.scheduler.base_scheduler [None req-a4686e40-a2c7-43f5-a7c7-a7e298aef011 admin admin] Resources bound (agent type, host, resource id): (DHCP agent, dv-cinder-805949-1-smb, 8e2309c9-8b05-4b21-8b0e-e1d3b419424f) {{(pid=94346) schedule /opt/stack/neutron/neutron/scheduler/base_scheduler.py:57}}
Aug 25 07:26:12.491588 dv-cinder-805949-1-smb neutron-server[94348]: DEBUG neutron.api.rpc.handlers.dhcp_rpc [None req-7b0615fa-e5eb-440f-9549-fc32d3584bb9 None None] Network 8e2309c9-8b05-4b21-8b0e-e1d3b419424f requested from dv-cinder-805949-1-smb {{(pid=94348) get_network_info /opt/stack/neutron/neutron/api/rpc/handlers/dhcp_rpc.py:218}}
Aug 25 07:26:12.494765 dv-cinder-805949-1-smb neutron-server[94346]: DEBUG neutron.pecan_wsgi.hooks.policy_enforcement [None req-a4686e40-a2c7-43f5-a7c7-a7e298aef011 admin admin] Attributes excluded by policy engine: ['standard_attr_id', 'shared', 'network'] {{(pid=94346) _exclude_attributes_by_policy /opt/stack/neutron/neutron/pecan_wsgi/hooks/policy_enforcement.py:255}}
Aug 25 07:26:12.495401 dv-cinder-805949-1-smb neutron-server[94346]: DEBUG neutron_lib.callbacks.manager [None req-a4686e40-a2c7-43f5-a7c7-a7e298aef011 admin admin] Notify callbacks ['neutron.api.rpc.agentnotifiers.dhcp_rpc_agent_api.DhcpAgentNotifyAPI._send_dhcp_notification-769502'] for subnet, before_response {{(pid=94346) _notify_loop /usr/local/lib/python3.8/dist-packages/neutron_lib/callbacks/manager.py:192}}
Aug 25 07:26:12.568881 dv-cinder-805949-1-smb neutron-server[94348]: DEBUG neutron.api.rpc.handlers.dhcp_rpc [None req-22704166-539d-4f60-b0f3-9f39bdda7c48 None None] Network 093d0fa7-7909-4e32-a9fd-266747b9ed51 requested from dv-cinder-805949-1-smb {{(pid=94348) get_network_info /opt/stack/neutron/neutron/api/rpc/handlers/dhcp_rpc.py:218}}
Aug 25 07:26:12.581001 dv-cinder-805949-1-smb neutron-server[94345]: DEBUG neutron.pecan_wsgi.hooks.policy_enforcement [None req-0d682b42-23fb-4e0d-ab37-77d93c2b3dc9 admin admin] Attributes excluded by policy engine: ['standard_attr_id', 'shared', 'network'] {{(pid=94345) _exclude_attributes_by_policy /opt/stack/neutron/neutron/pecan_wsgi/hooks/policy_enforcement.py:255}}
Aug 25 07:26:12.581811 dv-cinder-805949-1-smb neutron-server[94345]: DEBUG neutron_lib.callbacks.manager [None req-0d682b42-23fb-4e0d-ab37-77d93c2b3dc9 admin admin] Notify callbacks ['neutron.api.rpc.agentnotifiers.dhcp_rpc_agent_api.DhcpAgentNotifyAPI._send_dhcp_notification-769502'] for subnet, before_response {{(pid=94345) _notify_loop /usr/local/lib/python3.8/dist-packages/neutron_lib/callbacks/manager.py:192}}
Aug 25 07:26:12.593522 dv-cinder-805949-1-smb neutron-server[94346]: INFO neutron.wsgi [None req-a4686e40-a2c7-43f5-a7c7-a7e298aef011 admin admin] 10.222.0.16 "POST /v2.0/subnets HTTP/1.1" status: 201 len: 852 time: 0.8298645
Aug 25 07:26:12.657641 dv-cinder-805949-1-smb neutron-server[94345]: DEBUG neutron.pecan_wsgi.hooks.policy_enforcement [req-c26725ca-c6e1-4c04-ac68-5cd2bf5bd783 req-1b4a4561-ef56-4233-ad75-2d4867b2342a tempest-DeleteServersTestJSON-1549327173 tempest-DeleteServersTestJSON-1549327173-project] Attributes excluded by policy engine: ['standard_attr_id', 'vlan_transparent', 'provider:network_type', 'provider:physical_network', 'provider:segmentation_id'] {{(pid=94345) _exclude_attributes_by_policy /opt/stack/neutron/neutron/pecan_wsgi/hooks/policy_enforcement.py:255}}
Aug 25 07:26:12.658287 dv-cinder-805949-1-smb neutron-server[94345]: INFO neutron.wsgi [req-c26725ca-c6e1-4c04-ac68-5cd2bf5bd783 req-1b4a4561-ef56-4233-ad75-2d4867b2342a tempest-DeleteServersTestJSON-1549327173 tempest-DeleteServersTestJSON-1549327173-project] 10.222.0.16 "GET /v2.0/networks?id=1c01f629-d055-4be4-9b41-1552e12ca4a3 HTTP/1.1" status: 200 len: 812 time: 0.3809693
Aug 25 07:26:12.660276 dv-cinder-805949-1-smb neutron-server[94345]: INFO neutron.wsgi [None req-c83c31b0-3b67-465d-a048-18da90fa337c admin admin] 10.222.0.16 "POST /v2.0/subnets HTTP/1.1" status: 201 len: 852 time: 1.5084662
Aug 25 07:26:12.663796 dv-cinder-805949-1-smb neutron-server[94346]: DEBUG neutron.wsgi [-] (94346) accepted ('10.222.0.16', 43882) {{(pid=94346) server /usr/local/lib/python3.8/dist-packages/eventlet/wsgi.py:982}}
Aug 25 07:26:12.668476 dv-cinder-805949-1-smb neutron-server[94346]: DEBUG neutron.api.v2.base [None req-9a0d6f39-6773-4e9c-af3d-f6433da121cd admin admin] Request body: {'router': {'name': 'tempest-AttachVolumeShelveTestJSON-790719157-router', 'tenant_id': 'c7ec76a906104c63b93738cd5cfeb57a', 'external_gateway_info': {'network_id': 'd4f65310-be69-4bb8-9774-230b4bb8858b'}}} {{(pid=94346) prepare_request_body /opt/stack/neutron/neutron/api/v2/base.py:730}}
Aug 25 07:26:12.702221 dv-cinder-805949-1-smb neutron-server[94345]: INFO neutron.wsgi [req-c26725ca-c6e1-4c04-ac68-5cd2bf5bd783 req-f0a8e586-28bf-4bb0-a1c0-679635069b70 tempest-DeleteServersTestJSON-1549327173 tempest-DeleteServersTestJSON-1549327173-project] 10.222.0.16 "GET /v2.0/quotas/f3323e6a6423404aa62aa48bd2ccec00 HTTP/1.1" status: 200 len: 375 time: 0.0253975
Aug 25 07:26:12.711527 dv-cinder-805949-1-smb neutron-server[94345]: INFO neutron.wsgi [None req-0d682b42-23fb-4e0d-ab37-77d93c2b3dc9 admin admin] 10.222.0.16 "POST /v2.0/subnets HTTP/1.1" status: 201 len: 847 time: 1.2762432
Aug 25 07:26:12.714462 dv-cinder-805949-1-smb neutron-server[94346]: DEBUG neutron.wsgi [-] (94346) accepted ('10.222.0.16', 43886) {{(pid=94346) server /usr/local/lib/python3.8/dist-packages/eventlet/wsgi.py:982}}
Aug 25 07:26:12.719369 dv-cinder-805949-1-smb neutron-server[94346]: DEBUG neutron.api.v2.base [None req-5bfa70c6-5db4-4678-b565-e4fbe8b29e80 admin admin] Request body: {'router': {'name': 'tempest-AttachVolumeTestJSON-1424196552-router', 'tenant_id': '38e26fc822704a59b53bd55a1e0bb6a3', 'external_gateway_info': {'network_id': 'd4f65310-be69-4bb8-9774-230b4bb8858b'}}} {{(pid=94346) prepare_request_body /opt/stack/neutron/neutron/api/v2/base.py:730}}
Aug 25 07:26:12.804445 dv-cinder-805949-1-smb neutron-server[94345]: INFO neutron.wsgi [req-c26725ca-c6e1-4c04-ac68-5cd2bf5bd783 req-63b9e45e-8386-4f9c-bee5-d8d71848e1a9 tempest-DeleteServersTestJSON-1549327173 tempest-DeleteServersTestJSON-1549327173-project] 10.222.0.16 "GET /v2.0/ports?tenant_id=f3323e6a6423404aa62aa48bd2ccec00&fields=id HTTP/1.1" status: 200 len: 210 time: 0.0955491
Aug 25 07:26:12.828692 dv-cinder-805949-1-smb neutron-server[94346]: DEBUG neutron_lib.callbacks.manager [None req-9a0d6f39-6773-4e9c-af3d-f6433da121cd admin admin] Notify callbacks ['neutron.services.l3_router.l3_router_plugin.L3_HA_NAT_db_mixin._before_router_create_handler-925020', 'neutron.services.l3_router.service_providers.driver_controller.DriverController._check_router_request-703'] for router, before_create {{(pid=94346) _notify_loop /usr/local/lib/python3.8/dist-packages/neutron_lib/callbacks/manager.py:192}}
Aug 25 07:26:12.830067 dv-cinder-805949-1-smb neutron-server[94346]: DEBUG neutron_lib.callbacks.manager [None req-9a0d6f39-6773-4e9c-af3d-f6433da121cd admin admin] Notify callbacks ['neutron.services.l3_router.l3_router_plugin.L3_HA_NAT_db_mixin._precommit_router_create-919276', 'neutron.services.l3_router.l3_router_plugin.DVRResourceOperationHandler._set_distributed_flag-922909', 'neutron.services.l3_router.l3_router_plugin.RouterAvailabilityZoneMixin._process_az_request-979391', 'neutron.services.l3_router.service_providers.driver_controller.DriverController._set_router_provider-676'] for router, precommit_create {{(pid=94346) _notify_loop /usr/local/lib/python3.8/dist-packages/neutron_lib/callbacks/manager.py:192}}
Aug 25 07:26:12.926796 dv-cinder-805949-1-smb neutron-server[94348]: DEBUG neutron.api.rpc.handlers.dhcp_rpc [None req-0e0b2823-a80f-4b55-a1d0-db6c8b3ca741 None None] Network 8e2309c9-8b05-4b21-8b0e-e1d3b419424f requested from dv-cinder-805949-1-smb {{(pid=94348) get_network_info /opt/stack/neutron/neutron/api/rpc/handlers/dhcp_rpc.py:218}}
Aug 25 07:26:12.997131 dv-cinder-805949-1-smb neutron-server[94346]: DEBUG neutron_lib.callbacks.manager [None req-9a0d6f39-6773-4e9c-af3d-f6433da121cd admin admin] Notify callbacks [] for router_controller, precommit_add_association {{(pid=94346) _notify_loop /usr/local/lib/python3.8/dist-packages/neutron_lib/callbacks/manager.py:192}}
Aug 25 07:26:12.998368 dv-cinder-805949-1-smb neutron-server[94348]: DEBUG neutron.api.rpc.handlers.dhcp_rpc [None req-d8bb799f-b1ae-4f10-ab5d-527f567874ed None None] Create dhcp port {'port': {'name': '', 'admin_state_up': True, 'device_id': 'dhcp216d14d0-f87b-54b5-bcda-00a09cbec9bf-99f6c2e5-64ac-44e2-987e-5923b8a89f4e', 'network_id': '99f6c2e5-64ac-44e2-987e-5923b8a89f4e', 'tenant_id': 'c7ec76a906104c63b93738cd5cfeb57a', 'fixed_ips': [{'subnet_id': 'c14164b0-4f23-45f0-b089-8a1d23764f29'}]}} from dv-cinder-805949-1-smb. {{(pid=94348) create_dhcp_port /opt/stack/neutron/neutron/api/rpc/handlers/dhcp_rpc.py:285}}
Aug 25 07:26:13.004013 dv-cinder-805949-1-smb neutron-server[94348]: DEBUG neutron_lib.callbacks.manager [None req-d8bb799f-b1ae-4f10-ab5d-527f567874ed None None] Notify callbacks ['neutron.plugins.ml2.plugin.SecurityGroupDbMixin._ensure_default_security_group_handler-1998095'] for port, before_create {{(pid=94348) _notify_loop /usr/local/lib/python3.8/dist-packages/neutron_lib/callbacks/manager.py:192}}
Aug 25 07:26:13.004391 dv-cinder-805949-1-smb neutron-server[94346]: DEBUG neutron_lib.callbacks.manager [None req-5bfa70c6-5db4-4678-b565-e4fbe8b29e80 admin admin] Notify callbacks ['neutron.services.l3_router.l3_router_plugin.L3_HA_NAT_db_mixin._before_router_create_handler-925020', 'neutron.services.l3_router.service_providers.driver_controller.DriverController._check_router_request-703'] for router, before_create {{(pid=94346) _notify_loop /usr/local/lib/python3.8/dist-packages/neutron_lib/callbacks/manager.py:192}}
Aug 25 07:26:13.004391 dv-cinder-805949-1-smb neutron-server[94346]: DEBUG neutron_lib.callbacks.manager [None req-5bfa70c6-5db4-4678-b565-e4fbe8b29e80 admin admin] Notify callbacks ['neutron.services.l3_router.l3_router_plugin.L3_HA_NAT_db_mixin._precommit_router_create-919276', 'neutron.services.l3_router.l3_router_plugin.DVRResourceOperationHandler._set_distributed_flag-922909', 'neutron.services.l3_router.l3_router_plugin.RouterAvailabilityZoneMixin._process_az_request-979391', 'neutron.services.l3_router.service_providers.driver_controller.DriverController._set_router_provider-676'] for router, precommit_create {{(pid=94346) _notify_loop /usr/local/lib/python3.8/dist-packages/neutron_lib/callbacks/manager.py:192}}
Aug 25 07:26:13.035591 dv-cinder-805949-1-smb neutron-server[94345]: DEBUG neutron.wsgi [req-c26725ca-c6e1-4c04-ac68-5cd2bf5bd783 req-aa295a83-1ad2-4ac0-b76c-89049def4c4f service neutron] http://10.222.0.16:9696/v2.0/extensions returned with HTTP 200 {{(pid=94345) __call__ /opt/stack/neutron/neutron/wsgi.py:729}}
Aug 25 07:26:13.037661 dv-cinder-805949-1-smb neutron-server[94345]: INFO neutron.wsgi [req-c26725ca-c6e1-4c04-ac68-5cd2bf5bd783 req-aa295a83-1ad2-4ac0-b76c-89049def4c4f service neutron] 10.222.0.16 "GET /v2.0/extensions HTTP/1.1" status: 200 len: 13640 time: 0.0550673
Aug 25 07:26:13.065920 dv-cinder-805949-1-smb neutron-server[94346]: DEBUG neutron_lib.callbacks.manager [None req-5bfa70c6-5db4-4678-b565-e4fbe8b29e80 admin admin] Notify callbacks [] for router_controller, precommit_add_association {{(pid=94346) _notify_loop /usr/local/lib/python3.8/dist-packages/neutron_lib/callbacks/manager.py:192}}
Aug 25 07:26:13.189904 dv-cinder-805949-1-smb neutron-server[94348]: DEBUG neutron.api.rpc.handlers.dhcp_rpc [None req-53b25267-1113-44a1-aec2-39c2aedd4dc8 None None] Create dhcp port {'port': {'name': '', 'admin_state_up': True, 'device_id': 'dhcp216d14d0-f87b-54b5-bcda-00a09cbec9bf-093d0fa7-7909-4e32-a9fd-266747b9ed51', 'network_id': '093d0fa7-7909-4e32-a9fd-266747b9ed51', 'tenant_id': '38e26fc822704a59b53bd55a1e0bb6a3', 'fixed_ips': [{'subnet_id': '05ab65ec-bf63-4ee1-a596-aec6111077fd'}]}} from dv-cinder-805949-1-smb. {{(pid=94348) create_dhcp_port /opt/stack/neutron/neutron/api/rpc/handlers/dhcp_rpc.py:285}}
Aug 25 07:26:13.190758 dv-cinder-805949-1-smb neutron-server[94348]: DEBUG neutron_lib.callbacks.manager [None req-53b25267-1113-44a1-aec2-39c2aedd4dc8 None None] Notify callbacks ['neutron.plugins.ml2.plugin.SecurityGroupDbMixin._ensure_default_security_group_handler-1998095'] for port, before_create {{(pid=94348) _notify_loop /usr/local/lib/python3.8/dist-packages/neutron_lib/callbacks/manager.py:192}}
Aug 25 07:26:13.321552 dv-cinder-805949-1-smb neutron-server[94345]: INFO neutron.wsgi [req-c26725ca-c6e1-4c04-ac68-5cd2bf5bd783 req-2f7af322-17a2-4252-9654-dccf9f34a0d7 service neutron] 10.222.0.16 "GET /v2.0/networks/1c01f629-d055-4be4-9b41-1552e12ca4a3?fields=segments HTTP/1.1" status: 200 len: 212 time: 0.2742591
Aug 25 07:26:13.336445 dv-cinder-805949-1-smb neutron-server[94346]: DEBUG neutron_lib.callbacks.manager [None req-9a0d6f39-6773-4e9c-af3d-f6433da121cd admin admin] Notify callbacks [] for router_gateway, precommit_update {{(pid=94346) _notify_loop /usr/local/lib/python3.8/dist-packages/neutron_lib/callbacks/manager.py:192}}
Aug 25 07:26:13.343247 dv-cinder-805949-1-smb neutron-server[94348]: DEBUG neutron.db.db_base_plugin_common [None req-d8bb799f-b1ae-4f10-ab5d-527f567874ed None None] Allocated IP 172.20.0.2 (99f6c2e5-64ac-44e2-987e-5923b8a89f4e/c14164b0-4f23-45f0-b089-8a1d23764f29/ea02684e-17e5-4982-8817-d91abce6204d) {{(pid=94348) _store_ip_allocation /opt/stack/neutron/neutron/db/db_base_plugin_common.py:131}}
Aug 25 07:26:13.397121 dv-cinder-805949-1-smb neutron-server[94345]: DEBUG neutron.wsgi [-] (94345) accepted ('10.222.0.16', 43930) {{(pid=94345) server /usr/local/lib/python3.8/dist-packages/eventlet/wsgi.py:982}}
Aug 25 07:26:13.455666 dv-cinder-805949-1-smb neutron-server[94346]: DEBUG neutron_lib.callbacks.manager [None req-5bfa70c6-5db4-4678-b565-e4fbe8b29e80 admin admin] Notify callbacks [] for router_gateway, precommit_update {{(pid=94346) _notify_loop /usr/local/lib/python3.8/dist-packages/neutron_lib/callbacks/manager.py:192}}
Aug 25 07:26:13.508259 dv-cinder-805949-1-smb neutron-server[94345]: INFO neutron.wsgi [req-c26725ca-c6e1-4c04-ac68-5cd2bf5bd783 req-42aa6f4b-7a9a-4dfc-8394-9d39e2bac169 service neutron] 10.222.0.16 "GET /v2.0/networks/1c01f629-d055-4be4-9b41-1552e12ca4a3?fields=provider%3Aphysical_network&fields=provider%3Anetwork_type HTTP/1.1" status: 200 len: 281 time: 0.1852996
Aug 25 07:26:13.555011 dv-cinder-805949-1-smb neutron-server[94345]: DEBUG neutron.pecan_wsgi.hooks.policy_enforcement [req-5024bc7c-95d7-4ecd-b816-4627195f64f0 req-154353dc-b022-4363-b508-0917fdfd7fd5 tempest-AttachVolumeNegativeTest-1615383146 tempest-AttachVolumeNegativeTest-1615383146-project] Attributes excluded by policy engine: ['standard_attr_id', 'vlan_transparent', 'provider:network_type', 'provider:physical_network', 'provider:segmentation_id'] {{(pid=94345) _exclude_attributes_by_policy /opt/stack/neutron/neutron/pecan_wsgi/hooks/policy_enforcement.py:255}}
Aug 25 07:26:13.556526 dv-cinder-805949-1-smb neutron-server[94345]: INFO neutron.wsgi [req-5024bc7c-95d7-4ecd-b816-4627195f64f0 req-154353dc-b022-4363-b508-0917fdfd7fd5 tempest-AttachVolumeNegativeTest-1615383146 tempest-AttachVolumeNegativeTest-1615383146-project] 10.222.0.16 "GET /v2.0/networks?id=8e2309c9-8b05-4b21-8b0e-e1d3b419424f HTTP/1.1" status: 200 len: 815 time: 0.1584311
Aug 25 07:26:13.583706 dv-cinder-805949-1-smb neutron-server[94345]: INFO neutron.wsgi [req-5024bc7c-95d7-4ecd-b816-4627195f64f0 req-b168fa71-1d3e-467c-855d-f9b5f3c51322 tempest-AttachVolumeNegativeTest-1615383146 tempest-AttachVolumeNegativeTest-1615383146-project] 10.222.0.16 "GET /v2.0/quotas/d7cc4cfbcd0a4622846860849ab06782 HTTP/1.1" status: 200 len: 375 time: 0.0173178
Aug 25 07:26:13.650227 dv-cinder-805949-1-smb neutron-server[94345]: INFO neutron.wsgi [req-5024bc7c-95d7-4ecd-b816-4627195f64f0 req-03da7758-7306-4eec-8c25-7b9e9770f8aa tempest-AttachVolumeNegativeTest-1615383146 tempest-AttachVolumeNegativeTest-1615383146-project] 10.222.0.16 "GET /v2.0/ports?tenant_id=d7cc4cfbcd0a4622846860849ab06782&fields=id HTTP/1.1" status: 200 len: 210 time: 0.0609951
Aug 25 07:26:13.671681 dv-cinder-805949-1-smb neutron-server[94348]: DEBUG neutron.db.db_base_plugin_common [None req-53b25267-1113-44a1-aec2-39c2aedd4dc8 None None] Allocated IP 172.20.0.2 (093d0fa7-7909-4e32-a9fd-266747b9ed51/05ab65ec-bf63-4ee1-a596-aec6111077fd/ac54a21c-9710-4c08-a721-a562d47f31ae) {{(pid=94348) _store_ip_allocation /opt/stack/neutron/neutron/db/db_base_plugin_common.py:131}}
Aug 25 07:26:13.700781 dv-cinder-805949-1-smb neutron-server[94348]: DEBUG neutron_lib.callbacks.manager [None req-d8bb799f-b1ae-4f10-ab5d-527f567874ed None None] Notify callbacks [] for port, precommit_create {{(pid=94348) _notify_loop /usr/local/lib/python3.8/dist-packages/neutron_lib/callbacks/manager.py:192}}
Aug 25 07:26:13.716253 dv-cinder-805949-1-smb neutron-server[94348]: DEBUG neutron.db.provisioning_blocks [None req-d8bb799f-b1ae-4f10-ab5d-527f567874ed None None] Transition to ACTIVE for port object ea02684e-17e5-4982-8817-d91abce6204d will not be triggered until provisioned by entity L2. {{(pid=94348) add_provisioning_component /opt/stack/neutron/neutron/db/provisioning_blocks.py:73}}
Aug 25 07:26:13.769215 dv-cinder-805949-1-smb neutron-server[94345]: DEBUG neutron.wsgi [req-5024bc7c-95d7-4ecd-b816-4627195f64f0 req-067569ac-e80e-43ae-bcb6-24a079c0b080 service neutron] http://10.222.0.16:9696/v2.0/extensions returned with HTTP 200 {{(pid=94345) __call__ /opt/stack/neutron/neutron/wsgi.py:729}}
Aug 25 07:26:13.770177 dv-cinder-805949-1-smb neutron-server[94346]: DEBUG neutron_lib.callbacks.manager [None req-9a0d6f39-6773-4e9c-af3d-f6433da121cd admin admin] Notify callbacks [] for router_gateway, before_create {{(pid=94346) _notify_loop /usr/local/lib/python3.8/dist-packages/neutron_lib/callbacks/manager.py:192}}
Aug 25 07:26:13.770994 dv-cinder-805949-1-smb neutron-server[94345]: INFO neutron.wsgi [req-5024bc7c-95d7-4ecd-b816-4627195f64f0 req-067569ac-e80e-43ae-bcb6-24a079c0b080 service neutron] 10.222.0.16 "GET /v2.0/extensions HTTP/1.1" status: 200 len: 13640 time: 0.0529139
Aug 25 07:26:13.772520 dv-cinder-805949-1-smb neutron-server[94348]: DEBUG neutron.db.provisioning_blocks [None req-d8bb799f-b1ae-4f10-ab5d-527f567874ed None None] Transition to ACTIVE for port object ea02684e-17e5-4982-8817-d91abce6204d will not be triggered until provisioned by entity DHCP. {{(pid=94348) add_provisioning_component /opt/stack/neutron/neutron/db/provisioning_blocks.py:73}}
Aug 25 07:26:13.793773 dv-cinder-805949-1-smb neutron-server[94346]: DEBUG neutron_lib.callbacks.manager [None req-9a0d6f39-6773-4e9c-af3d-f6433da121cd admin admin] Notify callbacks ['neutron.plugins.ml2.plugin.SecurityGroupDbMixin._ensure_default_security_group_handler-1998095'] for port, before_create {{(pid=94346) _notify_loop /usr/local/lib/python3.8/dist-packages/neutron_lib/callbacks/manager.py:192}}
Aug 25 07:26:13.882773 dv-cinder-805949-1-smb neutron-server[94348]: DEBUG neutron_lib.callbacks.manager [None req-d8bb799f-b1ae-4f10-ab5d-527f567874ed None None] Notify callbacks ['neutron.plugins.ml2.plugin.SecurityGroupServerNotifierRpcMixin._notify_sg_on_port_change-1998286', 'neutron.plugins.ml2.ovo_rpc._ObjectChangeHandler.handle_event-121011', 'neutron.api.rpc.agentnotifiers.dhcp_rpc_agent_api.DhcpAgentNotifyAPI._native_event_send_dhcp_notification-769452', 'neutron.db.l3_dvrscheduler_db._notify_l3_agent_new_port-8785680995256'] for port, after_create {{(pid=94348) _notify_loop /usr/local/lib/python3.8/dist-packages/neutron_lib/callbacks/manager.py:192}}
Aug 25 07:26:13.889353 dv-cinder-805949-1-smb neutron-server[94348]: DEBUG neutron_lib.callbacks.manager [None req-53b25267-1113-44a1-aec2-39c2aedd4dc8 None None] Notify callbacks [] for port, precommit_create {{(pid=94348) _notify_loop /usr/local/lib/python3.8/dist-packages/neutron_lib/callbacks/manager.py:192}}
