Aug 31 00:49:30.609046 dv-cinder-805887-8-iscsi devstack@n-api.service[93275]: WARNING keystonemiddleware.auth_token [None req-287438c6-05e3-4cc8-92a9-d6c4b85e3aed None None] AuthToken middleware is set with keystone_authtoken.service_token_roles_required set to False. This is backwards compatible but deprecated behaviour. Please set this to True.
Aug 31 00:49:30.612421 dv-cinder-805887-8-iscsi devstack@n-api.service[93274]: WARNING keystonemiddleware.auth_token [None req-c7f4f86b-8449-4e80-8e9d-71b86e2292c6 None None] Configuring www_authenticate_uri to point to the public identity endpoint is required; clients may not be able to authenticate against an admin endpoint
Aug 31 00:49:30.614239 dv-cinder-805887-8-iscsi devstack@n-api.service[93275]: WARNING keystonemiddleware.auth_token [None req-287438c6-05e3-4cc8-92a9-d6c4b85e3aed None None] Configuring www_authenticate_uri to point to the public identity endpoint is required; clients may not be able to authenticate against an admin endpoint
Aug 31 00:49:30.617845 dv-cinder-805887-8-iscsi devstack@n-api.service[93274]: WSGI app 0 (mountpoint='') ready in 6 seconds on interpreter 0x5621ce85b9c0 pid: 93274 (default app)
Aug 31 00:49:30.619677 dv-cinder-805887-8-iscsi devstack@n-api.service[93275]: WSGI app 0 (mountpoint='') ready in 6 seconds on interpreter 0x5621ce85b9c0 pid: 93275 (default app)
Aug 31 00:49:30.619945 dv-cinder-805887-8-iscsi devstack@n-api.service[93274]: DEBUG nova.api.openstack.wsgi [None req-c7f4f86b-8449-4e80-8e9d-71b86e2292c6 None None] Calling method '>' {{(pid=93274) _process_stack /opt/stack/nova/nova/api/openstack/wsgi.py:513}}
Aug 31 00:49:30.621713 dv-cinder-805887-8-iscsi devstack@n-api.service[93274]: INFO nova.api.openstack.requestlog [None req-c7f4f86b-8449-4e80-8e9d-71b86e2292c6 None None] 10.222.0.60 "GET /compute/v2.1/" status: 200 len: 388 microversion: 2.1 time: 0.001739
Aug 31 00:49:30.622134 dv-cinder-805887-8-iscsi devstack@n-api.service[93274]: [pid: 93274|app: 0|req: 1/1] 10.222.0.60 () {50 vars in 789 bytes} [Tue Aug 31 00:49:30 2021] GET /compute/v2.1/ => generated 388 bytes in 4 msecs (HTTP/1.1 200) 9 headers in 357 bytes (1 switches on core 0)
Aug 31 00:50:51.175388 dv-cinder-805887-8-iscsi devstack@n-api.service[93275]: DEBUG nova.api.openstack.wsgi [None req-287438c6-05e3-4cc8-92a9-d6c4b85e3aed None None] Calling method '>' {{(pid=93275) _process_stack /opt/stack/nova/nova/api/openstack/wsgi.py:513}}
Aug 31 00:50:51.176610 dv-cinder-805887-8-iscsi devstack@n-api.service[93275]: INFO nova.api.openstack.requestlog [None req-287438c6-05e3-4cc8-92a9-d6c4b85e3aed None None] 10.222.0.60 "GET /compute/v2.1" status: 200 len: 388 microversion: 2.1 time: 0.001971
Aug 31 00:50:51.177075 dv-cinder-805887-8-iscsi devstack@n-api.service[93275]: [pid: 93275|app: 0|req: 1/2] 10.222.0.60 () {54 vars in 931 bytes} [Tue Aug 31 00:50:51 2021] GET /compute/v2.1 => generated 388 bytes in 4 msecs (HTTP/1.1 200) 9 headers in 357 bytes (1 switches on core 0)
Aug 31 00:50:51.601664 dv-cinder-805887-8-iscsi devstack@n-api.service[93274]: DEBUG nova.api.openstack.wsgi [None req-03a3cb74-92f4-4872-aa36-3a9656f4626d admin admin] Calling method '>' {{(pid=93274) _process_stack /opt/stack/nova/nova/api/openstack/wsgi.py:513}}
Aug 31 00:50:51.631775 dv-cinder-805887-8-iscsi devstack@n-api.service[93274]: INFO nova.api.openstack.requestlog [None req-03a3cb74-92f4-4872-aa36-3a9656f4626d admin admin] 10.222.0.60 "GET /compute/v2.1/flavors/detail?is_public=True" status: 200 len: 15 microversion: 2.61 time: 0.447511
Aug 31 00:50:51.632510 dv-cinder-805887-8-iscsi devstack@n-api.service[93274]: [pid: 93274|app: 0|req: 2/3] 10.222.0.60 () {60 vars in 1292 bytes} [Tue Aug 31 00:50:51 2021] GET /compute/v2.1/flavors/detail?is_public=True => generated 15 bytes in 449 msecs (HTTP/1.1 200) 9 headers in 358 bytes (1 switches on core 0)
Aug 31 00:50:53.850494 dv-cinder-805887-8-iscsi devstack@n-api.service[93275]: DEBUG nova.api.openstack.wsgi [None req-287438c6-05e3-4cc8-92a9-d6c4b85e3aed None None] Calling method '>' {{(pid=93275) _process_stack /opt/stack/nova/nova/api/openstack/wsgi.py:513}}
Aug 31 00:50:53.851488 dv-cinder-805887-8-iscsi devstack@n-api.service[93275]: INFO nova.api.openstack.requestlog [None req-287438c6-05e3-4cc8-92a9-d6c4b85e3aed None None] 10.222.0.60 "GET /compute/v2.1" status: 200 len: 388 microversion: 2.1 time: 0.001448
Aug 31 00:50:53.851882 dv-cinder-805887-8-iscsi devstack@n-api.service[93275]: [pid: 93275|app: 0|req: 2/4] 10.222.0.60 () {54 vars in 931 bytes} [Tue Aug 31 00:50:53 2021] GET /compute/v2.1 => generated 388 bytes in 2 msecs (HTTP/1.1 200) 9 headers in 357 bytes (1 switches on core 0)
Aug 31 00:50:53.911142 dv-cinder-805887-8-iscsi devstack@n-api.service[93274]: DEBUG nova.api.openstack.wsgi [None req-a60d76a0-5673-433c-9de2-84bdcf5f58f8 admin admin] Action: 'create', calling method: >, body: {"flavor": {"name": "cirros256", "swap": 0, "id": "c1", "vcpus": 1, "disk": 1, "os-flavor-access:is_public": true, "OS-FLV-EXT-DATA:ephemeral": 0, "ram": 256, "rxtx_factor": 1.0}} {{(pid=93274) _process_stack /opt/stack/nova/nova/api/openstack/wsgi.py:511}}
Aug 31 00:50:53.929173 dv-cinder-805887-8-iscsi devstack@n-api.service[93274]: /usr/local/lib/python3.8/dist-packages/oslo_policy/policy.py:1064: UserWarning: Policy os_compute_api:os-flavor-manage:create failed scope check. The token used to make the request was project scoped but the policy requires ['system'] scope. This behavior may change in the future where using the intended scope is required
Aug 31 00:50:53.929173 dv-cinder-805887-8-iscsi devstack@n-api.service[93274]: warnings.warn(msg)
Aug 31 00:50:53.958800 dv-cinder-805887-8-iscsi devstack@n-api.service[93274]: INFO nova.api.openstack.requestlog [None req-a60d76a0-5673-433c-9de2-84bdcf5f58f8 admin admin] 10.222.0.60 "POST /compute/v2.1/flavors" status: 200 len: 407 microversion: 2.61 time: 0.099889
Aug 31 00:50:53.959647 dv-cinder-805887-8-iscsi devstack@n-api.service[93274]: [pid: 93274|app: 0|req: 3/5] 10.222.0.60 () {64 vars in 1283 bytes} [Tue Aug 31 00:50:53 2021] POST /compute/v2.1/flavors => generated 407 bytes in 101 msecs (HTTP/1.1 200) 9 headers in 359 bytes (1 switches on core 0)
Aug 31 00:50:54.181787 dv-cinder-805887-8-iscsi devstack@n-api.service[93275]: DEBUG nova.api.openstack.wsgi [None req-6ead6d51-3df2-4fc7-9e43-a9dc40de9236 admin admin] Action: 'create', calling method: >, body: {"extra_specs": {"hw_rng:allowed": "True"}} {{(pid=93275) _process_stack /opt/stack/nova/nova/api/openstack/wsgi.py:511}}
Aug 31 00:50:54.187016 dv-cinder-805887-8-iscsi devstack@n-api.service[93275]: /usr/local/lib/python3.8/dist-packages/oslo_policy/policy.py:1064: UserWarning: Policy os_compute_api:os-flavor-extra-specs:create failed scope check. The token used to make the request was project scoped but the policy requires ['system'] scope. This behavior may change in the future where using the intended scope is required
Aug 31 00:50:54.187016 dv-cinder-805887-8-iscsi devstack@n-api.service[93275]: warnings.warn(msg)
Aug 31 00:50:54.234666 dv-cinder-805887-8-iscsi devstack@n-api.service[93275]: INFO nova.api.openstack.requestlog [None req-6ead6d51-3df2-4fc7-9e43-a9dc40de9236 admin admin] 10.222.0.60 "POST /compute/v2.1/flavors/c1/os-extra_specs" status: 200 len: 43 microversion: 2.61 time: 0.266045
Aug 31 00:50:54.239172 dv-cinder-805887-8-iscsi devstack@n-api.service[93275]: [pid: 93275|app: 0|req: 3/6] 10.222.0.60 () {64 vars in 1336 bytes} [Tue Aug 31 00:50:53 2021] POST /compute/v2.1/flavors/c1/os-extra_specs => generated 43 bytes in 267 msecs (HTTP/1.1 200) 9 headers in 358 bytes (2 switches on core 0)
Aug 31 00:50:56.489305 dv-cinder-805887-8-iscsi devstack@n-api.service[93274]: DEBUG nova.api.openstack.wsgi [None req-a60d76a0-5673-433c-9de2-84bdcf5f58f8 admin admin] Calling method '>' {{(pid=93274) _process_stack /opt/stack/nova/nova/api/openstack/wsgi.py:513}}
Aug 31 00:50:56.490312 dv-cinder-805887-8-iscsi devstack@n-api.service[93274]: INFO nova.api.openstack.requestlog [None req-a60d76a0-5673-433c-9de2-84bdcf5f58f8 admin admin] 10.222.0.60 "GET /compute/v2.1" status: 200 len: 388 microversion: 2.1 time: 0.001482
Aug 31 00:50:56.490890 dv-cinder-805887-8-iscsi devstack@n-api.service[93274]: [pid: 93274|app: 0|req: 4/7] 10.222.0.60 () {54 vars in 931 bytes} [Tue Aug 31 00:50:56 2021] GET /compute/v2.1 => generated 388 bytes in 2 msecs (HTTP/1.1 200) 9 headers in 357 bytes (1 switches on core 0)
Aug 31 00:50:56.602151 dv-cinder-805887-8-iscsi devstack@n-api.service[93275]: DEBUG nova.api.openstack.wsgi [None req-0aeb2327-2650-456a-a5d0-bd134bfe765b admin admin] Action: 'create', calling method: >, body: {"flavor": {"rxtx_factor": 1.0, "OS-FLV-EXT-DATA:ephemeral": 0, "ram": 512, "disk": 5, "name": "ds512M", "os-flavor-access:is_public": true, "vcpus": 1, "swap": 0, "id": "d1"}} {{(pid=93275) _process_stack /opt/stack/nova/nova/api/openstack/wsgi.py:511}}
Aug 31 00:50:56.620129 dv-cinder-805887-8-iscsi devstack@n-api.service[93275]: /usr/local/lib/python3.8/dist-packages/oslo_policy/policy.py:1064: UserWarning: Policy os_compute_api:os-flavor-manage:create failed scope check. The token used to make the request was project scoped but the policy requires ['system'] scope. This behavior may change in the future where using the intended scope is required
Aug 31 00:50:56.620129 dv-cinder-805887-8-iscsi devstack@n-api.service[93275]: warnings.warn(msg)
Aug 31 00:50:56.639232 dv-cinder-805887-8-iscsi devstack@n-api.service[93275]: INFO nova.api.openstack.requestlog [None req-0aeb2327-2650-456a-a5d0-bd134bfe765b admin admin] 10.222.0.60 "POST /compute/v2.1/flavors" status: 200 len: 404 microversion: 2.61 time: 0.141815
Aug 31 00:50:56.639782 dv-cinder-805887-8-iscsi devstack@n-api.service[93275]: [pid: 93275|app: 0|req: 4/8] 10.222.0.60 () {64 vars in 1283 bytes} [Tue Aug 31 00:50:56 2021] POST /compute/v2.1/flavors => generated 404 bytes in 143 msecs (HTTP/1.1 200) 9 headers in 359 bytes (2 switches on core 0)
Aug 31 00:50:56.652679 dv-cinder-805887-8-iscsi devstack@n-api.service[93274]: DEBUG nova.api.openstack.wsgi [None req-bbcb30b0-0879-454d-9ec9-911b9e26cd46 admin admin] Action: 'create', calling method: >, body: {"extra_specs": {"hw_rng:allowed": "True"}} {{(pid=93274) _process_stack /opt/stack/nova/nova/api/openstack/wsgi.py:511}}
Aug 31 00:50:56.654168 dv-cinder-805887-8-iscsi devstack@n-api.service[93274]: /usr/local/lib/python3.8/dist-packages/oslo_policy/policy.py:1064: UserWarning: Policy os_compute_api:os-flavor-extra-specs:create failed scope check. The token used to make the request was project scoped but the policy requires ['system'] scope. This behavior may change in the future where using the intended scope is required
Aug 31 00:50:56.654168 dv-cinder-805887-8-iscsi devstack@n-api.service[93274]: warnings.warn(msg)
Aug 31 00:50:56.689586 dv-cinder-805887-8-iscsi devstack@n-api.service[93274]: INFO nova.api.openstack.requestlog [None req-bbcb30b0-0879-454d-9ec9-911b9e26cd46 admin admin] 10.222.0.60 "POST /compute/v2.1/flavors/d1/os-extra_specs" status: 200 len: 43 microversion: 2.61 time: 0.041096
Aug 31 00:50:56.690179 dv-cinder-805887-8-iscsi devstack@n-api.service[93274]: [pid: 93274|app: 0|req: 5/9] 10.222.0.60 () {64 vars in 1336 bytes} [Tue Aug 31 00:50:56 2021] POST /compute/v2.1/flavors/d1/os-extra_specs => generated 43 bytes in 42 msecs (HTTP/1.1 200) 9 headers in 358 bytes (1 switches on core 0)
Aug 31 00:50:58.920867 dv-cinder-805887-8-iscsi devstack@n-api.service[93275]: DEBUG nova.api.openstack.wsgi [None req-0aeb2327-2650-456a-a5d0-bd134bfe765b admin admin] Calling method '>' {{(pid=93275) _process_stack /opt/stack/nova/nova/api/openstack/wsgi.py:513}}
Aug 31 00:50:58.921889 dv-cinder-805887-8-iscsi devstack@n-api.service[93275]: INFO nova.api.openstack.requestlog [None req-0aeb2327-2650-456a-a5d0-bd134bfe765b admin admin] 10.222.0.60 "GET /compute/v2.1" status: 200 len: 388 microversion: 2.1 time: 0.001515
Aug 31 00:50:58.922288 dv-cinder-805887-8-iscsi devstack@n-api.service[93275]: [pid: 93275|app: 0|req: 5/10] 10.222.0.60 () {54 vars in 931 bytes} [Tue Aug 31 00:50:58 2021] GET /compute/v2.1 => generated 388 bytes in 2 msecs (HTTP/1.1 200) 9 headers in 357 bytes (1 switches on core 0)
Aug 31 00:50:58.989359 dv-cinder-805887-8-iscsi devstack@n-api.service[93274]: DEBUG nova.api.openstack.wsgi [None req-2421a175-2af0-41ec-973d-61fcfa47d2d1 admin admin] Action: 'create', calling method: >, body: {"flavor": {"id": "d2", "vcpus": 1, "disk": 10, "swap": 0, "rxtx_factor": 1.0, "name": "ds1G", "OS-FLV-EXT-DATA:ephemeral": 0, "ram": 1024, "os-flavor-access:is_public": true}} {{(pid=93274) _process_stack /opt/stack/nova/nova/api/openstack/wsgi.py:511}}
Aug 31 00:50:59.008907 dv-cinder-805887-8-iscsi devstack@n-api.service[93274]: INFO nova.api.openstack.requestlog [None req-2421a175-2af0-41ec-973d-61fcfa47d2d1 admin admin] 10.222.0.60 "POST /compute/v2.1/flavors" status: 200 len: 404 microversion: 2.61 time: 0.078857
Aug 31 00:50:59.009453 dv-cinder-805887-8-iscsi devstack@n-api.service[93274]: [pid: 93274|app: 0|req: 6/11] 10.222.0.60 () {64 vars in 1283 bytes} [Tue Aug 31 00:50:58 2021] POST /compute/v2.1/flavors => generated 404 bytes in 81 msecs (HTTP/1.1 200) 9 headers in 359 bytes (1 switches on core 0)
Aug 31 00:50:59.022396 dv-cinder-805887-8-iscsi devstack@n-api.service[93275]: DEBUG nova.api.openstack.wsgi [None req-6d55cc52-d21a-4958-aaf5-319975c34c3b admin admin] Action: 'create', calling method: >, body: {"extra_specs": {"hw_rng:allowed": "True"}} {{(pid=93275) _process_stack /opt/stack/nova/nova/api/openstack/wsgi.py:511}}
Aug 31 00:50:59.047278 dv-cinder-805887-8-iscsi devstack@n-api.service[93275]: INFO nova.api.openstack.requestlog [None req-6d55cc52-d21a-4958-aaf5-319975c34c3b admin admin] 10.222.0.60 "POST /compute/v2.1/flavors/d2/os-extra_specs" status: 200 len: 43 microversion: 2.61 time: 0.029024
Aug 31 00:50:59.047849 dv-cinder-805887-8-iscsi devstack@n-api.service[93275]: [pid: 93275|app: 0|req: 6/12] 10.222.0.60 () {64 vars in 1336 bytes} [Tue Aug 31 00:50:59 2021] POST /compute/v2.1/flavors/d2/os-extra_specs => generated 43 bytes in 30 msecs (HTTP/1.1 200) 9 headers in 358 bytes (1 switches on core 0)
Aug 31 00:51:01.280514 dv-cinder-805887-8-iscsi devstack@n-api.service[93274]: DEBUG nova.api.openstack.wsgi [None req-2421a175-2af0-41ec-973d-61fcfa47d2d1 admin admin] Calling method '>' {{(pid=93274) _process_stack /opt/stack/nova/nova/api/openstack/wsgi.py:513}}
Aug 31 00:51:01.281590 dv-cinder-805887-8-iscsi devstack@n-api.service[93274]: INFO nova.api.openstack.requestlog [None req-2421a175-2af0-41ec-973d-61fcfa47d2d1 admin admin] 10.222.0.60 "GET /compute/v2.1" status: 200 len: 388 microversion: 2.1 time: 0.001500
Aug 31 00:51:01.281994 dv-cinder-805887-8-iscsi devstack@n-api.service[93274]: [pid: 93274|app: 0|req: 7/13] 10.222.0.60 () {54 vars in 931 bytes} [Tue Aug 31 00:51:01 2021] GET /compute/v2.1 => generated 388 bytes in 2 msecs (HTTP/1.1 200) 9 headers in 357 bytes (1 switches on core 0)
Aug 31 00:51:01.348091 dv-cinder-805887-8-iscsi devstack@n-api.service[93275]: DEBUG nova.api.openstack.wsgi [None req-eb35e06f-badf-4f06-943e-25c060f0a784 admin admin] Action: 'create', calling method: >, body: {"flavor": {"vcpus": 2, "rxtx_factor": 1.0, "disk": 10, "id": "d3", "swap": 0, "ram": 2048, "name": "ds2G", "OS-FLV-EXT-DATA:ephemeral": 0, "os-flavor-access:is_public": true}} {{(pid=93275) _process_stack /opt/stack/nova/nova/api/openstack/wsgi.py:511}}
Aug 31 00:51:01.371066 dv-cinder-805887-8-iscsi devstack@n-api.service[93275]: INFO nova.api.openstack.requestlog [None req-eb35e06f-badf-4f06-943e-25c060f0a784 admin admin] 10.222.0.60 "POST /compute/v2.1/flavors" status: 200 len: 404 microversion: 2.61 time: 0.082180
Aug 31 00:51:01.371800 dv-cinder-805887-8-iscsi devstack@n-api.service[93275]: [pid: 93275|app: 0|req: 7/14] 10.222.0.60 () {64 vars in 1283 bytes} [Tue Aug 31 00:51:01 2021] POST /compute/v2.1/flavors => generated 404 bytes in 83 msecs (HTTP/1.1 200) 9 headers in 359 bytes (1 switches on core 0)
Aug 31 00:51:01.384828 dv-cinder-805887-8-iscsi devstack@n-api.service[93274]: DEBUG nova.api.openstack.wsgi [None req-52031cf2-7726-4d81-9918-6aa057c336b5 admin admin] Action: 'create', calling method: >, body: {"extra_specs": {"hw_rng:allowed": "True"}} {{(pid=93274) _process_stack /opt/stack/nova/nova/api/openstack/wsgi.py:511}}
Aug 31 00:51:01.407430 dv-cinder-805887-8-iscsi devstack@n-api.service[93274]: INFO nova.api.openstack.requestlog [None req-52031cf2-7726-4d81-9918-6aa057c336b5 admin admin] 10.222.0.60 "POST /compute/v2.1/flavors/d3/os-extra_specs" status: 200 len: 43 microversion: 2.61 time: 0.026888
Aug 31 00:51:01.408013 dv-cinder-805887-8-iscsi devstack@n-api.service[93274]: [pid: 93274|app: 0|req: 8/15] 10.222.0.60 () {64 vars in 1336 bytes} [Tue Aug 31 00:51:01 2021] POST /compute/v2.1/flavors/d3/os-extra_specs => generated 43 bytes in 28 msecs (HTTP/1.1 200) 9 headers in 358 bytes (1 switches on core 0)
Aug 31 00:51:03.621903 dv-cinder-805887-8-iscsi devstack@n-api.service[93275]: DEBUG nova.api.openstack.wsgi [None req-eb35e06f-badf-4f06-943e-25c060f0a784 admin admin] Calling method '>' {{(pid=93275) _process_stack /opt/stack/nova/nova/api/openstack/wsgi.py:513}}
Aug 31 00:51:03.623114 dv-cinder-805887-8-iscsi devstack@n-api.service[93275]: INFO nova.api.openstack.requestlog [None req-eb35e06f-badf-4f06-943e-25c060f0a784 admin admin] 10.222.0.60 "GET /compute/v2.1" status: 200 len: 388 microversion: 2.1 time: 0.001636
Aug 31 00:51:03.623612 dv-cinder-805887-8-iscsi devstack@n-api.service[93275]: [pid: 93275|app: 0|req: 8/16] 10.222.0.60 () {54 vars in 931 bytes} [Tue Aug 31 00:51:03 2021] GET /compute/v2.1 => generated 388 bytes in 3 msecs (HTTP/1.1 200) 9 headers in 357 bytes (1 switches on core 0)
Aug 31 00:51:03.685917 dv-cinder-805887-8-iscsi devstack@n-api.service[93274]: DEBUG nova.api.openstack.wsgi [None req-0a18d92d-b3e1-4361-9222-627960657474 admin admin] Action: 'create', calling method: >, body: {"flavor": {"swap": 0, "vcpus": 4, "disk": 20, "ram": 4096, "OS-FLV-EXT-DATA:ephemeral": 0, "name": "ds4G", "os-flavor-access:is_public": true, "rxtx_factor": 1.0, "id": "d4"}} {{(pid=93274) _process_stack /opt/stack/nova/nova/api/openstack/wsgi.py:511}}
Aug 31 00:51:03.704968 dv-cinder-805887-8-iscsi devstack@n-api.service[93274]: INFO nova.api.openstack.requestlog [None req-0a18d92d-b3e1-4361-9222-627960657474 admin admin] 10.222.0.60 "POST /compute/v2.1/flavors" status: 200 len: 404 microversion: 2.61 time: 0.074780
Aug 31 00:51:03.705938 dv-cinder-805887-8-iscsi devstack@n-api.service[93274]: [pid: 93274|app: 0|req: 9/17] 10.222.0.60 () {64 vars in 1283 bytes} [Tue Aug 31 00:51:03 2021] POST /compute/v2.1/flavors => generated 404 bytes in 76 msecs (HTTP/1.1 200) 9 headers in 359 bytes (1 switches on core 0)
Aug 31 00:51:03.717999 dv-cinder-805887-8-iscsi devstack@n-api.service[93275]: DEBUG nova.api.openstack.wsgi [None req-623d13d9-2a2e-4753-94b5-fb77ec79d2d9 admin admin] Action: 'create', calling method: >, body: {"extra_specs": {"hw_rng:allowed": "True"}} {{(pid=93275) _process_stack /opt/stack/nova/nova/api/openstack/wsgi.py:511}}
Aug 31 00:51:03.739628 dv-cinder-805887-8-iscsi devstack@n-api.service[93275]: INFO nova.api.openstack.requestlog [None req-623d13d9-2a2e-4753-94b5-fb77ec79d2d9 admin admin] 10.222.0.60 "POST /compute/v2.1/flavors/d4/os-extra_specs" status: 200 len: 43 microversion: 2.61 time: 0.025162
Aug 31 00:51:03.740184 dv-cinder-805887-8-iscsi devstack@n-api.service[93275]: [pid: 93275|app: 0|req: 9/18] 10.222.0.60 () {64 vars in 1336 bytes} [Tue Aug 31 00:51:03 2021] POST /compute/v2.1/flavors/d4/os-extra_specs => generated 43 bytes in 26 msecs (HTTP/1.1 200) 9 headers in 358 bytes (2 switches on core 0)
Aug 31 00:51:05.946993 dv-cinder-805887-8-iscsi devstack@n-api.service[93274]: DEBUG nova.api.openstack.wsgi [None req-0a18d92d-b3e1-4361-9222-627960657474 admin admin] Calling method '>' {{(pid=93274) _process_stack /opt/stack/nova/nova/api/openstack/wsgi.py:513}}
Aug 31 00:51:05.947987 dv-cinder-805887-8-iscsi devstack@n-api.service[93274]: INFO nova.api.openstack.requestlog [None req-0a18d92d-b3e1-4361-9222-627960657474 admin admin] 10.222.0.60 "GET /compute/v2.1" status: 200 len: 388 microversion: 2.1 time: 0.001419
Aug 31 00:51:05.948377 dv-cinder-805887-8-iscsi devstack@n-api.service[93274]: [pid: 93274|app: 0|req: 10/19] 10.222.0.60 () {54 vars in 931 bytes} [Tue Aug 31 00:51:05 2021] GET /compute/v2.1 => generated 388 bytes in 3 msecs (HTTP/1.1 200) 9 headers in 357 bytes (1 switches on core 0)
Aug 31 00:51:06.010403 dv-cinder-805887-8-iscsi devstack@n-api.service[93275]: DEBUG nova.api.openstack.wsgi [None req-673965d2-be4c-4d52-b17d-882ef5af1f43 admin admin] Calling method '>' {{(pid=93275) _process_stack /opt/stack/nova/nova/api/openstack/wsgi.py:513}}
Aug 31 00:51:06.033819 dv-cinder-805887-8-iscsi devstack@n-api.service[93275]: INFO nova.api.openstack.requestlog [None req-673965d2-be4c-4d52-b17d-882ef5af1f43 admin admin] 10.222.0.60 "GET /compute/v2.1/flavors/detail?is_public=True" status: 200 len: 2106 microversion: 2.61 time: 0.078986
Aug 31 00:51:06.034683 dv-cinder-805887-8-iscsi devstack@n-api.service[93275]: [pid: 93275|app: 0|req: 10/20] 10.222.0.60 () {60 vars in 1292 bytes} [Tue Aug 31 00:51:05 2021] GET /compute/v2.1/flavors/detail?is_public=True => generated 2106 bytes in 80 msecs (HTTP/1.1 200) 9 headers in 360 bytes (1 switches on core 0)
Aug 31 00:51:08.269070 dv-cinder-805887-8-iscsi devstack@n-api.service[93274]: DEBUG nova.api.openstack.wsgi [None req-0a18d92d-b3e1-4361-9222-627960657474 admin admin] Calling method '>' {{(pid=93274) _process_stack /opt/stack/nova/nova/api/openstack/wsgi.py:513}}
Aug 31 00:51:08.270778 dv-cinder-805887-8-iscsi devstack@n-api.service[93274]: INFO nova.api.openstack.requestlog [None req-0a18d92d-b3e1-4361-9222-627960657474 admin admin] 10.222.0.60 "GET /compute/v2.1" status: 200 len: 388 microversion: 2.1 time: 0.002433
Aug 31 00:51:08.271407 dv-cinder-805887-8-iscsi devstack@n-api.service[93274]: [pid: 93274|app: 0|req: 11/21] 10.222.0.60 () {54 vars in 931 bytes} [Tue Aug 31 00:51:08 2021] GET /compute/v2.1 => generated 388 bytes in 4 msecs (HTTP/1.1 200) 9 headers in 357 bytes (1 switches on core 0)
Aug 31 00:51:08.332747 dv-cinder-805887-8-iscsi devstack@n-api.service[93275]: DEBUG nova.api.openstack.wsgi [None req-f3d41ebc-bc7d-4a0f-8eb1-576c83b46220 admin admin] Action: 'create', calling method: >, body: {"flavor": {"os-flavor-access:is_public": true, "disk": 1, "vcpus": 1, "OS-FLV-EXT-DATA:ephemeral": 0, "name": "m1.tiny", "rxtx_factor": 1.0, "id": "1", "ram": 512, "swap": 0}} {{(pid=93275) _process_stack /opt/stack/nova/nova/api/openstack/wsgi.py:511}}
Aug 31 00:51:08.351491 dv-cinder-805887-8-iscsi devstack@n-api.service[93275]: INFO nova.api.openstack.requestlog [None req-f3d41ebc-bc7d-4a0f-8eb1-576c83b46220 admin admin] 10.222.0.60 "POST /compute/v2.1/flavors" status: 200 len: 402 microversion: 2.61 time: 0.072338
Aug 31 00:51:08.352629 dv-cinder-805887-8-iscsi devstack@n-api.service[93275]: [pid: 93275|app: 0|req: 11/22] 10.222.0.60 () {64 vars in 1283 bytes} [Tue Aug 31 00:51:08 2021] POST /compute/v2.1/flavors => generated 402 bytes in 74 msecs (HTTP/1.1 200) 9 headers in 359 bytes (1 switches on core 0)
Aug 31 00:51:08.365218 dv-cinder-805887-8-iscsi devstack@n-api.service[93274]: DEBUG nova.api.openstack.wsgi [None req-8b3fcef0-66ff-4c33-a2fc-7c9d1925a75e admin admin] Action: 'create', calling method: >, body: {"extra_specs": {"hw_rng:allowed": "True"}} {{(pid=93274) _process_stack /opt/stack/nova/nova/api/openstack/wsgi.py:511}}
Aug 31 00:51:08.397185 dv-cinder-805887-8-iscsi devstack@n-api.service[93274]: INFO nova.api.openstack.requestlog [None req-8b3fcef0-66ff-4c33-a2fc-7c9d1925a75e admin admin] 10.222.0.60 "POST /compute/v2.1/flavors/1/os-extra_specs" status: 200 len: 43 microversion: 2.61 time: 0.034984
Aug 31 00:51:08.398606 dv-cinder-805887-8-iscsi devstack@n-api.service[93274]: [pid: 93274|app: 0|req: 12/23] 10.222.0.60 () {64 vars in 1333 bytes} [Tue Aug 31 00:51:08 2021] POST /compute/v2.1/flavors/1/os-extra_specs => generated 43 bytes in 38 msecs (HTTP/1.1 200) 9 headers in 358 bytes (2 switches on core 0)
Aug 31 00:51:10.615733 dv-cinder-805887-8-iscsi devstack@n-api.service[93275]: DEBUG nova.api.openstack.wsgi [None req-f3d41ebc-bc7d-4a0f-8eb1-576c83b46220 admin admin] Calling method '>' {{(pid=93275) _process_stack /opt/stack/nova/nova/api/openstack/wsgi.py:513}}
Aug 31 00:51:10.617652 dv-cinder-805887-8-iscsi devstack@n-api.service[93275]: INFO nova.api.openstack.requestlog [None req-f3d41ebc-bc7d-4a0f-8eb1-576c83b46220 admin admin] 10.222.0.60 "GET /compute/v2.1" status: 200 len: 388 microversion: 2.1 time: 0.001934
Aug 31 00:51:10.618268 dv-cinder-805887-8-iscsi devstack@n-api.service[93275]: [pid: 93275|app: 0|req: 12/24] 10.222.0.60 () {54 vars in 931 bytes} [Tue Aug 31 00:51:10 2021] GET /compute/v2.1 => generated 388 bytes in 4 msecs (HTTP/1.1 200) 9 headers in 357 bytes (1 switches on core 0)
Aug 31 00:51:10.682378 dv-cinder-805887-8-iscsi devstack@n-api.service[93274]: DEBUG nova.api.openstack.wsgi [None req-8326a47c-1628-4991-9a8c-f632b5d0ebf6 admin admin] Action: 'create', calling method: >, body: {"flavor": {"ram": 2048, "id": "2", "rxtx_factor": 1.0, "name": "m1.small", "vcpus": 1, "disk": 20, "OS-FLV-EXT-DATA:ephemeral": 0, "os-flavor-access:is_public": true, "swap": 0}} {{(pid=93274) _process_stack /opt/stack/nova/nova/api/openstack/wsgi.py:511}}
Aug 31 00:51:10.700913 dv-cinder-805887-8-iscsi devstack@n-api.service[93274]: INFO nova.api.openstack.requestlog [None req-8326a47c-1628-4991-9a8c-f632b5d0ebf6 admin admin] 10.222.0.60 "POST /compute/v2.1/flavors" status: 200 len: 405 microversion: 2.61 time: 0.074656
Aug 31 00:51:10.701769 dv-cinder-805887-8-iscsi devstack@n-api.service[93274]: [pid: 93274|app: 0|req: 13/25] 10.222.0.60 () {64 vars in 1283 bytes} [Tue Aug 31 00:51:10 2021] POST /compute/v2.1/flavors => generated 405 bytes in 76 msecs (HTTP/1.1 200) 9 headers in 359 bytes (1 switches on core 0)
Aug 31 00:51:10.715859 dv-cinder-805887-8-iscsi devstack@n-api.service[93275]: DEBUG nova.api.openstack.wsgi [None req-57d7a85a-6788-419d-bb15-13f1efd1035e admin admin] Action: 'create', calling method: >, body: {"extra_specs": {"hw_rng:allowed": "True"}} {{(pid=93275) _process_stack /opt/stack/nova/nova/api/openstack/wsgi.py:511}}
Aug 31 00:51:10.740297 dv-cinder-805887-8-iscsi devstack@n-api.service[93275]: INFO nova.api.openstack.requestlog [None req-57d7a85a-6788-419d-bb15-13f1efd1035e admin admin] 10.222.0.60 "POST /compute/v2.1/flavors/2/os-extra_specs" status: 200 len: 43 microversion: 2.61 time: 0.027817
Aug 31 00:51:10.741250 dv-cinder-805887-8-iscsi devstack@n-api.service[93275]: [pid: 93275|app: 0|req: 13/26] 10.222.0.60 () {64 vars in 1333 bytes} [Tue Aug 31 00:51:10 2021] POST /compute/v2.1/flavors/2/os-extra_specs => generated 43 bytes in 30 msecs (HTTP/1.1 200) 9 headers in 358 bytes (1 switches on core 0)
Aug 31 00:51:12.975290 dv-cinder-805887-8-iscsi devstack@n-api.service[93274]: DEBUG nova.api.openstack.wsgi [None req-8326a47c-1628-4991-9a8c-f632b5d0ebf6 admin admin] Calling method '>' {{(pid=93274) _process_stack /opt/stack/nova/nova/api/openstack/wsgi.py:513}}
Aug 31 00:51:12.976309 dv-cinder-805887-8-iscsi devstack@n-api.service[93274]: INFO nova.api.openstack.requestlog [None req-8326a47c-1628-4991-9a8c-f632b5d0ebf6 admin admin] 10.222.0.60 "GET /compute/v2.1" status: 200 len: 388 microversion: 2.1 time: 0.001455
Aug 31 00:51:12.976711 dv-cinder-805887-8-iscsi devstack@n-api.service[93274]: [pid: 93274|app: 0|req: 14/27] 10.222.0.60 () {54 vars in 931 bytes} [Tue Aug 31 00:51:12 2021] GET /compute/v2.1 => generated 388 bytes in 2 msecs (HTTP/1.1 200) 9 headers in 357 bytes (1 switches on core 0)
Aug 31 00:51:13.034864 dv-cinder-805887-8-iscsi devstack@n-api.service[93275]: DEBUG nova.api.openstack.wsgi [None req-6c2fafc4-c05c-453f-ba61-cacf0560d414 admin admin] Action: 'create', calling method: >, body: {"flavor": {"name": "m1.medium", "disk": 40, "id": "3", "os-flavor-access:is_public": true, "OS-FLV-EXT-DATA:ephemeral": 0, "vcpus": 2, "rxtx_factor": 1.0, "swap": 0, "ram": 4096}} {{(pid=93275) _process_stack /opt/stack/nova/nova/api/openstack/wsgi.py:511}}
Aug 31 00:51:13.055225 dv-cinder-805887-8-iscsi devstack@n-api.service[93275]: INFO nova.api.openstack.requestlog [None req-6c2fafc4-c05c-453f-ba61-cacf0560d414 admin admin] 10.222.0.60 "POST /compute/v2.1/flavors" status: 200 len: 406 microversion: 2.61 time: 0.070976
Aug 31 00:51:13.055968 dv-cinder-805887-8-iscsi devstack@n-api.service[93275]: [pid: 93275|app: 0|req: 14/28] 10.222.0.60 () {64 vars in 1283 bytes} [Tue Aug 31 00:51:12 2021] POST /compute/v2.1/flavors => generated 406 bytes in 73 msecs (HTTP/1.1 200) 9 headers in 359 bytes (1 switches on core 0)
Aug 31 00:51:13.067841 dv-cinder-805887-8-iscsi devstack@n-api.service[93274]: DEBUG nova.api.openstack.wsgi [None req-37b7e7b9-ccb8-4053-8817-756906cf9f75 admin admin] Action: 'create', calling method: >, body: {"extra_specs": {"hw_rng:allowed": "True"}} {{(pid=93274) _process_stack /opt/stack/nova/nova/api/openstack/wsgi.py:511}}
Aug 31 00:51:13.090475 dv-cinder-805887-8-iscsi devstack@n-api.service[93274]: INFO nova.api.openstack.requestlog [None req-37b7e7b9-ccb8-4053-8817-756906cf9f75 admin admin] 10.222.0.60 "POST /compute/v2.1/flavors/3/os-extra_specs" status: 200 len: 43 microversion: 2.61 time: 0.026248
Aug 31 00:51:13.091242 dv-cinder-805887-8-iscsi devstack@n-api.service[93274]: [pid: 93274|app: 0|req: 15/29] 10.222.0.60 () {64 vars in 1333 bytes} [Tue Aug 31 00:51:13 2021] POST /compute/v2.1/flavors/3/os-extra_specs => generated 43 bytes in 27 msecs (HTTP/1.1 200) 9 headers in 358 bytes (1 switches on core 0)
Aug 31 00:51:15.300474 dv-cinder-805887-8-iscsi devstack@n-api.service[93275]: DEBUG nova.api.openstack.wsgi [None req-6c2fafc4-c05c-453f-ba61-cacf0560d414 admin admin] Calling method '>' {{(pid=93275) _process_stack /opt/stack/nova/nova/api/openstack/wsgi.py:513}}
Aug 31 00:51:15.301627 dv-cinder-805887-8-iscsi devstack@n-api.service[93275]: INFO nova.api.openstack.requestlog [None req-6c2fafc4-c05c-453f-ba61-cacf0560d414 admin admin] 10.222.0.60 "GET /compute/v2.1" status: 200 len: 388 microversion: 2.1 time: 0.001494
Aug 31 00:51:15.301910 dv-cinder-805887-8-iscsi devstack@n-api.service[93275]: [pid: 93275|app: 0|req: 15/30] 10.222.0.60 () {54 vars in 931 bytes} [Tue Aug 31 00:51:15 2021] GET /compute/v2.1 => generated 388 bytes in 2 msecs (HTTP/1.1 200) 9 headers in 357 bytes (1 switches on core 0)
Aug 31 00:51:15.371081 dv-cinder-805887-8-iscsi devstack@n-api.service[93274]: DEBUG nova.api.openstack.wsgi [None req-1fe1695a-294a-4aad-8b90-ddc439025f85 admin admin] Action: 'create', calling method: >, body: {"flavor": {"name": "m1.large", "vcpus": 4, "rxtx_factor": 1.0, "OS-FLV-EXT-DATA:ephemeral": 0, "id": "4", "swap": 0, "os-flavor-access:is_public": true, "disk": 80, "ram": 8192}} {{(pid=93274) _process_stack /opt/stack/nova/nova/api/openstack/wsgi.py:511}}
Aug 31 00:51:15.389627 dv-cinder-805887-8-iscsi devstack@n-api.service[93274]: INFO nova.api.openstack.requestlog [None req-1fe1695a-294a-4aad-8b90-ddc439025f85 admin admin] 10.222.0.60 "POST /compute/v2.1/flavors" status: 200 len: 405 microversion: 2.61 time: 0.080598
Aug 31 00:51:15.390621 dv-cinder-805887-8-iscsi devstack@n-api.service[93274]: [pid: 93274|app: 0|req: 16/31] 10.222.0.60 () {64 vars in 1283 bytes} [Tue Aug 31 00:51:15 2021] POST /compute/v2.1/flavors => generated 405 bytes in 82 msecs (HTTP/1.1 200) 9 headers in 359 bytes (1 switches on core 0)
Aug 31 00:51:15.403515 dv-cinder-805887-8-iscsi devstack@n-api.service[93275]: DEBUG nova.api.openstack.wsgi [None req-5d1a81cf-5ce3-4144-b6ef-2081dd04d15d admin admin] Action: 'create', calling method: >, body: {"extra_specs": {"hw_rng:allowed": "True"}} {{(pid=93275) _process_stack /opt/stack/nova/nova/api/openstack/wsgi.py:511}}
Aug 31 00:51:15.429454 dv-cinder-805887-8-iscsi devstack@n-api.service[93275]: INFO nova.api.openstack.requestlog [None req-5d1a81cf-5ce3-4144-b6ef-2081dd04d15d admin admin] 10.222.0.60 "POST /compute/v2.1/flavors/4/os-extra_specs" status: 200 len: 43 microversion: 2.61 time: 0.030138
Aug 31 00:51:15.430833 dv-cinder-805887-8-iscsi devstack@n-api.service[93275]: [pid: 93275|app: 0|req: 16/32] 10.222.0.60 () {64 vars in 1333 bytes} [Tue Aug 31 00:51:15 2021] POST /compute/v2.1/flavors/4/os-extra_specs => generated 43 bytes in 32 msecs (HTTP/1.1 200) 9 headers in 358 bytes (2 switches on core 0)
Aug 31 00:51:17.715367 dv-cinder-805887-8-iscsi devstack@n-api.service[93274]: DEBUG nova.api.openstack.wsgi [None req-1fe1695a-294a-4aad-8b90-ddc439025f85 admin admin] Calling method '>' {{(pid=93274) _process_stack /opt/stack/nova/nova/api/openstack/wsgi.py:513}}
Aug 31 00:51:17.716470 dv-cinder-805887-8-iscsi devstack@n-api.service[93274]: INFO nova.api.openstack.requestlog [None req-1fe1695a-294a-4aad-8b90-ddc439025f85 admin admin] 10.222.0.60 "GET /compute/v2.1" status: 200 len: 388 microversion: 2.1 time: 0.001559
Aug 31 00:51:17.717075 dv-cinder-805887-8-iscsi devstack@n-api.service[93274]: [pid: 93274|app: 0|req: 17/33] 10.222.0.60 () {54 vars in 931 bytes} [Tue Aug 31 00:51:17 2021] GET /compute/v2.1 => generated 388 bytes in 2 msecs (HTTP/1.1 200) 9 headers in 357 bytes (1 switches on core 0)
Aug 31 00:51:17.779914 dv-cinder-805887-8-iscsi devstack@n-api.service[93275]: DEBUG nova.api.openstack.wsgi [None req-8941c1cb-b556-4bc7-9fba-fe039c2bd9bb admin admin] Action: 'create', calling method: >, body: {"flavor": {"name": "m1.xlarge", "ram": 16384, "disk": 160, "OS-FLV-EXT-DATA:ephemeral": 0, "swap": 0, "os-flavor-access:is_public": true, "vcpus": 8, "rxtx_factor": 1.0, "id": "5"}} {{(pid=93275) _process_stack /opt/stack/nova/nova/api/openstack/wsgi.py:511}}
Aug 31 00:51:17.798812 dv-cinder-805887-8-iscsi devstack@n-api.service[93275]: INFO nova.api.openstack.requestlog [None req-8941c1cb-b556-4bc7-9fba-fe039c2bd9bb admin admin] 10.222.0.60 "POST /compute/v2.1/flavors" status: 200 len: 408 microversion: 2.61 time: 0.075476
Aug 31 00:51:17.799377 dv-cinder-805887-8-iscsi devstack@n-api.service[93275]: [pid: 93275|app: 0|req: 17/34] 10.222.0.60 () {64 vars in 1283 bytes} [Tue Aug 31 00:51:17 2021] POST /compute/v2.1/flavors => generated 408 bytes in 77 msecs (HTTP/1.1 200) 9 headers in 359 bytes (2 switches on core 0)
Aug 31 00:51:17.811739 dv-cinder-805887-8-iscsi devstack@n-api.service[93274]: DEBUG nova.api.openstack.wsgi [None req-e5a98cf7-0522-45a0-a453-53904f086fb2 admin admin] Action: 'create', calling method: >, body: {"extra_specs": {"hw_rng:allowed": "True"}} {{(pid=93274) _process_stack /opt/stack/nova/nova/api/openstack/wsgi.py:511}}
Aug 31 00:51:17.835295 dv-cinder-805887-8-iscsi devstack@n-api.service[93274]: INFO nova.api.openstack.requestlog [None req-e5a98cf7-0522-45a0-a453-53904f086fb2 admin admin] 10.222.0.60 "POST /compute/v2.1/flavors/5/os-extra_specs" status: 200 len: 43 microversion: 2.61 time: 0.027009
Aug 31 00:51:17.836329 dv-cinder-805887-8-iscsi devstack@n-api.service[93274]: [pid: 93274|app: 0|req: 18/35] 10.222.0.60 () {64 vars in 1333 bytes} [Tue Aug 31 00:51:17 2021] POST /compute/v2.1/flavors/5/os-extra_specs => generated 43 bytes in 29 msecs (HTTP/1.1 200) 9 headers in 358 bytes (1 switches on core 0)
Aug 31 00:51:57.068178 dv-cinder-805887-8-iscsi devstack@n-api.service[93275]: DEBUG nova.api.openstack.wsgi [None req-8941c1cb-b556-4bc7-9fba-fe039c2bd9bb admin admin] Calling method '>' {{(pid=93275) _process_stack /opt/stack/nova/nova/api/openstack/wsgi.py:513}}
Aug 31 00:51:57.069897 dv-cinder-805887-8-iscsi devstack@n-api.service[93275]: INFO nova.api.openstack.requestlog [None req-8941c1cb-b556-4bc7-9fba-fe039c2bd9bb admin admin] 10.222.0.60 "GET /compute/v2.1" status: 200 len: 388 microversion: 2.1 time: 0.002126
Aug 31 00:51:57.070304 dv-cinder-805887-8-iscsi devstack@n-api.service[93275]: [pid: 93275|app: 0|req: 18/36] 10.222.0.60 () {54 vars in 931 bytes} [Tue Aug 31 00:51:57 2021] GET /compute/v2.1 => generated 388 bytes in 3 msecs (HTTP/1.1 200) 9 headers in 357 bytes (1 switches on core 0)
Aug 31 00:51:57.129397 dv-cinder-805887-8-iscsi devstack@n-api.service[93274]: DEBUG nova.api.openstack.wsgi [None req-0f4b7fdf-e65f-4251-9f94-03b0ba577046 admin admin] Calling method '>' {{(pid=93274) _process_stack /opt/stack/nova/nova/api/openstack/wsgi.py:513}}
Aug 31 00:51:57.150400 dv-cinder-805887-8-iscsi devstack@n-api.service[93274]: INFO nova.api.openstack.requestlog [None req-0f4b7fdf-e65f-4251-9f94-03b0ba577046 admin admin] 10.222.0.60 "GET /compute/v2.1/flavors/detail?is_public=True" status: 200 len: 4202 microversion: 2.61 time: 0.073597
Aug 31 00:51:57.150934 dv-cinder-805887-8-iscsi devstack@n-api.service[93274]: [pid: 93274|app: 0|req: 19/37] 10.222.0.60 () {60 vars in 1292 bytes} [Tue Aug 31 00:51:57 2021] GET /compute/v2.1/flavors/detail?is_public=True => generated 4202 bytes in 75 msecs (HTTP/1.1 200) 9 headers in 360 bytes (1 switches on core 0)
Aug 31 00:51:58.595972 dv-cinder-805887-8-iscsi devstack@n-api.service[93275]: DEBUG nova.api.openstack.wsgi [None req-8941c1cb-b556-4bc7-9fba-fe039c2bd9bb admin admin] Calling method '>' {{(pid=93275) _process_stack /opt/stack/nova/nova/api/openstack/wsgi.py:513}}
Aug 31 00:51:58.597030 dv-cinder-805887-8-iscsi devstack@n-api.service[93275]: INFO nova.api.openstack.requestlog [None req-8941c1cb-b556-4bc7-9fba-fe039c2bd9bb admin admin] 10.222.0.60 "GET /compute/v2.1" status: 200 len: 388 microversion: 2.1 time: 0.001523
Aug 31 00:51:58.597468 dv-cinder-805887-8-iscsi devstack@n-api.service[93275]: [pid: 93275|app: 0|req: 19/38] 10.222.0.60 () {56 vars in 1075 bytes} [Tue Aug 31 00:51:58 2021] GET /compute/v2.1 => generated 388 bytes in 2 msecs (HTTP/1.1 200) 9 headers in 357 bytes (1 switches on core 0)
Aug 31 00:51:58.795793 dv-cinder-805887-8-iscsi devstack@n-api.service[93274]: DEBUG nova.api.openstack.wsgi [None req-ecb7d44f-9105-4f9c-bc92-3d944875c6a6 admin admin] Calling method '>' {{(pid=93274) _process_stack /opt/stack/nova/nova/api/openstack/wsgi.py:513}}
Aug 31 00:51:58.801194 dv-cinder-805887-8-iscsi devstack@n-api.service[93274]: INFO nova.api.openstack.wsgi [None req-ecb7d44f-9105-4f9c-bc92-3d944875c6a6 admin admin] HTTP exception thrown: Flavor 42 could not be found.
Aug 31 00:51:58.801809 dv-cinder-805887-8-iscsi devstack@n-api.service[93274]: DEBUG nova.api.openstack.wsgi [None req-ecb7d44f-9105-4f9c-bc92-3d944875c6a6 admin admin] Returning 404 to user: Flavor 42 could not be found. {{(pid=93274) __call__ /opt/stack/nova/nova/api/openstack/wsgi.py:927}}
Aug 31 00:51:58.802546 dv-cinder-805887-8-iscsi devstack@n-api.service[93274]: INFO nova.api.openstack.requestlog [None req-ecb7d44f-9105-4f9c-bc92-3d944875c6a6 admin admin] 10.222.0.60 "GET /compute/v2.1/flavors/42" status: 404 len: 75 microversion: 2.88 time: 0.059400
Aug 31 00:51:58.803116 dv-cinder-805887-8-iscsi devstack@n-api.service[93274]: [pid: 93274|app: 0|req: 20/39] 10.222.0.60 () {60 vars in 1191 bytes} [Tue Aug 31 00:51:58 2021] GET /compute/v2.1/flavors/42 => generated 75 bytes in 60 msecs (HTTP/1.1 404) 9 headers in 380 bytes (1 switches on core 0)
Aug 31 00:51:58.814168 dv-cinder-805887-8-iscsi devstack@n-api.service[93275]: DEBUG nova.api.openstack.wsgi [None req-262ada2a-4218-4c7d-b230-0111588f9d9d admin admin] Calling method '>' {{(pid=93275) _process_stack /opt/stack/nova/nova/api/openstack/wsgi.py:513}}
Aug 31 00:51:58.836051 dv-cinder-805887-8-iscsi devstack@n-api.service[93275]: INFO nova.api.openstack.requestlog [None req-262ada2a-4218-4c7d-b230-0111588f9d9d admin admin] 10.222.0.60 "GET /compute/v2.1/flavors?is_public=None" status: 200 len: 2056 microversion: 2.88 time: 0.025758
Aug 31 00:51:58.836605 dv-cinder-805887-8-iscsi devstack@n-api.service[93275]: [pid: 93275|app: 0|req: 20/40] 10.222.0.60 () {60 vars in 1211 bytes} [Tue Aug 31 00:51:58 2021] GET /compute/v2.1/flavors?is_public=None => generated 2056 bytes in 27 msecs (HTTP/1.1 200) 9 headers in 360 bytes (1 switches on core 0)
Aug 31 00:51:58.846739 dv-cinder-805887-8-iscsi devstack@n-api.service[93274]: DEBUG nova.api.openstack.wsgi [None req-a6f9a548-4dd1-41e7-80f2-d5ac39135b6f admin admin] Calling method '>' {{(pid=93274) _process_stack /opt/stack/nova/nova/api/openstack/wsgi.py:513}}
Aug 31 00:51:58.869719 dv-cinder-805887-8-iscsi devstack@n-api.service[93274]: INFO nova.api.openstack.requestlog [None req-a6f9a548-4dd1-41e7-80f2-d5ac39135b6f admin admin] 10.222.0.60 "GET /compute/v2.1/flavors?is_public=None" status: 200 len: 2056 microversion: 2.88 time: 0.026440
Aug 31 00:51:58.870253 dv-cinder-805887-8-iscsi devstack@n-api.service[93274]: [pid: 93274|app: 0|req: 21/41] 10.222.0.60 () {60 vars in 1211 bytes} [Tue Aug 31 00:51:58 2021] GET /compute/v2.1/flavors?is_public=None => generated 2056 bytes in 28 msecs (HTTP/1.1 200) 9 headers in 360 bytes (2 switches on core 0)
Aug 31 00:51:58.880746 dv-cinder-805887-8-iscsi devstack@n-api.service[93275]: DEBUG nova.api.openstack.wsgi [None req-353ad335-17f7-4898-82f9-ea77672efd8a admin admin] Calling method '>' {{(pid=93275) _process_stack /opt/stack/nova/nova/api/openstack/wsgi.py:513}}
Aug 31 00:51:58.886505 dv-cinder-805887-8-iscsi devstack@n-api.service[93275]: INFO nova.api.openstack.wsgi [None req-353ad335-17f7-4898-82f9-ea77672efd8a admin admin] HTTP exception thrown: Flavor 42 could not be found.
Aug 31 00:51:58.887071 dv-cinder-805887-8-iscsi devstack@n-api.service[93275]: DEBUG nova.api.openstack.wsgi [None req-353ad335-17f7-4898-82f9-ea77672efd8a admin admin] Returning 404 to user: Flavor 42 could not be found. {{(pid=93275) __call__ /opt/stack/nova/nova/api/openstack/wsgi.py:927}}
Aug 31 00:51:58.887859 dv-cinder-805887-8-iscsi devstack@n-api.service[93275]: INFO nova.api.openstack.requestlog [None req-353ad335-17f7-4898-82f9-ea77672efd8a admin admin] 10.222.0.60 "GET /compute/v2.1/flavors/42" status: 404 len: 75 microversion: 2.88 time: 0.011127
Aug 31 00:51:58.888367 dv-cinder-805887-8-iscsi devstack@n-api.service[93275]: [pid: 93275|app: 0|req: 21/42] 10.222.0.60 () {60 vars in 1191 bytes} [Tue Aug 31 00:51:58 2021] GET /compute/v2.1/flavors/42 => generated 75 bytes in 12 msecs (HTTP/1.1 404) 9 headers in 380 bytes (1 switches on core 0)
Aug 31 00:52:00.246525 dv-cinder-805887-8-iscsi devstack@n-api.service[93274]: DEBUG nova.api.openstack.wsgi [None req-a6f9a548-4dd1-41e7-80f2-d5ac39135b6f admin admin] Calling method '>' {{(pid=93274) _process_stack /opt/stack/nova/nova/api/openstack/wsgi.py:513}}
Aug 31 00:52:00.247729 dv-cinder-805887-8-iscsi devstack@n-api.service[93274]: INFO nova.api.openstack.requestlog [None req-a6f9a548-4dd1-41e7-80f2-d5ac39135b6f admin admin] 10.222.0.60 "GET /compute/v2.1" status: 200 len: 388 microversion: 2.1 time: 0.001633
Aug 31 00:52:00.248141 dv-cinder-805887-8-iscsi devstack@n-api.service[93274]: [pid: 93274|app: 0|req: 22/43] 10.222.0.60 () {56 vars in 1075 bytes} [Tue Aug 31 00:52:00 2021] GET /compute/v2.1 => generated 388 bytes in 2 msecs (HTTP/1.1 200) 9 headers in 357 bytes (1 switches on core 0)
Aug 31 00:52:00.438282 dv-cinder-805887-8-iscsi devstack@n-api.service[93275]: DEBUG nova.api.openstack.wsgi [None req-b737fdbe-b0cb-4662-ba76-b3fa1e2d12e6 admin admin] Calling method '>' {{(pid=93275) _process_stack /opt/stack/nova/nova/api/openstack/wsgi.py:513}}
Aug 31 00:52:00.444407 dv-cinder-805887-8-iscsi devstack@n-api.service[93275]: INFO nova.api.openstack.wsgi [None req-b737fdbe-b0cb-4662-ba76-b3fa1e2d12e6 admin admin] HTTP exception thrown: Flavor 84 could not be found.
Aug 31 00:52:00.444995 dv-cinder-805887-8-iscsi devstack@n-api.service[93275]: DEBUG nova.api.openstack.wsgi [None req-b737fdbe-b0cb-4662-ba76-b3fa1e2d12e6 admin admin] Returning 404 to user: Flavor 84 could not be found. {{(pid=93275) __call__ /opt/stack/nova/nova/api/openstack/wsgi.py:927}}
Aug 31 00:52:00.445775 dv-cinder-805887-8-iscsi devstack@n-api.service[93275]: INFO nova.api.openstack.requestlog [None req-b737fdbe-b0cb-4662-ba76-b3fa1e2d12e6 admin admin] 10.222.0.60 "GET /compute/v2.1/flavors/84" status: 404 len: 75 microversion: 2.88 time: 0.058033
Aug 31 00:52:00.447500 dv-cinder-805887-8-iscsi devstack@n-api.service[93275]: [pid: 93275|app: 0|req: 22/44] 10.222.0.60 () {60 vars in 1191 bytes} [Tue Aug 31 00:52:00 2021] GET /compute/v2.1/flavors/84 => generated 75 bytes in 59 msecs (HTTP/1.1 404) 9 headers in 380 bytes (1 switches on core 0)
Aug 31 00:52:00.456276 dv-cinder-805887-8-iscsi devstack@n-api.service[93274]: DEBUG nova.api.openstack.wsgi [None req-2d62e797-e250-47c0-81f4-8de7c5d324af admin admin] Calling method '>' {{(pid=93274) _process_stack /opt/stack/nova/nova/api/openstack/wsgi.py:513}}
Aug 31 00:52:00.470400 dv-cinder-805887-8-iscsi devstack@n-api.service[93274]: INFO nova.api.openstack.requestlog [None req-2d62e797-e250-47c0-81f4-8de7c5d324af admin admin] 10.222.0.60 "GET /compute/v2.1/flavors?is_public=None" status: 200 len: 2056 microversion: 2.88 time: 0.018021
Aug 31 00:52:00.470951 dv-cinder-805887-8-iscsi devstack@n-api.service[93274]: [pid: 93274|app: 0|req: 23/45] 10.222.0.60 () {60 vars in 1211 bytes} [Tue Aug 31 00:52:00 2021] GET /compute/v2.1/flavors?is_public=None => generated 2056 bytes in 19 msecs (HTTP/1.1 200) 9 headers in 360 bytes (1 switches on core 0)
Aug 31 00:52:00.481989 dv-cinder-805887-8-iscsi devstack@n-api.service[93275]: DEBUG nova.api.openstack.wsgi [None req-e4f48a3b-1963-4d6a-81d0-7628acc86a08 admin admin] Calling method '>' {{(pid=93275) _process_stack /opt/stack/nova/nova/api/openstack/wsgi.py:513}}
Aug 31 00:52:00.496430 dv-cinder-805887-8-iscsi devstack@n-api.service[93275]: INFO nova.api.openstack.requestlog [None req-e4f48a3b-1963-4d6a-81d0-7628acc86a08 admin admin] 10.222.0.60 "GET /compute/v2.1/flavors?is_public=None" status: 200 len: 2056 microversion: 2.88 time: 0.018523
Aug 31 00:52:00.497036 dv-cinder-805887-8-iscsi devstack@n-api.service[93275]: [pid: 93275|app: 0|req: 23/46] 10.222.0.60 () {60 vars in 1211 bytes} [Tue Aug 31 00:52:00 2021] GET /compute/v2.1/flavors?is_public=None => generated 2056 bytes in 20 msecs (HTTP/1.1 200) 9 headers in 360 bytes (1 switches on core 0)
Aug 31 00:52:00.507998 dv-cinder-805887-8-iscsi devstack@n-api.service[93274]: DEBUG nova.api.openstack.wsgi [None req-d6478872-921e-439b-8564-537733ce8ca5 admin admin] Calling method '>' {{(pid=93274) _process_stack /opt/stack/nova/nova/api/openstack/wsgi.py:513}}
Aug 31 00:52:00.514502 dv-cinder-805887-8-iscsi devstack@n-api.service[93274]: INFO nova.api.openstack.wsgi [None req-d6478872-921e-439b-8564-537733ce8ca5 admin admin] HTTP exception thrown: Flavor 84 could not be found.
Aug 31 00:52:00.514502 dv-cinder-805887-8-iscsi devstack@n-api.service[93274]: DEBUG nova.api.openstack.wsgi [None req-d6478872-921e-439b-8564-537733ce8ca5 admin admin] Returning 404 to user: Flavor 84 could not be found. {{(pid=93274) __call__ /opt/stack/nova/nova/api/openstack/wsgi.py:927}}
Aug 31 00:52:00.514760 dv-cinder-805887-8-iscsi devstack@n-api.service[93274]: INFO nova.api.openstack.requestlog [None req-d6478872-921e-439b-8564-537733ce8ca5 admin admin] 10.222.0.60 "GET /compute/v2.1/flavors/84" status: 404 len: 75 microversion: 2.88 time: 0.011101
Aug 31 00:52:00.515276 dv-cinder-805887-8-iscsi devstack@n-api.service[93274]: [pid: 93274|app: 0|req: 24/47] 10.222.0.60 () {60 vars in 1191 bytes} [Tue Aug 31 00:52:00 2021] GET /compute/v2.1/flavors/84 => generated 75 bytes in 12 msecs (HTTP/1.1 404) 9 headers in 380 bytes (1 switches on core 0)
Aug 31 00:52:01.873951 dv-cinder-805887-8-iscsi devstack@n-api.service[93275]: DEBUG nova.api.openstack.wsgi [None req-e4f48a3b-1963-4d6a-81d0-7628acc86a08 admin admin] Calling method '>' {{(pid=93275) _process_stack /opt/stack/nova/nova/api/openstack/wsgi.py:513}}
Aug 31 00:52:01.875059 dv-cinder-805887-8-iscsi devstack@n-api.service[93275]: INFO nova.api.openstack.requestlog [None req-e4f48a3b-1963-4d6a-81d0-7628acc86a08 admin admin] 10.222.0.60 "GET /compute/v2.1" status: 200 len: 388 microversion: 2.1 time: 0.001475
Aug 31 00:52:01.875448 dv-cinder-805887-8-iscsi devstack@n-api.service[93275]: [pid: 93275|app: 0|req: 24/48] 10.222.0.60 () {56 vars in 1075 bytes} [Tue Aug 31 00:52:01 2021] GET /compute/v2.1 => generated 388 bytes in 2 msecs (HTTP/1.1 200) 9 headers in 357 bytes (1 switches on core 0)
Aug 31 00:52:02.064451 dv-cinder-805887-8-iscsi devstack@n-api.service[93274]: DEBUG nova.api.openstack.wsgi [None req-9118165f-7d00-4dcd-88d5-a9edba65f8d2 admin admin] Calling method '>' {{(pid=93274) _process_stack /opt/stack/nova/nova/api/openstack/wsgi.py:513}}
Aug 31 00:52:02.070558 dv-cinder-805887-8-iscsi devstack@n-api.service[93274]: INFO nova.api.openstack.wsgi [None req-9118165f-7d00-4dcd-88d5-a9edba65f8d2 admin admin] HTTP exception thrown: Flavor 451 could not be found.
Aug 31 00:52:02.071122 dv-cinder-805887-8-iscsi devstack@n-api.service[93274]: DEBUG nova.api.openstack.wsgi [None req-9118165f-7d00-4dcd-88d5-a9edba65f8d2 admin admin] Returning 404 to user: Flavor 451 could not be found. {{(pid=93274) __call__ /opt/stack/nova/nova/api/openstack/wsgi.py:927}}
Aug 31 00:52:02.071913 dv-cinder-805887-8-iscsi devstack@n-api.service[93274]: INFO nova.api.openstack.requestlog [None req-9118165f-7d00-4dcd-88d5-a9edba65f8d2 admin admin] 10.222.0.60 "GET /compute/v2.1/flavors/451" status: 404 len: 76 microversion: 2.88 time: 0.058946
Aug 31 00:52:02.072431 dv-cinder-805887-8-iscsi devstack@n-api.service[93274]: [pid: 93274|app: 0|req: 25/49] 10.222.0.60 () {60 vars in 1194 bytes} [Tue Aug 31 00:52:02 2021] GET /compute/v2.1/flavors/451 => generated 76 bytes in 60 msecs (HTTP/1.1 404) 9 headers in 380 bytes (1 switches on core 0)
