Aug 27 03:12:37.119689 dv-cinder-805887-5-iscsi devstack@c-api.service[100833]: INFO cinder.api.openstack.wsgi [None req-61e423f1-77db-447b-a772-ff0d866d4913 tempest-QosSpecsTestJSON-894805083 tempest-QosSpecsTestJSON-894805083-project-admin] DELETE http://10.222.0.30/volume/v3/daf4292ec8d04beda05ed6f541501f77/types/b900cc64-0b37-44db-b387-c2eee3fc0e93
Aug 27 03:12:37.120143 dv-cinder-805887-5-iscsi devstack@c-api.service[100833]: DEBUG cinder.api.openstack.wsgi [None req-61e423f1-77db-447b-a772-ff0d866d4913 tempest-QosSpecsTestJSON-894805083 tempest-QosSpecsTestJSON-894805083-project-admin] Empty body provided in request {{(pid=100833) get_body /opt/stack/cinder/cinder/api/openstack/wsgi.py:703}}
Aug 27 03:12:37.120576 dv-cinder-805887-5-iscsi devstack@c-api.service[100833]: DEBUG cinder.api.openstack.wsgi [None req-61e423f1-77db-447b-a772-ff0d866d4913 tempest-QosSpecsTestJSON-894805083 tempest-QosSpecsTestJSON-894805083-project-admin] Calling method '_delete' {{(pid=100833) _process_stack /opt/stack/cinder/cinder/api/openstack/wsgi.py:856}}
Aug 27 03:12:37.228697 dv-cinder-805887-5-iscsi devstack@c-api.service[100833]: INFO cinder.api.openstack.wsgi [None req-61e423f1-77db-447b-a772-ff0d866d4913 tempest-QosSpecsTestJSON-894805083 tempest-QosSpecsTestJSON-894805083-project-admin] http://10.222.0.30/volume/v3/daf4292ec8d04beda05ed6f541501f77/types/b900cc64-0b37-44db-b387-c2eee3fc0e93 returned with HTTP 202
Aug 27 03:12:37.229666 dv-cinder-805887-5-iscsi devstack@c-api.service[100833]: [pid: 100833|app: 0|req: 61/125] 10.222.0.30 () {58 vars in 1322 bytes} [Fri Aug 27 03:12:37 2021] DELETE /volume/v3/daf4292ec8d04beda05ed6f541501f77/types/b900cc64-0b37-44db-b387-c2eee3fc0e93 => generated 0 bytes in 115 msecs (HTTP/1.1 202) 6 headers in 233 bytes (1 switches on core 0)
Aug 27 03:12:37.240916 dv-cinder-805887-5-iscsi devstack@c-api.service[100832]: INFO cinder.api.openstack.wsgi [None req-fb5891d6-bfea-446e-8ef9-a64908e3f97d tempest-QosSpecsTestJSON-894805083 tempest-QosSpecsTestJSON-894805083-project-admin] GET http://10.222.0.30/volume/v3/daf4292ec8d04beda05ed6f541501f77/types/b900cc64-0b37-44db-b387-c2eee3fc0e93
Aug 27 03:12:37.240916 dv-cinder-805887-5-iscsi devstack@c-api.service[100832]: DEBUG cinder.api.openstack.wsgi [None req-fb5891d6-bfea-446e-8ef9-a64908e3f97d tempest-QosSpecsTestJSON-894805083 tempest-QosSpecsTestJSON-894805083-project-admin] Empty body provided in request {{(pid=100832) get_body /opt/stack/cinder/cinder/api/openstack/wsgi.py:703}}
Aug 27 03:12:37.240916 dv-cinder-805887-5-iscsi devstack@c-api.service[100832]: DEBUG cinder.api.openstack.wsgi [None req-fb5891d6-bfea-446e-8ef9-a64908e3f97d tempest-QosSpecsTestJSON-894805083 tempest-QosSpecsTestJSON-894805083-project-admin] Calling method 'show' {{(pid=100832) _process_stack /opt/stack/cinder/cinder/api/openstack/wsgi.py:856}}
Aug 27 03:12:37.251796 dv-cinder-805887-5-iscsi devstack@c-api.service[100832]: INFO cinder.api.openstack.wsgi [None req-fb5891d6-bfea-446e-8ef9-a64908e3f97d tempest-QosSpecsTestJSON-894805083 tempest-QosSpecsTestJSON-894805083-project-admin] http://10.222.0.30/volume/v3/daf4292ec8d04beda05ed6f541501f77/types/b900cc64-0b37-44db-b387-c2eee3fc0e93 returned with HTTP 404
Aug 27 03:12:37.252964 dv-cinder-805887-5-iscsi devstack@c-api.service[100832]: [pid: 100832|app: 0|req: 65/126] 10.222.0.30 () {58 vars in 1319 bytes} [Fri Aug 27 03:12:37 2021] GET /volume/v3/daf4292ec8d04beda05ed6f541501f77/types/b900cc64-0b37-44db-b387-c2eee3fc0e93 => generated 114 bytes in 18 msecs (HTTP/1.1 404) 7 headers in 292 bytes (1 switches on core 0)
Aug 27 03:12:37.263805 dv-cinder-805887-5-iscsi devstack@c-api.service[100833]: INFO cinder.api.openstack.wsgi [None req-d42bf157-06aa-4be2-a2cf-2c10c4f94dc2 tempest-VolumesListAdminTestJSON-1043209092 tempest-VolumesListAdminTestJSON-1043209092-project] GET http://10.222.0.30/volume/v3/03387fc297514606a6beb1bc186660c0/volumes/8e58aec7-658c-4fcc-a739-6a216db74528
Aug 27 03:12:37.264405 dv-cinder-805887-5-iscsi devstack@c-api.service[100833]: DEBUG cinder.api.openstack.wsgi [None req-d42bf157-06aa-4be2-a2cf-2c10c4f94dc2 tempest-VolumesListAdminTestJSON-1043209092 tempest-VolumesListAdminTestJSON-1043209092-project] Empty body provided in request {{(pid=100833) get_body /opt/stack/cinder/cinder/api/openstack/wsgi.py:703}}
Aug 27 03:12:37.264830 dv-cinder-805887-5-iscsi devstack@c-api.service[100833]: DEBUG cinder.api.openstack.wsgi [None req-d42bf157-06aa-4be2-a2cf-2c10c4f94dc2 tempest-VolumesListAdminTestJSON-1043209092 tempest-VolumesListAdminTestJSON-1043209092-project] Calling method 'show' {{(pid=100833) _process_stack /opt/stack/cinder/cinder/api/openstack/wsgi.py:856}}
Aug 27 03:12:37.269254 dv-cinder-805887-5-iscsi devstack@c-api.service[100832]: INFO cinder.api.openstack.wsgi [None req-fc730d47-dad8-4cef-8649-71bddf22fbfb tempest-QosSpecsTestJSON-894805083 tempest-QosSpecsTestJSON-894805083-project-admin] DELETE http://10.222.0.30/volume/v3/daf4292ec8d04beda05ed6f541501f77/types/5707fa63-bcdc-484c-8bd5-ac70ed171cc9
Aug 27 03:12:37.271467 dv-cinder-805887-5-iscsi devstack@c-api.service[100832]: DEBUG cinder.api.openstack.wsgi [None req-fc730d47-dad8-4cef-8649-71bddf22fbfb tempest-QosSpecsTestJSON-894805083 tempest-QosSpecsTestJSON-894805083-project-admin] Empty body provided in request {{(pid=100832) get_body /opt/stack/cinder/cinder/api/openstack/wsgi.py:703}}
Aug 27 03:12:37.272064 dv-cinder-805887-5-iscsi devstack@c-api.service[100832]: DEBUG cinder.api.openstack.wsgi [None req-fc730d47-dad8-4cef-8649-71bddf22fbfb tempest-QosSpecsTestJSON-894805083 tempest-QosSpecsTestJSON-894805083-project-admin] Calling method '_delete' {{(pid=100832) _process_stack /opt/stack/cinder/cinder/api/openstack/wsgi.py:856}}
Aug 27 03:12:37.291189 dv-cinder-805887-5-iscsi devstack@c-api.service[100833]: /usr/local/lib/python3.8/dist-packages/oslo_context/context.py:105: DeprecationWarning: Policy enforcement is depending on the value of is_admin. This key is deprecated. Please update your policy file to use the standard policy values.
Aug 27 03:12:37.291189 dv-cinder-805887-5-iscsi devstack@c-api.service[100833]: warnings.warn('Policy enforcement is depending on the value of '
Aug 27 03:12:37.310881 dv-cinder-805887-5-iscsi devstack@c-api.service[100833]: INFO cinder.volume.api [None req-d42bf157-06aa-4be2-a2cf-2c10c4f94dc2 tempest-VolumesListAdminTestJSON-1043209092 tempest-VolumesListAdminTestJSON-1043209092-project] Volume info retrieved successfully.
Aug 27 03:12:37.353973 dv-cinder-805887-5-iscsi devstack@c-api.service[100833]: INFO cinder.api.openstack.wsgi [None req-d42bf157-06aa-4be2-a2cf-2c10c4f94dc2 tempest-VolumesListAdminTestJSON-1043209092 tempest-VolumesListAdminTestJSON-1043209092-project] http://10.222.0.30/volume/v3/03387fc297514606a6beb1bc186660c0/volumes/8e58aec7-658c-4fcc-a739-6a216db74528 returned with HTTP 200
Aug 27 03:12:37.373375 dv-cinder-805887-5-iscsi devstack@c-api.service[100833]: [pid: 100833|app: 0|req: 62/127] 10.222.0.30 () {58 vars in 1325 bytes} [Fri Aug 27 03:12:37 2021] GET /volume/v3/03387fc297514606a6beb1bc186660c0/volumes/8e58aec7-658c-4fcc-a739-6a216db74528 => generated 917 bytes in 113 msecs (HTTP/1.1 200) 7 headers in 285 bytes (2 switches on core 0)
Aug 27 03:12:37.395324 dv-cinder-805887-5-iscsi devstack@c-api.service[100833]: INFO cinder.api.openstack.wsgi [None req-80c74741-ec8e-44df-a953-630d91fd0119 tempest-VolumesListAdminTestJSON-1043209092 tempest-VolumesListAdminTestJSON-1043209092-project] GET http://10.222.0.30/volume/v3/03387fc297514606a6beb1bc186660c0/volumes/8e58aec7-658c-4fcc-a739-6a216db74528
Aug 27 03:12:37.395943 dv-cinder-805887-5-iscsi devstack@c-api.service[100833]: DEBUG cinder.api.openstack.wsgi [None req-80c74741-ec8e-44df-a953-630d91fd0119 tempest-VolumesListAdminTestJSON-1043209092 tempest-VolumesListAdminTestJSON-1043209092-project] Empty body provided in request {{(pid=100833) get_body /opt/stack/cinder/cinder/api/openstack/wsgi.py:703}}
Aug 27 03:12:37.396159 dv-cinder-805887-5-iscsi devstack@c-api.service[100833]: /usr/local/lib/python3.8/dist-packages/webob/acceptparse.py:1047: DeprecationWarning: The behavior of AcceptValidHeader.best_match is currently being maintained for backward compatibility, but it will be deprecated in the future, as it does not conform to the RFC.
Aug 27 03:12:37.396159 dv-cinder-805887-5-iscsi devstack@c-api.service[100833]: warnings.warn(
Aug 27 03:12:37.396455 dv-cinder-805887-5-iscsi devstack@c-api.service[100833]: DEBUG cinder.api.openstack.wsgi [None req-80c74741-ec8e-44df-a953-630d91fd0119 tempest-VolumesListAdminTestJSON-1043209092 tempest-VolumesListAdminTestJSON-1043209092-project] Calling method 'show' {{(pid=100833) _process_stack /opt/stack/cinder/cinder/api/openstack/wsgi.py:856}}
Aug 27 03:12:37.407303 dv-cinder-805887-5-iscsi devstack@c-api.service[100832]: INFO cinder.api.openstack.wsgi [None req-fc730d47-dad8-4cef-8649-71bddf22fbfb tempest-QosSpecsTestJSON-894805083 tempest-QosSpecsTestJSON-894805083-project-admin] http://10.222.0.30/volume/v3/daf4292ec8d04beda05ed6f541501f77/types/5707fa63-bcdc-484c-8bd5-ac70ed171cc9 returned with HTTP 202
Aug 27 03:12:37.413742 dv-cinder-805887-5-iscsi devstack@c-api.service[100832]: [pid: 100832|app: 0|req: 66/128] 10.222.0.30 () {58 vars in 1322 bytes} [Fri Aug 27 03:12:37 2021] DELETE /volume/v3/daf4292ec8d04beda05ed6f541501f77/types/5707fa63-bcdc-484c-8bd5-ac70ed171cc9 => generated 0 bytes in 153 msecs (HTTP/1.1 202) 6 headers in 233 bytes (1 switches on core 0)
Aug 27 03:12:37.429098 dv-cinder-805887-5-iscsi devstack@c-api.service[100832]: INFO cinder.api.openstack.wsgi [None req-3fdc4877-13bf-4220-b4b8-903e4a05659a tempest-QosSpecsTestJSON-894805083 tempest-QosSpecsTestJSON-894805083-project-admin] GET http://10.222.0.30/volume/v3/daf4292ec8d04beda05ed6f541501f77/types/5707fa63-bcdc-484c-8bd5-ac70ed171cc9
Aug 27 03:12:37.433386 dv-cinder-805887-5-iscsi devstack@c-api.service[100832]: DEBUG cinder.api.openstack.wsgi [None req-3fdc4877-13bf-4220-b4b8-903e4a05659a tempest-QosSpecsTestJSON-894805083 tempest-QosSpecsTestJSON-894805083-project-admin] Empty body provided in request {{(pid=100832) get_body /opt/stack/cinder/cinder/api/openstack/wsgi.py:703}}
Aug 27 03:12:37.435578 dv-cinder-805887-5-iscsi devstack@c-api.service[100832]: DEBUG cinder.api.openstack.wsgi [None req-3fdc4877-13bf-4220-b4b8-903e4a05659a tempest-QosSpecsTestJSON-894805083 tempest-QosSpecsTestJSON-894805083-project-admin] Calling method 'show' {{(pid=100832) _process_stack /opt/stack/cinder/cinder/api/openstack/wsgi.py:856}}
Aug 27 03:12:37.436877 dv-cinder-805887-5-iscsi devstack@c-api.service[100833]: /usr/local/lib/python3.8/dist-packages/oslo_context/context.py:105: DeprecationWarning: Policy enforcement is depending on the value of is_admin. This key is deprecated. Please update your policy file to use the standard policy values.
Aug 27 03:12:37.436877 dv-cinder-805887-5-iscsi devstack@c-api.service[100833]: warnings.warn('Policy enforcement is depending on the value of '
Aug 27 03:12:37.457610 dv-cinder-805887-5-iscsi devstack@c-api.service[100832]: INFO cinder.api.openstack.wsgi [None req-3fdc4877-13bf-4220-b4b8-903e4a05659a tempest-QosSpecsTestJSON-894805083 tempest-QosSpecsTestJSON-894805083-project-admin] http://10.222.0.30/volume/v3/daf4292ec8d04beda05ed6f541501f77/types/5707fa63-bcdc-484c-8bd5-ac70ed171cc9 returned with HTTP 404
Aug 27 03:12:37.462039 dv-cinder-805887-5-iscsi devstack@c-api.service[100832]: [pid: 100832|app: 0|req: 67/129] 10.222.0.30 () {58 vars in 1319 bytes} [Fri Aug 27 03:12:37 2021] GET /volume/v3/daf4292ec8d04beda05ed6f541501f77/types/5707fa63-bcdc-484c-8bd5-ac70ed171cc9 => generated 114 bytes in 46 msecs (HTTP/1.1 404) 7 headers in 292 bytes (1 switches on core 0)
Aug 27 03:12:37.462249 dv-cinder-805887-5-iscsi devstack@c-api.service[100833]: INFO cinder.volume.api [None req-80c74741-ec8e-44df-a953-630d91fd0119 tempest-VolumesListAdminTestJSON-1043209092 tempest-VolumesListAdminTestJSON-1043209092-project] Volume info retrieved successfully.
Aug 27 03:12:37.466298 dv-cinder-805887-5-iscsi devstack@c-api.service[100832]: INFO cinder.api.openstack.wsgi [None req-3ed7e9ca-f915-44a9-b8ef-5ed6b0a49e5d tempest-QosSpecsTestJSON-894805083 tempest-QosSpecsTestJSON-894805083-project-admin] DELETE http://10.222.0.30/volume/v3/daf4292ec8d04beda05ed6f541501f77/types/fcb44f96-41e4-4b53-8a1c-6f10903344d5
Aug 27 03:12:37.466298 dv-cinder-805887-5-iscsi devstack@c-api.service[100832]: DEBUG cinder.api.openstack.wsgi [None req-3ed7e9ca-f915-44a9-b8ef-5ed6b0a49e5d tempest-QosSpecsTestJSON-894805083 tempest-QosSpecsTestJSON-894805083-project-admin] Empty body provided in request {{(pid=100832) get_body /opt/stack/cinder/cinder/api/openstack/wsgi.py:703}}
Aug 27 03:12:37.478268 dv-cinder-805887-5-iscsi devstack@c-api.service[100832]: DEBUG cinder.api.openstack.wsgi [None req-3ed7e9ca-f915-44a9-b8ef-5ed6b0a49e5d tempest-QosSpecsTestJSON-894805083 tempest-QosSpecsTestJSON-894805083-project-admin] Calling method '_delete' {{(pid=100832) _process_stack /opt/stack/cinder/cinder/api/openstack/wsgi.py:856}}
Aug 27 03:12:37.494223 dv-cinder-805887-5-iscsi devstack@c-api.service[100833]: INFO cinder.api.openstack.wsgi [None req-80c74741-ec8e-44df-a953-630d91fd0119 tempest-VolumesListAdminTestJSON-1043209092 tempest-VolumesListAdminTestJSON-1043209092-project] http://10.222.0.30/volume/v3/03387fc297514606a6beb1bc186660c0/volumes/8e58aec7-658c-4fcc-a739-6a216db74528 returned with HTTP 200
Aug 27 03:12:37.506445 dv-cinder-805887-5-iscsi devstack@c-api.service[100833]: [pid: 100833|app: 0|req: 63/130] 10.222.0.30 () {58 vars in 1325 bytes} [Fri Aug 27 03:12:37 2021] GET /volume/v3/03387fc297514606a6beb1bc186660c0/volumes/8e58aec7-658c-4fcc-a739-6a216db74528 => generated 917 bytes in 124 msecs (HTTP/1.1 200) 7 headers in 285 bytes (1 switches on core 0)
Aug 27 03:12:37.511472 dv-cinder-805887-5-iscsi devstack@c-api.service[100833]: INFO cinder.api.openstack.wsgi [None req-8ba4ee40-c9fb-4da8-b27e-98e7f4da94c7 tempest-VolumesListAdminTestJSON-1043209092 tempest-VolumesListAdminTestJSON-1043209092-project] POST http://10.222.0.30/volume/v3/03387fc297514606a6beb1bc186660c0/volumes
Aug 27 03:12:37.511862 dv-cinder-805887-5-iscsi devstack@c-api.service[100833]: /usr/local/lib/python3.8/dist-packages/webob/acceptparse.py:1047: DeprecationWarning: The behavior of AcceptValidHeader.best_match is currently being maintained for backward compatibility, but it will be deprecated in the future, as it does not conform to the RFC.
Aug 27 03:12:37.511862 dv-cinder-805887-5-iscsi devstack@c-api.service[100833]: warnings.warn(
Aug 27 03:12:37.512651 dv-cinder-805887-5-iscsi devstack@c-api.service[100833]: DEBUG cinder.api.openstack.wsgi [None req-8ba4ee40-c9fb-4da8-b27e-98e7f4da94c7 tempest-VolumesListAdminTestJSON-1043209092 tempest-VolumesListAdminTestJSON-1043209092-project] Action: 'create', calling method: create, body: {"volume": {"size": 1, "name": "tempest-VolumesListAdminTestJSON-Volume-177669499"}} {{(pid=100833) _process_stack /opt/stack/cinder/cinder/api/openstack/wsgi.py:854}}
Aug 27 03:12:37.514020 dv-cinder-805887-5-iscsi devstack@c-api.service[100833]: DEBUG cinder.api.v3.volumes [None req-8ba4ee40-c9fb-4da8-b27e-98e7f4da94c7 tempest-VolumesListAdminTestJSON-1043209092 tempest-VolumesListAdminTestJSON-1043209092-project] Create volume request body: {'volume': {'size': 1, 'name': 'tempest-VolumesListAdminTestJSON-Volume-177669499'}} {{(pid=100833) create /opt/stack/cinder/cinder/api/v3/volumes.py:290}}
Aug 27 03:12:37.514326 dv-cinder-805887-5-iscsi devstack@c-api.service[100833]: INFO cinder.api.v3.volumes [None req-8ba4ee40-c9fb-4da8-b27e-98e7f4da94c7 tempest-VolumesListAdminTestJSON-1043209092 tempest-VolumesListAdminTestJSON-1043209092-project] Create volume of 1 GB
Aug 27 03:12:37.535421 dv-cinder-805887-5-iscsi devstack@c-api.service[100833]: INFO cinder.volume.api [None req-8ba4ee40-c9fb-4da8-b27e-98e7f4da94c7 tempest-VolumesListAdminTestJSON-1043209092 tempest-VolumesListAdminTestJSON-1043209092-project] Availability Zones retrieved successfully.
Aug 27 03:12:37.588390 dv-cinder-805887-5-iscsi devstack@c-api.service[100833]: DEBUG cinder.volume.api [None req-8ba4ee40-c9fb-4da8-b27e-98e7f4da94c7 tempest-VolumesListAdminTestJSON-1043209092 tempest-VolumesListAdminTestJSON-1043209092-project] Flow 'volume_create_api' (f7260e67-7608-4f8c-aec0-435de6deee6f) transitioned into state 'RUNNING' from state 'PENDING' {{(pid=100833) _flow_receiver /usr/local/lib/python3.8/dist-packages/taskflow/listeners/logging.py:141}}
Aug 27 03:12:37.597954 dv-cinder-805887-5-iscsi devstack@c-api.service[100833]: DEBUG cinder.volume.api [None req-8ba4ee40-c9fb-4da8-b27e-98e7f4da94c7 tempest-VolumesListAdminTestJSON-1043209092 tempest-VolumesListAdminTestJSON-1043209092-project] Task 'cinder.volume.flows.api.create_volume.ExtractVolumeRequestTask;volume:create' (2a3f0f30-d494-4657-88af-47724467171f) transitioned into state 'RUNNING' from state 'PENDING' {{(pid=100833) _task_receiver /usr/local/lib/python3.8/dist-packages/taskflow/listeners/logging.py:190}}
Aug 27 03:12:37.604610 dv-cinder-805887-5-iscsi devstack@c-api.service[100833]: DEBUG cinder.volume.flows.api.create_volume [None req-8ba4ee40-c9fb-4da8-b27e-98e7f4da94c7 tempest-VolumesListAdminTestJSON-1043209092 tempest-VolumesListAdminTestJSON-1043209092-project] Validating volume size '1' using validate_int {{(pid=100833) _extract_size /opt/stack/cinder/cinder/volume/flows/api/create_volume.py:225}}
Aug 27 03:12:37.633292 dv-cinder-805887-5-iscsi devstack@c-api.service[100832]: INFO cinder.api.openstack.wsgi [None req-3ed7e9ca-f915-44a9-b8ef-5ed6b0a49e5d tempest-QosSpecsTestJSON-894805083 tempest-QosSpecsTestJSON-894805083-project-admin] http://10.222.0.30/volume/v3/daf4292ec8d04beda05ed6f541501f77/types/fcb44f96-41e4-4b53-8a1c-6f10903344d5 returned with HTTP 202
Aug 27 03:12:37.634070 dv-cinder-805887-5-iscsi devstack@c-api.service[100832]: [pid: 100832|app: 0|req: 68/131] 10.222.0.30 () {58 vars in 1322 bytes} [Fri Aug 27 03:12:37 2021] DELETE /volume/v3/daf4292ec8d04beda05ed6f541501f77/types/fcb44f96-41e4-4b53-8a1c-6f10903344d5 => generated 0 bytes in 171 msecs (HTTP/1.1 202) 6 headers in 233 bytes (1 switches on core 0)
Aug 27 03:12:37.703293 dv-cinder-805887-5-iscsi devstack@c-api.service[100833]: DEBUG cinder.volume.api [None req-8ba4ee40-c9fb-4da8-b27e-98e7f4da94c7 tempest-VolumesListAdminTestJSON-1043209092 tempest-VolumesListAdminTestJSON-1043209092-project] Task 'cinder.volume.flows.api.create_volume.ExtractVolumeRequestTask;volume:create' (2a3f0f30-d494-4657-88af-47724467171f) transitioned into state 'SUCCESS' from state 'RUNNING' with result '{'size': 1, 'snapshot_id': None, 'source_volid': None, 'volume_type': VolumeType(created_at=2021-08-27T03:02:35Z,deleted=False,deleted_at=None,description='Default Volume Type',extra_specs={},id=39aa1e12-2b48-4dd6-a583-5b6df2a7bef0,is_public=True,name='__DEFAULT__',projects=[],qos_specs=,qos_specs_id=None,updated_at=2021-08-27T03:02:35Z), 'volume_type_id': '39aa1e12-2b48-4dd6-a583-5b6df2a7bef0', 'encryption_key_id': None, 'qos_specs': None, 'consistencygroup_id': None, 'cgsnapshot_id': None, 'group_id': None, 'replication_status': 'disabled', 'refresh_az': False, 'backup_id': None, 'multiattach': False, 'availability_zones': ['nova']}' {{(pid=100833) _task_receiver /usr/local/lib/python3.8/dist-packages/taskflow/listeners/logging.py:178}}
Aug 27 03:12:37.706511 dv-cinder-805887-5-iscsi devstack@c-api.service[100833]: DEBUG cinder.volume.api [None req-8ba4ee40-c9fb-4da8-b27e-98e7f4da94c7 tempest-VolumesListAdminTestJSON-1043209092 tempest-VolumesListAdminTestJSON-1043209092-project] Task 'cinder.volume.flows.api.create_volume.QuotaReserveTask;volume:create' (f4190b69-3c5b-426f-882e-f344a1d7d1ce) transitioned into state 'RUNNING' from state 'PENDING' {{(pid=100833) _task_receiver /usr/local/lib/python3.8/dist-packages/taskflow/listeners/logging.py:190}}
Aug 27 03:12:37.803389 dv-cinder-805887-5-iscsi devstack@c-api.service[100833]: DEBUG cinder.quota [None req-8ba4ee40-c9fb-4da8-b27e-98e7f4da94c7 tempest-VolumesListAdminTestJSON-1043209092 tempest-VolumesListAdminTestJSON-1043209092-project] Created reservations ['69d2280a-1193-45e0-98f6-9656904edc89', '7581e4ef-4228-43c7-bde6-faee438747aa', '3b074f85-d3fc-47b1-8cc8-fe6d1979f85b', 'faa3aa0f-b029-4c7e-8d43-45d8e61c2772'] {{(pid=100833) reserve /opt/stack/cinder/cinder/quota.py:755}}
Aug 27 03:12:37.805140 dv-cinder-805887-5-iscsi devstack@c-api.service[100833]: DEBUG cinder.volume.api [None req-8ba4ee40-c9fb-4da8-b27e-98e7f4da94c7 tempest-VolumesListAdminTestJSON-1043209092 tempest-VolumesListAdminTestJSON-1043209092-project] Task 'cinder.volume.flows.api.create_volume.QuotaReserveTask;volume:create' (f4190b69-3c5b-426f-882e-f344a1d7d1ce) transitioned into state 'SUCCESS' from state 'RUNNING' with result '{'reservations': ['69d2280a-1193-45e0-98f6-9656904edc89', '7581e4ef-4228-43c7-bde6-faee438747aa', '3b074f85-d3fc-47b1-8cc8-fe6d1979f85b', 'faa3aa0f-b029-4c7e-8d43-45d8e61c2772']}' {{(pid=100833) _task_receiver /usr/local/lib/python3.8/dist-packages/taskflow/listeners/logging.py:178}}
Aug 27 03:12:37.807115 dv-cinder-805887-5-iscsi devstack@c-api.service[100833]: DEBUG cinder.volume.api [None req-8ba4ee40-c9fb-4da8-b27e-98e7f4da94c7 tempest-VolumesListAdminTestJSON-1043209092 tempest-VolumesListAdminTestJSON-1043209092-project] Task 'cinder.volume.flows.api.create_volume.EntryCreateTask;volume:create' (00b5d0dc-7dd5-4515-8710-5d79899866ee) transitioned into state 'RUNNING' from state 'PENDING' {{(pid=100833) _task_receiver /usr/local/lib/python3.8/dist-packages/taskflow/listeners/logging.py:190}}
Aug 27 03:12:37.851028 dv-cinder-805887-5-iscsi devstack@c-api.service[100833]: DEBUG cinder.volume.api [None req-8ba4ee40-c9fb-4da8-b27e-98e7f4da94c7 tempest-VolumesListAdminTestJSON-1043209092 tempest-VolumesListAdminTestJSON-1043209092-project] Task 'cinder.volume.flows.api.create_volume.EntryCreateTask;volume:create' (00b5d0dc-7dd5-4515-8710-5d79899866ee) transitioned into state 'SUCCESS' from state 'RUNNING' with result '{'volume_id': '89f81694-09b0-4a4b-b6cc-5f09932603b7', 'volume_properties': VolumeProperties(attach_status='detached',availability_zone='nova',cgsnapshot_id=None,consistencygroup_id=None,display_description=None,display_name='tempest-VolumesListAdminTestJSON-Volume-177669499',encryption_key_id=None,group_id=None,group_type_id=,metadata={},multiattach=False,project_id='03387fc297514606a6beb1bc186660c0',qos_specs=None,replication_status=,reservations=['69d2280a-1193-45e0-98f6-9656904edc89','7581e4ef-4228-43c7-bde6-faee438747aa','3b074f85-d3fc-47b1-8cc8-fe6d1979f85b','faa3aa0f-b029-4c7e-8d43-45d8e61c2772'],size=1,snapshot_id=None,source_replicaid=,source_volid=None,status='creating',user_id='a8de0559f23e476e94eba3d5b220b8b7',volume_type_id=39aa1e12-2b48-4dd6-a583-5b6df2a7bef0), 'volume': Volume(_name_id=None,admin_metadata=,attach_status='detached',availability_zone='nova',bootable=False,cluster=,cluster_name=None,consistencygroup=,consistencygroup_id=None,created_at=2021-08-27T03:12:37Z,deleted=False,deleted_at=None,display_description=None,display_name='tempest-VolumesListAdminTestJSON-Volume-177669499',ec2_id=None,encryption_key_id=None,glance_metadata=,group=,group_id=None,host=None,id=89f81694-09b0-4a4b-b6cc-5f09932603b7,launched_at=None,metadata={},migration_status=None,multiattach=False,previous_status=None,project_id='03387fc297514606a6beb1bc186660c0',provider_auth=None,provider_geometry=None,provider_id=None,provider_location=None,replication_driver_data=None,replication_extended_status=None,replication_status=None,scheduled_at=None,service_uuid=None,shared_targets=True,size=1,snapshot_id=None,snapshots=,source_volid=None,status='creating',terminated_at=None,updated_at=None,user_id='a8de0559f23e476e94eba3d5b220b8b7',volume_attachment=,volume_type=VolumeType(39aa1e12-2b48-4dd6-a583-5b6df2a7bef0),volume_type_id=39aa1e12-2b48-4dd6-a583-5b6df2a7bef0)}' {{(pid=100833) _task_receiver /usr/local/lib/python3.8/dist-packages/taskflow/listeners/logging.py:178}}
Aug 27 03:12:37.852963 dv-cinder-805887-5-iscsi devstack@c-api.service[100833]: DEBUG cinder.volume.api [None req-8ba4ee40-c9fb-4da8-b27e-98e7f4da94c7 tempest-VolumesListAdminTestJSON-1043209092 tempest-VolumesListAdminTestJSON-1043209092-project] Task 'cinder.volume.flows.api.create_volume.QuotaCommitTask;volume:create' (e4b71e52-a926-4c67-8e7e-fa1ae7de7bba) transitioned into state 'RUNNING' from state 'PENDING' {{(pid=100833) _task_receiver /usr/local/lib/python3.8/dist-packages/taskflow/listeners/logging.py:190}}
Aug 27 03:12:37.892357 dv-cinder-805887-5-iscsi devstack@c-api.service[100833]: DEBUG cinder.volume.api [None req-8ba4ee40-c9fb-4da8-b27e-98e7f4da94c7 tempest-VolumesListAdminTestJSON-1043209092 tempest-VolumesListAdminTestJSON-1043209092-project] Task 'cinder.volume.flows.api.create_volume.QuotaCommitTask;volume:create' (e4b71e52-a926-4c67-8e7e-fa1ae7de7bba) transitioned into state 'SUCCESS' from state 'RUNNING' with result '{'volume_properties': VolumeProperties(attach_status='detached',availability_zone='nova',cgsnapshot_id=None,consistencygroup_id=None,display_description=None,display_name='tempest-VolumesListAdminTestJSON-Volume-177669499',encryption_key_id=None,group_id=None,group_type_id=,metadata={},multiattach=False,project_id='03387fc297514606a6beb1bc186660c0',qos_specs=None,replication_status=,reservations=['69d2280a-1193-45e0-98f6-9656904edc89','7581e4ef-4228-43c7-bde6-faee438747aa','3b074f85-d3fc-47b1-8cc8-fe6d1979f85b','faa3aa0f-b029-4c7e-8d43-45d8e61c2772'],size=1,snapshot_id=None,source_replicaid=,source_volid=None,status='creating',user_id='a8de0559f23e476e94eba3d5b220b8b7',volume_type_id=39aa1e12-2b48-4dd6-a583-5b6df2a7bef0)}' {{(pid=100833) _task_receiver /usr/local/lib/python3.8/dist-packages/taskflow/listeners/logging.py:178}}
Aug 27 03:12:37.896100 dv-cinder-805887-5-iscsi devstack@c-api.service[100833]: DEBUG cinder.volume.api [None req-8ba4ee40-c9fb-4da8-b27e-98e7f4da94c7 tempest-VolumesListAdminTestJSON-1043209092 tempest-VolumesListAdminTestJSON-1043209092-project] Task 'cinder.volume.flows.api.create_volume.VolumeCastTask;volume:create' (c53f1e6b-115d-4437-8115-bbb508bc7dbb) transitioned into state 'RUNNING' from state 'PENDING' {{(pid=100833) _task_receiver /usr/local/lib/python3.8/dist-packages/taskflow/listeners/logging.py:190}}
Aug 27 03:12:37.937188 dv-cinder-805887-5-iscsi devstack@c-api.service[100833]: DEBUG cinder.volume.api [None req-8ba4ee40-c9fb-4da8-b27e-98e7f4da94c7 tempest-VolumesListAdminTestJSON-1043209092 tempest-VolumesListAdminTestJSON-1043209092-project] Task 'cinder.volume.flows.api.create_volume.VolumeCastTask;volume:create' (c53f1e6b-115d-4437-8115-bbb508bc7dbb) transitioned into state 'SUCCESS' from state 'RUNNING' with result 'None' {{(pid=100833) _task_receiver /usr/local/lib/python3.8/dist-packages/taskflow/listeners/logging.py:178}}
Aug 27 03:12:37.940521 dv-cinder-805887-5-iscsi devstack@c-api.service[100833]: DEBUG cinder.volume.api [None req-8ba4ee40-c9fb-4da8-b27e-98e7f4da94c7 tempest-VolumesListAdminTestJSON-1043209092 tempest-VolumesListAdminTestJSON-1043209092-project] Flow 'volume_create_api' (f7260e67-7608-4f8c-aec0-435de6deee6f) transitioned into state 'SUCCESS' from state 'RUNNING' {{(pid=100833) _flow_receiver /usr/local/lib/python3.8/dist-packages/taskflow/listeners/logging.py:141}}
Aug 27 03:12:37.943439 dv-cinder-805887-5-iscsi devstack@c-api.service[100833]: INFO cinder.volume.api [None req-8ba4ee40-c9fb-4da8-b27e-98e7f4da94c7 tempest-VolumesListAdminTestJSON-1043209092 tempest-VolumesListAdminTestJSON-1043209092-project] Create volume request issued successfully.
Aug 27 03:12:37.958356 dv-cinder-805887-5-iscsi devstack@c-api.service[100833]: INFO cinder.api.openstack.wsgi [None req-8ba4ee40-c9fb-4da8-b27e-98e7f4da94c7 tempest-VolumesListAdminTestJSON-1043209092 tempest-VolumesListAdminTestJSON-1043209092-project] http://10.222.0.30/volume/v3/03387fc297514606a6beb1bc186660c0/volumes returned with HTTP 202
Aug 27 03:12:37.959868 dv-cinder-805887-5-iscsi devstack@c-api.service[100833]: [pid: 100833|app: 0|req: 64/132] 10.222.0.30 () {60 vars in 1235 bytes} [Fri Aug 27 03:12:37 2021] POST /volume/v3/03387fc297514606a6beb1bc186660c0/volumes => generated 823 bytes in 452 msecs (HTTP/1.1 202) 7 headers in 291 bytes (2 switches on core 0)
Aug 27 03:12:37.968291 dv-cinder-805887-5-iscsi devstack@c-api.service[100833]: INFO cinder.api.openstack.wsgi [None req-a19baaec-5357-443b-83b4-d145dd719d49 tempest-QosSpecsTestJSON-894805083 tempest-QosSpecsTestJSON-894805083-project-admin] GET http://10.222.0.30/volume/v3/daf4292ec8d04beda05ed6f541501f77/types/fcb44f96-41e4-4b53-8a1c-6f10903344d5
Aug 27 03:12:37.975264 dv-cinder-805887-5-iscsi devstack@c-api.service[100833]: DEBUG cinder.api.openstack.wsgi [None req-a19baaec-5357-443b-83b4-d145dd719d49 tempest-QosSpecsTestJSON-894805083 tempest-QosSpecsTestJSON-894805083-project-admin] Empty body provided in request {{(pid=100833) get_body /opt/stack/cinder/cinder/api/openstack/wsgi.py:703}}
Aug 27 03:12:37.975534 dv-cinder-805887-5-iscsi devstack@c-api.service[100833]: /usr/local/lib/python3.8/dist-packages/webob/acceptparse.py:1047: DeprecationWarning: The behavior of AcceptValidHeader.best_match is currently being maintained for backward compatibility, but it will be deprecated in the future, as it does not conform to the RFC.
Aug 27 03:12:37.975534 dv-cinder-805887-5-iscsi devstack@c-api.service[100833]: warnings.warn(
Aug 27 03:12:37.976338 dv-cinder-805887-5-iscsi devstack@c-api.service[100833]: DEBUG cinder.api.openstack.wsgi [None req-a19baaec-5357-443b-83b4-d145dd719d49 tempest-QosSpecsTestJSON-894805083 tempest-QosSpecsTestJSON-894805083-project-admin] Calling method 'show' {{(pid=100833) _process_stack /opt/stack/cinder/cinder/api/openstack/wsgi.py:856}}
Aug 27 03:12:37.986846 dv-cinder-805887-5-iscsi devstack@c-api.service[100833]: INFO cinder.api.openstack.wsgi [None req-a19baaec-5357-443b-83b4-d145dd719d49 tempest-QosSpecsTestJSON-894805083 tempest-QosSpecsTestJSON-894805083-project-admin] http://10.222.0.30/volume/v3/daf4292ec8d04beda05ed6f541501f77/types/fcb44f96-41e4-4b53-8a1c-6f10903344d5 returned with HTTP 404
Aug 27 03:12:37.987831 dv-cinder-805887-5-iscsi devstack@c-api.service[100833]: [pid: 100833|app: 0|req: 65/133] 10.222.0.30 () {58 vars in 1319 bytes} [Fri Aug 27 03:12:37 2021] GET /volume/v3/daf4292ec8d04beda05ed6f541501f77/types/fcb44f96-41e4-4b53-8a1c-6f10903344d5 => generated 114 bytes in 27 msecs (HTTP/1.1 404) 7 headers in 292 bytes (1 switches on core 0)
Aug 27 03:12:38.002765 dv-cinder-805887-5-iscsi devstack@c-api.service[100832]: INFO cinder.api.openstack.wsgi [None req-81486c56-8877-4414-bee5-a32164eb2eac tempest-ExtensionsTestJSON-587504668 tempest-ExtensionsTestJSON-587504668-project] GET http://10.222.0.30/volume/v3/6077774f99bc49258544fdfff5562ca8/extensions
Aug 27 03:12:38.003306 dv-cinder-805887-5-iscsi devstack@c-api.service[100832]: DEBUG cinder.api.openstack.wsgi [None req-81486c56-8877-4414-bee5-a32164eb2eac tempest-ExtensionsTestJSON-587504668 tempest-ExtensionsTestJSON-587504668-project] Empty body provided in request {{(pid=100832) get_body /opt/stack/cinder/cinder/api/openstack/wsgi.py:703}}
Aug 27 03:12:38.004483 dv-cinder-805887-5-iscsi devstack@c-api.service[100832]: DEBUG cinder.api.openstack.wsgi [None req-81486c56-8877-4414-bee5-a32164eb2eac tempest-ExtensionsTestJSON-587504668 tempest-ExtensionsTestJSON-587504668-project] Calling method 'index' {{(pid=100832) _process_stack /opt/stack/cinder/cinder/api/openstack/wsgi.py:856}}
Aug 27 03:12:38.005219 dv-cinder-805887-5-iscsi devstack@c-api.service[100832]: INFO cinder.api.openstack.wsgi [None req-81486c56-8877-4414-bee5-a32164eb2eac tempest-ExtensionsTestJSON-587504668 tempest-ExtensionsTestJSON-587504668-project] http://10.222.0.30/volume/v3/6077774f99bc49258544fdfff5562ca8/extensions returned with HTTP 200
Aug 27 03:12:38.017511 dv-cinder-805887-5-iscsi devstack@c-api.service[100832]: [pid: 100832|app: 0|req: 69/134] 10.222.0.30 () {58 vars in 1223 bytes} [Fri Aug 27 03:12:37 2021] GET /volume/v3/6077774f99bc49258544fdfff5562ca8/extensions => generated 5245 bytes in 371 msecs (HTTP/1.1 200) 7 headers in 286 bytes (1 switches on core 0)
Aug 27 03:12:38.017511 dv-cinder-805887-5-iscsi devstack@c-api.service[100832]: INFO cinder.api.openstack.wsgi [None req-902fb51b-2f5f-4288-a6c9-248dbaa2e24a tempest-VolumesListAdminTestJSON-1043209092 tempest-VolumesListAdminTestJSON-1043209092-project] GET http://10.222.0.30/volume/v3/03387fc297514606a6beb1bc186660c0/volumes/89f81694-09b0-4a4b-b6cc-5f09932603b7
Aug 27 03:12:38.017511 dv-cinder-805887-5-iscsi devstack@c-api.service[100832]: DEBUG cinder.api.openstack.wsgi [None req-902fb51b-2f5f-4288-a6c9-248dbaa2e24a tempest-VolumesListAdminTestJSON-1043209092 tempest-VolumesListAdminTestJSON-1043209092-project] Empty body provided in request {{(pid=100832) get_body /opt/stack/cinder/cinder/api/openstack/wsgi.py:703}}
Aug 27 03:12:38.025382 dv-cinder-805887-5-iscsi devstack@c-api.service[100832]: DEBUG cinder.api.openstack.wsgi [None req-902fb51b-2f5f-4288-a6c9-248dbaa2e24a tempest-VolumesListAdminTestJSON-1043209092 tempest-VolumesListAdminTestJSON-1043209092-project] Calling method 'show' {{(pid=100832) _process_stack /opt/stack/cinder/cinder/api/openstack/wsgi.py:856}}
Aug 27 03:12:38.054618 dv-cinder-805887-5-iscsi devstack@c-api.service[100832]: /usr/local/lib/python3.8/dist-packages/oslo_context/context.py:105: DeprecationWarning: Policy enforcement is depending on the value of is_admin. This key is deprecated. Please update your policy file to use the standard policy values.
Aug 27 03:12:38.054618 dv-cinder-805887-5-iscsi devstack@c-api.service[100832]: warnings.warn('Policy enforcement is depending on the value of '
Aug 27 03:12:38.075039 dv-cinder-805887-5-iscsi devstack@c-api.service[100832]: INFO cinder.volume.api [None req-902fb51b-2f5f-4288-a6c9-248dbaa2e24a tempest-VolumesListAdminTestJSON-1043209092 tempest-VolumesListAdminTestJSON-1043209092-project] Volume info retrieved successfully.
Aug 27 03:12:38.139041 dv-cinder-805887-5-iscsi devstack@c-api.service[100832]: INFO cinder.api.openstack.wsgi [None req-902fb51b-2f5f-4288-a6c9-248dbaa2e24a tempest-VolumesListAdminTestJSON-1043209092 tempest-VolumesListAdminTestJSON-1043209092-project] http://10.222.0.30/volume/v3/03387fc297514606a6beb1bc186660c0/volumes/89f81694-09b0-4a4b-b6cc-5f09932603b7 returned with HTTP 200
Aug 27 03:12:38.140916 dv-cinder-805887-5-iscsi devstack@c-api.service[100833]: INFO cinder.api.openstack.wsgi [None req-988de019-af09-461e-8b2f-ddc9678103fb tempest-VolumeServicesNegativeTest-1965037226 tempest-VolumeServicesNegativeTest-1965037226-project-admin] GET http://10.222.0.30/volume/v3/9fa9b3c4b86c4d989578135523e7f441/os-services
Aug 27 03:12:38.142015 dv-cinder-805887-5-iscsi devstack@c-api.service[100833]: DEBUG cinder.api.openstack.wsgi [None req-988de019-af09-461e-8b2f-ddc9678103fb tempest-VolumeServicesNegativeTest-1965037226 tempest-VolumeServicesNegativeTest-1965037226-project-admin] Empty body provided in request {{(pid=100833) get_body /opt/stack/cinder/cinder/api/openstack/wsgi.py:703}}
Aug 27 03:12:38.142448 dv-cinder-805887-5-iscsi devstack@c-api.service[100833]: DEBUG cinder.api.openstack.wsgi [None req-988de019-af09-461e-8b2f-ddc9678103fb tempest-VolumeServicesNegativeTest-1965037226 tempest-VolumeServicesNegativeTest-1965037226-project-admin] Calling method 'index' {{(pid=100833) _process_stack /opt/stack/cinder/cinder/api/openstack/wsgi.py:856}}
Aug 27 03:12:38.143114 dv-cinder-805887-5-iscsi devstack@c-api.service[100832]: [pid: 100832|app: 0|req: 70/135] 10.222.0.30 () {58 vars in 1325 bytes} [Fri Aug 27 03:12:38 2021] GET /volume/v3/03387fc297514606a6beb1bc186660c0/volumes/89f81694-09b0-4a4b-b6cc-5f09932603b7 => generated 891 bytes in 136 msecs (HTTP/1.1 200) 7 headers in 285 bytes (1 switches on core 0)
Aug 27 03:12:38.154300 dv-cinder-805887-5-iscsi devstack@c-api.service[100833]: /usr/local/lib/python3.8/dist-packages/oslo_context/context.py:105: DeprecationWarning: Policy enforcement is depending on the value of is_admin. This key is deprecated. Please update your policy file to use the standard policy values.
Aug 27 03:12:38.154300 dv-cinder-805887-5-iscsi devstack@c-api.service[100833]: warnings.warn('Policy enforcement is depending on the value of '
Aug 27 03:12:38.162145 dv-cinder-805887-5-iscsi devstack@c-api.service[100833]: INFO cinder.api.openstack.wsgi [None req-988de019-af09-461e-8b2f-ddc9678103fb tempest-VolumeServicesNegativeTest-1965037226 tempest-VolumeServicesNegativeTest-1965037226-project-admin] http://10.222.0.30/volume/v3/9fa9b3c4b86c4d989578135523e7f441/os-services returned with HTTP 200
Aug 27 03:12:38.166763 dv-cinder-805887-5-iscsi devstack@c-api.service[100832]: INFO cinder.api.openstack.wsgi [None req-285f299e-1318-4105-971a-7cd316634500 tempest-QosSpecsTestJSON-894805083 tempest-QosSpecsTestJSON-894805083-project-admin] DELETE http://10.222.0.30/volume/v3/daf4292ec8d04beda05ed6f541501f77/qos-specs/f8a05560-1175-4403-b84b-870c3b9d2965?force=False
Aug 27 03:12:38.166925 dv-cinder-805887-5-iscsi devstack@c-api.service[100833]: [pid: 100833|app: 0|req: 66/136] 10.222.0.30 () {58 vars in 1226 bytes} [Fri Aug 27 03:12:37 2021] GET /volume/v3/9fa9b3c4b86c4d989578135523e7f441/os-services => generated 642 bytes in 175 msecs (HTTP/1.1 200) 7 headers in 285 bytes (1 switches on core 0)
Aug 27 03:12:38.167415 dv-cinder-805887-5-iscsi devstack@c-api.service[100832]: DEBUG cinder.api.openstack.wsgi [None req-285f299e-1318-4105-971a-7cd316634500 tempest-QosSpecsTestJSON-894805083 tempest-QosSpecsTestJSON-894805083-project-admin] Empty body provided in request {{(pid=100832) get_body /opt/stack/cinder/cinder/api/openstack/wsgi.py:703}}
Aug 27 03:12:38.167606 dv-cinder-805887-5-iscsi devstack@c-api.service[100832]: /usr/local/lib/python3.8/dist-packages/webob/acceptparse.py:1047: DeprecationWarning: The behavior of AcceptValidHeader.best_match is currently being maintained for backward compatibility, but it will be deprecated in the future, as it does not conform to the RFC.
Aug 27 03:12:38.167606 dv-cinder-805887-5-iscsi devstack@c-api.service[100832]: warnings.warn(
Aug 27 03:12:38.168049 dv-cinder-805887-5-iscsi devstack@c-api.service[100832]: DEBUG cinder.api.openstack.wsgi [None req-285f299e-1318-4105-971a-7cd316634500 tempest-QosSpecsTestJSON-894805083 tempest-QosSpecsTestJSON-894805083-project-admin] Calling method 'delete' {{(pid=100832) _process_stack /opt/stack/cinder/cinder/api/openstack/wsgi.py:856}}
Aug 27 03:12:38.170685 dv-cinder-805887-5-iscsi devstack@c-api.service[100832]: DEBUG cinder.api.contrib.qos_specs_manage [None req-285f299e-1318-4105-971a-7cd316634500 tempest-QosSpecsTestJSON-894805083 tempest-QosSpecsTestJSON-894805083-project-admin] Delete qos_spec: f8a05560-1175-4403-b84b-870c3b9d2965, force: False {{(pid=100832) delete /opt/stack/cinder/cinder/api/contrib/qos_specs_manage.py:168}}
Aug 27 03:12:38.177438 dv-cinder-805887-5-iscsi devstack@c-api.service[100833]: INFO cinder.api.openstack.wsgi [None req-c5f3d561-8fca-4e05-8f9a-ed9c064d02e3 tempest-VolumeServicesNegativeTest-1965037226 tempest-VolumeServicesNegativeTest-1965037226-project-admin] PUT http://10.222.0.30/volume/v3/9fa9b3c4b86c4d989578135523e7f441/os-services/disable-log-reason
Aug 27 03:12:38.178471 dv-cinder-805887-5-iscsi devstack@c-api.service[100833]: DEBUG cinder.api.openstack.wsgi [None req-c5f3d561-8fca-4e05-8f9a-ed9c064d02e3 tempest-VolumeServicesNegativeTest-1965037226 tempest-VolumeServicesNegativeTest-1965037226-project-admin] Action: 'update', calling method: update, body: {"host": "dv-cinder-805887-5-iscsi", "binary": "cinder-scheduler", "disabled_reason": null} {{(pid=100833) _process_stack /opt/stack/cinder/cinder/api/openstack/wsgi.py:854}}
Aug 27 03:12:38.181360 dv-cinder-805887-5-iscsi devstack@c-api.service[100833]: INFO cinder.api.openstack.wsgi [None req-c5f3d561-8fca-4e05-8f9a-ed9c064d02e3 tempest-VolumeServicesNegativeTest-1965037226 tempest-VolumeServicesNegativeTest-1965037226-project-admin] http://10.222.0.30/volume/v3/9fa9b3c4b86c4d989578135523e7f441/os-services/disable-log-reason returned with HTTP 400
Aug 27 03:12:38.183431 dv-cinder-805887-5-iscsi devstack@c-api.service[100833]: [pid: 100833|app: 0|req: 67/137] 10.222.0.30 () {60 vars in 1303 bytes} [Fri Aug 27 03:12:38 2021] PUT /volume/v3/9fa9b3c4b86c4d989578135523e7f441/os-services/disable-log-reason => generated 136 bytes in 12 msecs (HTTP/1.1 400) 7 headers in 294 bytes (2 switches on core 0)
Aug 27 03:12:38.196385 dv-cinder-805887-5-iscsi devstack@c-api.service[100833]: INFO cinder.api.openstack.wsgi [None req-7e781252-c70d-465e-a7da-70a5bb49c05b tempest-VolumeServicesNegativeTest-1965037226 tempest-VolumeServicesNegativeTest-1965037226-project-admin] PUT http://10.222.0.30/volume/v3/9fa9b3c4b86c4d989578135523e7f441/os-services/disable
Aug 27 03:12:38.197622 dv-cinder-805887-5-iscsi devstack@c-api.service[100833]: DEBUG cinder.api.openstack.wsgi [None req-7e781252-c70d-465e-a7da-70a5bb49c05b tempest-VolumeServicesNegativeTest-1965037226 tempest-VolumeServicesNegativeTest-1965037226-project-admin] Action: 'update', calling method: update, body: {"host": "dv-cinder-805887-5-iscsi", "binary": "invalid_binary"} {{(pid=100833) _process_stack /opt/stack/cinder/cinder/api/openstack/wsgi.py:854}}
Aug 27 03:12:38.212680 dv-cinder-805887-5-iscsi devstack@c-api.service[100833]: INFO cinder.api.openstack.wsgi [None req-7e781252-c70d-465e-a7da-70a5bb49c05b tempest-VolumeServicesNegativeTest-1965037226 tempest-VolumeServicesNegativeTest-1965037226-project-admin] http://10.222.0.30/volume/v3/9fa9b3c4b86c4d989578135523e7f441/os-services/disable returned with HTTP 404
Aug 27 03:12:38.214826 dv-cinder-805887-5-iscsi devstack@c-api.service[100833]: [pid: 100833|app: 0|req: 68/138] 10.222.0.30 () {60 vars in 1270 bytes} [Fri Aug 27 03:12:38 2021] PUT /volume/v3/9fa9b3c4b86c4d989578135523e7f441/os-services/disable => generated 121 bytes in 26 msecs (HTTP/1.1 404) 7 headers in 292 bytes (1 switches on core 0)
Aug 27 03:12:38.234273 dv-cinder-805887-5-iscsi devstack@c-api.service[100833]: INFO cinder.api.openstack.wsgi [None req-3305ff5e-8cd5-4c12-b12a-c54a589711e5 tempest-VolumeServicesNegativeTest-1965037226 tempest-VolumeServicesNegativeTest-1965037226-project-admin] PUT http://10.222.0.30/volume/v3/9fa9b3c4b86c4d989578135523e7f441/os-services/enable
Aug 27 03:12:38.235013 dv-cinder-805887-5-iscsi devstack@c-api.service[100833]: DEBUG cinder.api.openstack.wsgi [None req-3305ff5e-8cd5-4c12-b12a-c54a589711e5 tempest-VolumeServicesNegativeTest-1965037226 tempest-VolumeServicesNegativeTest-1965037226-project-admin] Action: 'update', calling method: update, body: {"host": "invalid_host", "binary": "cinder-scheduler"} {{(pid=100833) _process_stack /opt/stack/cinder/cinder/api/openstack/wsgi.py:854}}
Aug 27 03:12:38.243509 dv-cinder-805887-5-iscsi devstack@c-api.service[100832]: INFO cinder.api.openstack.wsgi [None req-285f299e-1318-4105-971a-7cd316634500 tempest-QosSpecsTestJSON-894805083 tempest-QosSpecsTestJSON-894805083-project-admin] http://10.222.0.30/volume/v3/daf4292ec8d04beda05ed6f541501f77/qos-specs/f8a05560-1175-4403-b84b-870c3b9d2965?force=False returned with HTTP 202
Aug 27 03:12:38.256868 dv-cinder-805887-5-iscsi devstack@c-api.service[100832]: [pid: 100832|app: 0|req: 71/139] 10.222.0.30 () {58 vars in 1357 bytes} [Fri Aug 27 03:12:38 2021] DELETE /volume/v3/daf4292ec8d04beda05ed6f541501f77/qos-specs/f8a05560-1175-4403-b84b-870c3b9d2965?force=False => generated 0 bytes in 113 msecs (HTTP/1.1 202) 6 headers in 233 bytes (1 switches on core 0)
Aug 27 03:12:38.268627 dv-cinder-805887-5-iscsi devstack@c-api.service[100833]: INFO cinder.api.openstack.wsgi [None req-3305ff5e-8cd5-4c12-b12a-c54a589711e5 tempest-VolumeServicesNegativeTest-1965037226 tempest-VolumeServicesNegativeTest-1965037226-project-admin] http://10.222.0.30/volume/v3/9fa9b3c4b86c4d989578135523e7f441/os-services/enable returned with HTTP 404
Aug 27 03:12:38.275998 dv-cinder-805887-5-iscsi devstack@c-api.service[100833]: [pid: 100833|app: 0|req: 69/140] 10.222.0.30 () {60 vars in 1267 bytes} [Fri Aug 27 03:12:38 2021] PUT /volume/v3/9fa9b3c4b86c4d989578135523e7f441/os-services/enable => generated 111 bytes in 48 msecs (HTTP/1.1 404) 7 headers in 292 bytes (1 switches on core 0)
Aug 27 03:12:38.276330 dv-cinder-805887-5-iscsi devstack@c-api.service[100832]: INFO cinder.api.openstack.wsgi [None req-8113c706-a59b-4bc4-9358-528bb6efdfb6 tempest-QosSpecsTestJSON-894805083 tempest-QosSpecsTestJSON-894805083-project-admin] GET http://10.222.0.30/volume/v3/daf4292ec8d04beda05ed6f541501f77/qos-specs/f8a05560-1175-4403-b84b-870c3b9d2965
Aug 27 03:12:38.276330 dv-cinder-805887-5-iscsi devstack@c-api.service[100832]: DEBUG cinder.api.openstack.wsgi [None req-8113c706-a59b-4bc4-9358-528bb6efdfb6 tempest-QosSpecsTestJSON-894805083 tempest-QosSpecsTestJSON-894805083-project-admin] Empty body provided in request {{(pid=100832) get_body /opt/stack/cinder/cinder/api/openstack/wsgi.py:703}}
Aug 27 03:12:38.276330 dv-cinder-805887-5-iscsi devstack@c-api.service[100832]: /usr/local/lib/python3.8/dist-packages/webob/acceptparse.py:1047: DeprecationWarning: The behavior of AcceptValidHeader.best_match is currently being maintained for backward compatibility, but it will be deprecated in the future, as it does not conform to the RFC.
Aug 27 03:12:38.276330 dv-cinder-805887-5-iscsi devstack@c-api.service[100832]: warnings.warn(
Aug 27 03:12:38.276330 dv-cinder-805887-5-iscsi devstack@c-api.service[100832]: DEBUG cinder.api.openstack.wsgi [None req-8113c706-a59b-4bc4-9358-528bb6efdfb6 tempest-QosSpecsTestJSON-894805083 tempest-QosSpecsTestJSON-894805083-project-admin] Calling method 'show' {{(pid=100832) _process_stack /opt/stack/cinder/cinder/api/openstack/wsgi.py:856}}
Aug 27 03:12:38.276330 dv-cinder-805887-5-iscsi devstack@c-api.service[100832]: /usr/local/lib/python3.8/dist-packages/oslo_context/context.py:105: DeprecationWarning: Policy enforcement is depending on the value of is_admin. This key is deprecated. Please update your policy file to use the standard policy values.
Aug 27 03:12:38.276330 dv-cinder-805887-5-iscsi devstack@c-api.service[100832]: warnings.warn('Policy enforcement is depending on the value of '
Aug 27 03:12:38.287520 dv-cinder-805887-5-iscsi devstack@c-api.service[100832]: INFO cinder.api.openstack.wsgi [None req-8113c706-a59b-4bc4-9358-528bb6efdfb6 tempest-QosSpecsTestJSON-894805083 tempest-QosSpecsTestJSON-894805083-project-admin] http://10.222.0.30/volume/v3/daf4292ec8d04beda05ed6f541501f77/qos-specs/f8a05560-1175-4403-b84b-870c3b9d2965 returned with HTTP 404
Aug 27 03:12:38.288460 dv-cinder-805887-5-iscsi devstack@c-api.service[100832]: [pid: 100832|app: 0|req: 72/141] 10.222.0.30 () {58 vars in 1331 bytes} [Fri Aug 27 03:12:38 2021] GET /volume/v3/daf4292ec8d04beda05ed6f541501f77/qos-specs/f8a05560-1175-4403-b84b-870c3b9d2965 => generated 100 bytes in 31 msecs (HTTP/1.1 404) 7 headers in 292 bytes (1 switches on core 0)
Aug 27 03:12:38.289530 dv-cinder-805887-5-iscsi devstack@c-api.service[100833]: INFO cinder.api.openstack.wsgi [None req-90690a28-41b4-494e-a3fe-6a463d7fe1d4 tempest-VolumeServicesNegativeTest-1965037226 tempest-VolumeServicesNegativeTest-1965037226-project-admin] PUT http://10.222.0.30/volume/v3/9fa9b3c4b86c4d989578135523e7f441/os-services/freeze
Aug 27 03:12:38.291284 dv-cinder-805887-5-iscsi devstack@c-api.service[100833]: DEBUG cinder.api.openstack.wsgi [None req-90690a28-41b4-494e-a3fe-6a463d7fe1d4 tempest-VolumeServicesNegativeTest-1965037226 tempest-VolumeServicesNegativeTest-1965037226-project-admin] Action: 'update', calling method: update, body: {"host": "invalid_host"} {{(pid=100833) _process_stack /opt/stack/cinder/cinder/api/openstack/wsgi.py:854}}
Aug 27 03:12:38.332580 dv-cinder-805887-5-iscsi devstack@c-api.service[100833]: INFO cinder.api.openstack.wsgi [None req-90690a28-41b4-494e-a3fe-6a463d7fe1d4 tempest-VolumeServicesNegativeTest-1965037226 tempest-VolumeServicesNegativeTest-1965037226-project-admin] http://10.222.0.30/volume/v3/9fa9b3c4b86c4d989578135523e7f441/os-services/freeze returned with HTTP 400
Aug 27 03:12:38.353324 dv-cinder-805887-5-iscsi devstack@c-api.service[100833]: [pid: 100833|app: 0|req: 70/142] 10.222.0.30 () {60 vars in 1267 bytes} [Fri Aug 27 03:12:38 2021] PUT /volume/v3/9fa9b3c4b86c4d989578135523e7f441/os-services/freeze => generated 83 bytes in 77 msecs (HTTP/1.1 400) 7 headers in 293 bytes (2 switches on core 0)
Aug 27 03:12:38.361664 dv-cinder-805887-5-iscsi devstack@c-api.service[100832]: INFO cinder.api.openstack.wsgi [None req-e5925735-fc72-4ff4-9b49-578f1fc2d894 tempest-VolumeServicesNegativeTest-1965037226 tempest-VolumeServicesNegativeTest-1965037226-project-admin] PUT http://10.222.0.30/volume/v3/9fa9b3c4b86c4d989578135523e7f441/os-services/thaw
Aug 27 03:12:38.362335 dv-cinder-805887-5-iscsi devstack@c-api.service[100832]: DEBUG cinder.api.openstack.wsgi [None req-e5925735-fc72-4ff4-9b49-578f1fc2d894 tempest-VolumeServicesNegativeTest-1965037226 tempest-VolumeServicesNegativeTest-1965037226-project-admin] Action: 'update', calling method: update, body: {"host": "invalid_host"} {{(pid=100832) _process_stack /opt/stack/cinder/cinder/api/openstack/wsgi.py:854}}
Aug 27 03:12:38.397211 dv-cinder-805887-5-iscsi devstack@c-api.service[100832]: INFO cinder.api.openstack.wsgi [None req-e5925735-fc72-4ff4-9b49-578f1fc2d894 tempest-VolumeServicesNegativeTest-1965037226 tempest-VolumeServicesNegativeTest-1965037226-project-admin] http://10.222.0.30/volume/v3/9fa9b3c4b86c4d989578135523e7f441/os-services/thaw returned with HTTP 400
