Aug 25 18:46:23.932475 dv-cinder-805887-3-iscsi neutron-server[100879]: INFO neutron.wsgi [req-fe51e602-f8d1-4b20-badb-69a3a8b2c42a req-2252502b-c44e-4177-8447-fc5d3d2c81c0 service neutron] 10.222.0.20 "GET /v2.0/ports?tenant_id=b64fe123edd24639a3cfa21a3a6658bf&device_id=277028ba-1c67-4fdb-9744-c40ec930b4a2 HTTP/1.1" status: 200 len: 1096 time: 0.2426665
Aug 25 18:46:23.936720 dv-cinder-805887-3-iscsi neutron-server[100879]: DEBUG neutron.notifiers.nova [req-8d44fba8-893d-4310-950a-b69033ab326e req-f3519d2e-c2ad-494f-aef9-4bfd4219dfaa service neutron] Ignoring state change previous_port_status: DOWN current_port_status: DOWN port_id 6d3c7e3c-d0e9-42c3-b407-53266922ac35 {{(pid=100879) record_port_status_changed /opt/stack/neutron/neutron/notifiers/nova.py:224}}
Aug 25 18:46:23.941144 dv-cinder-805887-3-iscsi neutron-server[100880]: DEBUG neutron_lib.callbacks.manager [None req-b6ed603b-1a23-49a8-b993-ee419152712f None None] Notify callbacks ['neutron.plugins.ml2.plugin.SecurityGroupDbMixin._ensure_default_security_group_handler-1639503'] for port, before_update {{(pid=100880) _notify_loop /usr/local/lib/python3.8/dist-packages/neutron_lib/callbacks/manager.py:192}}
Aug 25 18:46:23.945890 dv-cinder-805887-3-iscsi neutron-server[100879]: INFO neutron.wsgi [req-86aadaeb-0d11-4ea0-ae02-8ac9fa57145d req-bf6945e6-2f2d-41c8-805d-e14795e4657b tempest-AttachVolumeShelveTestJSON-1361563626 tempest-AttachVolumeShelveTestJSON-1361563626-project] 10.222.0.30 "GET /v2.0/security-groups?id=d7f0e258-327b-4868-afa1-7aad44ed7d1d&fields=id&fields=name HTTP/1.1" status: 200 len: 313 time: 0.2125444
Aug 25 18:46:23.949707 dv-cinder-805887-3-iscsi neutron-server[100879]: DEBUG neutron_lib.callbacks.manager [req-8d44fba8-893d-4310-950a-b69033ab326e req-f3519d2e-c2ad-494f-aef9-4bfd4219dfaa service neutron] Notify callbacks [] for port, precommit_update {{(pid=100879) _notify_loop /usr/local/lib/python3.8/dist-packages/neutron_lib/callbacks/manager.py:192}}
Aug 25 18:46:23.971937 dv-cinder-805887-3-iscsi neutron-server[100880]: DEBUG neutron.notifiers.nova [None req-b6ed603b-1a23-49a8-b993-ee419152712f None None] Ignoring state change previous_port_status: DOWN current_port_status: BUILD port_id bd851197-6bc3-4475-b91d-569b1fe76b45 {{(pid=100880) record_port_status_changed /opt/stack/neutron/neutron/notifiers/nova.py:224}}
Aug 25 18:46:23.984823 dv-cinder-805887-3-iscsi neutron-server[100878]: INFO neutron.wsgi [req-24cecd0f-fa97-49c4-979a-81143ea3ee7e req-cde55a63-4b19-469d-8d1c-63f8453251e3 tempest-DeleteServersTestJSON-242554216 tempest-DeleteServersTestJSON-242554216-project] 10.222.0.30 "GET /v2.0/security-groups?id=22d7436d-da42-4f29-909e-5139403b28a0&fields=id&fields=name HTTP/1.1" status: 200 len: 286 time: 0.2019196
Aug 25 18:46:23.995710 dv-cinder-805887-3-iscsi neutron-server[100879]: INFO neutron.wsgi [req-fe51e602-f8d1-4b20-badb-69a3a8b2c42a req-92342b4b-18ea-4917-b10b-0904cd7bbd9a service neutron] 10.222.0.20 "GET /v2.0/floatingips?fixed_ip_address=172.20.0.6&port_id=e7917ba6-9a24-4636-b98d-1ead139f58e6 HTTP/1.1" status: 200 len: 217 time: 0.0431714
Aug 25 18:46:24.002560 dv-cinder-805887-3-iscsi neutron-server[100879]: DEBUG neutron.db.provisioning_blocks [req-8d44fba8-893d-4310-950a-b69033ab326e req-f3519d2e-c2ad-494f-aef9-4bfd4219dfaa service neutron] Transition to ACTIVE for port object 6d3c7e3c-d0e9-42c3-b407-53266922ac35 will not be triggered until provisioned by entity L2. {{(pid=100879) add_provisioning_component /opt/stack/neutron/neutron/db/provisioning_blocks.py:73}}
Aug 25 18:46:24.030215 dv-cinder-805887-3-iscsi neutron-server[100880]: DEBUG neutron.plugins.ml2.db [None req-b6ed603b-1a23-49a8-b993-ee419152712f None None] For port bd851197-6bc3-4475-b91d-569b1fe76b45, host hv-cinder-80588, got binding levels [PortBindingLevel(driver='hyperv',host='hv-cinder-80588',level=0,port_id=bd851197-6bc3-4475-b91d-569b1fe76b45,segment=NetworkSegment(0afe50aa-4a6a-4cd6-931f-e5960b6681fd),segment_id=0afe50aa-4a6a-4cd6-931f-e5960b6681fd)] {{(pid=100880) get_binding_level_objs /opt/stack/neutron/neutron/plugins/ml2/db.py:74}}
Aug 25 18:46:24.037542 dv-cinder-805887-3-iscsi neutron-server[100880]: DEBUG neutron_lib.callbacks.manager [None req-b6ed603b-1a23-49a8-b993-ee419152712f None None] Notify callbacks ['neutron.plugins.ml2.plugin.SecurityGroupServerNotifierRpcMixin._notify_sg_on_port_change-1639424', 'neutron.plugins.ml2.ovo_rpc._ObjectChangeHandler.handle_event-232947', 'neutron.api.rpc.agentnotifiers.dhcp_rpc_agent_api.DhcpAgentNotifyAPI._native_event_send_dhcp_notification-617613', 'neutron.db.l3_db.L3RpcNotifierMixin._notify_gateway_port_ip_changed-8734055702321', 'neutron.db.l3_dvrscheduler_db._notify_l3_agent_port_update-8734055229974', 'neutron.db.l3_hascheduler_db._notify_l3_agent_ha_port_update-8734055229992'] for port, after_update {{(pid=100880) _notify_loop /usr/local/lib/python3.8/dist-packages/neutron_lib/callbacks/manager.py:192}}
Aug 25 18:46:24.062850 dv-cinder-805887-3-iscsi neutron-server[100879]: DEBUG novaclient.v2.client [-] RESP: [200] Connection: close Content-Length: 179 Content-Type: application/json Date: Wed, 25 Aug 2021 18:46:23 GMT OpenStack-API-Version: compute 2.1 Server: Apache/2.4.41 (Ubuntu) Vary: OpenStack-API-Version,X-OpenStack-Nova-API-Version X-OpenStack-Nova-API-Version: 2.1 x-compute-request-id: req-96653e01-3782-429b-82e8-00a87653d88c x-openstack-request-id: req-96653e01-3782-429b-82e8-00a87653d88c {{(pid=100879) _http_log_response /usr/local/lib/python3.8/dist-packages/keystoneauth1/session.py:550}}
Aug 25 18:46:24.063400 dv-cinder-805887-3-iscsi neutron-server[100879]: DEBUG novaclient.v2.client [-] RESP BODY: {"events": [{"name": "network-changed", "server_uuid": "277028ba-1c67-4fdb-9744-c40ec930b4a2", "tag": "e7917ba6-9a24-4636-b98d-1ead139f58e6", "status": "completed", "code": 200}]} {{(pid=100879) _http_log_response /usr/local/lib/python3.8/dist-packages/keystoneauth1/session.py:582}}
Aug 25 18:46:24.063910 dv-cinder-805887-3-iscsi neutron-server[100879]: DEBUG novaclient.v2.client [-] POST call to compute for http://10.222.0.30/compute/v2.1/os-server-external-events used request id req-96653e01-3782-429b-82e8-00a87653d88c {{(pid=100879) request /usr/local/lib/python3.8/dist-packages/keystoneauth1/session.py:954}}
Aug 25 18:46:24.064669 dv-cinder-805887-3-iscsi neutron-server[100879]: INFO neutron.notifiers.nova [-] Nova event response: {'name': 'network-changed', 'server_uuid': '277028ba-1c67-4fdb-9744-c40ec930b4a2', 'tag': 'e7917ba6-9a24-4636-b98d-1ead139f58e6', 'status': 'completed', 'code': 200}
Aug 25 18:46:24.070975 dv-cinder-805887-3-iscsi neutron-server[100879]: DEBUG neutron_lib.callbacks.manager [req-8d44fba8-893d-4310-950a-b69033ab326e req-f3519d2e-c2ad-494f-aef9-4bfd4219dfaa service neutron] Notify callbacks ['neutron.plugins.ml2.plugin.SecurityGroupServerNotifierRpcMixin._notify_sg_on_port_change-1639424', 'neutron.plugins.ml2.ovo_rpc._ObjectChangeHandler.handle_event-232947', 'neutron.api.rpc.agentnotifiers.dhcp_rpc_agent_api.DhcpAgentNotifyAPI._native_event_send_dhcp_notification-617613', 'neutron.db.l3_db.L3RpcNotifierMixin._notify_gateway_port_ip_changed-8734055702321', 'neutron.db.l3_dvrscheduler_db._notify_l3_agent_port_update-8734055229974', 'neutron.db.l3_hascheduler_db._notify_l3_agent_ha_port_update-8734055229992'] for port, after_update {{(pid=100879) _notify_loop /usr/local/lib/python3.8/dist-packages/neutron_lib/callbacks/manager.py:192}}
Aug 25 18:46:24.109470 dv-cinder-805887-3-iscsi neutron-server[100878]: DEBUG neutron_lib.callbacks.manager [None req-9e56ef07-fa69-4f92-a54a-5656f8905b26 admin admin] Notify callbacks [] for security_group, before_delete {{(pid=100878) _notify_loop /usr/local/lib/python3.8/dist-packages/neutron_lib/callbacks/manager.py:192}}
Aug 25 18:46:24.130499 dv-cinder-805887-3-iscsi neutron-server[100880]: DEBUG neutron.api.rpc.handlers.resources_rpc [None req-b6ed603b-1a23-49a8-b993-ee419152712f None None] Pushing event updated for resources: {'Port': ['ID=bd851197-6bc3-4475-b91d-569b1fe76b45,revision_number=4']} {{(pid=100880) push /opt/stack/neutron/neutron/api/rpc/handlers/resources_rpc.py:237}}
Aug 25 18:46:24.132972 dv-cinder-805887-3-iscsi neutron-server[100879]: DEBUG neutron.pecan_wsgi.hooks.policy_enforcement [req-fe51e602-f8d1-4b20-badb-69a3a8b2c42a req-db1c1cc3-cce9-4ed0-b0da-37622789c7db service neutron] Attributes excluded by policy engine: ['standard_attr_id', 'shared'] {{(pid=100879) _exclude_attributes_by_policy /opt/stack/neutron/neutron/pecan_wsgi/hooks/policy_enforcement.py:255}}
Aug 25 18:46:24.133968 dv-cinder-805887-3-iscsi neutron-server[100878]: DEBUG neutron_lib.callbacks.manager [None req-9e56ef07-fa69-4f92-a54a-5656f8905b26 admin admin] Notify callbacks [] for security_group, precommit_delete {{(pid=100878) _notify_loop /usr/local/lib/python3.8/dist-packages/neutron_lib/callbacks/manager.py:192}}
Aug 25 18:46:24.134734 dv-cinder-805887-3-iscsi neutron-server[100879]: INFO neutron.wsgi [req-fe51e602-f8d1-4b20-badb-69a3a8b2c42a req-db1c1cc3-cce9-4ed0-b0da-37622789c7db service neutron] 10.222.0.20 "GET /v2.0/subnets?id=55efe2b9-00da-41b7-bfdd-02dcb2d91381 HTTP/1.1" status: 200 len: 850 time: 0.1308236
Aug 25 18:46:24.182623 dv-cinder-805887-3-iscsi neutron-server[100879]: DEBUG neutron.api.rpc.handlers.resources_rpc [None req-f3519d2e-c2ad-494f-aef9-4bfd4219dfaa service neutron] Pushing event updated for resources: {'Port': ['ID=6d3c7e3c-d0e9-42c3-b407-53266922ac35,revision_number=2']} {{(pid=100879) push /opt/stack/neutron/neutron/api/rpc/handlers/resources_rpc.py:237}}
Aug 25 18:46:24.239292 dv-cinder-805887-3-iscsi neutron-server[100879]: DEBUG neutron.plugins.ml2.managers [req-8d44fba8-893d-4310-950a-b69033ab326e req-f3519d2e-c2ad-494f-aef9-4bfd4219dfaa service neutron] Attempting to bind port 6d3c7e3c-d0e9-42c3-b407-53266922ac35 on host hv-cinder-80588 for vnic_type normal with profile {{(pid=100879) bind_port /opt/stack/neutron/neutron/plugins/ml2/managers.py:790}}
Aug 25 18:46:24.239639 dv-cinder-805887-3-iscsi neutron-server[100879]: DEBUG neutron.plugins.ml2.managers [req-8d44fba8-893d-4310-950a-b69033ab326e req-f3519d2e-c2ad-494f-aef9-4bfd4219dfaa service neutron] Attempting to bind port 6d3c7e3c-d0e9-42c3-b407-53266922ac35 by drivers openvswitch,hyperv on host hv-cinder-80588 at level 0 using segments [{'id': '1384f20d-d31a-4fac-b728-a4115d3c2d1e', 'network_type': 'vlan', 'physical_network': 'physnet1', 'segmentation_id': 124, 'network_id': '9987f858-d867-48d4-bbab-d18f4ae7007b'}] {{(pid=100879) _bind_port_level /opt/stack/neutron/neutron/plugins/ml2/managers.py:815}}
Aug 25 18:46:24.240000 dv-cinder-805887-3-iscsi neutron-server[100879]: DEBUG neutron.plugins.ml2.drivers.mech_agent [req-8d44fba8-893d-4310-950a-b69033ab326e req-f3519d2e-c2ad-494f-aef9-4bfd4219dfaa service neutron] Attempting to bind port 6d3c7e3c-d0e9-42c3-b407-53266922ac35 on network 9987f858-d867-48d4-bbab-d18f4ae7007b {{(pid=100879) bind_port /opt/stack/neutron/neutron/plugins/ml2/drivers/mech_agent.py:85}}
Aug 25 18:46:24.251188 dv-cinder-805887-3-iscsi neutron-server[100879]: DEBUG neutron.pecan_wsgi.hooks.policy_enforcement [req-fe51e602-f8d1-4b20-badb-69a3a8b2c42a req-4c30d867-619d-47f4-88bb-8ff13982b54a service neutron] Attributes excluded by policy engine: ['standard_attr_id'] {{(pid=100879) _exclude_attributes_by_policy /opt/stack/neutron/neutron/pecan_wsgi/hooks/policy_enforcement.py:255}}
Aug 25 18:46:24.252776 dv-cinder-805887-3-iscsi neutron-server[100879]: INFO neutron.wsgi [req-fe51e602-f8d1-4b20-badb-69a3a8b2c42a req-4c30d867-619d-47f4-88bb-8ff13982b54a service neutron] 10.222.0.20 "GET /v2.0/ports?network_id=44bf6e57-9770-483f-9506-e3204eb48764&device_owner=network%3Adhcp HTTP/1.1" status: 200 len: 1175 time: 0.1024799
Aug 25 18:46:24.253522 dv-cinder-805887-3-iscsi neutron-server[100879]: DEBUG neutron.plugins.ml2.drivers.mech_agent [req-8d44fba8-893d-4310-950a-b69033ab326e req-f3519d2e-c2ad-494f-aef9-4bfd4219dfaa service neutron] Port 6d3c7e3c-d0e9-42c3-b407-53266922ac35 on network 9987f858-d867-48d4-bbab-d18f4ae7007b not bound, no agent of type Open vSwitch agent registered on host hv-cinder-80588 {{(pid=100879) bind_port /opt/stack/neutron/neutron/plugins/ml2/drivers/mech_agent.py:97}}
Aug 25 18:46:24.253847 dv-cinder-805887-3-iscsi neutron-server[100879]: DEBUG neutron.plugins.ml2.drivers.mech_agent [req-8d44fba8-893d-4310-950a-b69033ab326e req-f3519d2e-c2ad-494f-aef9-4bfd4219dfaa service neutron] Attempting to bind port 6d3c7e3c-d0e9-42c3-b407-53266922ac35 on network 9987f858-d867-48d4-bbab-d18f4ae7007b {{(pid=100879) bind_port /opt/stack/neutron/neutron/plugins/ml2/drivers/mech_agent.py:85}}
Aug 25 18:46:24.273351 dv-cinder-805887-3-iscsi neutron-server[100879]: DEBUG neutron.plugins.ml2.drivers.mech_agent [req-8d44fba8-893d-4310-950a-b69033ab326e req-f3519d2e-c2ad-494f-aef9-4bfd4219dfaa service neutron] Checking agent: {'id': '2ee3385f-5fad-40fd-89c5-b0bfceaa31dc', 'agent_type': 'HyperV agent', 'binary': 'neutron-hyperv-agent', 'topic': 'N/A', 'host': 'hv-cinder-80588', 'admin_state_up': True, 'created_at': datetime.datetime(2021, 8, 25, 18, 43, 55), 'started_at': datetime.datetime(2021, 8, 25, 18, 43, 55), 'heartbeat_timestamp': datetime.datetime(2021, 8, 25, 18, 45, 55), 'description': None, 'resources_synced': None, 'availability_zone': None, 'alive': True, 'configurations': {'vswitch_mappings': {'physnet1$': 'br-data'}}, 'resource_versions': {}} {{(pid=100879) bind_port /opt/stack/neutron/neutron/plugins/ml2/drivers/mech_agent.py:104}}
Aug 25 18:46:24.273709 dv-cinder-805887-3-iscsi neutron-server[100879]: DEBUG neutron.plugins.ml2.drivers.mech_agent [req-8d44fba8-893d-4310-950a-b69033ab326e req-f3519d2e-c2ad-494f-aef9-4bfd4219dfaa service neutron] Checking segment: {'id': '1384f20d-d31a-4fac-b728-a4115d3c2d1e', 'network_type': 'vlan', 'physical_network': 'physnet1', 'segmentation_id': 124, 'network_id': '9987f858-d867-48d4-bbab-d18f4ae7007b'} for mappings: {'physnet1$': 'br-data'} with network types: ['local', 'flat', 'vlan'] {{(pid=100879) check_segment_for_agent /opt/stack/neutron/neutron/plugins/ml2/drivers/mech_agent.py:352}}
Aug 25 18:46:24.274221 dv-cinder-805887-3-iscsi neutron-server[100879]: DEBUG neutron.plugins.ml2.drivers.mech_agent [req-8d44fba8-893d-4310-950a-b69033ab326e req-f3519d2e-c2ad-494f-aef9-4bfd4219dfaa service neutron] Bound using segment: {'id': '1384f20d-d31a-4fac-b728-a4115d3c2d1e', 'network_type': 'vlan', 'physical_network': 'physnet1', 'segmentation_id': 124, 'network_id': '9987f858-d867-48d4-bbab-d18f4ae7007b'} {{(pid=100879) bind_port /opt/stack/neutron/neutron/plugins/ml2/drivers/mech_agent.py:114}}
Aug 25 18:46:24.274772 dv-cinder-805887-3-iscsi neutron-server[100879]: DEBUG neutron.plugins.ml2.managers [req-8d44fba8-893d-4310-950a-b69033ab326e req-f3519d2e-c2ad-494f-aef9-4bfd4219dfaa service neutron] Bound port: 6d3c7e3c-d0e9-42c3-b407-53266922ac35, host: hv-cinder-80588, vif_type: hyperv, vif_details: {"connectivity": "legacy", "port_filter": false}, binding_levels: [{'bound_driver': 'hyperv', 'bound_segment': {'id': '1384f20d-d31a-4fac-b728-a4115d3c2d1e', 'network_type': 'vlan', 'physical_network': 'physnet1', 'segmentation_id': 124, 'network_id': '9987f858-d867-48d4-bbab-d18f4ae7007b'}}] {{(pid=100879) _bind_port_level /opt/stack/neutron/neutron/plugins/ml2/managers.py:928}}
Aug 25 18:46:24.275143 dv-cinder-805887-3-iscsi neutron-server[100879]: DEBUG neutron_lib.callbacks.manager [req-8d44fba8-893d-4310-950a-b69033ab326e req-f3519d2e-c2ad-494f-aef9-4bfd4219dfaa service neutron] Notify callbacks ['neutron.plugins.ml2.plugin.SecurityGroupDbMixin._ensure_default_security_group_handler-1639503'] for port, before_update {{(pid=100879) _notify_loop /usr/local/lib/python3.8/dist-packages/neutron_lib/callbacks/manager.py:192}}
Aug 25 18:46:24.308796 dv-cinder-805887-3-iscsi neutron-server[100878]: DEBUG neutron.pecan_wsgi.hooks.policy_enforcement [req-5269a3f6-7d16-4c00-908e-ad2560b4113d req-a967d8ac-9fed-4071-9852-29cf3b40d837 service neutron] Attributes excluded by policy engine: ['standard_attr_id', 'shared'] {{(pid=100878) _exclude_attributes_by_policy /opt/stack/neutron/neutron/pecan_wsgi/hooks/policy_enforcement.py:255}}
Aug 25 18:46:24.311072 dv-cinder-805887-3-iscsi neutron-server[100878]: INFO neutron.wsgi [req-5269a3f6-7d16-4c00-908e-ad2560b4113d req-a967d8ac-9fed-4071-9852-29cf3b40d837 service neutron] 10.222.0.20 "GET /v2.0/subnets?id=6c0351f7-2d3c-47da-a82e-957528c7976e HTTP/1.1" status: 200 len: 857 time: 0.2959743
Aug 25 18:46:24.382516 dv-cinder-805887-3-iscsi neutron-server[100878]: INFO neutron.wsgi [req-5269a3f6-7d16-4c00-908e-ad2560b4113d req-fcf8dfc6-3f35-4f8e-82ed-46e90845f44e service neutron] 10.222.0.20 "GET /v2.0/ports?network_id=3ded4026-195e-46c4-b6ec-c97bcfd50516&device_owner=network%3Adhcp HTTP/1.1" status: 200 len: 210 time: 0.0618758
Aug 25 18:46:24.400840 dv-cinder-805887-3-iscsi neutron-server[100878]: DEBUG neutron.notifiers.nova [-] Sending events: [{'name': 'network-changed', 'server_uuid': '3430a278-275f-4c3e-9c9d-3f4dc77e5297', 'tag': '0bddbe2d-7753-44b5-a84c-f7275ef8196a'}] {{(pid=100878) send_events /opt/stack/neutron/neutron/notifiers/nova.py:262}}
Aug 25 18:46:24.404825 dv-cinder-805887-3-iscsi neutron-server[100878]: DEBUG novaclient.v2.client [-] REQ: curl -g -i --cacert "/opt/stack/data/ca-bundle.pem" -X POST http://10.222.0.30/compute/v2.1/os-server-external-events -H "Accept: application/json" -H "Content-Type: application/json" -H "User-Agent: python-novaclient" -H "X-Auth-Token: {SHA256}c5ae648ee44cbdbca7b5f181e353d07e845ac1ac79f6b1d6902417e9538cb434" -H "X-OpenStack-Nova-API-Version: 2.1" -H "X-OpenStack-Request-ID: req-c4db4f1e-4020-4e1e-954d-767e644047b3" -d '{"events": [{"name": "network-changed", "server_uuid": "3430a278-275f-4c3e-9c9d-3f4dc77e5297", "tag": "0bddbe2d-7753-44b5-a84c-f7275ef8196a"}]}' {{(pid=100878) _http_log_request /usr/local/lib/python3.8/dist-packages/keystoneauth1/session.py:519}}
Aug 25 18:46:24.440537 dv-cinder-805887-3-iscsi neutron-server[100879]: INFO neutron.wsgi [req-fe51e602-f8d1-4b20-badb-69a3a8b2c42a req-32e1b49d-f20c-4b19-bc50-85956fbbb78e service neutron] 10.222.0.20 "GET /v2.0/networks/44bf6e57-9770-483f-9506-e3204eb48764?fields=segments HTTP/1.1" status: 200 len: 212 time: 0.1790233
Aug 25 18:46:24.450832 dv-cinder-805887-3-iscsi neutron-server[100878]: DEBUG neutron.pecan_wsgi.hooks.policy_enforcement [req-0b7fa152-9453-4e2c-9bea-b325fc6b84fb req-3d006b67-5130-403d-9d37-9ad6eb013952 service neutron] Attributes excluded by policy engine: ['standard_attr_id', 'vlan_transparent'] {{(pid=100878) _exclude_attributes_by_policy /opt/stack/neutron/neutron/pecan_wsgi/hooks/policy_enforcement.py:255}}
Aug 25 18:46:24.452431 dv-cinder-805887-3-iscsi neutron-server[100879]: DEBUG neutron.plugins.ml2.db [req-8d44fba8-893d-4310-950a-b69033ab326e req-f3519d2e-c2ad-494f-aef9-4bfd4219dfaa service neutron] For port 6d3c7e3c-d0e9-42c3-b407-53266922ac35, host hv-cinder-80588, cleared binding levels {{(pid=100879) clear_binding_levels /opt/stack/neutron/neutron/plugins/ml2/db.py:87}}
Aug 25 18:46:24.452652 dv-cinder-805887-3-iscsi neutron-server[100878]: INFO neutron.wsgi [req-0b7fa152-9453-4e2c-9bea-b325fc6b84fb req-3d006b67-5130-403d-9d37-9ad6eb013952 service neutron] 10.222.0.20 "GET /v2.0/networks?id=3ded4026-195e-46c4-b6ec-c97bcfd50516 HTTP/1.1" status: 200 len: 918 time: 0.5898452
Aug 25 18:46:24.464487 dv-cinder-805887-3-iscsi neutron-server[100879]: DEBUG neutron.plugins.ml2.db [req-8d44fba8-893d-4310-950a-b69033ab326e req-f3519d2e-c2ad-494f-aef9-4bfd4219dfaa service neutron] For port 6d3c7e3c-d0e9-42c3-b407-53266922ac35, host hv-cinder-80588, set binding levels [PortBindingLevel(driver='hyperv',host='hv-cinder-80588',level=0,port_id=6d3c7e3c-d0e9-42c3-b407-53266922ac35,segment=NetworkSegment(1384f20d-d31a-4fac-b728-a4115d3c2d1e),segment_id=1384f20d-d31a-4fac-b728-a4115d3c2d1e)] {{(pid=100879) set_binding_levels /opt/stack/neutron/neutron/plugins/ml2/db.py:59}}
Aug 25 18:46:24.489667 dv-cinder-805887-3-iscsi neutron-server[100878]: DEBUG neutron_lib.callbacks.manager [None req-9e56ef07-fa69-4f92-a54a-5656f8905b26 admin admin] Notify callbacks ['neutron.plugins.ml2.ovo_rpc._ObjectChangeHandler.handle_event-540385'] for security_group, after_delete {{(pid=100878) _notify_loop /usr/local/lib/python3.8/dist-packages/neutron_lib/callbacks/manager.py:192}}
Aug 25 18:46:24.492772 dv-cinder-805887-3-iscsi neutron-server[100878]: DEBUG neutron_lib.callbacks.manager [None req-9e56ef07-fa69-4f92-a54a-5656f8905b26 admin admin] Notify callbacks [] for security_group, before_response {{(pid=100878) _notify_loop /usr/local/lib/python3.8/dist-packages/neutron_lib/callbacks/manager.py:192}}
Aug 25 18:46:24.496418 dv-cinder-805887-3-iscsi neutron-server[100878]: INFO neutron.wsgi [None req-9e56ef07-fa69-4f92-a54a-5656f8905b26 admin admin] 10.222.0.30 "DELETE /v2.0/security-groups/d4066cb1-a3d6-474b-afc6-ef28cebbcdd9 HTTP/1.1" status: 204 len: 168 time: 0.5988207
Aug 25 18:46:24.541180 dv-cinder-805887-3-iscsi neutron-server[100879]: DEBUG neutron_lib.callbacks.manager [req-8d44fba8-893d-4310-950a-b69033ab326e req-f3519d2e-c2ad-494f-aef9-4bfd4219dfaa service neutron] Notify callbacks ['neutron.plugins.ml2.plugin.SecurityGroupServerNotifierRpcMixin._notify_sg_on_port_change-1639424', 'neutron.plugins.ml2.ovo_rpc._ObjectChangeHandler.handle_event-232947', 'neutron.api.rpc.agentnotifiers.dhcp_rpc_agent_api.DhcpAgentNotifyAPI._native_event_send_dhcp_notification-617613', 'neutron.db.l3_db.L3RpcNotifierMixin._notify_gateway_port_ip_changed-8734055702321', 'neutron.db.l3_dvrscheduler_db._notify_l3_agent_port_update-8734055229974', 'neutron.db.l3_hascheduler_db._notify_l3_agent_ha_port_update-8734055229992'] for port, after_update {{(pid=100879) _notify_loop /usr/local/lib/python3.8/dist-packages/neutron_lib/callbacks/manager.py:192}}
Aug 25 18:46:24.557554 dv-cinder-805887-3-iscsi neutron-server[100878]: INFO neutron.wsgi [req-0b7fa152-9453-4e2c-9bea-b325fc6b84fb req-d4268e37-69fc-4590-8592-0b712538778f service neutron] 10.222.0.20 "GET /v2.0/floatingips?fixed_ip_address=172.20.0.7&port_id=186a7467-1148-4eaf-9c88-6d6c9c9d5849 HTTP/1.1" status: 200 len: 217 time: 0.0713961
Aug 25 18:46:24.558168 dv-cinder-805887-3-iscsi neutron-server[100878]: DEBUG neutron.api.rpc.handlers.resources_rpc [None req-9e56ef07-fa69-4f92-a54a-5656f8905b26 admin admin] Pushing event deleted for resources: {'SecurityGroup': ['ID=d4066cb1-a3d6-474b-afc6-ef28cebbcdd9,revision_number=None']} {{(pid=100878) push /opt/stack/neutron/neutron/api/rpc/handlers/resources_rpc.py:237}}
Aug 25 18:46:24.558450 dv-cinder-805887-3-iscsi neutron-server[100880]: DEBUG neutron_lib.callbacks.manager [None req-b6ed603b-1a23-49a8-b993-ee419152712f None None] Notify callbacks ['neutron.services.segments.db._update_segment_host_mapping_for_agent-8734055727068', 'neutron.plugins.ml2.plugin.Ml2Plugin._retry_binding_revived_agents-1708917'] for agent, after_update {{(pid=100880) _notify_loop /usr/local/lib/python3.8/dist-packages/neutron_lib/callbacks/manager.py:192}}
Aug 25 18:46:24.587424 dv-cinder-805887-3-iscsi neutron-server[100878]: DEBUG neutron_lib.callbacks.manager [None req-e583f1be-5c0c-4e3e-b654-8ea60acf76fd admin admin] Notify callbacks [] for security_group, precommit_create {{(pid=100878) _notify_loop /usr/local/lib/python3.8/dist-packages/neutron_lib/callbacks/manager.py:192}}
Aug 25 18:46:24.598828 dv-cinder-805887-3-iscsi neutron-server[100878]: DEBUG neutron.pecan_wsgi.hooks.policy_enforcement [req-622a8e03-d3d3-4beb-821c-aabf7a880b07 req-6f6fb41c-8934-45ec-86f1-7c98ad77baca tempest-ServerRescueNegativeTestJSON-1017132992 tempest-ServerRescueNegativeTestJSON-1017132992-project] Attributes excluded by policy engine: ['standard_attr_id', 'binding:profile', 'binding:host_id', 'binding:vif_type', 'binding:vif_details'] {{(pid=100878) _exclude_attributes_by_policy /opt/stack/neutron/neutron/pecan_wsgi/hooks/policy_enforcement.py:255}}
Aug 25 18:46:24.600534 dv-cinder-805887-3-iscsi neutron-server[100878]: INFO neutron.wsgi [req-622a8e03-d3d3-4beb-821c-aabf7a880b07 req-6f6fb41c-8934-45ec-86f1-7c98ad77baca tempest-ServerRescueNegativeTestJSON-1017132992 tempest-ServerRescueNegativeTestJSON-1017132992-project] 10.222.0.30 "GET /v2.0/ports?device_id=3430a278-275f-4c3e-9c9d-3f4dc77e5297 HTTP/1.1" status: 200 len: 943 time: 0.2814498
Aug 25 18:46:24.634169 dv-cinder-805887-3-iscsi neutron-server[100878]: DEBUG neutron_lib.callbacks.manager [None req-e583f1be-5c0c-4e3e-b654-8ea60acf76fd admin admin] Notify callbacks ['neutron.plugins.ml2.ovo_rpc._ObjectChangeHandler.handle_event-540385'] for security_group, after_create {{(pid=100878) _notify_loop /usr/local/lib/python3.8/dist-packages/neutron_lib/callbacks/manager.py:192}}
Aug 25 18:46:24.676916 dv-cinder-805887-3-iscsi neutron-server[100880]: DEBUG neutron.plugins.ml2.db [None req-b6ed603b-1a23-49a8-b993-ee419152712f None None] get_ports_and_sgs() called for port_ids ['bd851197-6bc3-4475-b91d-569b1fe76b45'] {{(pid=100880) get_ports_and_sgs /opt/stack/neutron/neutron/plugins/ml2/db.py:156}}
Aug 25 18:46:24.737672 dv-cinder-805887-3-iscsi neutron-server[100878]: INFO neutron.wsgi [req-5269a3f6-7d16-4c00-908e-ad2560b4113d req-16c208c8-de76-4a9e-b2a8-23c7740246ee service neutron] 10.222.0.20 "GET /v2.0/networks/3ded4026-195e-46c4-b6ec-c97bcfd50516?fields=segments HTTP/1.1" status: 200 len: 212 time: 0.3267338
Aug 25 18:46:24.739999 dv-cinder-805887-3-iscsi neutron-server[100879]: DEBUG neutron.pecan_wsgi.hooks.policy_enforcement [req-8d44fba8-893d-4310-950a-b69033ab326e req-f3519d2e-c2ad-494f-aef9-4bfd4219dfaa service neutron] Attributes excluded by policy engine: ['standard_attr_id'] {{(pid=100879) _exclude_attributes_by_policy /opt/stack/neutron/neutron/pecan_wsgi/hooks/policy_enforcement.py:255}}
Aug 25 18:46:24.741431 dv-cinder-805887-3-iscsi neutron-server[100879]: DEBUG neutron_lib.callbacks.manager [req-8d44fba8-893d-4310-950a-b69033ab326e req-f3519d2e-c2ad-494f-aef9-4bfd4219dfaa service neutron] Notify callbacks ['neutron.notifiers.nova.Notifier._send_nova_notification-5737', 'neutron.api.rpc.agentnotifiers.dhcp_rpc_agent_api.DhcpAgentNotifyAPI._send_dhcp_notification-617599'] for port, before_response {{(pid=100879) _notify_loop /usr/local/lib/python3.8/dist-packages/neutron_lib/callbacks/manager.py:192}}
Aug 25 18:46:24.743247 dv-cinder-805887-3-iscsi neutron-server[100879]: INFO neutron.wsgi [req-8d44fba8-893d-4310-950a-b69033ab326e req-f3519d2e-c2ad-494f-aef9-4bfd4219dfaa service neutron] 10.222.0.20 "PUT /v2.0/ports/6d3c7e3c-d0e9-42c3-b407-53266922ac35 HTTP/1.1" status: 200 len: 1093 time: 2.2148054
Aug 25 18:46:24.750407 dv-cinder-805887-3-iscsi neutron-server[100878]: INFO neutron.wsgi [None req-e583f1be-5c0c-4e3e-b654-8ea60acf76fd admin admin] 10.222.0.30 "GET /v2.0/security-groups?tenant_id=b4f49b73738f401181867299731835e8&name=default HTTP/1.1" status: 200 len: 2979 time: 2.3643241
Aug 25 18:46:24.753484 dv-cinder-805887-3-iscsi neutron-server[100878]: DEBUG neutron.wsgi [-] (100878) accepted ('10.222.0.30', 36168) {{(pid=100878) server /usr/local/lib/python3.8/dist-packages/eventlet/wsgi.py:982}}
Aug 25 18:46:24.755080 dv-cinder-805887-3-iscsi neutron-server[100878]: DEBUG neutron.pecan_wsgi.hooks.policy_enforcement [req-0b7fa152-9453-4e2c-9bea-b325fc6b84fb req-c351df72-324a-4020-822c-efd36b1a8f4f service neutron] Attributes excluded by policy engine: ['standard_attr_id', 'shared'] {{(pid=100878) _exclude_attributes_by_policy /opt/stack/neutron/neutron/pecan_wsgi/hooks/policy_enforcement.py:255}}
Aug 25 18:46:24.756651 dv-cinder-805887-3-iscsi neutron-server[100878]: INFO neutron.wsgi [req-0b7fa152-9453-4e2c-9bea-b325fc6b84fb req-c351df72-324a-4020-822c-efd36b1a8f4f service neutron] 10.222.0.20 "GET /v2.0/subnets?id=6c0351f7-2d3c-47da-a82e-957528c7976e HTTP/1.1" status: 200 len: 857 time: 0.1870413
Aug 25 18:46:24.767150 dv-cinder-805887-3-iscsi neutron-server[100878]: DEBUG neutron.api.rpc.handlers.resources_rpc [None req-e583f1be-5c0c-4e3e-b654-8ea60acf76fd admin admin] Pushing event updated for resources: {'SecurityGroup': ['ID=dd8b7758-dcfa-4e64-82b4-5ffab0863b3e,revision_number=1']} {{(pid=100878) push /opt/stack/neutron/neutron/api/rpc/handlers/resources_rpc.py:237}}
Aug 25 18:46:24.814162 dv-cinder-805887-3-iscsi neutron-server[100879]: DEBUG neutron.pecan_wsgi.hooks.policy_enforcement [req-cf145021-c5b8-4dd2-ab20-0af390f3b110 req-139499f3-4ea6-4d64-9547-8d69f4fb51cf tempest-AttachVolumeTestJSON-1871190521 tempest-AttachVolumeTestJSON-1871190521-project] Attributes excluded by policy engine: ['standard_attr_id', 'binding:profile', 'binding:host_id', 'binding:vif_type', 'binding:vif_details'] {{(pid=100879) _exclude_attributes_by_policy /opt/stack/neutron/neutron/pecan_wsgi/hooks/policy_enforcement.py:255}}
Aug 25 18:46:24.820126 dv-cinder-805887-3-iscsi neutron-server[100878]: INFO neutron.wsgi [req-622a8e03-d3d3-4beb-821c-aabf7a880b07 req-675eba28-0835-4b9a-8e7e-65073616d84e tempest-ServerRescueNegativeTestJSON-1017132992 tempest-ServerRescueNegativeTestJSON-1017132992-project] 10.222.0.30 "GET /v2.0/security-groups?id=a8ceae22-1dd2-4817-810d-ffd28466d7f2&fields=id&fields=name HTTP/1.1" status: 200 len: 286 time: 0.1706781
Aug 25 18:46:24.823796 dv-cinder-805887-3-iscsi neutron-server[100879]: INFO neutron.wsgi [req-cf145021-c5b8-4dd2-ab20-0af390f3b110 req-139499f3-4ea6-4d64-9547-8d69f4fb51cf tempest-AttachVolumeTestJSON-1871190521 tempest-AttachVolumeTestJSON-1871190521-project] 10.222.0.30 "GET /v2.0/ports?device_id=277028ba-1c67-4fdb-9744-c40ec930b4a2 HTTP/1.1" status: 200 len: 943 time: 0.1669991
Aug 25 18:46:24.919573 dv-cinder-805887-3-iscsi neutron-server[100879]: INFO neutron.wsgi [req-fe51e602-f8d1-4b20-badb-69a3a8b2c42a req-01d0dffd-b308-4881-92f2-db6dd5754206 service neutron] 10.222.0.20 "GET /v2.0/networks/44bf6e57-9770-483f-9506-e3204eb48764?fields=provider%3Aphysical_network&fields=provider%3Anetwork_type HTTP/1.1" status: 200 len: 281 time: 0.4708796
Aug 25 18:46:24.963700 dv-cinder-805887-3-iscsi neutron-server[100879]: DEBUG neutron.api.rpc.handlers.resources_rpc [None req-f3519d2e-c2ad-494f-aef9-4bfd4219dfaa service neutron] Pushing event updated for resources: {'Port': ['ID=6d3c7e3c-d0e9-42c3-b407-53266922ac35,revision_number=3']} {{(pid=100879) push /opt/stack/neutron/neutron/api/rpc/handlers/resources_rpc.py:237}}
Aug 25 18:46:24.986921 dv-cinder-805887-3-iscsi neutron-server[100878]: INFO neutron.wsgi [req-5269a3f6-7d16-4c00-908e-ad2560b4113d req-38aa866b-a303-4137-9809-20ee99a1ed0e service neutron] 10.222.0.20 "GET /v2.0/networks/3ded4026-195e-46c4-b6ec-c97bcfd50516?fields=provider%3Aphysical_network&fields=provider%3Anetwork_type HTTP/1.1" status: 200 len: 281 time: 0.2225966
Aug 25 18:46:25.012238 dv-cinder-805887-3-iscsi neutron-server[100879]: INFO neutron.wsgi [req-cf145021-c5b8-4dd2-ab20-0af390f3b110 req-f38e804f-e4d4-4dfe-a1c0-84058a6a3c8f tempest-AttachVolumeTestJSON-1871190521 tempest-AttachVolumeTestJSON-1871190521-project] 10.222.0.30 "GET /v2.0/security-groups?id=4d5e6502-a3e1-4554-8dd9-4c2cf61ddba0&fields=id&fields=name HTTP/1.1" status: 200 len: 313 time: 0.1873879
Aug 25 18:46:25.065033 dv-cinder-805887-3-iscsi neutron-server[100879]: DEBUG neutron.pecan_wsgi.hooks.policy_enforcement [req-8d44fba8-893d-4310-950a-b69033ab326e req-d6e3dbc7-9ff9-4320-8305-53f63653b2d4 service neutron] Attributes excluded by policy engine: ['standard_attr_id'] {{(pid=100879) _exclude_attributes_by_policy /opt/stack/neutron/neutron/pecan_wsgi/hooks/policy_enforcement.py:255}}
Aug 25 18:46:25.072235 dv-cinder-805887-3-iscsi neutron-server[100879]: INFO neutron.wsgi [req-8d44fba8-893d-4310-950a-b69033ab326e req-d6e3dbc7-9ff9-4320-8305-53f63653b2d4 service neutron] 10.222.0.20 "GET /v2.0/ports?tenant_id=61d2536a0182477ca7c03c19fbbd5f34&device_id=bd20529a-55b5-41a8-a554-216df0eab9ed HTTP/1.1" status: 200 len: 1096 time: 0.2376070
Aug 25 18:46:25.106700 dv-cinder-805887-3-iscsi neutron-server[100878]: DEBUG novaclient.v2.client [-] RESP: [200] Connection: close Content-Length: 179 Content-Type: application/json Date: Wed, 25 Aug 2021 18:46:24 GMT OpenStack-API-Version: compute 2.1 Server: Apache/2.4.41 (Ubuntu) Vary: OpenStack-API-Version,X-OpenStack-Nova-API-Version X-OpenStack-Nova-API-Version: 2.1 x-compute-request-id: req-48c6546c-57c2-4815-9832-e3b5b40db4b1 x-openstack-request-id: req-48c6546c-57c2-4815-9832-e3b5b40db4b1 {{(pid=100878) _http_log_response /usr/local/lib/python3.8/dist-packages/keystoneauth1/session.py:550}}
Aug 25 18:46:25.106700 dv-cinder-805887-3-iscsi neutron-server[100878]: DEBUG novaclient.v2.client [-] RESP BODY: {"events": [{"name": "network-changed", "server_uuid": "3430a278-275f-4c3e-9c9d-3f4dc77e5297", "tag": "0bddbe2d-7753-44b5-a84c-f7275ef8196a", "status": "completed", "code": 200}]} {{(pid=100878) _http_log_response /usr/local/lib/python3.8/dist-packages/keystoneauth1/session.py:582}}
Aug 25 18:46:25.106700 dv-cinder-805887-3-iscsi neutron-server[100878]: DEBUG novaclient.v2.client [-] POST call to compute for http://10.222.0.30/compute/v2.1/os-server-external-events used request id req-48c6546c-57c2-4815-9832-e3b5b40db4b1 {{(pid=100878) request /usr/local/lib/python3.8/dist-packages/keystoneauth1/session.py:954}}
Aug 25 18:46:25.111330 dv-cinder-805887-3-iscsi neutron-server[100878]: INFO neutron.notifiers.nova [-] Nova event response: {'name': 'network-changed', 'server_uuid': '3430a278-275f-4c3e-9c9d-3f4dc77e5297', 'tag': '0bddbe2d-7753-44b5-a84c-f7275ef8196a', 'status': 'completed', 'code': 200}
Aug 25 18:46:25.159687 dv-cinder-805887-3-iscsi neutron-server[100878]: INFO neutron.wsgi [req-0b7fa152-9453-4e2c-9bea-b325fc6b84fb req-d84537f3-e9c8-4ff7-8114-90b11fd25ab9 service neutron] 10.222.0.20 "GET /v2.0/ports?network_id=3ded4026-195e-46c4-b6ec-c97bcfd50516&device_owner=network%3Adhcp HTTP/1.1" status: 200 len: 210 time: 0.3805718
Aug 25 18:46:25.224024 dv-cinder-805887-3-iscsi neutron-server[100879]: INFO neutron.wsgi [req-8d44fba8-893d-4310-950a-b69033ab326e req-33fbbbd0-eb19-4e40-8420-e2fb8432677f service neutron] 10.222.0.20 "GET /v2.0/floatingips?fixed_ip_address=172.20.0.4&port_id=6d3c7e3c-d0e9-42c3-b407-53266922ac35 HTTP/1.1" status: 200 len: 217 time: 0.1282432
Aug 25 18:46:25.394843 dv-cinder-805887-3-iscsi neutron-server[100878]: DEBUG neutron_lib.callbacks.manager [None req-87bd4997-d7dd-40ee-abe2-36f6cccf888a admin admin] Notify callbacks [] for security_group, before_delete {{(pid=100878) _notify_loop /usr/local/lib/python3.8/dist-packages/neutron_lib/callbacks/manager.py:192}}
Aug 25 18:46:25.421369 dv-cinder-805887-3-iscsi neutron-server[100878]: DEBUG neutron_lib.callbacks.manager [None req-87bd4997-d7dd-40ee-abe2-36f6cccf888a admin admin] Notify callbacks [] for security_group, precommit_delete {{(pid=100878) _notify_loop /usr/local/lib/python3.8/dist-packages/neutron_lib/callbacks/manager.py:192}}
Aug 25 18:46:25.513022 dv-cinder-805887-3-iscsi neutron-server[100878]: DEBUG neutron.pecan_wsgi.hooks.policy_enforcement [req-a700f975-6396-4b31-a4f2-4ed05e62280e req-638662fb-02a2-47b9-a04a-da0c1586fa07 tempest-AttachVolumeShelveTestJSON-1361563626 tempest-AttachVolumeShelveTestJSON-1361563626-project] Attributes excluded by policy engine: ['standard_attr_id', 'binding:profile', 'binding:host_id', 'binding:vif_type', 'binding:vif_details'] {{(pid=100878) _exclude_attributes_by_policy /opt/stack/neutron/neutron/pecan_wsgi/hooks/policy_enforcement.py:255}}
Aug 25 18:46:25.515136 dv-cinder-805887-3-iscsi neutron-server[100878]: INFO neutron.wsgi [req-a700f975-6396-4b31-a4f2-4ed05e62280e req-638662fb-02a2-47b9-a04a-da0c1586fa07 tempest-AttachVolumeShelveTestJSON-1361563626 tempest-AttachVolumeShelveTestJSON-1361563626-project] 10.222.0.30 "GET /v2.0/ports?device_id=bd20529a-55b5-41a8-a554-216df0eab9ed HTTP/1.1" status: 200 len: 943 time: 0.3512926
Aug 25 18:46:25.523491 dv-cinder-805887-3-iscsi neutron-server[100878]: DEBUG neutron.pecan_wsgi.hooks.policy_enforcement [req-8d29f550-f3a2-4312-94b8-91309f227de9 req-d402a720-5746-458b-aacd-555e1f2db1b9 service neutron] Attributes excluded by policy engine: ['standard_attr_id'] {{(pid=100878) _exclude_attributes_by_policy /opt/stack/neutron/neutron/pecan_wsgi/hooks/policy_enforcement.py:255}}
Aug 25 18:46:25.525094 dv-cinder-805887-3-iscsi neutron-server[100878]: INFO neutron.wsgi [req-8d29f550-f3a2-4312-94b8-91309f227de9 req-d402a720-5746-458b-aacd-555e1f2db1b9 service neutron] 10.222.0.20 "GET /v2.0/ports?tenant_id=b64fe123edd24639a3cfa21a3a6658bf&device_id=277028ba-1c67-4fdb-9744-c40ec930b4a2 HTTP/1.1" status: 200 len: 1096 time: 0.3537939
Aug 25 18:46:25.540407 dv-cinder-805887-3-iscsi neutron-server[100879]: DEBUG neutron.pecan_wsgi.hooks.policy_enforcement [req-c4db4f1e-4020-4e1e-954d-767e644047b3 req-7d321466-5fde-480d-932e-d0839ea56498 service neutron] Attributes excluded by policy engine: ['standard_attr_id'] {{(pid=100879) _exclude_attributes_by_policy /opt/stack/neutron/neutron/pecan_wsgi/hooks/policy_enforcement.py:255}}
Aug 25 18:46:25.542045 dv-cinder-805887-3-iscsi neutron-server[100879]: INFO neutron.wsgi [req-c4db4f1e-4020-4e1e-954d-767e644047b3 req-7d321466-5fde-480d-932e-d0839ea56498 service neutron] 10.222.0.20 "GET /v2.0/ports?tenant_id=69f3c158aa7f48658fbadd87eafe7b8d&device_id=3430a278-275f-4c3e-9c9d-3f4dc77e5297 HTTP/1.1" status: 200 len: 1096 time: 0.4402084
Aug 25 18:46:25.554359 dv-cinder-805887-3-iscsi neutron-server[100879]: DEBUG neutron.pecan_wsgi.hooks.policy_enforcement [req-8d44fba8-893d-4310-950a-b69033ab326e req-a0e91d7a-4aba-495b-852c-1bdb19c6449c service neutron] Attributes excluded by policy engine: ['standard_attr_id', 'shared'] {{(pid=100879) _exclude_attributes_by_policy /opt/stack/neutron/neutron/pecan_wsgi/hooks/policy_enforcement.py:255}}
Aug 25 18:46:25.554359 dv-cinder-805887-3-iscsi neutron-server[100879]: INFO neutron.wsgi [req-8d44fba8-893d-4310-950a-b69033ab326e req-a0e91d7a-4aba-495b-852c-1bdb19c6449c service neutron] 10.222.0.20 "GET /v2.0/subnets?id=b201b6ae-14f0-465d-bbdd-a3380e8f59ff HTTP/1.1" status: 200 len: 855 time: 0.3173668
Aug 25 18:46:25.613114 dv-cinder-805887-3-iscsi neutron-server[100879]: DEBUG neutron.pecan_wsgi.hooks.policy_enforcement [req-9b43d4fe-84c5-46c3-a3d2-521cc7426758 req-56c764a6-c0dd-4b81-a57f-404f19866d4a tempest-DeleteServersTestJSON-242554216 tempest-DeleteServersTestJSON-242554216-project] Attributes excluded by policy engine: ['standard_attr_id', 'binding:profile', 'binding:host_id', 'binding:vif_type', 'binding:vif_details'] {{(pid=100879) _exclude_attributes_by_policy /opt/stack/neutron/neutron/pecan_wsgi/hooks/policy_enforcement.py:255}}
Aug 25 18:46:25.629861 dv-cinder-805887-3-iscsi neutron-server[100879]: INFO neutron.wsgi [req-9b43d4fe-84c5-46c3-a3d2-521cc7426758 req-56c764a6-c0dd-4b81-a57f-404f19866d4a tempest-DeleteServersTestJSON-242554216 tempest-DeleteServersTestJSON-242554216-project] 10.222.0.30 "GET /v2.0/ports?device_id=159fc88a-ef2e-4f26-a25f-ee9a0bbbaa5a HTTP/1.1" status: 200 len: 945 time: 0.4138687
Aug 25 18:46:25.641439 dv-cinder-805887-3-iscsi neutron-server[100878]: INFO neutron.wsgi [req-0b7fa152-9453-4e2c-9bea-b325fc6b84fb req-12c55a50-db68-481a-b52c-c4c0c3751911 service neutron] 10.222.0.20 "GET /v2.0/networks/3ded4026-195e-46c4-b6ec-c97bcfd50516?fields=segments HTTP/1.1" status: 200 len: 212 time: 0.4363737
Aug 25 18:46:25.649681 dv-cinder-805887-3-iscsi neutron-server[100878]: INFO neutron.wsgi [req-a700f975-6396-4b31-a4f2-4ed05e62280e req-de1139f4-0900-4348-95bf-ce8daad257b9 tempest-AttachVolumeShelveTestJSON-1361563626 tempest-AttachVolumeShelveTestJSON-1361563626-project] 10.222.0.30 "GET /v2.0/security-groups?id=d7f0e258-327b-4868-afa1-7aad44ed7d1d&fields=id&fields=name HTTP/1.1" status: 200 len: 313 time: 0.1211159
Aug 25 18:46:25.676068 dv-cinder-805887-3-iscsi neutron-server[100878]: DEBUG neutron_lib.callbacks.manager [None req-87bd4997-d7dd-40ee-abe2-36f6cccf888a admin admin] Notify callbacks ['neutron.plugins.ml2.ovo_rpc._ObjectChangeHandler.handle_event-540385'] for security_group, after_delete {{(pid=100878) _notify_loop /usr/local/lib/python3.8/dist-packages/neutron_lib/callbacks/manager.py:192}}
Aug 25 18:46:25.680997 dv-cinder-805887-3-iscsi neutron-server[100878]: DEBUG neutron_lib.callbacks.manager [None req-87bd4997-d7dd-40ee-abe2-36f6cccf888a admin admin] Notify callbacks [] for security_group, before_response {{(pid=100878) _notify_loop /usr/local/lib/python3.8/dist-packages/neutron_lib/callbacks/manager.py:192}}
Aug 25 18:46:25.681969 dv-cinder-805887-3-iscsi neutron-server[100878]: INFO neutron.wsgi [None req-87bd4997-d7dd-40ee-abe2-36f6cccf888a admin admin] 10.222.0.30 "DELETE /v2.0/security-groups/dd8b7758-dcfa-4e64-82b4-5ffab0863b3e HTTP/1.1" status: 204 len: 168 time: 0.9243636
Aug 25 18:46:25.737026 dv-cinder-805887-3-iscsi neutron-server[100878]: DEBUG neutron.api.rpc.handlers.resources_rpc [None req-87bd4997-d7dd-40ee-abe2-36f6cccf888a admin admin] Pushing event deleted for resources: {'SecurityGroup': ['ID=dd8b7758-dcfa-4e64-82b4-5ffab0863b3e,revision_number=None']} {{(pid=100878) push /opt/stack/neutron/neutron/api/rpc/handlers/resources_rpc.py:237}}
Aug 25 18:46:25.795444 dv-cinder-805887-3-iscsi neutron-server[100878]: DEBUG neutron.pecan_wsgi.hooks.policy_enforcement [req-8d29f550-f3a2-4312-94b8-91309f227de9 req-8596dfe1-2889-45cf-bbd5-64dc1ff988c8 service neutron] Attributes excluded by policy engine: ['standard_attr_id', 'vlan_transparent'] {{(pid=100878) _exclude_attributes_by_policy /opt/stack/neutron/neutron/pecan_wsgi/hooks/policy_enforcement.py:255}}
Aug 25 18:46:25.796998 dv-cinder-805887-3-iscsi neutron-server[100878]: INFO neutron.wsgi [req-8d29f550-f3a2-4312-94b8-91309f227de9 req-8596dfe1-2889-45cf-bbd5-64dc1ff988c8 service neutron] 10.222.0.20 "GET /v2.0/networks?id=44bf6e57-9770-483f-9506-e3204eb48764 HTTP/1.1" status: 200 len: 912 time: 0.2433839
Aug 25 18:46:25.816494 dv-cinder-805887-3-iscsi neutron-server[100879]: INFO neutron.wsgi [req-9b43d4fe-84c5-46c3-a3d2-521cc7426758 req-5fa27f55-8ea5-409c-8263-36307934d419 tempest-DeleteServersTestJSON-242554216 tempest-DeleteServersTestJSON-242554216-project] 10.222.0.30 "GET /v2.0/security-groups?id=22d7436d-da42-4f29-909e-5139403b28a0&fields=id&fields=name HTTP/1.1" status: 200 len: 286 time: 0.1858304
Aug 25 18:46:25.829614 dv-cinder-805887-3-iscsi neutron-server[100879]: DEBUG neutron.pecan_wsgi.hooks.policy_enforcement [req-8d44fba8-893d-4310-950a-b69033ab326e req-01871b07-dfd8-4a05-b834-401d8fabaec9 service neutron] Attributes excluded by policy engine: ['standard_attr_id'] {{(pid=100879) _exclude_attributes_by_policy /opt/stack/neutron/neutron/pecan_wsgi/hooks/policy_enforcement.py:255}}
Aug 25 18:46:25.831407 dv-cinder-805887-3-iscsi neutron-server[100879]: INFO neutron.wsgi [req-8d44fba8-893d-4310-950a-b69033ab326e req-01871b07-dfd8-4a05-b834-401d8fabaec9 service neutron] 10.222.0.20 "GET /v2.0/ports?network_id=9987f858-d867-48d4-bbab-d18f4ae7007b&device_owner=network%3Adhcp HTTP/1.1" status: 200 len: 1175 time: 0.2655251
Aug 25 18:46:25.865706 dv-cinder-805887-3-iscsi neutron-server[100879]: DEBUG neutron.pecan_wsgi.hooks.policy_enforcement [req-c4db4f1e-4020-4e1e-954d-767e644047b3 req-09fac4e8-f16a-41a1-b260-8ad4ea8029c2 service neutron] Attributes excluded by policy engine: ['standard_attr_id', 'vlan_transparent'] {{(pid=100879) _exclude_attributes_by_policy /opt/stack/neutron/neutron/pecan_wsgi/hooks/policy_enforcement.py:255}}
Aug 25 18:46:25.867282 dv-cinder-805887-3-iscsi neutron-server[100879]: INFO neutron.wsgi [req-c4db4f1e-4020-4e1e-954d-767e644047b3 req-09fac4e8-f16a-41a1-b260-8ad4ea8029c2 service neutron] 10.222.0.20 "GET /v2.0/networks?id=3ded4026-195e-46c4-b6ec-c97bcfd50516 HTTP/1.1" status: 200 len: 918 time: 0.3133819
Aug 25 18:46:25.941625 dv-cinder-805887-3-iscsi neutron-server[100879]: INFO neutron.wsgi [req-c4db4f1e-4020-4e1e-954d-767e644047b3 req-20a90346-6543-4b7c-9e87-6ed38d403ced service neutron] 10.222.0.20 "GET /v2.0/floatingips?fixed_ip_address=172.20.0.3&port_id=0bddbe2d-7753-44b5-a84c-f7275ef8196a HTTP/1.1" status: 200 len: 217 time: 0.0476730
Aug 25 18:46:26.025437 dv-cinder-805887-3-iscsi neutron-server[100879]: DEBUG neutron.pecan_wsgi.hooks.policy_enforcement [req-c4db4f1e-4020-4e1e-954d-767e644047b3 req-ca5f538b-a494-46f0-a631-82dc8fad08f1 service neutron] Attributes excluded by policy engine: ['standard_attr_id', 'shared'] {{(pid=100879) _exclude_attributes_by_policy /opt/stack/neutron/neutron/pecan_wsgi/hooks/policy_enforcement.py:255}}
Aug 25 18:46:26.027278 dv-cinder-805887-3-iscsi neutron-server[100879]: INFO neutron.wsgi [req-c4db4f1e-4020-4e1e-954d-767e644047b3 req-ca5f538b-a494-46f0-a631-82dc8fad08f1 service neutron] 10.222.0.20 "GET /v2.0/subnets?id=6c0351f7-2d3c-47da-a82e-957528c7976e HTTP/1.1" status: 200 len: 857 time: 0.0764575
Aug 25 18:46:26.029378 dv-cinder-805887-3-iscsi neutron-server[100879]: INFO neutron.wsgi [req-8d44fba8-893d-4310-950a-b69033ab326e req-6f3379f3-5f64-4632-93a9-3f20e01c4a96 service neutron] 10.222.0.20 "GET /v2.0/networks/9987f858-d867-48d4-bbab-d18f4ae7007b?fields=segments HTTP/1.1" status: 200 len: 212 time: 0.1878307
Aug 25 18:46:26.072465 dv-cinder-805887-3-iscsi neutron-server[100879]: DEBUG neutron.notifiers.nova [-] Sending events: [{'name': 'network-changed', 'server_uuid': 'bd20529a-55b5-41a8-a554-216df0eab9ed', 'tag': '6d3c7e3c-d0e9-42c3-b407-53266922ac35'}] {{(pid=100879) send_events /opt/stack/neutron/neutron/notifiers/nova.py:262}}
Aug 25 18:46:26.074738 dv-cinder-805887-3-iscsi neutron-server[100879]: DEBUG novaclient.v2.client [-] REQ: curl -g -i --cacert "/opt/stack/data/ca-bundle.pem" -X POST http://10.222.0.30/compute/v2.1/os-server-external-events -H "Accept: application/json" -H "Content-Type: application/json" -H "User-Agent: python-novaclient" -H "X-Auth-Token: {SHA256}2bd21ed6b69f5a4768e9d46e339875bc800ea1afb7a87f5259ad16981ca7970b" -H "X-OpenStack-Nova-API-Version: 2.1" -H "X-OpenStack-Request-ID: req-24e8d777-7e3f-436b-9b64-ecc3b49975b7" -d '{"events": [{"name": "network-changed", "server_uuid": "bd20529a-55b5-41a8-a554-216df0eab9ed", "tag": "6d3c7e3c-d0e9-42c3-b407-53266922ac35"}]}' {{(pid=100879) _http_log_request /usr/local/lib/python3.8/dist-packages/keystoneauth1/session.py:519}}
Aug 25 18:46:26.114274 dv-cinder-805887-3-iscsi neutron-server[100878]: INFO neutron.wsgi [req-0b7fa152-9453-4e2c-9bea-b325fc6b84fb req-aa9985c6-f9f9-4bed-8fe4-27dfedf694c9 service neutron] 10.222.0.20 "GET /v2.0/networks/3ded4026-195e-46c4-b6ec-c97bcfd50516?fields=provider%3Aphysical_network&fields=provider%3Anetwork_type HTTP/1.1" status: 200 len: 281 time: 0.4628000
Aug 25 18:46:26.118159 dv-cinder-805887-3-iscsi neutron-server[100878]: INFO neutron.wsgi [req-8d29f550-f3a2-4312-94b8-91309f227de9 req-858a8378-13e1-448b-ae37-6fd0987321b0 service neutron] 10.222.0.20 "GET /v2.0/floatingips?fixed_ip_address=172.20.0.6&port_id=e7917ba6-9a24-4636-b98d-1ead139f58e6 HTTP/1.1" status: 200 len: 217 time: 0.3121908
Aug 25 18:46:26.128520 dv-cinder-805887-3-iscsi neutron-server[100879]: INFO neutron.wsgi [req-c4db4f1e-4020-4e1e-954d-767e644047b3 req-38195c38-f492-4920-b0ac-8dc9c84549a6 service neutron] 10.222.0.20 "GET /v2.0/ports?network_id=3ded4026-195e-46c4-b6ec-c97bcfd50516&device_owner=network%3Adhcp HTTP/1.1" status: 200 len: 210 time: 0.0860190
Aug 25 18:46:26.220662 dv-cinder-805887-3-iscsi neutron-server[100878]: DEBUG neutron.pecan_wsgi.hooks.policy_enforcement [req-8d29f550-f3a2-4312-94b8-91309f227de9 req-b0df7e7c-2ced-4b06-87d2-1475e9140f3a service neutron] Attributes excluded by policy engine: ['standard_attr_id', 'shared'] {{(pid=100878) _exclude_attributes_by_policy /opt/stack/neutron/neutron/pecan_wsgi/hooks/policy_enforcement.py:255}}
Aug 25 18:46:26.222943 dv-cinder-805887-3-iscsi neutron-server[100878]: INFO neutron.wsgi [req-8d29f550-f3a2-4312-94b8-91309f227de9 req-b0df7e7c-2ced-4b06-87d2-1475e9140f3a service neutron] 10.222.0.20 "GET /v2.0/subnets?id=55efe2b9-00da-41b7-bfdd-02dcb2d91381 HTTP/1.1" status: 200 len: 850 time: 0.0678179
Aug 25 18:46:26.232039 dv-cinder-805887-3-iscsi neutron-server[100878]: DEBUG neutron.pecan_wsgi.hooks.policy_enforcement [req-6b5031bf-47c4-40c8-9521-0dfecf3ca5c1 req-21d3d2e8-f8a4-47ef-917a-c3c4757bdfb4 tempest-ServerRescueNegativeTestJSON-1017132992 tempest-ServerRescueNegativeTestJSON-1017132992-project] Attributes excluded by policy engine: ['standard_attr_id', 'binding:profile', 'binding:host_id', 'binding:vif_type', 'binding:vif_details'] {{(pid=100878) _exclude_attributes_by_policy /opt/stack/neutron/neutron/pecan_wsgi/hooks/policy_enforcement.py:255}}
Aug 25 18:46:26.243608 dv-cinder-805887-3-iscsi neutron-server[100878]: INFO neutron.wsgi [req-6b5031bf-47c4-40c8-9521-0dfecf3ca5c1 req-21d3d2e8-f8a4-47ef-917a-c3c4757bdfb4 tempest-ServerRescueNegativeTestJSON-1017132992 tempest-ServerRescueNegativeTestJSON-1017132992-project] 10.222.0.30 "GET /v2.0/ports?device_id=3430a278-275f-4c3e-9c9d-3f4dc77e5297 HTTP/1.1" status: 200 len: 943 time: 0.1209102
Aug 25 18:46:26.273436 dv-cinder-805887-3-iscsi neutron-server[100879]: INFO neutron.wsgi [req-8d44fba8-893d-4310-950a-b69033ab326e req-5fd79533-cedf-4d1e-9f6f-928567fca0a9 service neutron] 10.222.0.20 "GET /v2.0/networks/9987f858-d867-48d4-bbab-d18f4ae7007b?fields=provider%3Aphysical_network&fields=provider%3Anetwork_type HTTP/1.1" status: 200 len: 281 time: 0.2320859
Aug 25 18:46:26.299467 dv-cinder-805887-3-iscsi neutron-server[100879]: DEBUG neutron.pecan_wsgi.hooks.policy_enforcement [req-1e08aa39-e958-4f8c-9f25-c700d0913695 req-a04f2e75-d3c1-441d-96f3-ae0ec52d7a9c tempest-AttachVolumeTestJSON-1871190521 tempest-AttachVolumeTestJSON-1871190521-project] Attributes excluded by policy engine: ['standard_attr_id', 'binding:profile', 'binding:host_id', 'binding:vif_type', 'binding:vif_details'] {{(pid=100879) _exclude_attributes_by_policy /opt/stack/neutron/neutron/pecan_wsgi/hooks/policy_enforcement.py:255}}
