Aug 24 22:31:24.056013 dv-cinder-805887-2-smb neutron-server[94366]: DEBUG neutron.pecan_wsgi.hooks.policy_enforcement [req-a7eed6e9-ae63-4abe-8871-b7b29fb441d9 req-88441618-560c-4d74-8c93-e6d20dcee5f8 tempest-AttachVolumeShelveTestJSON-1638312986 tempest-AttachVolumeShelveTestJSON-1638312986-project] Attributes excluded by policy engine: ['standard_attr_id', 'binding:profile', 'binding:host_id', 'binding:vif_type', 'binding:vif_details'] {{(pid=94366) _exclude_attributes_by_policy /opt/stack/neutron/neutron/pecan_wsgi/hooks/policy_enforcement.py:255}}
Aug 24 22:31:24.058353 dv-cinder-805887-2-smb neutron-server[94366]: INFO neutron.wsgi [req-a7eed6e9-ae63-4abe-8871-b7b29fb441d9 req-88441618-560c-4d74-8c93-e6d20dcee5f8 tempest-AttachVolumeShelveTestJSON-1638312986 tempest-AttachVolumeShelveTestJSON-1638312986-project] 10.222.0.21 "GET /v2.0/ports?device_id=83d7a6ac-51e6-4792-b1b1-186ae2d80232 HTTP/1.1" status: 200 len: 945 time: 0.0714407
Aug 24 22:31:24.069705 dv-cinder-805887-2-smb neutron-server[94366]: DEBUG neutron.wsgi [-] (94366) accepted ('10.222.0.21', 41226) {{(pid=94366) server /usr/local/lib/python3.8/dist-packages/eventlet/wsgi.py:982}}
Aug 24 22:31:24.076069 dv-cinder-805887-2-smb neutron-server[94366]: DEBUG neutron.api.v2.base [None req-bbcd9162-0784-42f9-b3c2-874685373870 tempest-AttachVolumeShelveTestJSON-1638312986 tempest-AttachVolumeShelveTestJSON-1638312986-project] Request body: {'floatingip': {'port_id': '7bf673a9-171d-42d9-94fc-75f69ef46869'}} {{(pid=94366) prepare_request_body /opt/stack/neutron/neutron/api/v2/base.py:730}}
Aug 24 22:31:24.162648 dv-cinder-805887-2-smb neutron-server[94367]: DEBUG neutron.wsgi [-] (94367) accepted ('10.222.0.21', 41230) {{(pid=94367) server /usr/local/lib/python3.8/dist-packages/eventlet/wsgi.py:982}}
Aug 24 22:31:24.196855 dv-cinder-805887-2-smb neutron-server[94366]: DEBUG neutron_lib.callbacks.manager [None req-bbcd9162-0784-42f9-b3c2-874685373870 tempest-AttachVolumeShelveTestJSON-1638312986 tempest-AttachVolumeShelveTestJSON-1638312986-project] Notify callbacks [] for floatingip, before_update {{(pid=94366) _notify_loop /usr/local/lib/python3.8/dist-packages/neutron_lib/callbacks/manager.py:192}}
Aug 24 22:31:24.318877 dv-cinder-805887-2-smb neutron-server[94367]: DEBUG neutron.api.v2.base [None req-fefc01df-333c-4e52-b93d-819fd54c15c8 admin admin] Request body: {'network': {'name': 'tempest-VolumesActionsTest-253159236-network', 'tenant_id': '5c4d7502c67c4e158b16a4dc14d455c6'}} {{(pid=94367) prepare_request_body /opt/stack/neutron/neutron/api/v2/base.py:730}}
Aug 24 22:31:24.331708 dv-cinder-805887-2-smb neutron-server[94368]: DEBUG neutron_lib.callbacks.manager [None req-39369088-e77e-43f2-ab53-651b116b076c None None] Notify callbacks ['neutron.services.segments.db._update_segment_host_mapping_for_agent-8770064337053', 'neutron.plugins.ml2.plugin.Ml2Plugin._retry_binding_revived_agents-695622'] for agent, after_update {{(pid=94368) _notify_loop /usr/local/lib/python3.8/dist-packages/neutron_lib/callbacks/manager.py:192}}
Aug 24 22:31:24.402278 dv-cinder-805887-2-smb neutron-server[94367]: DEBUG neutron.pecan_wsgi.hooks.quota_enforcement [None req-fefc01df-333c-4e52-b93d-819fd54c15c8 admin admin] Made reservation on behalf of 5c4d7502c67c4e158b16a4dc14d455c6 for: {'network': 1} {{(pid=94367) before /opt/stack/neutron/neutron/pecan_wsgi/hooks/quota_enforcement.py:53}}
Aug 24 22:31:24.404161 dv-cinder-805887-2-smb neutron-server[94367]: DEBUG neutron_lib.callbacks.manager [None req-fefc01df-333c-4e52-b93d-819fd54c15c8 admin admin] Notify callbacks ['neutron.plugins.ml2.plugin.SecurityGroupDbMixin._ensure_default_security_group_handler-670725'] for network, before_create {{(pid=94367) _notify_loop /usr/local/lib/python3.8/dist-packages/neutron_lib/callbacks/manager.py:192}}
Aug 24 22:31:24.437633 dv-cinder-805887-2-smb neutron-server[94367]: DEBUG neutron_lib.callbacks.manager [None req-fefc01df-333c-4e52-b93d-819fd54c15c8 admin admin] Notify callbacks [] for security_group, before_create {{(pid=94367) _notify_loop /usr/local/lib/python3.8/dist-packages/neutron_lib/callbacks/manager.py:192}}
Aug 24 22:31:24.496113 dv-cinder-805887-2-smb neutron-server[94367]: DEBUG neutron.pecan_wsgi.hooks.policy_enforcement [req-76bc7b6e-d462-4970-8879-a0f56c4469f9 req-d08badd0-2220-4a2a-9142-2a85fdd4d009 tempest-DeleteServersTestJSON-633192109 tempest-DeleteServersTestJSON-633192109-project] Attributes excluded by policy engine: ['standard_attr_id', 'binding:profile', 'binding:host_id', 'binding:vif_type', 'binding:vif_details'] {{(pid=94367) _exclude_attributes_by_policy /opt/stack/neutron/neutron/pecan_wsgi/hooks/policy_enforcement.py:255}}
Aug 24 22:31:24.497819 dv-cinder-805887-2-smb neutron-server[94367]: INFO neutron.wsgi [req-76bc7b6e-d462-4970-8879-a0f56c4469f9 req-d08badd0-2220-4a2a-9142-2a85fdd4d009 tempest-DeleteServersTestJSON-633192109 tempest-DeleteServersTestJSON-633192109-project] 10.222.0.49 "GET /v2.0/ports?device_id=5dbe1087-3b1e-41dc-9a93-a6184da1caf2 HTTP/1.1" status: 200 len: 945 time: 0.1505511
Aug 24 22:31:24.650061 dv-cinder-805887-2-smb neutron-server[94366]: DEBUG neutron.pecan_wsgi.hooks.policy_enforcement [req-76a03233-0e7e-4a75-902a-80ff00109eed req-3e4f65a3-f069-4826-8f99-c3f9f8bc5447 tempest-DeleteServersTestJSON-633192109 tempest-DeleteServersTestJSON-633192109-project] Attributes excluded by policy engine: ['standard_attr_id', 'binding:profile', 'binding:host_id', 'binding:vif_type', 'binding:vif_details'] {{(pid=94366) _exclude_attributes_by_policy /opt/stack/neutron/neutron/pecan_wsgi/hooks/policy_enforcement.py:255}}
Aug 24 22:31:24.653523 dv-cinder-805887-2-smb neutron-server[94366]: INFO neutron.wsgi [req-76a03233-0e7e-4a75-902a-80ff00109eed req-3e4f65a3-f069-4826-8f99-c3f9f8bc5447 tempest-DeleteServersTestJSON-633192109 tempest-DeleteServersTestJSON-633192109-project] 10.222.0.21 "GET /v2.0/ports?device_id=5dbe1087-3b1e-41dc-9a93-a6184da1caf2 HTTP/1.1" status: 200 len: 945 time: 0.2968388
Aug 24 22:31:24.683918 dv-cinder-805887-2-smb neutron-server[94367]: DEBUG neutron_lib.callbacks.manager [None req-fefc01df-333c-4e52-b93d-819fd54c15c8 admin admin] Notify callbacks [] for security_group, precommit_create {{(pid=94367) _notify_loop /usr/local/lib/python3.8/dist-packages/neutron_lib/callbacks/manager.py:192}}
Aug 24 22:31:24.693935 dv-cinder-805887-2-smb neutron-server[94367]: DEBUG neutron.plugins.ml2.plugin [req-76bc7b6e-d462-4970-8879-a0f56c4469f9 req-3909b91a-abcf-4c67-8732-e205c57f4360 tempest-DeleteServersTestJSON-633192109 tempest-DeleteServersTestJSON-633192109-project] Deleting port cf8439e2-cb1e-4e7b-86db-0286c364341c {{(pid=94367) _pre_delete_port /opt/stack/neutron/neutron/plugins/ml2/plugin.py:1917}}
Aug 24 22:31:24.699300 dv-cinder-805887-2-smb neutron-server[94367]: DEBUG neutron_lib.callbacks.manager [req-76bc7b6e-d462-4970-8879-a0f56c4469f9 req-3909b91a-abcf-4c67-8732-e205c57f4360 tempest-DeleteServersTestJSON-633192109 tempest-DeleteServersTestJSON-633192109-project] Notify callbacks ['neutron.db.l3_db.L3_NAT_dbonly_mixin._prevent_l3_port_delete_callback-8770064418003'] for port, before_delete {{(pid=94367) _notify_loop /usr/local/lib/python3.8/dist-packages/neutron_lib/callbacks/manager.py:192}}
Aug 24 22:31:24.760873 dv-cinder-805887-2-smb neutron-server[94367]: DEBUG neutron_lib.callbacks.manager [None req-fefc01df-333c-4e52-b93d-819fd54c15c8 admin admin] Notify callbacks ['neutron.plugins.ml2.ovo_rpc._ObjectChangeHandler.handle_event-1766462'] for security_group, after_create {{(pid=94367) _notify_loop /usr/local/lib/python3.8/dist-packages/neutron_lib/callbacks/manager.py:192}}
Aug 24 22:31:24.781787 dv-cinder-805887-2-smb neutron-server[94366]: INFO neutron.wsgi [req-76a03233-0e7e-4a75-902a-80ff00109eed req-f5e45bda-2530-4975-a85d-19aa14649343 tempest-DeleteServersTestJSON-633192109 tempest-DeleteServersTestJSON-633192109-project] 10.222.0.21 "GET /v2.0/security-groups?id=64f5052b-9522-48f0-b264-3badea055712&fields=id&fields=name HTTP/1.1" status: 200 len: 286 time: 0.0686474
Aug 24 22:31:24.793585 dv-cinder-805887-2-smb neutron-server[94367]: DEBUG neutron.plugins.ml2.drivers.helpers [None req-fefc01df-333c-4e52-b93d-819fd54c15c8 admin admin] vlan segment allocate from pool success with {'vlan_id': 618, 'physical_network': 'physnet1'} {{(pid=94367) allocate_partially_specified_segment /opt/stack/neutron/neutron/plugins/ml2/drivers/helpers.py:153}}
Aug 24 22:31:24.820849 dv-cinder-805887-2-smb neutron-server[94366]: DEBUG neutron.pecan_wsgi.hooks.policy_enforcement [req-bc85498e-4d4b-4f6a-9e70-f79182b26bde req-d3ca164f-b900-4318-b786-ac2916521017 tempest-ServerRescueNegativeTestJSON-1692360756 tempest-ServerRescueNegativeTestJSON-1692360756-project] Attributes excluded by policy engine: ['standard_attr_id', 'binding:profile', 'binding:host_id', 'binding:vif_type', 'binding:vif_details'] {{(pid=94366) _exclude_attributes_by_policy /opt/stack/neutron/neutron/pecan_wsgi/hooks/policy_enforcement.py:255}}
Aug 24 22:31:24.822394 dv-cinder-805887-2-smb neutron-server[94366]: INFO neutron.wsgi [req-bc85498e-4d4b-4f6a-9e70-f79182b26bde req-d3ca164f-b900-4318-b786-ac2916521017 tempest-ServerRescueNegativeTestJSON-1692360756 tempest-ServerRescueNegativeTestJSON-1692360756-project] 10.222.0.21 "GET /v2.0/ports?device_id=d01ca8ac-fa8f-434f-93c9-9aa3ab367134 HTTP/1.1" status: 200 len: 945 time: 0.0846155
Aug 24 22:31:24.827904 dv-cinder-805887-2-smb neutron-server[94367]: DEBUG neutron_lib.callbacks.manager [None req-fefc01df-333c-4e52-b93d-819fd54c15c8 admin admin] Notify callbacks ['neutron.plugins.ml2.plugin.Ml2Plugin._handle_segment_change-753918'] for segment, precommit_create {{(pid=94367) _notify_loop /usr/local/lib/python3.8/dist-packages/neutron_lib/callbacks/manager.py:192}}
Aug 24 22:31:24.828408 dv-cinder-805887-2-smb neutron-server[94367]: INFO neutron.db.segments_db [None req-fefc01df-333c-4e52-b93d-819fd54c15c8 admin admin] Added segment b8b633ea-d1ec-4c90-9aa7-754f14b219c9 of type vlan for network 8beae0de-9014-41fa-8259-258f2eed3170
Aug 24 22:31:24.830435 dv-cinder-805887-2-smb neutron-server[94367]: DEBUG neutron.api.rpc.handlers.resources_rpc [None req-fefc01df-333c-4e52-b93d-819fd54c15c8 admin admin] Pushing event updated for resources: {'SecurityGroup': ['ID=6038beb8-6cd6-463e-bd08-4f5ff6e7b2fe,revision_number=1']} {{(pid=94367) push /opt/stack/neutron/neutron/api/rpc/handlers/resources_rpc.py:237}}
Aug 24 22:31:24.859231 dv-cinder-805887-2-smb neutron-server[94367]: DEBUG neutron.plugins.ml2.db [req-76bc7b6e-d462-4970-8879-a0f56c4469f9 req-3909b91a-abcf-4c67-8732-e205c57f4360 tempest-DeleteServersTestJSON-633192109 tempest-DeleteServersTestJSON-633192109-project] For port cf8439e2-cb1e-4e7b-86db-0286c364341c, host hv-cinder-80588, got binding levels [PortBindingLevel(driver='hyperv',host='hv-cinder-80588',level=0,port_id=cf8439e2-cb1e-4e7b-86db-0286c364341c,segment=NetworkSegment(365d9fd1-f1ff-41d2-9106-ea7342921d00),segment_id=365d9fd1-f1ff-41d2-9106-ea7342921d00)] {{(pid=94367) get_binding_level_objs /opt/stack/neutron/neutron/plugins/ml2/db.py:74}}
Aug 24 22:31:24.859603 dv-cinder-805887-2-smb neutron-server[94367]: DEBUG neutron_lib.callbacks.manager [req-76bc7b6e-d462-4970-8879-a0f56c4469f9 req-3909b91a-abcf-4c67-8732-e205c57f4360 tempest-DeleteServersTestJSON-633192109 tempest-DeleteServersTestJSON-633192109-project] Notify callbacks ['neutron.services.l3_router.l3_router_plugin.L3_NAT_dbonly_mixin._precommit_delete_port_callback-1679988'] for port, precommit_delete {{(pid=94367) _notify_loop /usr/local/lib/python3.8/dist-packages/neutron_lib/callbacks/manager.py:192}}
Aug 24 22:31:24.900751 dv-cinder-805887-2-smb neutron-server[94367]: DEBUG neutron.plugins.ml2.plugin [req-76bc7b6e-d462-4970-8879-a0f56c4469f9 req-3909b91a-abcf-4c67-8732-e205c57f4360 tempest-DeleteServersTestJSON-633192109 tempest-DeleteServersTestJSON-633192109-project] Calling delete_port for cf8439e2-cb1e-4e7b-86db-0286c364341c owned by compute:nova {{(pid=94367) delete_port /opt/stack/neutron/neutron/plugins/ml2/plugin.py:1995}}
Aug 24 22:31:24.908252 dv-cinder-805887-2-smb neutron-server[94367]: DEBUG neutron_lib.callbacks.manager [None req-fefc01df-333c-4e52-b93d-819fd54c15c8 admin admin] Notify callbacks ['neutron.services.auto_allocate.db._ensure_external_network_default_value_callback-8770063857704'] for network, precommit_create {{(pid=94367) _notify_loop /usr/local/lib/python3.8/dist-packages/neutron_lib/callbacks/manager.py:192}}
Aug 24 22:31:25.036819 dv-cinder-805887-2-smb neutron-server[94366]: INFO neutron.wsgi [req-bc85498e-4d4b-4f6a-9e70-f79182b26bde req-85cd2324-8bb5-4958-87eb-fb6514b74e41 tempest-ServerRescueNegativeTestJSON-1692360756 tempest-ServerRescueNegativeTestJSON-1692360756-project] 10.222.0.21 "GET /v2.0/security-groups?id=bf66b06a-404a-41ee-9308-ec77a23682ad&fields=id&fields=name HTTP/1.1" status: 200 len: 286 time: 0.1880884
Aug 24 22:31:25.059664 dv-cinder-805887-2-smb neutron-server[94367]: DEBUG neutron_lib.callbacks.manager [None req-fefc01df-333c-4e52-b93d-819fd54c15c8 admin admin] Notify callbacks ['neutron.plugins.ml2.ovo_rpc._ObjectChangeHandler.handle_event-1766607', 'neutron.api.rpc.agentnotifiers.dhcp_rpc_agent_api.DhcpAgentNotifyAPI._native_event_send_dhcp_notification-1700753'] for network, after_create {{(pid=94367) _notify_loop /usr/local/lib/python3.8/dist-packages/neutron_lib/callbacks/manager.py:192}}
Aug 24 22:31:25.060890 dv-cinder-805887-2-smb neutron-server[94367]: DEBUG neutron.pecan_wsgi.hooks.policy_enforcement [None req-fefc01df-333c-4e52-b93d-819fd54c15c8 admin admin] Attributes excluded by policy engine: ['standard_attr_id', 'vlan_transparent'] {{(pid=94367) _exclude_attributes_by_policy /opt/stack/neutron/neutron/pecan_wsgi/hooks/policy_enforcement.py:255}}
Aug 24 22:31:25.061626 dv-cinder-805887-2-smb neutron-server[94367]: DEBUG neutron_lib.callbacks.manager [None req-fefc01df-333c-4e52-b93d-819fd54c15c8 admin admin] Notify callbacks ['neutron.api.rpc.agentnotifiers.dhcp_rpc_agent_api.DhcpAgentNotifyAPI._send_dhcp_notification-1700835'] for network, before_response {{(pid=94367) _notify_loop /usr/local/lib/python3.8/dist-packages/neutron_lib/callbacks/manager.py:192}}
Aug 24 22:31:25.144881 dv-cinder-805887-2-smb neutron-server[94367]: DEBUG neutron.api.rpc.handlers.resources_rpc [None req-fefc01df-333c-4e52-b93d-819fd54c15c8 admin admin] Pushing event updated for resources: {'Network': ['ID=8beae0de-9014-41fa-8259-258f2eed3170,revision_number=1']} {{(pid=94367) push /opt/stack/neutron/neutron/api/rpc/handlers/resources_rpc.py:237}}
Aug 24 22:31:25.155539 dv-cinder-805887-2-smb neutron-server[94368]: DEBUG neutron.plugins.ml2.rpc [None req-afcd92c1-b276-46e6-bbb7-b3f645035331 None None] Network 8beae0de-9014-41fa-8259-258f2eed3170 details requested by agent ovs-agent-dv-cinder-805887-2-smb with host dv-cinder-805887-2-smb {{(pid=94368) get_network_details /opt/stack/neutron/neutron/plugins/ml2/rpc.py:248}}
Aug 24 22:31:25.186093 dv-cinder-805887-2-smb neutron-server[94367]: INFO neutron.wsgi [None req-fefc01df-333c-4e52-b93d-819fd54c15c8 admin admin] 10.222.0.21 "POST /v2.0/networks HTTP/1.1" status: 201 len: 881 time: 1.0036287
Aug 24 22:31:25.186736 dv-cinder-805887-2-smb neutron-server[94366]: DEBUG neutron.wsgi [-] (94366) accepted ('10.222.0.21', 41268) {{(pid=94366) server /usr/local/lib/python3.8/dist-packages/eventlet/wsgi.py:982}}
Aug 24 22:31:25.186736 dv-cinder-805887-2-smb neutron-server[94366]: DEBUG neutron.api.v2.base [None req-c20a5fb0-0caa-4805-b189-9a26afa1eec9 admin admin] Request body: {'subnet': {'network_id': '8beae0de-9014-41fa-8259-258f2eed3170', 'cidr': '172.20.0.0/28', 'name': 'tempest-VolumesActionsTest-253159236-subnet', 'tenant_id': '5c4d7502c67c4e158b16a4dc14d455c6', 'enable_dhcp': False, 'ip_version': 4}} {{(pid=94366) prepare_request_body /opt/stack/neutron/neutron/api/v2/base.py:730}}
Aug 24 22:31:25.268266 dv-cinder-805887-2-smb neutron-server[94367]: DEBUG neutron_lib.callbacks.manager [req-76bc7b6e-d462-4970-8879-a0f56c4469f9 req-3909b91a-abcf-4c67-8732-e205c57f4360 tempest-DeleteServersTestJSON-633192109 tempest-DeleteServersTestJSON-633192109-project] Notify callbacks ['neutron.plugins.ml2.plugin.SecurityGroupServerNotifierRpcMixin._notify_sg_on_port_change-670916', 'neutron.plugins.ml2.ovo_rpc._ObjectChangeHandler.handle_event-23212', 'neutron.api.rpc.agentnotifiers.dhcp_rpc_agent_api.DhcpAgentNotifyAPI._native_event_send_dhcp_notification-1700753', 'neutron.db.l3_db.L3RpcNotifierMixin._notify_routers_callback-8770064261331', 'neutron.db.l3_dvrscheduler_db._notify_port_delete-8770063839187', 'neutron.services.segments.plugin.NovaSegmentNotifier._notify_port_created_or_deleted-15802231'] for port, after_delete {{(pid=94367) _notify_loop /usr/local/lib/python3.8/dist-packages/neutron_lib/callbacks/manager.py:192}}
Aug 24 22:31:25.286119 dv-cinder-805887-2-smb neutron-server[94368]: DEBUG neutron.plugins.ml2.db [None req-04769f3e-49e7-469b-93db-9d5a7e686078 None None] get_ports_and_sgs() called for port_ids ['cf8439e2-cb1e-4e7b-86db-0286c364341c'] {{(pid=94368) get_ports_and_sgs /opt/stack/neutron/neutron/plugins/ml2/db.py:156}}
Aug 24 22:31:25.299410 dv-cinder-805887-2-smb neutron-server[94367]: DEBUG neutron.api.rpc.handlers.resources_rpc [None req-3909b91a-abcf-4c67-8732-e205c57f4360 tempest-DeleteServersTestJSON-633192109 tempest-DeleteServersTestJSON-633192109-project] Pushing event deleted for resources: {'Port': ['ID=cf8439e2-cb1e-4e7b-86db-0286c364341c,revision_number=None']} {{(pid=94367) push /opt/stack/neutron/neutron/api/rpc/handlers/resources_rpc.py:237}}
Aug 24 22:31:25.314832 dv-cinder-805887-2-smb neutron-server[94366]: DEBUG neutron.pecan_wsgi.hooks.quota_enforcement [None req-c20a5fb0-0caa-4805-b189-9a26afa1eec9 admin admin] Made reservation on behalf of 5c4d7502c67c4e158b16a4dc14d455c6 for: {'subnet': 1} {{(pid=94366) before /opt/stack/neutron/neutron/pecan_wsgi/hooks/quota_enforcement.py:53}}
Aug 24 22:31:25.317251 dv-cinder-805887-2-smb neutron-server[94366]: DEBUG neutron_lib.callbacks.manager [None req-c20a5fb0-0caa-4805-b189-9a26afa1eec9 admin admin] Notify callbacks ['neutron.services.segments.plugin.SegmentHostRoutes.host_routes_before_create-15813501'] for subnet, before_create {{(pid=94366) _notify_loop /usr/local/lib/python3.8/dist-packages/neutron_lib/callbacks/manager.py:192}}
Aug 24 22:31:25.355949 dv-cinder-805887-2-smb neutron-server[94367]: DEBUG neutron.db.l3_dvrscheduler_db [req-76bc7b6e-d462-4970-8879-a0f56c4469f9 req-3909b91a-abcf-4c67-8732-e205c57f4360 tempest-DeleteServersTestJSON-633192109 tempest-DeleteServersTestJSON-633192109-project] No DVR routers for this DVR port cf8439e2-cb1e-4e7b-86db-0286c364341c on host hv-cinder-80588 {{(pid=94367) get_dvr_routers_to_remove /opt/stack/neutron/neutron/db/l3_dvrscheduler_db.py:214}}
Aug 24 22:31:25.359016 dv-cinder-805887-2-smb neutron-server[94367]: DEBUG neutron_lib.callbacks.manager [req-76bc7b6e-d462-4970-8879-a0f56c4469f9 req-3909b91a-abcf-4c67-8732-e205c57f4360 tempest-DeleteServersTestJSON-633192109 tempest-DeleteServersTestJSON-633192109-project] Notify callbacks ['neutron.notifiers.nova.Notifier._send_nova_notification-71401'] for port, before_response {{(pid=94367) _notify_loop /usr/local/lib/python3.8/dist-packages/neutron_lib/callbacks/manager.py:192}}
Aug 24 22:31:25.361570 dv-cinder-805887-2-smb neutron-server[94367]: INFO neutron.wsgi [req-76bc7b6e-d462-4970-8879-a0f56c4469f9 req-3909b91a-abcf-4c67-8732-e205c57f4360 tempest-DeleteServersTestJSON-633192109 tempest-DeleteServersTestJSON-633192109-project] 10.222.0.49 "DELETE /v2.0/ports/cf8439e2-cb1e-4e7b-86db-0286c364341c HTTP/1.1" status: 204 len: 173 time: 0.8551702
Aug 24 22:31:25.362043 dv-cinder-805887-2-smb neutron-server[94367]: DEBUG neutron.notifiers.nova [-] Sending events: [{'server_uuid': '5dbe1087-3b1e-41dc-9a93-a6184da1caf2', 'name': 'network-vif-deleted', 'tag': 'cf8439e2-cb1e-4e7b-86db-0286c364341c'}] {{(pid=94367) send_events /opt/stack/neutron/neutron/notifiers/nova.py:262}}
Aug 24 22:31:25.364292 dv-cinder-805887-2-smb neutron-server[94367]: DEBUG novaclient.v2.client [-] REQ: curl -g -i --cacert "/opt/stack/data/ca-bundle.pem" -X POST http://10.222.0.21/compute/v2.1/os-server-external-events -H "Accept: application/json" -H "Content-Type: application/json" -H "User-Agent: python-novaclient" -H "X-Auth-Token: {SHA256}b1550e97ffae561909fe47bb4f36c75a341dafe78e3cfa6d3c9a41ff99125e1d" -H "X-OpenStack-Nova-API-Version: 2.1" -H "X-OpenStack-Request-ID: req-004139ed-73ea-430c-80c6-577bff4822e3" -d '{"events": [{"server_uuid": "5dbe1087-3b1e-41dc-9a93-a6184da1caf2", "name": "network-vif-deleted", "tag": "cf8439e2-cb1e-4e7b-86db-0286c364341c"}]}' {{(pid=94367) _http_log_request /usr/local/lib/python3.8/dist-packages/keystoneauth1/session.py:519}}
Aug 24 22:31:25.417997 dv-cinder-805887-2-smb neutron-server[94367]: DEBUG novaclient.v2.client [-] RESP: [200] Connection: close Content-Length: 183 Content-Type: application/json Date: Tue, 24 Aug 2021 22:31:25 GMT OpenStack-API-Version: compute 2.1 Server: Apache/2.4.41 (Ubuntu) Vary: OpenStack-API-Version,X-OpenStack-Nova-API-Version X-OpenStack-Nova-API-Version: 2.1 x-compute-request-id: req-60a337bd-b696-4aac-9657-d62b0bcce66a x-openstack-request-id: req-60a337bd-b696-4aac-9657-d62b0bcce66a {{(pid=94367) _http_log_response /usr/local/lib/python3.8/dist-packages/keystoneauth1/session.py:550}}
Aug 24 22:31:25.417997 dv-cinder-805887-2-smb neutron-server[94367]: DEBUG novaclient.v2.client [-] RESP BODY: {"events": [{"server_uuid": "5dbe1087-3b1e-41dc-9a93-a6184da1caf2", "name": "network-vif-deleted", "tag": "cf8439e2-cb1e-4e7b-86db-0286c364341c", "status": "completed", "code": 200}]} {{(pid=94367) _http_log_response /usr/local/lib/python3.8/dist-packages/keystoneauth1/session.py:582}}
Aug 24 22:31:25.418257 dv-cinder-805887-2-smb neutron-server[94367]: DEBUG novaclient.v2.client [-] POST call to compute for http://10.222.0.21/compute/v2.1/os-server-external-events used request id req-60a337bd-b696-4aac-9657-d62b0bcce66a {{(pid=94367) request /usr/local/lib/python3.8/dist-packages/keystoneauth1/session.py:954}}
Aug 24 22:31:25.418715 dv-cinder-805887-2-smb neutron-server[94367]: INFO neutron.notifiers.nova [-] Nova event response: {'server_uuid': '5dbe1087-3b1e-41dc-9a93-a6184da1caf2', 'name': 'network-vif-deleted', 'tag': 'cf8439e2-cb1e-4e7b-86db-0286c364341c', 'status': 'completed', 'code': 200}
Aug 24 22:31:25.490928 dv-cinder-805887-2-smb neutron-server[94366]: DEBUG neutron_lib.callbacks.manager [None req-bbcd9162-0784-42f9-b3c2-874685373870 tempest-AttachVolumeShelveTestJSON-1638312986 tempest-AttachVolumeShelveTestJSON-1638312986-project] Notify callbacks [] for floatingip, precommit_update {{(pid=94366) _notify_loop /usr/local/lib/python3.8/dist-packages/neutron_lib/callbacks/manager.py:192}}
Aug 24 22:31:25.593986 dv-cinder-805887-2-smb neutron-server[94366]: DEBUG neutron_lib.callbacks.manager [None req-bbcd9162-0784-42f9-b3c2-874685373870 tempest-AttachVolumeShelveTestJSON-1638312986 tempest-AttachVolumeShelveTestJSON-1638312986-project] Notify callbacks ['neutron.services.l3_router.l3_router_plugin.DVRResourceOperationHandler._create_dvr_floating_gw_port-1709967'] for floatingip, after_update {{(pid=94366) _notify_loop /usr/local/lib/python3.8/dist-packages/neutron_lib/callbacks/manager.py:192}}
Aug 24 22:31:25.628796 dv-cinder-805887-2-smb neutron-server[94366]: DEBUG neutron_lib.callbacks.manager [None req-c20a5fb0-0caa-4805-b189-9a26afa1eec9 admin admin] Notify callbacks ['neutron.plugins.ml2.ovo_rpc._ObjectChangeHandler.handle_event-1754474', 'neutron.api.rpc.agentnotifiers.dhcp_rpc_agent_api.DhcpAgentNotifyAPI._native_event_send_dhcp_notification-1700753', 'neutron.services.segments.plugin.NovaSegmentNotifier._notify_subnet_created-13324326', 'neutron.services.segments.plugin.SegmentHostRoutes.host_routes_after_create-15813519'] for subnet, after_create {{(pid=94366) _notify_loop /usr/local/lib/python3.8/dist-packages/neutron_lib/callbacks/manager.py:192}}
Aug 24 22:31:25.683015 dv-cinder-805887-2-smb neutron-server[94367]: DEBUG neutron.wsgi [-] (94367) accepted ('10.222.0.21', 41276) {{(pid=94367) server /usr/local/lib/python3.8/dist-packages/eventlet/wsgi.py:982}}
Aug 24 22:31:25.702872 dv-cinder-805887-2-smb neutron-server[94368]: DEBUG neutron_lib.callbacks.manager [None req-7b7c2c5e-60eb-441f-8859-34916b9fd799 None None] Notify callbacks ['neutron.services.segments.db._update_segment_host_mapping_for_agent-8770064337053', 'neutron.plugins.ml2.plugin.Ml2Plugin._retry_binding_revived_agents-695622'] for agent, after_update {{(pid=94368) _notify_loop /usr/local/lib/python3.8/dist-packages/neutron_lib/callbacks/manager.py:192}}
Aug 24 22:31:25.734779 dv-cinder-805887-2-smb neutron-server[94366]: DEBUG neutron.api.rpc.handlers.resources_rpc [None req-c20a5fb0-0caa-4805-b189-9a26afa1eec9 admin admin] Pushing event updated for resources: {'Subnet': ['ID=6eb4c781-3f63-4c96-bf9a-58de908a9b41,revision_number=0']} {{(pid=94366) push /opt/stack/neutron/neutron/api/rpc/handlers/resources_rpc.py:237}}
Aug 24 22:31:25.750869 dv-cinder-805887-2-smb neutron-server[94366]: DEBUG neutron.plugins.ml2.drivers.mech_agent [None req-c20a5fb0-0caa-4805-b189-9a26afa1eec9 admin admin] Checking segment: {'id': 'b8b633ea-d1ec-4c90-9aa7-754f14b219c9', 'network_type': 'vlan', 'physical_network': 'physnet1', 'segmentation_id': 618, 'network_id': '8beae0de-9014-41fa-8259-258f2eed3170'} for mappings: {'physnet1': 'br-data'} with network types: ['local', 'flat', 'vlan'] {{(pid=94366) check_segment_for_agent /opt/stack/neutron/neutron/plugins/ml2/drivers/mech_agent.py:352}}
Aug 24 22:31:25.751233 dv-cinder-805887-2-smb neutron-server[94366]: DEBUG neutron.scheduler.dhcp_agent_scheduler [None req-c20a5fb0-0caa-4805-b189-9a26afa1eec9 admin admin] Network hostable DHCP agents. Network: 8beae0de-9014-41fa-8259-258f2eed3170, hostable agents: ['375b9657-8303-4c65-9cdd-59a667545789'], hosted agents: [] {{(pid=94366) _get_network_hostable_dhcp_agents /opt/stack/neutron/neutron/scheduler/dhcp_agent_scheduler.py:329}}
Aug 24 22:31:25.767664 dv-cinder-805887-2-smb neutron-server[94366]: INFO neutron.db.l3_db [None req-bbcd9162-0784-42f9-b3c2-874685373870 tempest-AttachVolumeShelveTestJSON-1638312986 tempest-AttachVolumeShelveTestJSON-1638312986-project] Floating IP c9ffd58c-d205-4f57-a1ac-7ee5fc3ed622 associated. External IP: 172.28.3.133, port: 7bf673a9-171d-42d9-94fc-75f69ef46869.
Aug 24 22:31:25.840932 dv-cinder-805887-2-smb neutron-server[94367]: DEBUG neutron_lib.callbacks.manager [None req-69188636-f7c3-459a-9f5f-69a6dbcb8f9a admin admin] Notify callbacks [] for security_group, before_create {{(pid=94367) _notify_loop /usr/local/lib/python3.8/dist-packages/neutron_lib/callbacks/manager.py:192}}
Aug 24 22:31:25.860838 dv-cinder-805887-2-smb neutron-server[94366]: DEBUG neutron.scheduler.dhcp_agent_scheduler [None req-c20a5fb0-0caa-4805-b189-9a26afa1eec9 admin admin] Network 8beae0de-9014-41fa-8259-258f2eed3170 is scheduled to be hosted by DHCP agent 375b9657-8303-4c65-9cdd-59a667545789 with binding_index 1 {{(pid=94366) bind /opt/stack/neutron/neutron/scheduler/dhcp_agent_scheduler.py:227}}
Aug 24 22:31:25.952347 dv-cinder-805887-2-smb neutron-server[94367]: DEBUG neutron_lib.callbacks.manager [None req-69188636-f7c3-459a-9f5f-69a6dbcb8f9a admin admin] Notify callbacks [] for security_group, precommit_create {{(pid=94367) _notify_loop /usr/local/lib/python3.8/dist-packages/neutron_lib/callbacks/manager.py:192}}
Aug 24 22:31:25.980088 dv-cinder-805887-2-smb neutron-server[94366]: INFO neutron.wsgi [req-ccefb299-03e3-40fd-8faf-32017097e797 req-8e214173-7af1-40c6-aaec-f0059e5da075 tempest-DeleteServersTestJSON-633192109 tempest-DeleteServersTestJSON-633192109-project] 10.222.0.21 "GET /v2.0/ports?device_id=5dbe1087-3b1e-41dc-9a93-a6184da1caf2 HTTP/1.1" status: 200 len: 210 time: 0.0678327
Aug 24 22:31:26.006351 dv-cinder-805887-2-smb neutron-server[94366]: DEBUG neutron.scheduler.base_scheduler [None req-c20a5fb0-0caa-4805-b189-9a26afa1eec9 admin admin] Resources bound (agent type, host, resource id): (DHCP agent, dv-cinder-805887-2-smb, 8beae0de-9014-41fa-8259-258f2eed3170) {{(pid=94366) schedule /opt/stack/neutron/neutron/scheduler/base_scheduler.py:57}}
Aug 24 22:31:26.013365 dv-cinder-805887-2-smb neutron-server[94366]: DEBUG neutron.pecan_wsgi.hooks.policy_enforcement [None req-c20a5fb0-0caa-4805-b189-9a26afa1eec9 admin admin] Attributes excluded by policy engine: ['standard_attr_id', 'shared', 'segment_id', 'network'] {{(pid=94366) _exclude_attributes_by_policy /opt/stack/neutron/neutron/pecan_wsgi/hooks/policy_enforcement.py:255}}
Aug 24 22:31:26.017802 dv-cinder-805887-2-smb neutron-server[94366]: DEBUG neutron_lib.callbacks.manager [None req-c20a5fb0-0caa-4805-b189-9a26afa1eec9 admin admin] Notify callbacks ['neutron.api.rpc.agentnotifiers.dhcp_rpc_agent_api.DhcpAgentNotifyAPI._send_dhcp_notification-1700835'] for subnet, before_response {{(pid=94366) _notify_loop /usr/local/lib/python3.8/dist-packages/neutron_lib/callbacks/manager.py:192}}
Aug 24 22:31:26.020521 dv-cinder-805887-2-smb neutron-server[94368]: DEBUG neutron.api.rpc.handlers.dhcp_rpc [None req-f79c8b32-239f-4efe-aa33-cd4ff44d1a8b None None] Network 8beae0de-9014-41fa-8259-258f2eed3170 requested from dv-cinder-805887-2-smb {{(pid=94368) get_network_info /opt/stack/neutron/neutron/api/rpc/handlers/dhcp_rpc.py:218}}
Aug 24 22:31:26.028295 dv-cinder-805887-2-smb neutron-server[94367]: DEBUG neutron_lib.callbacks.manager [None req-69188636-f7c3-459a-9f5f-69a6dbcb8f9a admin admin] Notify callbacks ['neutron.plugins.ml2.ovo_rpc._ObjectChangeHandler.handle_event-1766462'] for security_group, after_create {{(pid=94367) _notify_loop /usr/local/lib/python3.8/dist-packages/neutron_lib/callbacks/manager.py:192}}
Aug 24 22:31:26.068127 dv-cinder-805887-2-smb neutron-server[94366]: DEBUG neutron.scheduler.l3_agent_scheduler [None req-bbcd9162-0784-42f9-b3c2-874685373870 tempest-AttachVolumeShelveTestJSON-1638312986 tempest-AttachVolumeShelveTestJSON-1638312986-project] Router f4afb02a-a8ce-450d-b83c-5cef8a4eb790 has already been hosted by L3 agent 68801390-9d10-4165-b3ac-dc994db13024 {{(pid=94366) _get_candidates /opt/stack/neutron/neutron/scheduler/l3_agent_scheduler.py:126}}
Aug 24 22:31:26.100385 dv-cinder-805887-2-smb neutron-server[94367]: DEBUG neutron.api.rpc.handlers.resources_rpc [None req-69188636-f7c3-459a-9f5f-69a6dbcb8f9a admin admin] Pushing event updated for resources: {'SecurityGroup': ['ID=78de308d-c43b-47d7-9429-babeffeca303,revision_number=1']} {{(pid=94367) push /opt/stack/neutron/neutron/api/rpc/handlers/resources_rpc.py:237}}
Aug 24 22:31:26.116300 dv-cinder-805887-2-smb neutron-server[94367]: INFO neutron.wsgi [None req-69188636-f7c3-459a-9f5f-69a6dbcb8f9a admin admin] 10.222.0.21 "GET /v2.0/security-groups?tenant_id=1e4cf2f74bdd4ccdb6dd5c8b72d304a2&name=default HTTP/1.1" status: 200 len: 2979 time: 0.4320602
Aug 24 22:31:26.117403 dv-cinder-805887-2-smb neutron-server[94367]: DEBUG neutron.wsgi [-] (94367) accepted ('10.222.0.21', 41298) {{(pid=94367) server /usr/local/lib/python3.8/dist-packages/eventlet/wsgi.py:982}}
Aug 24 22:31:26.169973 dv-cinder-805887-2-smb neutron-server[94366]: INFO neutron.wsgi [None req-c20a5fb0-0caa-4805-b189-9a26afa1eec9 admin admin] 10.222.0.21 "POST /v2.0/subnets HTTP/1.1" status: 201 len: 845 time: 0.9978473
Aug 24 22:31:26.206240 dv-cinder-805887-2-smb neutron-server[94367]: DEBUG neutron_lib.callbacks.manager [None req-1d27281f-b5d3-481b-990a-19066de614dc admin admin] Notify callbacks [] for security_group, before_delete {{(pid=94367) _notify_loop /usr/local/lib/python3.8/dist-packages/neutron_lib/callbacks/manager.py:192}}
Aug 24 22:31:26.225680 dv-cinder-805887-2-smb neutron-server[94368]: DEBUG neutron.api.rpc.handlers.dhcp_rpc [None req-3485c29b-4919-4428-9846-dd112ab8ed35 None None] Network 8beae0de-9014-41fa-8259-258f2eed3170 requested from dv-cinder-805887-2-smb {{(pid=94368) get_network_info /opt/stack/neutron/neutron/api/rpc/handlers/dhcp_rpc.py:218}}
Aug 24 22:31:26.238766 dv-cinder-805887-2-smb neutron-server[94367]: DEBUG neutron_lib.callbacks.manager [None req-1d27281f-b5d3-481b-990a-19066de614dc admin admin] Notify callbacks [] for security_group, precommit_delete {{(pid=94367) _notify_loop /usr/local/lib/python3.8/dist-packages/neutron_lib/callbacks/manager.py:192}}
Aug 24 22:31:26.240201 dv-cinder-805887-2-smb neutron-server[94366]: DEBUG neutron.pecan_wsgi.hooks.policy_enforcement [req-1a25979c-46dc-4931-acc2-246506414017 req-f7c771ac-8eb4-4438-979a-e6c1af00336e tempest-ServerRescueNegativeTestJSON-1692360756 tempest-ServerRescueNegativeTestJSON-1692360756-project] Attributes excluded by policy engine: ['standard_attr_id', 'binding:profile', 'binding:host_id', 'binding:vif_type', 'binding:vif_details'] {{(pid=94366) _exclude_attributes_by_policy /opt/stack/neutron/neutron/pecan_wsgi/hooks/policy_enforcement.py:255}}
Aug 24 22:31:26.241865 dv-cinder-805887-2-smb neutron-server[94366]: INFO neutron.wsgi [req-1a25979c-46dc-4931-acc2-246506414017 req-f7c771ac-8eb4-4438-979a-e6c1af00336e tempest-ServerRescueNegativeTestJSON-1692360756 tempest-ServerRescueNegativeTestJSON-1692360756-project] 10.222.0.21 "GET /v2.0/ports?device_id=d01ca8ac-fa8f-434f-93c9-9aa3ab367134 HTTP/1.1" status: 200 len: 945 time: 0.0760307
Aug 24 22:31:26.242977 dv-cinder-805887-2-smb neutron-server[94366]: DEBUG neutron.api.rpc.agentnotifiers.l3_rpc_agent_api [None req-bbcd9162-0784-42f9-b3c2-874685373870 tempest-AttachVolumeShelveTestJSON-1638312986 tempest-AttachVolumeShelveTestJSON-1638312986-project] Notify agent at l3_agent.dv-cinder-805887-2-smb the message routers_updated {{(pid=94366) _agent_notification /opt/stack/neutron/neutron/api/rpc/agentnotifiers/l3_rpc_agent_api.py:65}}
Aug 24 22:31:26.250484 dv-cinder-805887-2-smb neutron-server[94366]: DEBUG neutron_lib.callbacks.manager [None req-bbcd9162-0784-42f9-b3c2-874685373870 tempest-AttachVolumeShelveTestJSON-1638312986 tempest-AttachVolumeShelveTestJSON-1638312986-project] Notify callbacks ['neutron.notifiers.nova.Notifier._send_nova_notification-71401'] for floatingip, before_response {{(pid=94366) _notify_loop /usr/local/lib/python3.8/dist-packages/neutron_lib/callbacks/manager.py:192}}
Aug 24 22:31:26.258504 dv-cinder-805887-2-smb neutron-server[94369]: DEBUG neutron.api.rpc.handlers.l3_rpc [None req-5d56b0b3-b600-4b65-a003-9a6271be2779 None None] Sync routers for ids ['f4afb02a-a8ce-450d-b83c-5cef8a4eb790'] in dv-cinder-805887-2-smb {{(pid=94369) sync_routers /opt/stack/neutron/neutron/api/rpc/handlers/l3_rpc.py:125}}
Aug 24 22:31:26.279554 dv-cinder-805887-2-smb neutron-server[94369]: DEBUG neutron.db.l3_dvrscheduler_db [None req-5d56b0b3-b600-4b65-a003-9a6271be2779 None None] Routers {'f4afb02a-a8ce-450d-b83c-5cef8a4eb790'} bound to L3 agent in host dv-cinder-805887-2-smb {{(pid=94369) _get_router_ids_for_agent /opt/stack/neutron/neutron/db/l3_dvrscheduler_db.py:420}}
Aug 24 22:31:26.281976 dv-cinder-805887-2-smb neutron-server[94369]: DEBUG neutron.db.l3_hamode_db [None req-5d56b0b3-b600-4b65-a003-9a6271be2779 None None] neutron.services.l3_router.l3_router_plugin.L3RouterPlugin method get_ha_sync_data_for_host called with arguments (, 'dv-cinder-805887-2-smb', Agent(admin_state_up=True,agent_type='L3 agent',availability_zone='nova',binary='neutron-l3-agent',configurations={"agent_mode": "legacy", "ex_gw_ports": 4, "extensions": [], "floating_ips": 0, "handle_internal_only_routers": true, "interface_driver": "openvswitch", "interfaces": 4, "log_agent_heartbeats": false, "routers": 4},created_at=2021-08-24T22:22:23Z,description=,heartbeat_timestamp=2021-08-24T22:31:23Z,host='dv-cinder-805887-2-smb',id=68801390-9d10-4165-b3ac-dc994db13024,load=0,resource_versions=,resources_synced=,started_at=2021-08-24T22:22:24Z,topic='l3_agent')) {'router_ids': ['f4afb02a-a8ce-450d-b83c-5cef8a4eb790'], 'active': True} {{(pid=94369) wrapper /usr/local/lib/python3.8/dist-packages/oslo_log/helpers.py:65}}
Aug 24 22:31:26.329860 dv-cinder-805887-2-smb neutron-server[94366]: INFO neutron.wsgi [None req-bbcd9162-0784-42f9-b3c2-874685373870 tempest-AttachVolumeShelveTestJSON-1638312986 tempest-AttachVolumeShelveTestJSON-1638312986-project] 10.222.0.21 "PUT /v2.0/floatingips/c9ffd58c-d205-4f57-a1ac-7ee5fc3ed622 HTTP/1.1" status: 200 len: 991 time: 2.2586553
Aug 24 22:31:26.335488 dv-cinder-805887-2-smb neutron-server[94366]: DEBUG neutron.notifiers.nova [-] Sending events: [{'name': 'network-changed', 'server_uuid': '83d7a6ac-51e6-4792-b1b1-186ae2d80232', 'tag': '7bf673a9-171d-42d9-94fc-75f69ef46869'}] {{(pid=94366) send_events /opt/stack/neutron/neutron/notifiers/nova.py:262}}
Aug 24 22:31:26.337672 dv-cinder-805887-2-smb neutron-server[94366]: DEBUG novaclient.v2.client [-] REQ: curl -g -i --cacert "/opt/stack/data/ca-bundle.pem" -X POST http://10.222.0.21/compute/v2.1/os-server-external-events -H "Accept: application/json" -H "Content-Type: application/json" -H "User-Agent: python-novaclient" -H "X-Auth-Token: {SHA256}ba91379e459af83da3dd8482681960414858c33459e1a8fb78658e77a45336f4" -H "X-OpenStack-Nova-API-Version: 2.1" -H "X-OpenStack-Request-ID: req-0e087fe1-6e1a-4abf-9331-cf4fb933dcaa" -d '{"events": [{"name": "network-changed", "server_uuid": "83d7a6ac-51e6-4792-b1b1-186ae2d80232", "tag": "7bf673a9-171d-42d9-94fc-75f69ef46869"}]}' {{(pid=94366) _http_log_request /usr/local/lib/python3.8/dist-packages/keystoneauth1/session.py:519}}
Aug 24 22:31:26.359486 dv-cinder-805887-2-smb neutron-server[94366]: INFO neutron.wsgi [req-1a25979c-46dc-4931-acc2-246506414017 req-e610ac55-b2d2-449f-b94c-1547614840b5 tempest-ServerRescueNegativeTestJSON-1692360756 tempest-ServerRescueNegativeTestJSON-1692360756-project] 10.222.0.21 "GET /v2.0/security-groups?id=bf66b06a-404a-41ee-9308-ec77a23682ad&fields=id&fields=name HTTP/1.1" status: 200 len: 286 time: 0.1011648
Aug 24 22:31:26.394480 dv-cinder-805887-2-smb neutron-server[94367]: DEBUG neutron_lib.callbacks.manager [None req-1d27281f-b5d3-481b-990a-19066de614dc admin admin] Notify callbacks ['neutron.plugins.ml2.ovo_rpc._ObjectChangeHandler.handle_event-1766462'] for security_group, after_delete {{(pid=94367) _notify_loop /usr/local/lib/python3.8/dist-packages/neutron_lib/callbacks/manager.py:192}}
Aug 24 22:31:26.397155 dv-cinder-805887-2-smb neutron-server[94367]: DEBUG neutron_lib.callbacks.manager [None req-1d27281f-b5d3-481b-990a-19066de614dc admin admin] Notify callbacks [] for security_group, before_response {{(pid=94367) _notify_loop /usr/local/lib/python3.8/dist-packages/neutron_lib/callbacks/manager.py:192}}
Aug 24 22:31:26.397523 dv-cinder-805887-2-smb neutron-server[94366]: DEBUG novaclient.v2.client [-] RESP: [200] Connection: close Content-Length: 179 Content-Type: application/json Date: Tue, 24 Aug 2021 22:31:26 GMT OpenStack-API-Version: compute 2.1 Server: Apache/2.4.41 (Ubuntu) Vary: OpenStack-API-Version,X-OpenStack-Nova-API-Version X-OpenStack-Nova-API-Version: 2.1 x-compute-request-id: req-34f05192-2c8a-406b-bc07-803fed561fc9 x-openstack-request-id: req-34f05192-2c8a-406b-bc07-803fed561fc9 {{(pid=94366) _http_log_response /usr/local/lib/python3.8/dist-packages/keystoneauth1/session.py:550}}
Aug 24 22:31:26.397994 dv-cinder-805887-2-smb neutron-server[94366]: DEBUG novaclient.v2.client [-] RESP BODY: {"events": [{"name": "network-changed", "server_uuid": "83d7a6ac-51e6-4792-b1b1-186ae2d80232", "tag": "7bf673a9-171d-42d9-94fc-75f69ef46869", "status": "completed", "code": 200}]} {{(pid=94366) _http_log_response /usr/local/lib/python3.8/dist-packages/keystoneauth1/session.py:582}}
Aug 24 22:31:26.398384 dv-cinder-805887-2-smb neutron-server[94366]: DEBUG novaclient.v2.client [-] POST call to compute for http://10.222.0.21/compute/v2.1/os-server-external-events used request id req-34f05192-2c8a-406b-bc07-803fed561fc9 {{(pid=94366) request /usr/local/lib/python3.8/dist-packages/keystoneauth1/session.py:954}}
Aug 24 22:31:26.398806 dv-cinder-805887-2-smb neutron-server[94367]: INFO neutron.wsgi [None req-1d27281f-b5d3-481b-990a-19066de614dc admin admin] 10.222.0.21 "DELETE /v2.0/security-groups/78de308d-c43b-47d7-9429-babeffeca303 HTTP/1.1" status: 204 len: 168 time: 0.2803853
Aug 24 22:31:26.399124 dv-cinder-805887-2-smb neutron-server[94366]: INFO neutron.notifiers.nova [-] Nova event response: {'name': 'network-changed', 'server_uuid': '83d7a6ac-51e6-4792-b1b1-186ae2d80232', 'tag': '7bf673a9-171d-42d9-94fc-75f69ef46869', 'status': 'completed', 'code': 200}
Aug 24 22:31:26.427921 dv-cinder-805887-2-smb neutron-server[94367]: DEBUG neutron.api.rpc.handlers.resources_rpc [None req-1d27281f-b5d3-481b-990a-19066de614dc admin admin] Pushing event deleted for resources: {'SecurityGroup': ['ID=78de308d-c43b-47d7-9429-babeffeca303,revision_number=None']} {{(pid=94367) push /opt/stack/neutron/neutron/api/rpc/handlers/resources_rpc.py:237}}
Aug 24 22:31:26.513971 dv-cinder-805887-2-smb neutron-server[94369]: DEBUG neutron.db.l3_dvr_db [None req-5d56b0b3-b600-4b65-a003-9a6271be2779 None None] Set router f4afb02a-a8ce-450d-b83c-5cef8a4eb790 gateway port host: dv-cinder-805887-2-smb {{(pid=94369) _build_routers_list /opt/stack/neutron/neutron/db/l3_dvr_db.py:906}}
Aug 24 22:31:26.561154 dv-cinder-805887-2-smb neutron-server[94367]: DEBUG neutron.pecan_wsgi.hooks.policy_enforcement [req-0e087fe1-6e1a-4abf-9331-cf4fb933dcaa req-a6582ca0-dc95-4443-80c9-692d360d09fc service neutron] Attributes excluded by policy engine: ['standard_attr_id'] {{(pid=94367) _exclude_attributes_by_policy /opt/stack/neutron/neutron/pecan_wsgi/hooks/policy_enforcement.py:255}}
Aug 24 22:31:26.562673 dv-cinder-805887-2-smb neutron-server[94367]: INFO neutron.wsgi [req-0e087fe1-6e1a-4abf-9331-cf4fb933dcaa req-a6582ca0-dc95-4443-80c9-692d360d09fc service neutron] 10.222.0.49 "GET /v2.0/ports?tenant_id=05af56784d96405996b9adc58740a948&device_id=83d7a6ac-51e6-4792-b1b1-186ae2d80232 HTTP/1.1" status: 200 len: 1098 time: 0.1076789
Aug 24 22:31:26.677201 dv-cinder-805887-2-smb neutron-server[94367]: DEBUG neutron.pecan_wsgi.hooks.policy_enforcement [req-0e087fe1-6e1a-4abf-9331-cf4fb933dcaa req-c678ed7c-8e97-412b-8b33-72233b65a9b7 service neutron] Attributes excluded by policy engine: ['standard_attr_id', 'vlan_transparent'] {{(pid=94367) _exclude_attributes_by_policy /opt/stack/neutron/neutron/pecan_wsgi/hooks/policy_enforcement.py:255}}
Aug 24 22:31:26.680185 dv-cinder-805887-2-smb neutron-server[94367]: INFO neutron.wsgi [req-0e087fe1-6e1a-4abf-9331-cf4fb933dcaa req-c678ed7c-8e97-412b-8b33-72233b65a9b7 service neutron] 10.222.0.49 "GET /v2.0/networks?id=cab9968c-b45d-4842-8dcf-22aa3b937c5a HTTP/1.1" status: 200 len: 917 time: 0.1017816
Aug 24 22:31:26.755828 dv-cinder-805887-2-smb neutron-server[94367]: INFO neutron.wsgi [req-0e087fe1-6e1a-4abf-9331-cf4fb933dcaa req-3ef42032-6349-428e-8b69-f0d57d4805dd service neutron] 10.222.0.49 "GET /v2.0/floatingips?fixed_ip_address=172.20.0.8&port_id=7bf673a9-171d-42d9-94fc-75f69ef46869 HTTP/1.1" status: 200 len: 999 time: 0.0650284
Aug 24 22:31:26.804357 dv-cinder-805887-2-smb neutron-server[94369]: DEBUG neutron.db.l3_hamode_db [None req-5d56b0b3-b600-4b65-a003-9a6271be2779 None None] neutron.services.l3_router.l3_router_plugin.L3RouterPlugin method _process_sync_ha_data called with arguments (, [{'id': 'f4afb02a-a8ce-450d-b83c-5cef8a4eb790', 'name': 'tempest-AttachVolumeShelveTestJSON-208565801-router', 'tenant_id': '05af56784d96405996b9adc58740a948', 'admin_state_up': True, 'status': 'ACTIVE', 'external_gateway_info': {'network_id': '4e23938d-7796-4c66-a574-afa0536ba1f2', 'external_fixed_ips': [{'subnet_id': '4c3ce2bf-9436-43f9-88b8-f854d1f71f72', 'ip_address': '172.28.3.228'}], 'enable_snat': True}, 'gw_port_id': 'be52d52d-c429-4cf3-8d1f-03cb6cb3b45a', 'description': '', 'availability_zones': ['nova'], 'distributed': False, 'ha': False, 'ha_vr_id': 0, 'availability_zone_hints': [], 'routes': [], 'flavor_id': None, 'tags': [], 'created_at': '2021-08-24T22:30:34Z', 'updated_at': '2021-08-24T22:30:42Z', 'revision_number': 4, 'project_id': '05af56784d96405996b9adc58740a948', 'gw_port': {'id': 'be52d52d-c429-4cf3-8d1f-03cb6cb3b45a', 'name': '', 'network_id': '4e23938d-7796-4c66-a574-afa0536ba1f2', 'tenant_id': '', 'mac_address': 'fa:16:3e:04:de:f5', 'admin_state_up': True, 'status': 'ACTIVE', 'device_id': 'f4afb02a-a8ce-450d-b83c-5cef8a4eb790', 'device_owner': 'network:router_gateway', 'standard_attr_id': 69, 'fixed_ips': [{'subnet_id': '4c3ce2bf-9436-43f9-88b8-f854d1f71f72', 'ip_address': '172.28.3.228', 'prefixlen': 24}], 'allowed_address_pairs': [], 'extra_dhcp_opts': [], 'security_groups': [], 'description': '', 'binding:vnic_type': 'normal', 'binding:profile': {}, 'binding:host_id': 'dv-cinder-805887-2-smb', 'binding:vif_type': 'ovs', 'binding:vif_details': {'connectivity': 'l2', 'port_filter': True, 'ovs_hybrid_plug': False, 'datapath_type': 'system', 'bridge_name': 'br-int'}, 'port_security_enabled': False, 'tags': [], 'created_at': '2021-08-24T22:30:35Z', 'updated_at': '2021-08-24T22:30:45Z', 'revision_number': 4, 'project_id': '', 'subnets': [{'id': '4c3ce2bf-9436-43f9-88b8-f854d1f71f72', 'cidr': '172.28.3.0/24', 'gateway_ip': '172.28.3.1', 'dns_nameservers': [], 'ipv6_ra_mode': None, 'subnetpool_id': None}], 'extra_subnets': [], 'address_scopes': {4: None, 6: None}, 'mtu': 1500}, 'enable_snat': True, 'gw_port_host': 'dv-cinder-805887-2-smb', '_floatingips': [{'id': 'c9ffd58c-d205-4f57-a1ac-7ee5fc3ed622', 'tenant_id': '05af56784d96405996b9adc58740a948', 'floating_ip_address': '172.28.3.133', 'floating_network_id': '4e23938d-7796-4c66-a574-afa0536ba1f2', 'router_id': 'f4afb02a-a8ce-450d-b83c-5cef8a4eb790', 'port_id': '7bf673a9-171d-42d9-94fc-75f69ef46869', 'fixed_ip_address': '172.20.0.8', 'status': 'DOWN', 'standard_attr_id': 138, 'description': '', 'qos_policy_id': None, 'port_details': {'name': '', 'network_id': 'cab9968c-b45d-4842-8dcf-22aa3b937c5a', 'mac_address': 'fa:16:3e:d4:40:52', 'admin_state_up': True, 'status': 'ACTIVE', 'device_id': '83d7a6ac-51e6-4792-b1b1-186ae2d80232', 'device_owner': 'compute:nova'}, 'dns_domain': '', 'dns_name': '', 'tags': [], 'created_at': '2021-08-24T22:30:56Z', 'updated_at': '2021-08-24T22:31:25Z', 'revision_number': 1, 'project_id': '05af56784d96405996b9adc58740a948', 'fixed_ip_address_scope': None}], '_interfaces': [{'id': '265c5d47-1f54-4739-a5bc-070673347d95', 'name': '', 'network_id': 'cab9968c-b45d-4842-8dcf-22aa3b937c5a', 'tenant_id': '05af56784d96405996b9adc58740a948', 'mac_address': 'fa:16:3e:07:70:8f', 'admin_state_up': True, 'status': 'ACTIVE', 'device_id': 'f4afb02a-a8ce-450d-b83c-5cef8a4eb790', 'device_owner': 'network:router_interface', 'standard_attr_id': 97, 'fixed_ips': [{'subnet_id': 'aca027b3-5cb8-4717-ad5c-63a1e5ce6069', 'ip_address': '172.20.0.1', 'prefixlen': 28}], 'allowed_address_pairs': [], 'extra_dhcp_opts': [], 'security_groups': [], 'description': '', 'binding:vnic_type': 'normal', 'binding:profile': {}, 'binding:host_id': 'dv-cinder-805887-2-smb', 'binding:vif_type': 'ovs', 'binding:vif_details': {'connectivity': 'l2', 'port_filter': True, 'ovs_hybrid_plug': False, 'datapath_type': 'system', 'bridge_name': 'br-int'}, 'port_security_enabled': False, 'tags': [], 'created_at': '2021-08-24T22:30:40Z', 'updated_at': '2021-08-24T22:30:52Z', 'revision_number': 5, 'project_id': '05af56784d96405996b9adc58740a948', 'subnets': [{'id': 'aca027b3-5cb8-4717-ad5c-63a1e5ce6069', 'cidr': '172.20.0.0/28', 'gateway_ip': '172.20.0.1', 'dns_nameservers': [], 'ipv6_ra_mode': None, 'subnetpool_id': None}], 'extra_subnets': [], 'address_scopes': {4: None, 6: None}, 'mtu': 1500}]}], 'dv-cinder-805887-2-smb', False) {} {{(pid=94369) wrapper /usr/local/lib/python3.8/dist-packages/oslo_log/helpers.py:65}}
Aug 24 22:31:26.828126 dv-cinder-805887-2-smb neutron-server[94367]: DEBUG neutron.pecan_wsgi.hooks.policy_enforcement [req-0e087fe1-6e1a-4abf-9331-cf4fb933dcaa req-9cbf21ac-eec4-4003-889c-8e9455d149ed service neutron] Attributes excluded by policy engine: ['standard_attr_id', 'shared', 'segment_id'] {{(pid=94367) _exclude_attributes_by_policy /opt/stack/neutron/neutron/pecan_wsgi/hooks/policy_enforcement.py:255}}
Aug 24 22:31:26.830472 dv-cinder-805887-2-smb neutron-server[94367]: INFO neutron.wsgi [req-0e087fe1-6e1a-4abf-9331-cf4fb933dcaa req-9cbf21ac-eec4-4003-889c-8e9455d149ed service neutron] 10.222.0.49 "GET /v2.0/subnets?id=aca027b3-5cb8-4717-ad5c-63a1e5ce6069 HTTP/1.1" status: 200 len: 855 time: 0.0608451
Aug 24 22:31:26.835700 dv-cinder-805887-2-smb neutron-server[94369]: DEBUG neutron.api.rpc.handlers.l3_rpc [None req-5d56b0b3-b600-4b65-a003-9a6271be2779 None None] Checking router: f4afb02a-a8ce-450d-b83c-5cef8a4eb790 for host: dv-cinder-805887-2-smb {{(pid=94369) _ensure_host_set_on_ports /opt/stack/neutron/neutron/api/rpc/handlers/l3_rpc.py:155}}
Aug 24 22:31:26.845453 dv-cinder-805887-2-smb neutron-server[94369]: DEBUG neutron.db.l3_dvrscheduler_db [None req-5d56b0b3-b600-4b65-a003-9a6271be2779 None None] Routers {'f4afb02a-a8ce-450d-b83c-5cef8a4eb790'} bound to L3 agent in host dv-cinder-805887-2-smb {{(pid=94369) _get_router_ids_for_agent /opt/stack/neutron/neutron/db/l3_dvrscheduler_db.py:420}}
