Sep 16 18:02:11.895893 dv-cinder-805887-16-iscsi neutron-server[94377]: DEBUG neutron.plugins.ml2.db [None req-795630d9-5b12-424c-b0a5-a1934ba8b86c None None] For port d03a6214-415e-4b05-b71d-56d48344e1c1, host hv-cinder-80588, got binding levels [PortBindingLevel(driver='hyperv',host='hv-cinder-80588',level=0,port_id=d03a6214-415e-4b05-b71d-56d48344e1c1,segment=NetworkSegment(b6a621ec-e2ab-4185-9447-4904215378d3),segment_id=b6a621ec-e2ab-4185-9447-4904215378d3)] {{(pid=94377) get_binding_level_objs /opt/stack/neutron/neutron/plugins/ml2/db.py:74}}
Sep 16 18:02:11.907972 dv-cinder-805887-16-iscsi neutron-server[94375]: DEBUG neutron.api.rpc.handlers.resources_rpc [None req-1e21c40a-1d3f-4bae-bbd4-c1d840210ef3 service neutron] Pushing event updated for resources: {'Port': ['ID=1327349c-8cb7-4fd5-b0a7-bb4cf2bb1571,revision_number=3']} {{(pid=94375) push /opt/stack/neutron/neutron/api/rpc/handlers/resources_rpc.py:237}}
Sep 16 18:02:11.917961 dv-cinder-805887-16-iscsi neutron-server[94377]: DEBUG neutron.plugins.ml2.rpc [None req-795630d9-5b12-424c-b0a5-a1934ba8b86c None None] Returning: {'device': 'd03a6214-415e-4b05-b71d-56d48344e1c1', 'network_id': '6294cd4d-3796-415e-a779-90bfb99af6f9', 'port_id': 'd03a6214-415e-4b05-b71d-56d48344e1c1', 'mac_address': 'fa:16:3e:d2:a9:8d', 'admin_state_up': True, 'network_type': 'vlan', 'segmentation_id': 415, 'physical_network': 'physnet1', 'mtu': 1500, 'fixed_ips': [{'subnet_id': 'afacfabb-fc79-44de-955f-d873377ef90f', 'ip_address': '172.20.0.3'}], 'device_owner': 'compute:nova', 'allowed_address_pairs': [], 'port_security_enabled': True, 'qos_policy_id': None, 'network_qos_policy_id': None, 'profile': {}, 'propagate_uplink_status': False} {{(pid=94377) _get_device_details /opt/stack/neutron/neutron/plugins/ml2/rpc.py:184}}
Sep 16 18:02:11.923429 dv-cinder-805887-16-iscsi neutron-server[94376]: DEBUG neutron_lib.callbacks.manager [None req-979eaf2e-35c3-4f82-899c-e87958c6acc4 admin admin] Notify callbacks [] for security_group, precommit_create {{(pid=94376) _notify_loop /usr/local/lib/python3.8/dist-packages/neutron_lib/callbacks/manager.py:192}}
Sep 16 18:02:11.958620 dv-cinder-805887-16-iscsi neutron-server[94377]: DEBUG neutron_lib.callbacks.manager [None req-0a522ff1-aadc-4a7b-a435-8261c9e2ef2e None None] Notify callbacks ['neutron.services.segments.db._update_segment_host_mapping_for_agent-8766132338059', 'neutron.plugins.ml2.plugin.Ml2Plugin._retry_binding_revived_agents-997066'] for agent, after_update {{(pid=94377) _notify_loop /usr/local/lib/python3.8/dist-packages/neutron_lib/callbacks/manager.py:192}}
Sep 16 18:02:11.967761 dv-cinder-805887-16-iscsi neutron-server[94375]: DEBUG novaclient.v2.client [-] RESP: [200] Connection: close Content-Length: 179 Content-Type: application/json Date: Thu, 16 Sep 2021 18:02:11 GMT OpenStack-API-Version: compute 2.1 Server: Apache/2.4.41 (Ubuntu) Vary: OpenStack-API-Version,X-OpenStack-Nova-API-Version X-OpenStack-Nova-API-Version: 2.1 x-compute-request-id: req-ff9d3797-eb65-49b2-87fc-4b4daf1ed4a0 x-openstack-request-id: req-ff9d3797-eb65-49b2-87fc-4b4daf1ed4a0 {{(pid=94375) _http_log_response /usr/local/lib/python3.8/dist-packages/keystoneauth1/session.py:550}}
Sep 16 18:02:11.967761 dv-cinder-805887-16-iscsi neutron-server[94375]: DEBUG novaclient.v2.client [-] RESP BODY: {"events": [{"name": "network-changed", "server_uuid": "daa11301-2f39-48a6-8f92-9d8b1aff9f83", "tag": "1327349c-8cb7-4fd5-b0a7-bb4cf2bb1571", "status": "completed", "code": 200}]} {{(pid=94375) _http_log_response /usr/local/lib/python3.8/dist-packages/keystoneauth1/session.py:582}}
Sep 16 18:02:11.967761 dv-cinder-805887-16-iscsi neutron-server[94375]: DEBUG novaclient.v2.client [-] POST call to compute for http://10.222.0.39/compute/v2.1/os-server-external-events used request id req-ff9d3797-eb65-49b2-87fc-4b4daf1ed4a0 {{(pid=94375) request /usr/local/lib/python3.8/dist-packages/keystoneauth1/session.py:954}}
Sep 16 18:02:11.968140 dv-cinder-805887-16-iscsi neutron-server[94376]: DEBUG neutron_lib.callbacks.manager [None req-6c84fa0e-b8f8-4d9a-b6af-62bffa25942a admin admin] Notify callbacks ['neutron.plugins.ml2.ovo_rpc._ObjectChangeHandler.handle_event-2075604'] for security_group, after_delete {{(pid=94376) _notify_loop /usr/local/lib/python3.8/dist-packages/neutron_lib/callbacks/manager.py:192}}
Sep 16 18:02:11.968481 dv-cinder-805887-16-iscsi neutron-server[94375]: INFO neutron.notifiers.nova [-] Nova event response: {'name': 'network-changed', 'server_uuid': 'daa11301-2f39-48a6-8f92-9d8b1aff9f83', 'tag': '1327349c-8cb7-4fd5-b0a7-bb4cf2bb1571', 'status': 'completed', 'code': 200}
Sep 16 18:02:11.970793 dv-cinder-805887-16-iscsi neutron-server[94376]: DEBUG neutron_lib.callbacks.manager [None req-6c84fa0e-b8f8-4d9a-b6af-62bffa25942a admin admin] Notify callbacks [] for security_group, before_response {{(pid=94376) _notify_loop /usr/local/lib/python3.8/dist-packages/neutron_lib/callbacks/manager.py:192}}
Sep 16 18:02:11.972135 dv-cinder-805887-16-iscsi neutron-server[94376]: INFO neutron.wsgi [None req-6c84fa0e-b8f8-4d9a-b6af-62bffa25942a admin admin] 10.222.0.39 "DELETE /v2.0/security-groups/2b07b2ab-b7ef-4629-8422-3e0b895fbc37 HTTP/1.1" status: 204 len: 168 time: 0.2788241
Sep 16 18:02:11.985393 dv-cinder-805887-16-iscsi neutron-server[94377]: DEBUG neutron_lib.callbacks.manager [None req-795630d9-5b12-424c-b0a5-a1934ba8b86c None None] Notify callbacks ['neutron.plugins.ml2.plugin.SecurityGroupDbMixin._ensure_default_security_group_handler-945917'] for port, before_update {{(pid=94377) _notify_loop /usr/local/lib/python3.8/dist-packages/neutron_lib/callbacks/manager.py:192}}
Sep 16 18:02:11.996677 dv-cinder-805887-16-iscsi neutron-server[94376]: DEBUG neutron_lib.callbacks.manager [None req-979eaf2e-35c3-4f82-899c-e87958c6acc4 admin admin] Notify callbacks ['neutron.plugins.ml2.ovo_rpc._ObjectChangeHandler.handle_event-2075604'] for security_group, after_create {{(pid=94376) _notify_loop /usr/local/lib/python3.8/dist-packages/neutron_lib/callbacks/manager.py:192}}
Sep 16 18:02:12.003156 dv-cinder-805887-16-iscsi neutron-server[94376]: DEBUG neutron.api.rpc.handlers.resources_rpc [None req-6c84fa0e-b8f8-4d9a-b6af-62bffa25942a admin admin] Pushing event deleted for resources: {'SecurityGroup': ['ID=2b07b2ab-b7ef-4629-8422-3e0b895fbc37,revision_number=None']} {{(pid=94376) push /opt/stack/neutron/neutron/api/rpc/handlers/resources_rpc.py:237}}
Sep 16 18:02:12.007482 dv-cinder-805887-16-iscsi neutron-server[94377]: DEBUG neutron.notifiers.nova [None req-795630d9-5b12-424c-b0a5-a1934ba8b86c None None] Ignoring state change previous_port_status: DOWN current_port_status: BUILD port_id d03a6214-415e-4b05-b71d-56d48344e1c1 {{(pid=94377) record_port_status_changed /opt/stack/neutron/neutron/notifiers/nova.py:224}}
Sep 16 18:02:12.044893 dv-cinder-805887-16-iscsi neutron-server[94377]: DEBUG neutron.plugins.ml2.db [None req-795630d9-5b12-424c-b0a5-a1934ba8b86c None None] For port d03a6214-415e-4b05-b71d-56d48344e1c1, host hv-cinder-80588, got binding levels [PortBindingLevel(driver='hyperv',host='hv-cinder-80588',level=0,port_id=d03a6214-415e-4b05-b71d-56d48344e1c1,segment=NetworkSegment(b6a621ec-e2ab-4185-9447-4904215378d3),segment_id=b6a621ec-e2ab-4185-9447-4904215378d3)] {{(pid=94377) get_binding_level_objs /opt/stack/neutron/neutron/plugins/ml2/db.py:74}}
Sep 16 18:02:12.048446 dv-cinder-805887-16-iscsi neutron-server[94376]: INFO neutron.wsgi [None req-979eaf2e-35c3-4f82-899c-e87958c6acc4 admin admin] 10.222.0.39 "GET /v2.0/security-groups?tenant_id=741185a6b8c140b4a131fb8c81eafcfe&name=default HTTP/1.1" status: 200 len: 2979 time: 0.7352479
Sep 16 18:02:12.070618 dv-cinder-805887-16-iscsi neutron-server[94375]: DEBUG neutron.wsgi [-] (94375) accepted ('10.222.0.39', 46278) {{(pid=94375) server /usr/local/lib/python3.8/dist-packages/eventlet/wsgi.py:982}}
Sep 16 18:02:12.073112 dv-cinder-805887-16-iscsi neutron-server[94376]: DEBUG neutron.pecan_wsgi.hooks.policy_enforcement [req-15ceb327-1359-415f-8b5a-cd2813b27d32 req-634011cb-9c9f-45a7-8e70-9fb1cf97eecd tempest-ServerRescueNegativeTestJSON-984579848 tempest-ServerRescueNegativeTestJSON-984579848-project] Attributes excluded by policy engine: ['standard_attr_id', 'binding:profile', 'binding:host_id', 'binding:vif_type', 'binding:vif_details'] {{(pid=94376) _exclude_attributes_by_policy /opt/stack/neutron/neutron/pecan_wsgi/hooks/policy_enforcement.py:255}}
Sep 16 18:02:12.082777 dv-cinder-805887-16-iscsi neutron-server[94376]: INFO neutron.wsgi [req-15ceb327-1359-415f-8b5a-cd2813b27d32 req-634011cb-9c9f-45a7-8e70-9fb1cf97eecd tempest-ServerRescueNegativeTestJSON-984579848 tempest-ServerRescueNegativeTestJSON-984579848-project] 10.222.0.39 "GET /v2.0/ports?device_id=daa11301-2f39-48a6-8f92-9d8b1aff9f83 HTTP/1.1" status: 200 len: 944 time: 0.1264014
Sep 16 18:02:12.089573 dv-cinder-805887-16-iscsi neutron-server[94376]: DEBUG neutron.api.rpc.handlers.resources_rpc [None req-979eaf2e-35c3-4f82-899c-e87958c6acc4 admin admin] Pushing event updated for resources: {'SecurityGroup': ['ID=ca1d54de-b1a7-4b4f-94ac-c665f515ee6a,revision_number=1']} {{(pid=94376) push /opt/stack/neutron/neutron/api/rpc/handlers/resources_rpc.py:237}}
Sep 16 18:02:12.135839 dv-cinder-805887-16-iscsi neutron-server[94377]: DEBUG neutron_lib.callbacks.manager [None req-795630d9-5b12-424c-b0a5-a1934ba8b86c None None] Notify callbacks ['neutron.plugins.ml2.plugin.SecurityGroupServerNotifierRpcMixin._notify_sg_on_port_change-945852', 'neutron.plugins.ml2.ovo_rpc._ObjectChangeHandler.handle_event-82524', 'neutron.api.rpc.agentnotifiers.dhcp_rpc_agent_api.DhcpAgentNotifyAPI._native_event_send_dhcp_notification-2045241', 'neutron.db.l3_db.L3RpcNotifierMixin._notify_gateway_port_ip_changed-8766132329741', 'neutron.db.l3_dvrscheduler_db._notify_l3_agent_port_update-8766131793116', 'neutron.db.l3_hascheduler_db._notify_l3_agent_ha_port_update-8766131793134'] for port, after_update {{(pid=94377) _notify_loop /usr/local/lib/python3.8/dist-packages/neutron_lib/callbacks/manager.py:192}}
Sep 16 18:02:12.138763 dv-cinder-805887-16-iscsi neutron-server[94377]: DEBUG neutron.plugins.ml2.rpc [None req-795630d9-5b12-424c-b0a5-a1934ba8b86c None None] Device 88f8113a-723c-4b75-8a4b-7fe32e5afa0b details requested by agent hyperv_hv-cinder-80588 with host hv-cinder-80588 {{(pid=94377) get_device_details /opt/stack/neutron/neutron/plugins/ml2/rpc.py:102}}
Sep 16 18:02:12.151091 dv-cinder-805887-16-iscsi neutron-server[94375]: DEBUG neutron.pecan_wsgi.hooks.policy_enforcement [req-ef1bb09a-27d5-47b5-b4b7-f036052fd3a0 req-99a6b716-b678-4105-83fd-833722d2369a service neutron] Attributes excluded by policy engine: ['standard_attr_id'] {{(pid=94375) _exclude_attributes_by_policy /opt/stack/neutron/neutron/pecan_wsgi/hooks/policy_enforcement.py:255}}
Sep 16 18:02:12.151091 dv-cinder-805887-16-iscsi neutron-server[94375]: INFO neutron.wsgi [req-ef1bb09a-27d5-47b5-b4b7-f036052fd3a0 req-99a6b716-b678-4105-83fd-833722d2369a service neutron] 10.222.0.48 "GET /v2.0/ports?tenant_id=e14fd2a9f2a242d4b8ac51a56c969b91&device_id=daa11301-2f39-48a6-8f92-9d8b1aff9f83 HTTP/1.1" status: 200 len: 1097 time: 0.1725662
Sep 16 18:02:12.241010 dv-cinder-805887-16-iscsi neutron-server[94377]: DEBUG neutron.api.rpc.handlers.resources_rpc [None req-795630d9-5b12-424c-b0a5-a1934ba8b86c None None] Pushing event updated for resources: {'Port': ['ID=d03a6214-415e-4b05-b71d-56d48344e1c1,revision_number=4']} {{(pid=94377) push /opt/stack/neutron/neutron/api/rpc/handlers/resources_rpc.py:237}}
Sep 16 18:02:12.311710 dv-cinder-805887-16-iscsi neutron-server[94376]: INFO neutron.wsgi [req-15ceb327-1359-415f-8b5a-cd2813b27d32 req-65263f02-7a50-48f0-886a-1e07b311751c tempest-ServerRescueNegativeTestJSON-984579848 tempest-ServerRescueNegativeTestJSON-984579848-project] 10.222.0.39 "GET /v2.0/security-groups?id=9b7515cd-ad77-47c0-8ca9-2ab662e89668&fields=id&fields=name HTTP/1.1" status: 200 len: 286 time: 0.2304702
Sep 16 18:02:12.393760 dv-cinder-805887-16-iscsi neutron-server[94375]: DEBUG neutron_lib.callbacks.manager [None req-23413db9-dbb1-4137-814a-319d9024975e admin admin] Notify callbacks [] for security_group, before_delete {{(pid=94375) _notify_loop /usr/local/lib/python3.8/dist-packages/neutron_lib/callbacks/manager.py:192}}
Sep 16 18:02:12.397189 dv-cinder-805887-16-iscsi neutron-server[94377]: DEBUG neutron.plugins.ml2.db [None req-795630d9-5b12-424c-b0a5-a1934ba8b86c None None] For port 88f8113a-723c-4b75-8a4b-7fe32e5afa0b, host hv-cinder-80588, got binding levels [PortBindingLevel(driver='hyperv',host='hv-cinder-80588',level=0,port_id=88f8113a-723c-4b75-8a4b-7fe32e5afa0b,segment=NetworkSegment(ef2d9522-0fd8-4145-ba63-d9ab29309ec2),segment_id=ef2d9522-0fd8-4145-ba63-d9ab29309ec2)] {{(pid=94377) get_binding_level_objs /opt/stack/neutron/neutron/plugins/ml2/db.py:74}}
Sep 16 18:02:12.409993 dv-cinder-805887-16-iscsi neutron-server[94375]: DEBUG neutron.pecan_wsgi.hooks.policy_enforcement [req-50730def-1873-4688-836e-0f9c972c28d4 req-bf4f1406-b6dc-49d0-b858-3214787b53b8 tempest-DeleteServersTestJSON-431187356 tempest-DeleteServersTestJSON-431187356-project] Attributes excluded by policy engine: ['standard_attr_id', 'binding:profile', 'binding:host_id', 'binding:vif_type', 'binding:vif_details'] {{(pid=94375) _exclude_attributes_by_policy /opt/stack/neutron/neutron/pecan_wsgi/hooks/policy_enforcement.py:255}}
Sep 16 18:02:12.417515 dv-cinder-805887-16-iscsi neutron-server[94375]: INFO neutron.wsgi [req-50730def-1873-4688-836e-0f9c972c28d4 req-bf4f1406-b6dc-49d0-b858-3214787b53b8 tempest-DeleteServersTestJSON-431187356 tempest-DeleteServersTestJSON-431187356-project] 10.222.0.39 "GET /v2.0/ports?device_id=4ee17943-0de0-4363-91f7-cd5056e25f88 HTTP/1.1" status: 200 len: 944 time: 0.2200961
Sep 16 18:02:12.417811 dv-cinder-805887-16-iscsi neutron-server[94377]: DEBUG neutron.plugins.ml2.rpc [None req-795630d9-5b12-424c-b0a5-a1934ba8b86c None None] Returning: {'device': '88f8113a-723c-4b75-8a4b-7fe32e5afa0b', 'network_id': '5b41ae28-b9fc-4ab6-ac11-b1625cc7e15e', 'port_id': '88f8113a-723c-4b75-8a4b-7fe32e5afa0b', 'mac_address': 'fa:16:3e:9b:d6:c1', 'admin_state_up': True, 'network_type': 'vlan', 'segmentation_id': 432, 'physical_network': 'physnet1', 'mtu': 1500, 'fixed_ips': [{'subnet_id': 'aab3abe8-e738-4bc8-9bdc-e245a447e33e', 'ip_address': '172.20.0.13'}], 'device_owner': 'compute:nova', 'allowed_address_pairs': [], 'port_security_enabled': True, 'qos_policy_id': None, 'network_qos_policy_id': None, 'profile': {}, 'propagate_uplink_status': False} {{(pid=94377) _get_device_details /opt/stack/neutron/neutron/plugins/ml2/rpc.py:184}}
Sep 16 18:02:12.446229 dv-cinder-805887-16-iscsi neutron-server[94375]: DEBUG neutron.pecan_wsgi.hooks.policy_enforcement [req-ef1bb09a-27d5-47b5-b4b7-f036052fd3a0 req-5dec7aa1-5989-465f-ae2c-d435110cfe96 service neutron] Attributes excluded by policy engine: ['standard_attr_id', 'vlan_transparent'] {{(pid=94375) _exclude_attributes_by_policy /opt/stack/neutron/neutron/pecan_wsgi/hooks/policy_enforcement.py:255}}
Sep 16 18:02:12.447796 dv-cinder-805887-16-iscsi neutron-server[94375]: INFO neutron.wsgi [req-ef1bb09a-27d5-47b5-b4b7-f036052fd3a0 req-5dec7aa1-5989-465f-ae2c-d435110cfe96 service neutron] 10.222.0.48 "GET /v2.0/networks?tenant_id=e14fd2a9f2a242d4b8ac51a56c969b91&shared=False HTTP/1.1" status: 200 len: 920 time: 0.2782731
Sep 16 18:02:12.477811 dv-cinder-805887-16-iscsi neutron-server[94376]: DEBUG neutron.pecan_wsgi.hooks.policy_enforcement [req-183afe3f-e2fe-41cd-af66-3a8eba73ada2 req-2a27a19c-5ef0-4678-8229-52613d2bcd92 tempest-AttachVolumeNegativeTest-574356715 tempest-AttachVolumeNegativeTest-574356715-project] Attributes excluded by policy engine: ['standard_attr_id', 'binding:profile', 'binding:host_id', 'binding:vif_type', 'binding:vif_details'] {{(pid=94376) _exclude_attributes_by_policy /opt/stack/neutron/neutron/pecan_wsgi/hooks/policy_enforcement.py:255}}
Sep 16 18:02:12.479112 dv-cinder-805887-16-iscsi neutron-server[94377]: DEBUG neutron_lib.callbacks.manager [None req-795630d9-5b12-424c-b0a5-a1934ba8b86c None None] Notify callbacks ['neutron.plugins.ml2.plugin.SecurityGroupDbMixin._ensure_default_security_group_handler-945917'] for port, before_update {{(pid=94377) _notify_loop /usr/local/lib/python3.8/dist-packages/neutron_lib/callbacks/manager.py:192}}
Sep 16 18:02:12.479608 dv-cinder-805887-16-iscsi neutron-server[94376]: INFO neutron.wsgi [req-183afe3f-e2fe-41cd-af66-3a8eba73ada2 req-2a27a19c-5ef0-4678-8229-52613d2bcd92 tempest-AttachVolumeNegativeTest-574356715 tempest-AttachVolumeNegativeTest-574356715-project] 10.222.0.39 "GET /v2.0/ports?device_id=e8c9fa58-f885-4f8a-aeec-20aeeb59d59b HTTP/1.1" status: 200 len: 944 time: 0.0758026
Sep 16 18:02:12.492059 dv-cinder-805887-16-iscsi neutron-server[94375]: DEBUG neutron_lib.callbacks.manager [None req-23413db9-dbb1-4137-814a-319d9024975e admin admin] Notify callbacks [] for security_group, precommit_delete {{(pid=94375) _notify_loop /usr/local/lib/python3.8/dist-packages/neutron_lib/callbacks/manager.py:192}}
Sep 16 18:02:12.504000 dv-cinder-805887-16-iscsi neutron-server[94377]: DEBUG neutron.notifiers.nova [None req-795630d9-5b12-424c-b0a5-a1934ba8b86c None None] Ignoring state change previous_port_status: DOWN current_port_status: BUILD port_id 88f8113a-723c-4b75-8a4b-7fe32e5afa0b {{(pid=94377) record_port_status_changed /opt/stack/neutron/neutron/notifiers/nova.py:224}}
Sep 16 18:02:12.534720 dv-cinder-805887-16-iscsi neutron-server[94377]: DEBUG neutron.plugins.ml2.db [None req-795630d9-5b12-424c-b0a5-a1934ba8b86c None None] For port 88f8113a-723c-4b75-8a4b-7fe32e5afa0b, host hv-cinder-80588, got binding levels [PortBindingLevel(driver='hyperv',host='hv-cinder-80588',level=0,port_id=88f8113a-723c-4b75-8a4b-7fe32e5afa0b,segment=NetworkSegment(ef2d9522-0fd8-4145-ba63-d9ab29309ec2),segment_id=ef2d9522-0fd8-4145-ba63-d9ab29309ec2)] {{(pid=94377) get_binding_level_objs /opt/stack/neutron/neutron/plugins/ml2/db.py:74}}
Sep 16 18:02:12.553426 dv-cinder-805887-16-iscsi neutron-server[94376]: INFO neutron.wsgi [req-183afe3f-e2fe-41cd-af66-3a8eba73ada2 req-ff7dbda6-8c3d-43f2-81bb-5762e6d93b8d tempest-AttachVolumeNegativeTest-574356715 tempest-AttachVolumeNegativeTest-574356715-project] 10.222.0.39 "GET /v2.0/security-groups?id=43d1e9df-085a-40c0-bd4d-b46fc26558d5&fields=id&fields=name HTTP/1.1" status: 200 len: 286 time: 0.0664175
Sep 16 18:02:12.554188 dv-cinder-805887-16-iscsi neutron-server[94375]: INFO neutron.wsgi [req-50730def-1873-4688-836e-0f9c972c28d4 req-c504ab64-9e59-4238-94c0-4384784c3675 tempest-DeleteServersTestJSON-431187356 tempest-DeleteServersTestJSON-431187356-project] 10.222.0.39 "GET /v2.0/security-groups?id=b77af1a3-4467-4920-87a9-d25c492ef199&fields=id&fields=name HTTP/1.1" status: 200 len: 286 time: 0.1356721
Sep 16 18:02:12.650417 dv-cinder-805887-16-iscsi neutron-server[94377]: DEBUG neutron_lib.callbacks.manager [None req-795630d9-5b12-424c-b0a5-a1934ba8b86c None None] Notify callbacks ['neutron.plugins.ml2.plugin.SecurityGroupServerNotifierRpcMixin._notify_sg_on_port_change-945852', 'neutron.plugins.ml2.ovo_rpc._ObjectChangeHandler.handle_event-82524', 'neutron.api.rpc.agentnotifiers.dhcp_rpc_agent_api.DhcpAgentNotifyAPI._native_event_send_dhcp_notification-2045241', 'neutron.db.l3_db.L3RpcNotifierMixin._notify_gateway_port_ip_changed-8766132329741', 'neutron.db.l3_dvrscheduler_db._notify_l3_agent_port_update-8766131793116', 'neutron.db.l3_hascheduler_db._notify_l3_agent_ha_port_update-8766131793134'] for port, after_update {{(pid=94377) _notify_loop /usr/local/lib/python3.8/dist-packages/neutron_lib/callbacks/manager.py:192}}
Sep 16 18:02:12.673704 dv-cinder-805887-16-iscsi neutron-server[94376]: DEBUG neutron.pecan_wsgi.hooks.policy_enforcement [req-16288501-419d-439b-8dfb-6ebc9dcd0873 req-800bc311-5acd-436d-9be5-13f3ccfd9ff4 tempest-AttachVolumeTestJSON-427295679 tempest-AttachVolumeTestJSON-427295679-project] Attributes excluded by policy engine: ['standard_attr_id', 'binding:profile', 'binding:host_id', 'binding:vif_type', 'binding:vif_details'] {{(pid=94376) _exclude_attributes_by_policy /opt/stack/neutron/neutron/pecan_wsgi/hooks/policy_enforcement.py:255}}
Sep 16 18:02:12.675468 dv-cinder-805887-16-iscsi neutron-server[94376]: INFO neutron.wsgi [req-16288501-419d-439b-8dfb-6ebc9dcd0873 req-800bc311-5acd-436d-9be5-13f3ccfd9ff4 tempest-AttachVolumeTestJSON-427295679 tempest-AttachVolumeTestJSON-427295679-project] 10.222.0.39 "GET /v2.0/ports?device_id=2ca0f9af-8a41-485f-94ff-74e9a440cd21 HTTP/1.1" status: 200 len: 932 time: 0.0607762
Sep 16 18:02:12.680811 dv-cinder-805887-16-iscsi neutron-server[94375]: DEBUG neutron.notifiers.nova [req-118c55e8-3a8f-4e5d-a72e-394be49d478c req-c5cca45a-1659-4fe0-99fb-07babc7c64a1 service neutron] Ignoring state change previous_port_status: DOWN current_port_status: DOWN port_id 99efb11e-0a38-420a-bde9-1451f396c176 {{(pid=94375) record_port_status_changed /opt/stack/neutron/neutron/notifiers/nova.py:224}}
Sep 16 18:02:12.696638 dv-cinder-805887-16-iscsi neutron-server[94375]: DEBUG neutron_lib.callbacks.manager [req-118c55e8-3a8f-4e5d-a72e-394be49d478c req-c5cca45a-1659-4fe0-99fb-07babc7c64a1 service neutron] Notify callbacks [] for port, precommit_update {{(pid=94375) _notify_loop /usr/local/lib/python3.8/dist-packages/neutron_lib/callbacks/manager.py:192}}
Sep 16 18:02:12.707959 dv-cinder-805887-16-iscsi neutron-server[94375]: DEBUG neutron.pecan_wsgi.hooks.policy_enforcement [req-ef1bb09a-27d5-47b5-b4b7-f036052fd3a0 req-df2eb464-f96e-4cba-b5eb-c5d4d678b8cd service neutron] Attributes excluded by policy engine: ['standard_attr_id', 'vlan_transparent'] {{(pid=94375) _exclude_attributes_by_policy /opt/stack/neutron/neutron/pecan_wsgi/hooks/policy_enforcement.py:255}}
Sep 16 18:02:12.709461 dv-cinder-805887-16-iscsi neutron-server[94375]: INFO neutron.wsgi [req-ef1bb09a-27d5-47b5-b4b7-f036052fd3a0 req-df2eb464-f96e-4cba-b5eb-c5d4d678b8cd service neutron] 10.222.0.48 "GET /v2.0/networks?shared=True HTTP/1.1" status: 200 len: 870 time: 0.2506218
Sep 16 18:02:12.722236 dv-cinder-805887-16-iscsi neutron-server[94377]: DEBUG neutron.api.rpc.handlers.resources_rpc [None req-795630d9-5b12-424c-b0a5-a1934ba8b86c None None] Pushing event updated for resources: {'Port': ['ID=88f8113a-723c-4b75-8a4b-7fe32e5afa0b,revision_number=4']} {{(pid=94377) push /opt/stack/neutron/neutron/api/rpc/handlers/resources_rpc.py:237}}
Sep 16 18:02:12.740113 dv-cinder-805887-16-iscsi neutron-server[94377]: DEBUG neutron_lib.callbacks.manager [None req-f40c7bea-603c-4d7a-83ba-7ee4b9b7570d None None] Notify callbacks ['neutron.services.segments.db._update_segment_host_mapping_for_agent-8766132338059', 'neutron.plugins.ml2.plugin.Ml2Plugin._retry_binding_revived_agents-997066'] for agent, after_update {{(pid=94377) _notify_loop /usr/local/lib/python3.8/dist-packages/neutron_lib/callbacks/manager.py:192}}
Sep 16 18:02:12.750972 dv-cinder-805887-16-iscsi neutron-server[94376]: INFO neutron.wsgi [req-16288501-419d-439b-8dfb-6ebc9dcd0873 req-4fb406e2-0ff0-4f10-88de-f22285ad2cc8 tempest-AttachVolumeTestJSON-427295679 tempest-AttachVolumeTestJSON-427295679-project] 10.222.0.39 "GET /v2.0/security-groups?id=5915178b-ba67-461c-a285-a940d9971eec&fields=id&fields=name HTTP/1.1" status: 200 len: 312 time: 0.0631223
Sep 16 18:02:12.788721 dv-cinder-805887-16-iscsi neutron-server[94376]: DEBUG neutron.wsgi [-] (94376) accepted ('10.222.0.39', 46304) {{(pid=94376) server /usr/local/lib/python3.8/dist-packages/eventlet/wsgi.py:982}}
Sep 16 18:02:12.793388 dv-cinder-805887-16-iscsi neutron-server[94375]: DEBUG neutron.pecan_wsgi.hooks.policy_enforcement [req-72524a4c-d294-4f72-8c31-e829a80bbc9c req-f9109a93-6e6d-4ff7-bee9-2d970601ba0e service neutron] Attributes excluded by policy engine: ['standard_attr_id'] {{(pid=94375) _exclude_attributes_by_policy /opt/stack/neutron/neutron/pecan_wsgi/hooks/policy_enforcement.py:255}}
Sep 16 18:02:12.794924 dv-cinder-805887-16-iscsi neutron-server[94375]: INFO neutron.wsgi [req-72524a4c-d294-4f72-8c31-e829a80bbc9c req-f9109a93-6e6d-4ff7-bee9-2d970601ba0e service neutron] 10.222.0.48 "GET /v2.0/ports?tenant_id=e14fd2a9f2a242d4b8ac51a56c969b91&device_id=daa11301-2f39-48a6-8f92-9d8b1aff9f83 HTTP/1.1" status: 200 len: 1097 time: 0.0439632
Sep 16 18:02:12.797342 dv-cinder-805887-16-iscsi neutron-server[94375]: DEBUG neutron.db.provisioning_blocks [req-118c55e8-3a8f-4e5d-a72e-394be49d478c req-c5cca45a-1659-4fe0-99fb-07babc7c64a1 service neutron] Transition to ACTIVE for port object 99efb11e-0a38-420a-bde9-1451f396c176 will not be triggered until provisioned by entity L2. {{(pid=94375) add_provisioning_component /opt/stack/neutron/neutron/db/provisioning_blocks.py:73}}
Sep 16 18:02:12.798671 dv-cinder-805887-16-iscsi neutron-server[94375]: DEBUG neutron_lib.callbacks.manager [None req-23413db9-dbb1-4137-814a-319d9024975e admin admin] Notify callbacks ['neutron.plugins.ml2.ovo_rpc._ObjectChangeHandler.handle_event-2075604'] for security_group, after_delete {{(pid=94375) _notify_loop /usr/local/lib/python3.8/dist-packages/neutron_lib/callbacks/manager.py:192}}
Sep 16 18:02:12.801179 dv-cinder-805887-16-iscsi neutron-server[94375]: DEBUG neutron_lib.callbacks.manager [None req-23413db9-dbb1-4137-814a-319d9024975e admin admin] Notify callbacks [] for security_group, before_response {{(pid=94375) _notify_loop /usr/local/lib/python3.8/dist-packages/neutron_lib/callbacks/manager.py:192}}
Sep 16 18:02:12.804802 dv-cinder-805887-16-iscsi neutron-server[94375]: INFO neutron.wsgi [None req-23413db9-dbb1-4137-814a-319d9024975e admin admin] 10.222.0.39 "DELETE /v2.0/security-groups/ca1d54de-b1a7-4b4f-94ac-c665f515ee6a HTTP/1.1" status: 204 len: 168 time: 0.7298758
Sep 16 18:02:12.817885 dv-cinder-805887-16-iscsi neutron-server[94375]: DEBUG neutron.api.rpc.handlers.resources_rpc [None req-23413db9-dbb1-4137-814a-319d9024975e admin admin] Pushing event deleted for resources: {'SecurityGroup': ['ID=ca1d54de-b1a7-4b4f-94ac-c665f515ee6a,revision_number=None']} {{(pid=94375) push /opt/stack/neutron/neutron/api/rpc/handlers/resources_rpc.py:237}}
Sep 16 18:02:12.861919 dv-cinder-805887-16-iscsi neutron-server[94375]: DEBUG neutron_lib.callbacks.manager [req-118c55e8-3a8f-4e5d-a72e-394be49d478c req-c5cca45a-1659-4fe0-99fb-07babc7c64a1 service neutron] Notify callbacks ['neutron.plugins.ml2.plugin.SecurityGroupServerNotifierRpcMixin._notify_sg_on_port_change-945852', 'neutron.plugins.ml2.ovo_rpc._ObjectChangeHandler.handle_event-82524', 'neutron.api.rpc.agentnotifiers.dhcp_rpc_agent_api.DhcpAgentNotifyAPI._native_event_send_dhcp_notification-2045241', 'neutron.db.l3_db.L3RpcNotifierMixin._notify_gateway_port_ip_changed-8766132329741', 'neutron.db.l3_dvrscheduler_db._notify_l3_agent_port_update-8766131793116', 'neutron.db.l3_hascheduler_db._notify_l3_agent_ha_port_update-8766131793134'] for port, after_update {{(pid=94375) _notify_loop /usr/local/lib/python3.8/dist-packages/neutron_lib/callbacks/manager.py:192}}
Sep 16 18:02:12.864733 dv-cinder-805887-16-iscsi neutron-server[94375]: INFO neutron.wsgi [req-72524a4c-d294-4f72-8c31-e829a80bbc9c req-6a90ff70-ff96-4f41-a4f0-88b0bc475ced service neutron] 10.222.0.48 "GET /v2.0/floatingips?fixed_ip_address=172.20.0.14&port_id=1327349c-8cb7-4fd5-b0a7-bb4cf2bb1571 HTTP/1.1" status: 200 len: 217 time: 0.0611448
Sep 16 18:02:12.948688 dv-cinder-805887-16-iscsi neutron-server[94375]: DEBUG neutron.api.rpc.handlers.resources_rpc [None req-c5cca45a-1659-4fe0-99fb-07babc7c64a1 service neutron] Pushing event updated for resources: {'Port': ['ID=99efb11e-0a38-420a-bde9-1451f396c176,revision_number=2']} {{(pid=94375) push /opt/stack/neutron/neutron/api/rpc/handlers/resources_rpc.py:237}}
Sep 16 18:02:12.950775 dv-cinder-805887-16-iscsi neutron-server[94377]: DEBUG neutron.plugins.ml2.db [None req-795630d9-5b12-424c-b0a5-a1934ba8b86c None None] get_ports_and_sgs() called for port_ids ['88f8113a-723c-4b75-8a4b-7fe32e5afa0b'] {{(pid=94377) get_ports_and_sgs /opt/stack/neutron/neutron/plugins/ml2/db.py:156}}
Sep 16 18:02:12.969039 dv-cinder-805887-16-iscsi neutron-server[94376]: DEBUG neutron.api.v2.base [None req-6d670e87-3744-44e2-ae0c-eddfab22590a admin admin] Request body: {'network': {'name': 'tempest-EncryptedVolumesExtendAttachedTest-932525153-network', 'tenant_id': 'e386265363e84e7d9a6e0b502b90322c'}} {{(pid=94376) prepare_request_body /opt/stack/neutron/neutron/api/v2/base.py:730}}
Sep 16 18:02:12.974736 dv-cinder-805887-16-iscsi neutron-server[94377]: DEBUG neutron.plugins.ml2.db [None req-795630d9-5b12-424c-b0a5-a1934ba8b86c None None] get_ports_and_sgs() called for port_ids ['d03a6214-415e-4b05-b71d-56d48344e1c1'] {{(pid=94377) get_ports_and_sgs /opt/stack/neutron/neutron/plugins/ml2/db.py:156}}
Sep 16 18:02:12.989496 dv-cinder-805887-16-iscsi neutron-server[94375]: DEBUG neutron.pecan_wsgi.hooks.policy_enforcement [req-72524a4c-d294-4f72-8c31-e829a80bbc9c req-b82c3fd7-13fe-4541-a044-99f343cc859e service neutron] Attributes excluded by policy engine: ['standard_attr_id', 'shared'] {{(pid=94375) _exclude_attributes_by_policy /opt/stack/neutron/neutron/pecan_wsgi/hooks/policy_enforcement.py:255}}
Sep 16 18:02:13.000230 dv-cinder-805887-16-iscsi neutron-server[94375]: INFO neutron.wsgi [req-72524a4c-d294-4f72-8c31-e829a80bbc9c req-b82c3fd7-13fe-4541-a044-99f343cc859e service neutron] 10.222.0.48 "GET /v2.0/subnets?id=8794d90a-030a-4082-a4bc-dff6d7c0a228 HTTP/1.1" status: 200 len: 859 time: 0.1119771
Sep 16 18:02:13.054749 dv-cinder-805887-16-iscsi neutron-server[94375]: INFO neutron.wsgi [req-72524a4c-d294-4f72-8c31-e829a80bbc9c req-d2780605-92f6-4dfb-b600-78630267aaf8 service neutron] 10.222.0.48 "GET /v2.0/ports?network_id=eea30780-e2d2-4c97-9ac1-8d2c41ddf7b0&device_owner=network%3Adhcp HTTP/1.1" status: 200 len: 210 time: 0.0449822
Sep 16 18:02:13.055682 dv-cinder-805887-16-iscsi neutron-server[94375]: DEBUG neutron.plugins.ml2.managers [req-118c55e8-3a8f-4e5d-a72e-394be49d478c req-c5cca45a-1659-4fe0-99fb-07babc7c64a1 service neutron] Attempting to bind port 99efb11e-0a38-420a-bde9-1451f396c176 on host hv-cinder-80588 for vnic_type normal with profile {{(pid=94375) bind_port /opt/stack/neutron/neutron/plugins/ml2/managers.py:790}}
Sep 16 18:02:13.056015 dv-cinder-805887-16-iscsi neutron-server[94375]: DEBUG neutron.plugins.ml2.managers [req-118c55e8-3a8f-4e5d-a72e-394be49d478c req-c5cca45a-1659-4fe0-99fb-07babc7c64a1 service neutron] Attempting to bind port 99efb11e-0a38-420a-bde9-1451f396c176 by drivers openvswitch,hyperv on host hv-cinder-80588 at level 0 using segments [{'id': '9b4cc27b-6a94-4957-9fe1-d5a62e0ac753', 'network_type': 'vlan', 'physical_network': 'physnet1', 'segmentation_id': 440, 'network_id': '9dec0048-3d0d-4de0-a5d6-87509b6fbc3f'}] {{(pid=94375) _bind_port_level /opt/stack/neutron/neutron/plugins/ml2/managers.py:815}}
Sep 16 18:02:13.056339 dv-cinder-805887-16-iscsi neutron-server[94375]: DEBUG neutron.plugins.ml2.drivers.mech_agent [req-118c55e8-3a8f-4e5d-a72e-394be49d478c req-c5cca45a-1659-4fe0-99fb-07babc7c64a1 service neutron] Attempting to bind port 99efb11e-0a38-420a-bde9-1451f396c176 on network 9dec0048-3d0d-4de0-a5d6-87509b6fbc3f {{(pid=94375) bind_port /opt/stack/neutron/neutron/plugins/ml2/drivers/mech_agent.py:91}}
Sep 16 18:02:13.061439 dv-cinder-805887-16-iscsi neutron-server[94375]: DEBUG neutron.plugins.ml2.drivers.mech_agent [req-118c55e8-3a8f-4e5d-a72e-394be49d478c req-c5cca45a-1659-4fe0-99fb-07babc7c64a1 service neutron] Port 99efb11e-0a38-420a-bde9-1451f396c176 on network 9dec0048-3d0d-4de0-a5d6-87509b6fbc3f not bound, no agent of type Open vSwitch agent registered on host hv-cinder-80588 {{(pid=94375) bind_port /opt/stack/neutron/neutron/plugins/ml2/drivers/mech_agent.py:103}}
Sep 16 18:02:13.062126 dv-cinder-805887-16-iscsi neutron-server[94375]: DEBUG neutron.plugins.ml2.drivers.mech_agent [req-118c55e8-3a8f-4e5d-a72e-394be49d478c req-c5cca45a-1659-4fe0-99fb-07babc7c64a1 service neutron] Attempting to bind port 99efb11e-0a38-420a-bde9-1451f396c176 on network 9dec0048-3d0d-4de0-a5d6-87509b6fbc3f {{(pid=94375) bind_port /opt/stack/neutron/neutron/plugins/ml2/drivers/mech_agent.py:91}}
Sep 16 18:02:13.070301 dv-cinder-805887-16-iscsi neutron-server[94375]: DEBUG neutron.plugins.ml2.drivers.mech_agent [req-118c55e8-3a8f-4e5d-a72e-394be49d478c req-c5cca45a-1659-4fe0-99fb-07babc7c64a1 service neutron] Checking agent: {'id': '75b46b38-39b5-4326-85ca-135b1ed93b4f', 'agent_type': 'HyperV agent', 'binary': 'neutron-hyperv-agent', 'topic': 'N/A', 'host': 'hv-cinder-80588', 'admin_state_up': True, 'created_at': datetime.datetime(2021, 9, 16, 17, 59, 54), 'started_at': datetime.datetime(2021, 9, 16, 17, 59, 54), 'heartbeat_timestamp': datetime.datetime(2021, 9, 16, 18, 1, 55), 'description': None, 'resources_synced': None, 'availability_zone': None, 'alive': True, 'configurations': {'vswitch_mappings': {'physnet1$': 'br-data'}}, 'resource_versions': {}} {{(pid=94375) bind_port /opt/stack/neutron/neutron/plugins/ml2/drivers/mech_agent.py:110}}
Sep 16 18:02:13.070701 dv-cinder-805887-16-iscsi neutron-server[94375]: DEBUG neutron.plugins.ml2.drivers.mech_agent [req-118c55e8-3a8f-4e5d-a72e-394be49d478c req-c5cca45a-1659-4fe0-99fb-07babc7c64a1 service neutron] Checking segment: {'id': '9b4cc27b-6a94-4957-9fe1-d5a62e0ac753', 'network_type': 'vlan', 'physical_network': 'physnet1', 'segmentation_id': 440, 'network_id': '9dec0048-3d0d-4de0-a5d6-87509b6fbc3f'} for mappings: {'physnet1$': 'br-data'} with network types: ['local', 'flat', 'vlan'] {{(pid=94375) check_segment_for_agent /opt/stack/neutron/neutron/plugins/ml2/drivers/mech_agent.py:358}}
Sep 16 18:02:13.071170 dv-cinder-805887-16-iscsi neutron-server[94375]: DEBUG neutron.plugins.ml2.drivers.mech_agent [req-118c55e8-3a8f-4e5d-a72e-394be49d478c req-c5cca45a-1659-4fe0-99fb-07babc7c64a1 service neutron] Bound using segment: {'id': '9b4cc27b-6a94-4957-9fe1-d5a62e0ac753', 'network_type': 'vlan', 'physical_network': 'physnet1', 'segmentation_id': 440, 'network_id': '9dec0048-3d0d-4de0-a5d6-87509b6fbc3f'} {{(pid=94375) bind_port /opt/stack/neutron/neutron/plugins/ml2/drivers/mech_agent.py:120}}
Sep 16 18:02:13.071513 dv-cinder-805887-16-iscsi neutron-server[94375]: DEBUG neutron.plugins.ml2.managers [req-118c55e8-3a8f-4e5d-a72e-394be49d478c req-c5cca45a-1659-4fe0-99fb-07babc7c64a1 service neutron] Bound port: 99efb11e-0a38-420a-bde9-1451f396c176, host: hv-cinder-80588, vif_type: hyperv, vif_details: {"connectivity": "legacy", "port_filter": false}, binding_levels: [{'bound_driver': 'hyperv', 'bound_segment': {'id': '9b4cc27b-6a94-4957-9fe1-d5a62e0ac753', 'network_type': 'vlan', 'physical_network': 'physnet1', 'segmentation_id': 440, 'network_id': '9dec0048-3d0d-4de0-a5d6-87509b6fbc3f'}}] {{(pid=94375) _bind_port_level /opt/stack/neutron/neutron/plugins/ml2/managers.py:928}}
Sep 16 18:02:13.072044 dv-cinder-805887-16-iscsi neutron-server[94375]: DEBUG neutron_lib.callbacks.manager [req-118c55e8-3a8f-4e5d-a72e-394be49d478c req-c5cca45a-1659-4fe0-99fb-07babc7c64a1 service neutron] Notify callbacks ['neutron.plugins.ml2.plugin.SecurityGroupDbMixin._ensure_default_security_group_handler-945917'] for port, before_update {{(pid=94375) _notify_loop /usr/local/lib/python3.8/dist-packages/neutron_lib/callbacks/manager.py:192}}
Sep 16 18:02:13.083053 dv-cinder-805887-16-iscsi neutron-server[94376]: DEBUG neutron.pecan_wsgi.hooks.quota_enforcement [None req-6d670e87-3744-44e2-ae0c-eddfab22590a admin admin] Made reservation on behalf of e386265363e84e7d9a6e0b502b90322c for: {'network': 1} {{(pid=94376) before /opt/stack/neutron/neutron/pecan_wsgi/hooks/quota_enforcement.py:53}}
Sep 16 18:02:13.085408 dv-cinder-805887-16-iscsi neutron-server[94376]: DEBUG neutron_lib.callbacks.manager [None req-6d670e87-3744-44e2-ae0c-eddfab22590a admin admin] Notify callbacks ['neutron.plugins.ml2.plugin.SecurityGroupDbMixin._ensure_default_security_group_handler-945917'] for network, before_create {{(pid=94376) _notify_loop /usr/local/lib/python3.8/dist-packages/neutron_lib/callbacks/manager.py:192}}
Sep 16 18:02:13.103385 dv-cinder-805887-16-iscsi neutron-server[94376]: DEBUG neutron_lib.callbacks.manager [None req-6d670e87-3744-44e2-ae0c-eddfab22590a admin admin] Notify callbacks [] for security_group, before_create {{(pid=94376) _notify_loop /usr/local/lib/python3.8/dist-packages/neutron_lib/callbacks/manager.py:192}}
Sep 16 18:02:13.245423 dv-cinder-805887-16-iscsi neutron-server[94376]: DEBUG neutron_lib.callbacks.manager [None req-6d670e87-3744-44e2-ae0c-eddfab22590a admin admin] Notify callbacks [] for security_group, precommit_create {{(pid=94376) _notify_loop /usr/local/lib/python3.8/dist-packages/neutron_lib/callbacks/manager.py:192}}
Sep 16 18:02:13.273285 dv-cinder-805887-16-iscsi neutron-server[94375]: DEBUG neutron.plugins.ml2.db [req-118c55e8-3a8f-4e5d-a72e-394be49d478c req-c5cca45a-1659-4fe0-99fb-07babc7c64a1 service neutron] For port 99efb11e-0a38-420a-bde9-1451f396c176, host hv-cinder-80588, cleared binding levels {{(pid=94375) clear_binding_levels /opt/stack/neutron/neutron/plugins/ml2/db.py:87}}
Sep 16 18:02:13.278126 dv-cinder-805887-16-iscsi neutron-server[94375]: DEBUG neutron.plugins.ml2.db [req-118c55e8-3a8f-4e5d-a72e-394be49d478c req-c5cca45a-1659-4fe0-99fb-07babc7c64a1 service neutron] For port 99efb11e-0a38-420a-bde9-1451f396c176, host hv-cinder-80588, set binding levels [PortBindingLevel(driver='hyperv',host='hv-cinder-80588',level=0,port_id=99efb11e-0a38-420a-bde9-1451f396c176,segment=NetworkSegment(9b4cc27b-6a94-4957-9fe1-d5a62e0ac753),segment_id=9b4cc27b-6a94-4957-9fe1-d5a62e0ac753)] {{(pid=94375) set_binding_levels /opt/stack/neutron/neutron/plugins/ml2/db.py:59}}
Sep 16 18:02:13.281971 dv-cinder-805887-16-iscsi neutron-server[94375]: INFO neutron.wsgi [req-72524a4c-d294-4f72-8c31-e829a80bbc9c req-4a83eda5-a1e1-43bb-bd45-cd86d7688d3c service neutron] 10.222.0.48 "GET /v2.0/networks/eea30780-e2d2-4c97-9ac1-8d2c41ddf7b0?fields=segments HTTP/1.1" status: 200 len: 212 time: 0.2122753
Sep 16 18:02:13.313099 dv-cinder-805887-16-iscsi neutron-server[94377]: DEBUG neutron_lib.callbacks.manager [None req-3d1db03f-2576-408a-b262-edec4e2b1ca9 None None] Notify callbacks ['neutron.services.segments.db._update_segment_host_mapping_for_agent-8766132338059', 'neutron.plugins.ml2.plugin.Ml2Plugin._retry_binding_revived_agents-997066'] for agent, after_update {{(pid=94377) _notify_loop /usr/local/lib/python3.8/dist-packages/neutron_lib/callbacks/manager.py:192}}
Sep 16 18:02:13.329167 dv-cinder-805887-16-iscsi neutron-server[94376]: DEBUG neutron_lib.callbacks.manager [None req-6d670e87-3744-44e2-ae0c-eddfab22590a admin admin] Notify callbacks ['neutron.plugins.ml2.ovo_rpc._ObjectChangeHandler.handle_event-2075604'] for security_group, after_create {{(pid=94376) _notify_loop /usr/local/lib/python3.8/dist-packages/neutron_lib/callbacks/manager.py:192}}
Sep 16 18:02:13.383283 dv-cinder-805887-16-iscsi neutron-server[94376]: DEBUG neutron.plugins.ml2.drivers.helpers [None req-6d670e87-3744-44e2-ae0c-eddfab22590a admin admin] vlan segment allocate from pool success with {'physical_network': 'physnet1', 'vlan_id': 412} {{(pid=94376) allocate_partially_specified_segment /opt/stack/neutron/neutron/plugins/ml2/drivers/helpers.py:153}}
Sep 16 18:02:13.402788 dv-cinder-805887-16-iscsi neutron-server[94376]: DEBUG neutron.api.rpc.handlers.resources_rpc [None req-6d670e87-3744-44e2-ae0c-eddfab22590a admin admin] Pushing event updated for resources: {'SecurityGroup': ['ID=7cfce661-9dce-474f-a2a2-c3aa195155b6,revision_number=1']} {{(pid=94376) push /opt/stack/neutron/neutron/api/rpc/handlers/resources_rpc.py:237}}
Sep 16 18:02:13.422359 dv-cinder-805887-16-iscsi neutron-server[94376]: DEBUG neutron_lib.callbacks.manager [None req-6d670e87-3744-44e2-ae0c-eddfab22590a admin admin] Notify callbacks ['neutron.plugins.ml2.plugin.Ml2Plugin._handle_segment_change-992984'] for segment, precommit_create {{(pid=94376) _notify_loop /usr/local/lib/python3.8/dist-packages/neutron_lib/callbacks/manager.py:192}}
Sep 16 18:02:13.422702 dv-cinder-805887-16-iscsi neutron-server[94376]: INFO neutron.db.segments_db [None req-6d670e87-3744-44e2-ae0c-eddfab22590a admin admin] Added segment f6e2d2af-0ca1-46ef-b8c4-c0adc9b8e098 of type vlan for network 70fd4fbb-8e6d-494a-8831-f2fc938d72b8
Sep 16 18:02:13.446466 dv-cinder-805887-16-iscsi neutron-server[94375]: DEBUG neutron_lib.callbacks.manager [req-118c55e8-3a8f-4e5d-a72e-394be49d478c req-c5cca45a-1659-4fe0-99fb-07babc7c64a1 service neutron] Notify callbacks ['neutron.plugins.ml2.plugin.SecurityGroupServerNotifierRpcMixin._notify_sg_on_port_change-945852', 'neutron.plugins.ml2.ovo_rpc._ObjectChangeHandler.handle_event-82524', 'neutron.api.rpc.agentnotifiers.dhcp_rpc_agent_api.DhcpAgentNotifyAPI._native_event_send_dhcp_notification-2045241', 'neutron.db.l3_db.L3RpcNotifierMixin._notify_gateway_port_ip_changed-8766132329741', 'neutron.db.l3_dvrscheduler_db._notify_l3_agent_port_update-8766131793116', 'neutron.db.l3_hascheduler_db._notify_l3_agent_ha_port_update-8766131793134'] for port, after_update {{(pid=94375) _notify_loop /usr/local/lib/python3.8/dist-packages/neutron_lib/callbacks/manager.py:192}}
Sep 16 18:02:13.486360 dv-cinder-805887-16-iscsi neutron-server[94376]: DEBUG neutron_lib.callbacks.manager [None req-6d670e87-3744-44e2-ae0c-eddfab22590a admin admin] Notify callbacks ['neutron.services.auto_allocate.db._ensure_external_network_default_value_callback-8766131798056'] for network, precommit_create {{(pid=94376) _notify_loop /usr/local/lib/python3.8/dist-packages/neutron_lib/callbacks/manager.py:192}}
Sep 16 18:02:13.548242 dv-cinder-805887-16-iscsi neutron-server[94375]: DEBUG neutron.api.rpc.handlers.resources_rpc [None req-c5cca45a-1659-4fe0-99fb-07babc7c64a1 service neutron] Pushing event updated for resources: {'Port': ['ID=99efb11e-0a38-420a-bde9-1451f396c176,revision_number=3']} {{(pid=94375) push /opt/stack/neutron/neutron/api/rpc/handlers/resources_rpc.py:237}}
Sep 16 18:02:13.569041 dv-cinder-805887-16-iscsi neutron-server[94376]: DEBUG neutron_lib.callbacks.manager [None req-6d670e87-3744-44e2-ae0c-eddfab22590a admin admin] Notify callbacks ['neutron.plugins.ml2.ovo_rpc._ObjectChangeHandler.handle_event-2070796', 'neutron.api.rpc.agentnotifiers.dhcp_rpc_agent_api.DhcpAgentNotifyAPI._native_event_send_dhcp_notification-2045241'] for network, after_create {{(pid=94376) _notify_loop /usr/local/lib/python3.8/dist-packages/neutron_lib/callbacks/manager.py:192}}
Sep 16 18:02:13.570079 dv-cinder-805887-16-iscsi neutron-server[94376]: DEBUG neutron.pecan_wsgi.hooks.policy_enforcement [None req-6d670e87-3744-44e2-ae0c-eddfab22590a admin admin] Attributes excluded by policy engine: ['standard_attr_id', 'vlan_transparent'] {{(pid=94376) _exclude_attributes_by_policy /opt/stack/neutron/neutron/pecan_wsgi/hooks/policy_enforcement.py:255}}
Sep 16 18:02:13.570924 dv-cinder-805887-16-iscsi neutron-server[94376]: DEBUG neutron_lib.callbacks.manager [None req-6d670e87-3744-44e2-ae0c-eddfab22590a admin admin] Notify callbacks ['neutron.api.rpc.agentnotifiers.dhcp_rpc_agent_api.DhcpAgentNotifyAPI._send_dhcp_notification-2045227'] for network, before_response {{(pid=94376) _notify_loop /usr/local/lib/python3.8/dist-packages/neutron_lib/callbacks/manager.py:192}}
Sep 16 18:02:13.580563 dv-cinder-805887-16-iscsi neutron-server[94375]: DEBUG neutron.pecan_wsgi.hooks.policy_enforcement [req-118c55e8-3a8f-4e5d-a72e-394be49d478c req-c5cca45a-1659-4fe0-99fb-07babc7c64a1 service neutron] Attributes excluded by policy engine: ['standard_attr_id'] {{(pid=94375) _exclude_attributes_by_policy /opt/stack/neutron/neutron/pecan_wsgi/hooks/policy_enforcement.py:255}}
Sep 16 18:02:13.580563 dv-cinder-805887-16-iscsi neutron-server[94375]: DEBUG neutron_lib.callbacks.manager [req-118c55e8-3a8f-4e5d-a72e-394be49d478c req-c5cca45a-1659-4fe0-99fb-07babc7c64a1 service neutron] Notify callbacks ['neutron.notifiers.nova.Notifier._send_nova_notification-13660', 'neutron.api.rpc.agentnotifiers.dhcp_rpc_agent_api.DhcpAgentNotifyAPI._send_dhcp_notification-2045227'] for port, before_response {{(pid=94375) _notify_loop /usr/local/lib/python3.8/dist-packages/neutron_lib/callbacks/manager.py:192}}
Sep 16 18:02:13.581231 dv-cinder-805887-16-iscsi neutron-server[94375]: INFO neutron.wsgi [req-118c55e8-3a8f-4e5d-a72e-394be49d478c req-c5cca45a-1659-4fe0-99fb-07babc7c64a1 service neutron] 10.222.0.48 "PUT /v2.0/ports/99efb11e-0a38-420a-bde9-1451f396c176 HTTP/1.1" status: 200 len: 1094 time: 1.8200176
Sep 16 18:02:13.606253 dv-cinder-805887-16-iscsi neutron-server[94375]: INFO neutron.wsgi [req-72524a4c-d294-4f72-8c31-e829a80bbc9c req-f73d633f-5a59-44c9-b8c9-3bab06a6b544 service neutron] 10.222.0.48 "GET /v2.0/networks/eea30780-e2d2-4c97-9ac1-8d2c41ddf7b0?fields=provider%3Aphysical_network&fields=provider%3Anetwork_type HTTP/1.1" status: 200 len: 281 time: 0.3170638
Sep 16 18:02:13.623371 dv-cinder-805887-16-iscsi neutron-server[94375]: DEBUG neutron.pecan_wsgi.hooks.policy_enforcement [req-2b32f5f2-37f8-4b37-a7a9-7aaea3fea5a0 req-98456dc1-7516-423e-9bc9-680902455a5b tempest-ServerRescueNegativeTestJSON-984579848 tempest-ServerRescueNegativeTestJSON-984579848-project] Attributes excluded by policy engine: ['standard_attr_id', 'binding:profile', 'binding:host_id', 'binding:vif_type', 'binding:vif_details'] {{(pid=94375) _exclude_attributes_by_policy /opt/stack/neutron/neutron/pecan_wsgi/hooks/policy_enforcement.py:255}}
Sep 16 18:02:13.625340 dv-cinder-805887-16-iscsi neutron-server[94375]: INFO neutron.wsgi [req-2b32f5f2-37f8-4b37-a7a9-7aaea3fea5a0 req-98456dc1-7516-423e-9bc9-680902455a5b tempest-ServerRescueNegativeTestJSON-984579848 tempest-ServerRescueNegativeTestJSON-984579848-project] 10.222.0.39 "GET /v2.0/ports?device_id=daa11301-2f39-48a6-8f92-9d8b1aff9f83 HTTP/1.1" status: 200 len: 944 time: 0.1914563
Sep 16 18:02:13.684339 dv-cinder-805887-16-iscsi neutron-server[94375]: INFO neutron.wsgi [req-2b32f5f2-37f8-4b37-a7a9-7aaea3fea5a0 req-e042e84f-705e-45b0-bd53-f003921e75e0 tempest-ServerRescueNegativeTestJSON-984579848 tempest-ServerRescueNegativeTestJSON-984579848-project] 10.222.0.39 "GET /v2.0/security-groups?id=9b7515cd-ad77-47c0-8ca9-2ab662e89668&fields=id&fields=name HTTP/1.1" status: 200 len: 286 time: 0.0463736
Sep 16 18:02:13.713856 dv-cinder-805887-16-iscsi neutron-server[94377]: DEBUG neutron.plugins.ml2.rpc [None req-795630d9-5b12-424c-b0a5-a1934ba8b86c None None] Device e8455b42-ce1b-4d4e-9d5f-c87f6049fa49 details requested by agent hyperv_hv-cinder-80588 with host hv-cinder-80588 {{(pid=94377) get_device_details /opt/stack/neutron/neutron/plugins/ml2/rpc.py:102}}
Sep 16 18:02:13.731944 dv-cinder-805887-16-iscsi neutron-server[94376]: INFO neutron.wsgi [None req-6d670e87-3744-44e2-ae0c-eddfab22590a admin admin] 10.222.0.39 "POST /v2.0/networks HTTP/1.1" status: 201 len: 897 time: 0.9418752
Sep 16 18:02:13.739044 dv-cinder-805887-16-iscsi neutron-server[94375]: DEBUG neutron.wsgi [-] (94375) accepted ('10.222.0.39', 46342) {{(pid=94375) server /usr/local/lib/python3.8/dist-packages/eventlet/wsgi.py:982}}
Sep 16 18:02:13.753802 dv-cinder-805887-16-iscsi neutron-server[94375]: DEBUG neutron.api.v2.base [None req-346d3bf1-b0fb-4573-82f6-fe5096c22c02 admin admin] Request body: {'subnet': {'network_id': '70fd4fbb-8e6d-494a-8831-f2fc938d72b8', 'cidr': '172.20.0.0/28', 'name': 'tempest-EncryptedVolumesExtendAttachedTest-932525153-subnet', 'tenant_id': 'e386265363e84e7d9a6e0b502b90322c', 'enable_dhcp': False, 'ip_version': 4}} {{(pid=94375) prepare_request_body /opt/stack/neutron/neutron/api/v2/base.py:730}}
Sep 16 18:02:13.754695 dv-cinder-805887-16-iscsi neutron-server[94376]: DEBUG neutron.api.rpc.handlers.resources_rpc [None req-6d670e87-3744-44e2-ae0c-eddfab22590a admin admin] Pushing event updated for resources: {'Network': ['ID=70fd4fbb-8e6d-494a-8831-f2fc938d72b8,revision_number=1']} {{(pid=94376) push /opt/stack/neutron/neutron/api/rpc/handlers/resources_rpc.py:237}}
Sep 16 18:02:13.768967 dv-cinder-805887-16-iscsi neutron-server[94377]: DEBUG neutron.plugins.ml2.rpc [None req-f40c7bea-603c-4d7a-83ba-7ee4b9b7570d None None] Network 70fd4fbb-8e6d-494a-8831-f2fc938d72b8 details requested by agent ovs-agent-dv-cinder-805887-16-iscsi with host dv-cinder-805887-16-iscsi {{(pid=94377) get_network_details /opt/stack/neutron/neutron/plugins/ml2/rpc.py:248}}
Sep 16 18:02:13.789132 dv-cinder-805887-16-iscsi neutron-server[94376]: DEBUG neutron.pecan_wsgi.hooks.policy_enforcement [req-25920c86-0c23-4b3d-a726-1237c6556085 req-06e125c8-2e18-4238-9f8a-9d85255fbf28 tempest-AttachVolumeNegativeTest-574356715 tempest-AttachVolumeNegativeTest-574356715-project] Attributes excluded by policy engine: ['standard_attr_id', 'binding:profile', 'binding:host_id', 'binding:vif_type', 'binding:vif_details'] {{(pid=94376) _exclude_attributes_by_policy /opt/stack/neutron/neutron/pecan_wsgi/hooks/policy_enforcement.py:255}}
Sep 16 18:02:13.793444 dv-cinder-805887-16-iscsi neutron-server[94376]: INFO neutron.wsgi [req-25920c86-0c23-4b3d-a726-1237c6556085 req-06e125c8-2e18-4238-9f8a-9d85255fbf28 tempest-AttachVolumeNegativeTest-574356715 tempest-AttachVolumeNegativeTest-574356715-project] 10.222.0.39 "GET /v2.0/ports?device_id=e8c9fa58-f885-4f8a-aeec-20aeeb59d59b HTTP/1.1" status: 200 len: 945 time: 0.1230736
Sep 16 18:02:13.857552 dv-cinder-805887-16-iscsi neutron-server[94376]: INFO neutron.wsgi [req-25920c86-0c23-4b3d-a726-1237c6556085 req-c7297ea8-3200-4946-b1dd-7a1aa1f0d103 tempest-AttachVolumeNegativeTest-574356715 tempest-AttachVolumeNegativeTest-574356715-project] 10.222.0.39 "GET /v2.0/security-groups?id=43d1e9df-085a-40c0-bd4d-b46fc26558d5&fields=id&fields=name HTTP/1.1" status: 200 len: 286 time: 0.0537317
