Aug 24 19:55:49.338770 dv-cinder-805877-1-iscsi devstack@c-api.service[86916]: INFO cinder.api.openstack.wsgi [None req-8c65dd9a-39e5-4ff9-8d53-9c5072fff001 tempest-ExtraSpecsNegativeTest-1782276993 tempest-ExtraSpecsNegativeTest-1782276993-project-admin] http://10.222.0.37/volume/v3/064f04bd2e0949f8ab7c1d951254f67a/types/d38bf8f6-efe4-4510-9ada-4dc53d53ba41/extra_specs returned with HTTP 400
Aug 24 19:55:49.339933 dv-cinder-805877-1-iscsi devstack@c-api.service[86916]: [pid: 86916|app: 0|req: 215/430] 10.222.0.37 () {60 vars in 1376 bytes} [Tue Aug 24 19:55:49 2021] POST /volume/v3/064f04bd2e0949f8ab7c1d951254f67a/types/d38bf8f6-efe4-4510-9ada-4dc53d53ba41/extra_specs => generated 146 bytes in 19 msecs (HTTP/1.1 400) 7 headers in 294 bytes (1 switches on core 0)
Aug 24 19:55:49.350178 dv-cinder-805877-1-iscsi devstack@c-api.service[86917]: INFO cinder.api.openstack.wsgi [None req-3748a961-0d70-41bc-939c-a1b2ba362e72 tempest-ExtraSpecsNegativeTest-1782276993 tempest-ExtraSpecsNegativeTest-1782276993-project-admin] POST http://10.222.0.37/volume/v3/064f04bd2e0949f8ab7c1d951254f67a/types/d38bf8f6-efe4-4510-9ada-4dc53d53ba41/extra_specs
Aug 24 19:55:49.351107 dv-cinder-805877-1-iscsi devstack@c-api.service[86917]: DEBUG cinder.api.openstack.wsgi [None req-3748a961-0d70-41bc-939c-a1b2ba362e72 tempest-ExtraSpecsNegativeTest-1782276993 tempest-ExtraSpecsNegativeTest-1782276993-project-admin] Action: 'create', calling method: create, body: {"extra_specs": null} {{(pid=86917) _process_stack /opt/stack/cinder/cinder/api/openstack/wsgi.py:864}}
Aug 24 19:55:49.359933 dv-cinder-805877-1-iscsi devstack@c-api.service[86917]: INFO cinder.api.openstack.wsgi [None req-3748a961-0d70-41bc-939c-a1b2ba362e72 tempest-ExtraSpecsNegativeTest-1782276993 tempest-ExtraSpecsNegativeTest-1782276993-project-admin] http://10.222.0.37/volume/v3/064f04bd2e0949f8ab7c1d951254f67a/types/d38bf8f6-efe4-4510-9ada-4dc53d53ba41/extra_specs returned with HTTP 400
Aug 24 19:55:49.359933 dv-cinder-805877-1-iscsi devstack@c-api.service[86917]: [pid: 86917|app: 0|req: 216/431] 10.222.0.37 () {60 vars in 1376 bytes} [Tue Aug 24 19:55:49 2021] POST /volume/v3/064f04bd2e0949f8ab7c1d951254f67a/types/d38bf8f6-efe4-4510-9ada-4dc53d53ba41/extra_specs => generated 132 bytes in 9 msecs (HTTP/1.1 400) 7 headers in 294 bytes (1 switches on core 0)
Aug 24 19:55:49.365500 dv-cinder-805877-1-iscsi devstack@c-api.service[86916]: INFO cinder.api.openstack.wsgi [None req-d9dc4668-91f3-4f2e-afe8-cf9f0c99cec5 tempest-ExtraSpecsNegativeTest-1782276993 tempest-ExtraSpecsNegativeTest-1782276993-project-admin] POST http://10.222.0.37/volume/v3/064f04bd2e0949f8ab7c1d951254f67a/types/99f23021-527f-49c4-b3fc-5bcf6b338698/extra_specs
Aug 24 19:55:49.366595 dv-cinder-805877-1-iscsi devstack@c-api.service[86916]: DEBUG cinder.api.openstack.wsgi [None req-d9dc4668-91f3-4f2e-afe8-cf9f0c99cec5 tempest-ExtraSpecsNegativeTest-1782276993 tempest-ExtraSpecsNegativeTest-1782276993-project-admin] Action: 'create', calling method: create, body: {"extra_specs": {"spec2": "val1"}} {{(pid=86916) _process_stack /opt/stack/cinder/cinder/api/openstack/wsgi.py:864}}
Aug 24 19:55:49.463359 dv-cinder-805877-1-iscsi devstack@c-api.service[86916]: INFO cinder.api.openstack.wsgi [None req-d9dc4668-91f3-4f2e-afe8-cf9f0c99cec5 tempest-ExtraSpecsNegativeTest-1782276993 tempest-ExtraSpecsNegativeTest-1782276993-project-admin] http://10.222.0.37/volume/v3/064f04bd2e0949f8ab7c1d951254f67a/types/99f23021-527f-49c4-b3fc-5bcf6b338698/extra_specs returned with HTTP 404
Aug 24 19:55:49.466382 dv-cinder-805877-1-iscsi devstack@c-api.service[86916]: [pid: 86916|app: 0|req: 216/432] 10.222.0.37 () {60 vars in 1376 bytes} [Tue Aug 24 19:55:49 2021] POST /volume/v3/064f04bd2e0949f8ab7c1d951254f67a/types/99f23021-527f-49c4-b3fc-5bcf6b338698/extra_specs => generated 114 bytes in 104 msecs (HTTP/1.1 404) 7 headers in 292 bytes (1 switches on core 0)
Aug 24 19:55:49.476943 dv-cinder-805877-1-iscsi devstack@c-api.service[86917]: INFO cinder.api.openstack.wsgi [None req-a092966f-65cf-4cfd-973b-8dd5082662aa tempest-ExtraSpecsNegativeTest-1782276993 tempest-ExtraSpecsNegativeTest-1782276993-project-admin] DELETE http://10.222.0.37/volume/v3/064f04bd2e0949f8ab7c1d951254f67a/types/7f6fe9d5-269d-46a9-8c60-106a704e4bea/extra_specs/spec1
Aug 24 19:55:49.477578 dv-cinder-805877-1-iscsi devstack@c-api.service[86917]: DEBUG cinder.api.openstack.wsgi [None req-a092966f-65cf-4cfd-973b-8dd5082662aa tempest-ExtraSpecsNegativeTest-1782276993 tempest-ExtraSpecsNegativeTest-1782276993-project-admin] Empty body provided in request {{(pid=86917) get_body /opt/stack/cinder/cinder/api/openstack/wsgi.py:713}}
Aug 24 19:55:49.479805 dv-cinder-805877-1-iscsi devstack@c-api.service[86917]: DEBUG cinder.api.openstack.wsgi [None req-a092966f-65cf-4cfd-973b-8dd5082662aa tempest-ExtraSpecsNegativeTest-1782276993 tempest-ExtraSpecsNegativeTest-1782276993-project-admin] Calling method 'delete' {{(pid=86917) _process_stack /opt/stack/cinder/cinder/api/openstack/wsgi.py:866}}
Aug 24 19:55:49.495760 dv-cinder-805877-1-iscsi devstack@c-api.service[86917]: INFO cinder.api.openstack.wsgi [None req-a092966f-65cf-4cfd-973b-8dd5082662aa tempest-ExtraSpecsNegativeTest-1782276993 tempest-ExtraSpecsNegativeTest-1782276993-project-admin] http://10.222.0.37/volume/v3/064f04bd2e0949f8ab7c1d951254f67a/types/7f6fe9d5-269d-46a9-8c60-106a704e4bea/extra_specs/spec1 returned with HTTP 404
Aug 24 19:55:49.507449 dv-cinder-805877-1-iscsi devstack@c-api.service[86917]: [pid: 86917|app: 0|req: 217/433] 10.222.0.37 () {58 vars in 1376 bytes} [Tue Aug 24 19:55:49 2021] DELETE /volume/v3/064f04bd2e0949f8ab7c1d951254f67a/types/7f6fe9d5-269d-46a9-8c60-106a704e4bea/extra_specs/spec1 => generated 114 bytes in 36 msecs (HTTP/1.1 404) 7 headers in 292 bytes (1 switches on core 0)
Aug 24 19:55:49.508949 dv-cinder-805877-1-iscsi devstack@c-api.service[86916]: INFO cinder.api.openstack.wsgi [None req-eeded8bf-f6d5-48d1-bf7c-f9e738e76f34 tempest-ExtraSpecsNegativeTest-1782276993 tempest-ExtraSpecsNegativeTest-1782276993-project-admin] GET http://10.222.0.37/volume/v3/064f04bd2e0949f8ab7c1d951254f67a/types/d38bf8f6-efe4-4510-9ada-4dc53d53ba41/extra_specs/nonexistent_extra_spec_name
Aug 24 19:55:49.509405 dv-cinder-805877-1-iscsi devstack@c-api.service[86916]: DEBUG cinder.api.openstack.wsgi [None req-eeded8bf-f6d5-48d1-bf7c-f9e738e76f34 tempest-ExtraSpecsNegativeTest-1782276993 tempest-ExtraSpecsNegativeTest-1782276993-project-admin] Empty body provided in request {{(pid=86916) get_body /opt/stack/cinder/cinder/api/openstack/wsgi.py:713}}
Aug 24 19:55:49.509826 dv-cinder-805877-1-iscsi devstack@c-api.service[86916]: DEBUG cinder.api.openstack.wsgi [None req-eeded8bf-f6d5-48d1-bf7c-f9e738e76f34 tempest-ExtraSpecsNegativeTest-1782276993 tempest-ExtraSpecsNegativeTest-1782276993-project-admin] Calling method 'show' {{(pid=86916) _process_stack /opt/stack/cinder/cinder/api/openstack/wsgi.py:866}}
Aug 24 19:55:49.525279 dv-cinder-805877-1-iscsi devstack@c-api.service[86916]: INFO cinder.api.openstack.wsgi [None req-eeded8bf-f6d5-48d1-bf7c-f9e738e76f34 tempest-ExtraSpecsNegativeTest-1782276993 tempest-ExtraSpecsNegativeTest-1782276993-project-admin] http://10.222.0.37/volume/v3/064f04bd2e0949f8ab7c1d951254f67a/types/d38bf8f6-efe4-4510-9ada-4dc53d53ba41/extra_specs/nonexistent_extra_spec_name returned with HTTP 404
Aug 24 19:55:49.526642 dv-cinder-805877-1-iscsi devstack@c-api.service[86916]: [pid: 86916|app: 0|req: 217/434] 10.222.0.37 () {58 vars in 1439 bytes} [Tue Aug 24 19:55:49 2021] GET /volume/v3/064f04bd2e0949f8ab7c1d951254f67a/types/d38bf8f6-efe4-4510-9ada-4dc53d53ba41/extra_specs/nonexistent_extra_spec_name => generated 151 bytes in 22 msecs (HTTP/1.1 404) 7 headers in 292 bytes (2 switches on core 0)
Aug 24 19:55:49.559200 dv-cinder-805877-1-iscsi devstack@c-api.service[86917]: INFO cinder.api.openstack.wsgi [None req-9d858f13-d2e7-464a-b5a7-78b687ed3776 tempest-ExtraSpecsNegativeTest-1782276993 tempest-ExtraSpecsNegativeTest-1782276993-project-admin] GET http://10.222.0.37/volume/v3/064f04bd2e0949f8ab7c1d951254f67a/types/14e7e358-9c11-4f94-8643-3b61485b738d/extra_specs/spec1
Aug 24 19:55:49.560604 dv-cinder-805877-1-iscsi devstack@c-api.service[86917]: DEBUG cinder.api.openstack.wsgi [None req-9d858f13-d2e7-464a-b5a7-78b687ed3776 tempest-ExtraSpecsNegativeTest-1782276993 tempest-ExtraSpecsNegativeTest-1782276993-project-admin] Empty body provided in request {{(pid=86917) get_body /opt/stack/cinder/cinder/api/openstack/wsgi.py:713}}
Aug 24 19:55:49.561540 dv-cinder-805877-1-iscsi devstack@c-api.service[86917]: DEBUG cinder.api.openstack.wsgi [None req-9d858f13-d2e7-464a-b5a7-78b687ed3776 tempest-ExtraSpecsNegativeTest-1782276993 tempest-ExtraSpecsNegativeTest-1782276993-project-admin] Calling method 'show' {{(pid=86917) _process_stack /opt/stack/cinder/cinder/api/openstack/wsgi.py:866}}
Aug 24 19:55:49.577352 dv-cinder-805877-1-iscsi devstack@c-api.service[86917]: INFO cinder.api.openstack.wsgi [None req-9d858f13-d2e7-464a-b5a7-78b687ed3776 tempest-ExtraSpecsNegativeTest-1782276993 tempest-ExtraSpecsNegativeTest-1782276993-project-admin] http://10.222.0.37/volume/v3/064f04bd2e0949f8ab7c1d951254f67a/types/14e7e358-9c11-4f94-8643-3b61485b738d/extra_specs/spec1 returned with HTTP 404
Aug 24 19:55:49.583630 dv-cinder-805877-1-iscsi devstack@c-api.service[86917]: [pid: 86917|app: 0|req: 218/435] 10.222.0.37 () {58 vars in 1373 bytes} [Tue Aug 24 19:55:49 2021] GET /volume/v3/064f04bd2e0949f8ab7c1d951254f67a/types/14e7e358-9c11-4f94-8643-3b61485b738d/extra_specs/spec1 => generated 114 bytes in 33 msecs (HTTP/1.1 404) 7 headers in 292 bytes (1 switches on core 0)
Aug 24 19:55:49.590572 dv-cinder-805877-1-iscsi devstack@c-api.service[86916]: INFO cinder.api.openstack.wsgi [None req-192d47f1-f822-414c-a35d-19c2ee321313 tempest-ExtraSpecsNegativeTest-1782276993 tempest-ExtraSpecsNegativeTest-1782276993-project-admin] GET http://10.222.0.37/volume/v3/064f04bd2e0949f8ab7c1d951254f67a/types/d072fed1-79ac-4ae7-adc0-811f6e94c37e/extra_specs
Aug 24 19:55:49.591587 dv-cinder-805877-1-iscsi devstack@c-api.service[86916]: DEBUG cinder.api.openstack.wsgi [None req-192d47f1-f822-414c-a35d-19c2ee321313 tempest-ExtraSpecsNegativeTest-1782276993 tempest-ExtraSpecsNegativeTest-1782276993-project-admin] Empty body provided in request {{(pid=86916) get_body /opt/stack/cinder/cinder/api/openstack/wsgi.py:713}}
Aug 24 19:55:49.592039 dv-cinder-805877-1-iscsi devstack@c-api.service[86916]: DEBUG cinder.api.openstack.wsgi [None req-192d47f1-f822-414c-a35d-19c2ee321313 tempest-ExtraSpecsNegativeTest-1782276993 tempest-ExtraSpecsNegativeTest-1782276993-project-admin] Calling method 'index' {{(pid=86916) _process_stack /opt/stack/cinder/cinder/api/openstack/wsgi.py:866}}
Aug 24 19:55:49.603611 dv-cinder-805877-1-iscsi devstack@c-api.service[86916]: INFO cinder.api.openstack.wsgi [None req-192d47f1-f822-414c-a35d-19c2ee321313 tempest-ExtraSpecsNegativeTest-1782276993 tempest-ExtraSpecsNegativeTest-1782276993-project-admin] http://10.222.0.37/volume/v3/064f04bd2e0949f8ab7c1d951254f67a/types/d072fed1-79ac-4ae7-adc0-811f6e94c37e/extra_specs returned with HTTP 404
Aug 24 19:55:49.604593 dv-cinder-805877-1-iscsi devstack@c-api.service[86916]: [pid: 86916|app: 0|req: 218/436] 10.222.0.37 () {58 vars in 1355 bytes} [Tue Aug 24 19:55:49 2021] GET /volume/v3/064f04bd2e0949f8ab7c1d951254f67a/types/d072fed1-79ac-4ae7-adc0-811f6e94c37e/extra_specs => generated 114 bytes in 21 msecs (HTTP/1.1 404) 7 headers in 292 bytes (2 switches on core 0)
Aug 24 19:55:49.617458 dv-cinder-805877-1-iscsi devstack@c-api.service[86917]: INFO cinder.api.openstack.wsgi [None req-4b5f3237-8862-45fb-b6eb-046ff1027efa tempest-ExtraSpecsNegativeTest-1782276993 tempest-ExtraSpecsNegativeTest-1782276993-project-admin] PUT http://10.222.0.37/volume/v3/064f04bd2e0949f8ab7c1d951254f67a/types/d38bf8f6-efe4-4510-9ada-4dc53d53ba41/extra_specs/spec1
Aug 24 19:55:49.618803 dv-cinder-805877-1-iscsi devstack@c-api.service[86917]: DEBUG cinder.api.openstack.wsgi [None req-4b5f3237-8862-45fb-b6eb-046ff1027efa tempest-ExtraSpecsNegativeTest-1782276993 tempest-ExtraSpecsNegativeTest-1782276993-project-admin] Action: 'update', calling method: update, body: {"spec1": "val2", "spec2": "val1"} {{(pid=86917) _process_stack /opt/stack/cinder/cinder/api/openstack/wsgi.py:864}}
Aug 24 19:55:49.619971 dv-cinder-805877-1-iscsi devstack@c-api.service[86917]: INFO cinder.api.openstack.wsgi [None req-4b5f3237-8862-45fb-b6eb-046ff1027efa tempest-ExtraSpecsNegativeTest-1782276993 tempest-ExtraSpecsNegativeTest-1782276993-project-admin] http://10.222.0.37/volume/v3/064f04bd2e0949f8ab7c1d951254f67a/types/d38bf8f6-efe4-4510-9ada-4dc53d53ba41/extra_specs/spec1 returned with HTTP 400
Aug 24 19:55:49.621250 dv-cinder-805877-1-iscsi devstack@c-api.service[86917]: [pid: 86917|app: 0|req: 219/437] 10.222.0.37 () {60 vars in 1393 bytes} [Tue Aug 24 19:55:49 2021] PUT /volume/v3/064f04bd2e0949f8ab7c1d951254f67a/types/d38bf8f6-efe4-4510-9ada-4dc53d53ba41/extra_specs/spec1 => generated 102 bytes in 11 msecs (HTTP/1.1 400) 7 headers in 294 bytes (2 switches on core 0)
Aug 24 19:55:49.633652 dv-cinder-805877-1-iscsi devstack@c-api.service[86916]: INFO cinder.api.openstack.wsgi [None req-1c37385c-4bf0-4a55-a42f-bdca9760e10b tempest-ExtraSpecsNegativeTest-1782276993 tempest-ExtraSpecsNegativeTest-1782276993-project-admin] PUT http://10.222.0.37/volume/v3/064f04bd2e0949f8ab7c1d951254f67a/types/d38bf8f6-efe4-4510-9ada-4dc53d53ba41/extra_specs/spec1
Aug 24 19:55:49.635083 dv-cinder-805877-1-iscsi devstack@c-api.service[86916]: DEBUG cinder.api.openstack.wsgi [None req-1c37385c-4bf0-4a55-a42f-bdca9760e10b tempest-ExtraSpecsNegativeTest-1782276993 tempest-ExtraSpecsNegativeTest-1782276993-project-admin] Action: 'update', calling method: update, body: null {{(pid=86916) _process_stack /opt/stack/cinder/cinder/api/openstack/wsgi.py:864}}
Aug 24 19:55:49.636935 dv-cinder-805877-1-iscsi devstack@c-api.service[86916]: INFO cinder.api.openstack.wsgi [None req-1c37385c-4bf0-4a55-a42f-bdca9760e10b tempest-ExtraSpecsNegativeTest-1782276993 tempest-ExtraSpecsNegativeTest-1782276993-project-admin] http://10.222.0.37/volume/v3/064f04bd2e0949f8ab7c1d951254f67a/types/d38bf8f6-efe4-4510-9ada-4dc53d53ba41/extra_specs/spec1 returned with HTTP 400
Aug 24 19:55:49.639786 dv-cinder-805877-1-iscsi devstack@c-api.service[86916]: [pid: 86916|app: 0|req: 219/438] 10.222.0.37 () {60 vars in 1392 bytes} [Tue Aug 24 19:55:49 2021] PUT /volume/v3/064f04bd2e0949f8ab7c1d951254f67a/types/d38bf8f6-efe4-4510-9ada-4dc53d53ba41/extra_specs/spec1 => generated 72 bytes in 13 msecs (HTTP/1.1 400) 7 headers in 293 bytes (1 switches on core 0)
Aug 24 19:55:49.652932 dv-cinder-805877-1-iscsi devstack@c-api.service[86917]: INFO cinder.api.openstack.wsgi [None req-fcb77aa1-d2d1-40f6-a2d3-e05e8938d711 tempest-ExtraSpecsNegativeTest-1782276993 tempest-ExtraSpecsNegativeTest-1782276993-project-admin] PUT http://10.222.0.37/volume/v3/064f04bd2e0949f8ab7c1d951254f67a/types/d38bf8f6-efe4-4510-9ada-4dc53d53ba41/extra_specs/None
Aug 24 19:55:49.655174 dv-cinder-805877-1-iscsi devstack@c-api.service[86917]: DEBUG cinder.api.openstack.wsgi [None req-fcb77aa1-d2d1-40f6-a2d3-e05e8938d711 tempest-ExtraSpecsNegativeTest-1782276993 tempest-ExtraSpecsNegativeTest-1782276993-project-admin] Action: 'update', calling method: update, body: {"spec1": "val2"} {{(pid=86917) _process_stack /opt/stack/cinder/cinder/api/openstack/wsgi.py:864}}
Aug 24 19:55:49.721617 dv-cinder-805877-1-iscsi devstack@c-api.service[86917]: INFO cinder.api.openstack.wsgi [None req-fcb77aa1-d2d1-40f6-a2d3-e05e8938d711 tempest-ExtraSpecsNegativeTest-1782276993 tempest-ExtraSpecsNegativeTest-1782276993-project-admin] HTTP exception thrown: Request body and URI mismatch
Aug 24 19:55:49.722082 dv-cinder-805877-1-iscsi devstack@c-api.service[86917]: INFO cinder.api.openstack.wsgi [None req-fcb77aa1-d2d1-40f6-a2d3-e05e8938d711 tempest-ExtraSpecsNegativeTest-1782276993 tempest-ExtraSpecsNegativeTest-1782276993-project-admin] http://10.222.0.37/volume/v3/064f04bd2e0949f8ab7c1d951254f67a/types/d38bf8f6-efe4-4510-9ada-4dc53d53ba41/extra_specs/None returned with HTTP 400
Aug 24 19:55:49.724041 dv-cinder-805877-1-iscsi devstack@c-api.service[86917]: [pid: 86917|app: 0|req: 220/439] 10.222.0.37 () {60 vars in 1390 bytes} [Tue Aug 24 19:55:49 2021] PUT /volume/v3/064f04bd2e0949f8ab7c1d951254f67a/types/d38bf8f6-efe4-4510-9ada-4dc53d53ba41/extra_specs/None => generated 73 bytes in 78 msecs (HTTP/1.1 400) 7 headers in 293 bytes (1 switches on core 0)
Aug 24 19:55:49.733250 dv-cinder-805877-1-iscsi devstack@c-api.service[86916]: INFO cinder.api.openstack.wsgi [None req-d26c3424-5c61-4da7-8beb-656e3b1b4053 tempest-ExtraSpecsNegativeTest-1782276993 tempest-ExtraSpecsNegativeTest-1782276993-project-admin] PUT http://10.222.0.37/volume/v3/064f04bd2e0949f8ab7c1d951254f67a/types/d38bf8f6-efe4-4510-9ada-4dc53d53ba41/extra_specs/3daeb279-1967-4c4e-b214-d57a5ca7d57b
Aug 24 19:55:49.734273 dv-cinder-805877-1-iscsi devstack@c-api.service[86916]: DEBUG cinder.api.openstack.wsgi [None req-d26c3424-5c61-4da7-8beb-656e3b1b4053 tempest-ExtraSpecsNegativeTest-1782276993 tempest-ExtraSpecsNegativeTest-1782276993-project-admin] Action: 'update', calling method: update, body: {"spec1": "val2"} {{(pid=86916) _process_stack /opt/stack/cinder/cinder/api/openstack/wsgi.py:864}}
Aug 24 19:55:49.802767 dv-cinder-805877-1-iscsi devstack@c-api.service[86917]: INFO cinder.api.openstack.wsgi [None req-b3606db1-3ff5-43b1-ac53-7cd9baf8d8ed tempest-ServerRescueNegativeTestJSON-1371457288 tempest-ServerRescueNegativeTestJSON-1371457288-project] POST http://10.222.0.37/volume/v3/95eee633516346c3a51fc93645ae1d10/volumes
Aug 24 19:55:49.803478 dv-cinder-805877-1-iscsi devstack@c-api.service[86917]: DEBUG cinder.api.openstack.wsgi [None req-b3606db1-3ff5-43b1-ac53-7cd9baf8d8ed tempest-ServerRescueNegativeTestJSON-1371457288 tempest-ServerRescueNegativeTestJSON-1371457288-project] Action: 'create', calling method: create, body: {"volume": {"size": 1, "display_name": "tempest-ServerRescueNegativeTestJSON-volume-500039998"}} {{(pid=86917) _process_stack /opt/stack/cinder/cinder/api/openstack/wsgi.py:864}}
Aug 24 19:55:49.804435 dv-cinder-805877-1-iscsi devstack@c-api.service[86917]: DEBUG cinder.api.v3.volumes [None req-b3606db1-3ff5-43b1-ac53-7cd9baf8d8ed tempest-ServerRescueNegativeTestJSON-1371457288 tempest-ServerRescueNegativeTestJSON-1371457288-project] Create volume request body: {'volume': {'size': 1, 'display_name': 'tempest-ServerRescueNegativeTestJSON-volume-500039998'}} {{(pid=86917) create /opt/stack/cinder/cinder/api/v3/volumes.py:289}}
Aug 24 19:55:49.804931 dv-cinder-805877-1-iscsi devstack@c-api.service[86917]: INFO cinder.api.v3.volumes [None req-b3606db1-3ff5-43b1-ac53-7cd9baf8d8ed tempest-ServerRescueNegativeTestJSON-1371457288 tempest-ServerRescueNegativeTestJSON-1371457288-project] Create volume of 1 GB
Aug 24 19:55:49.828905 dv-cinder-805877-1-iscsi devstack@c-api.service[86917]: INFO cinder.volume.api [None req-b3606db1-3ff5-43b1-ac53-7cd9baf8d8ed tempest-ServerRescueNegativeTestJSON-1371457288 tempest-ServerRescueNegativeTestJSON-1371457288-project] Availability Zones retrieved successfully.
Aug 24 19:55:49.849452 dv-cinder-805877-1-iscsi devstack@c-api.service[86917]: DEBUG cinder.volume.api [None req-b3606db1-3ff5-43b1-ac53-7cd9baf8d8ed tempest-ServerRescueNegativeTestJSON-1371457288 tempest-ServerRescueNegativeTestJSON-1371457288-project] Flow 'volume_create_api' (55a5b19a-ede8-4383-8d98-02ad72ed794e) transitioned into state 'RUNNING' from state 'PENDING' {{(pid=86917) _flow_receiver /usr/local/lib/python3.8/dist-packages/taskflow/listeners/logging.py:141}}
Aug 24 19:55:49.853615 dv-cinder-805877-1-iscsi devstack@c-api.service[86917]: DEBUG cinder.volume.api [None req-b3606db1-3ff5-43b1-ac53-7cd9baf8d8ed tempest-ServerRescueNegativeTestJSON-1371457288 tempest-ServerRescueNegativeTestJSON-1371457288-project] Task 'cinder.volume.flows.api.create_volume.ExtractVolumeRequestTask;volume:create' (84d12baa-0bf6-4bb7-bbf0-df3b068a8b7c) transitioned into state 'RUNNING' from state 'PENDING' {{(pid=86917) _task_receiver /usr/local/lib/python3.8/dist-packages/taskflow/listeners/logging.py:190}}
Aug 24 19:55:49.857646 dv-cinder-805877-1-iscsi devstack@c-api.service[86917]: DEBUG cinder.volume.flows.api.create_volume [None req-b3606db1-3ff5-43b1-ac53-7cd9baf8d8ed tempest-ServerRescueNegativeTestJSON-1371457288 tempest-ServerRescueNegativeTestJSON-1371457288-project] Validating volume size '1' using validate_int {{(pid=86917) _extract_size /opt/stack/cinder/cinder/volume/flows/api/create_volume.py:201}}
Aug 24 19:55:49.857792 dv-cinder-805877-1-iscsi devstack@c-api.service[86916]: INFO cinder.api.openstack.wsgi [None req-d26c3424-5c61-4da7-8beb-656e3b1b4053 tempest-ExtraSpecsNegativeTest-1782276993 tempest-ExtraSpecsNegativeTest-1782276993-project-admin] HTTP exception thrown: Request body and URI mismatch
Aug 24 19:55:49.858169 dv-cinder-805877-1-iscsi devstack@c-api.service[86916]: INFO cinder.api.openstack.wsgi [None req-d26c3424-5c61-4da7-8beb-656e3b1b4053 tempest-ExtraSpecsNegativeTest-1782276993 tempest-ExtraSpecsNegativeTest-1782276993-project-admin] http://10.222.0.37/volume/v3/064f04bd2e0949f8ab7c1d951254f67a/types/d38bf8f6-efe4-4510-9ada-4dc53d53ba41/extra_specs/3daeb279-1967-4c4e-b214-d57a5ca7d57b returned with HTTP 400
Aug 24 19:55:49.863722 dv-cinder-805877-1-iscsi devstack@c-api.service[86916]: [pid: 86916|app: 0|req: 220/440] 10.222.0.37 () {60 vars in 1486 bytes} [Tue Aug 24 19:55:49 2021] PUT /volume/v3/064f04bd2e0949f8ab7c1d951254f67a/types/d38bf8f6-efe4-4510-9ada-4dc53d53ba41/extra_specs/3daeb279-1967-4c4e-b214-d57a5ca7d57b => generated 73 bytes in 136 msecs (HTTP/1.1 400) 7 headers in 293 bytes (2 switches on core 0)
Aug 24 19:55:49.867978 dv-cinder-805877-1-iscsi devstack@c-api.service[86916]: INFO cinder.api.openstack.wsgi [None req-e6452003-e384-4510-b1a6-c3e4deb51e92 tempest-ExtraSpecsNegativeTest-1782276993 tempest-ExtraSpecsNegativeTest-1782276993-project-admin] DELETE http://10.222.0.37/volume/v3/064f04bd2e0949f8ab7c1d951254f67a/types/d38bf8f6-efe4-4510-9ada-4dc53d53ba41
Aug 24 19:55:49.868605 dv-cinder-805877-1-iscsi devstack@c-api.service[86916]: DEBUG cinder.api.openstack.wsgi [None req-e6452003-e384-4510-b1a6-c3e4deb51e92 tempest-ExtraSpecsNegativeTest-1782276993 tempest-ExtraSpecsNegativeTest-1782276993-project-admin] Empty body provided in request {{(pid=86916) get_body /opt/stack/cinder/cinder/api/openstack/wsgi.py:713}}
Aug 24 19:55:49.869198 dv-cinder-805877-1-iscsi devstack@c-api.service[86916]: DEBUG cinder.api.openstack.wsgi [None req-e6452003-e384-4510-b1a6-c3e4deb51e92 tempest-ExtraSpecsNegativeTest-1782276993 tempest-ExtraSpecsNegativeTest-1782276993-project-admin] Calling method '_delete' {{(pid=86916) _process_stack /opt/stack/cinder/cinder/api/openstack/wsgi.py:866}}
Aug 24 19:55:49.963815 dv-cinder-805877-1-iscsi devstack@c-api.service[86917]: DEBUG cinder.volume.api [None req-b3606db1-3ff5-43b1-ac53-7cd9baf8d8ed tempest-ServerRescueNegativeTestJSON-1371457288 tempest-ServerRescueNegativeTestJSON-1371457288-project] Task 'cinder.volume.flows.api.create_volume.ExtractVolumeRequestTask;volume:create' (84d12baa-0bf6-4bb7-bbf0-df3b068a8b7c) transitioned into state 'SUCCESS' from state 'RUNNING' with result '{'size': 1, 'snapshot_id': None, 'source_volid': None, 'volume_type': VolumeType(created_at=2021-08-24T19:39:06Z,deleted=False,deleted_at=None,description='Default Volume Type',extra_specs={},id=7aa759b0-acdf-4de6-b1e7-71fa8c212a40,is_public=True,name='__DEFAULT__',projects=[],qos_specs=,qos_specs_id=None,updated_at=2021-08-24T19:39:06Z), 'volume_type_id': '7aa759b0-acdf-4de6-b1e7-71fa8c212a40', 'encryption_key_id': None, 'qos_specs': None, 'consistencygroup_id': None, 'cgsnapshot_id': None, 'group_id': None, 'replication_status': 'disabled', 'refresh_az': False, 'backup_id': None, 'multiattach': False, 'availability_zones': ['nova']}' {{(pid=86917) _task_receiver /usr/local/lib/python3.8/dist-packages/taskflow/listeners/logging.py:178}}
Aug 24 19:55:49.980322 dv-cinder-805877-1-iscsi devstack@c-api.service[86917]: DEBUG cinder.volume.api [None req-b3606db1-3ff5-43b1-ac53-7cd9baf8d8ed tempest-ServerRescueNegativeTestJSON-1371457288 tempest-ServerRescueNegativeTestJSON-1371457288-project] Task 'cinder.volume.flows.api.create_volume.QuotaReserveTask;volume:create' (bb106dab-d39d-40d4-a848-513756071fd2) transitioned into state 'RUNNING' from state 'PENDING' {{(pid=86917) _task_receiver /usr/local/lib/python3.8/dist-packages/taskflow/listeners/logging.py:190}}
Aug 24 19:55:50.116496 dv-cinder-805877-1-iscsi devstack@c-api.service[86916]: INFO cinder.api.openstack.wsgi [None req-e6452003-e384-4510-b1a6-c3e4deb51e92 tempest-ExtraSpecsNegativeTest-1782276993 tempest-ExtraSpecsNegativeTest-1782276993-project-admin] http://10.222.0.37/volume/v3/064f04bd2e0949f8ab7c1d951254f67a/types/d38bf8f6-efe4-4510-9ada-4dc53d53ba41 returned with HTTP 202
Aug 24 19:55:50.123097 dv-cinder-805877-1-iscsi devstack@c-api.service[86916]: [pid: 86916|app: 0|req: 221/441] 10.222.0.37 () {58 vars in 1322 bytes} [Tue Aug 24 19:55:49 2021] DELETE /volume/v3/064f04bd2e0949f8ab7c1d951254f67a/types/d38bf8f6-efe4-4510-9ada-4dc53d53ba41 => generated 0 bytes in 259 msecs (HTTP/1.1 202) 6 headers in 233 bytes (1 switches on core 0)
Aug 24 19:55:50.127878 dv-cinder-805877-1-iscsi devstack@c-api.service[86916]: INFO cinder.api.openstack.wsgi [None req-0c6773c8-2370-466b-bb08-44eaa4ffb463 tempest-ExtraSpecsNegativeTest-1782276993 tempest-ExtraSpecsNegativeTest-1782276993-project-admin] GET http://10.222.0.37/volume/v3/064f04bd2e0949f8ab7c1d951254f67a/types/d38bf8f6-efe4-4510-9ada-4dc53d53ba41
Aug 24 19:55:50.130305 dv-cinder-805877-1-iscsi devstack@c-api.service[86916]: DEBUG cinder.api.openstack.wsgi [None req-0c6773c8-2370-466b-bb08-44eaa4ffb463 tempest-ExtraSpecsNegativeTest-1782276993 tempest-ExtraSpecsNegativeTest-1782276993-project-admin] Empty body provided in request {{(pid=86916) get_body /opt/stack/cinder/cinder/api/openstack/wsgi.py:713}}
Aug 24 19:55:50.130305 dv-cinder-805877-1-iscsi devstack@c-api.service[86916]: DEBUG cinder.api.openstack.wsgi [None req-0c6773c8-2370-466b-bb08-44eaa4ffb463 tempest-ExtraSpecsNegativeTest-1782276993 tempest-ExtraSpecsNegativeTest-1782276993-project-admin] Calling method 'show' {{(pid=86916) _process_stack /opt/stack/cinder/cinder/api/openstack/wsgi.py:866}}
Aug 24 19:55:50.142179 dv-cinder-805877-1-iscsi devstack@c-api.service[86916]: INFO cinder.api.openstack.wsgi [None req-0c6773c8-2370-466b-bb08-44eaa4ffb463 tempest-ExtraSpecsNegativeTest-1782276993 tempest-ExtraSpecsNegativeTest-1782276993-project-admin] http://10.222.0.37/volume/v3/064f04bd2e0949f8ab7c1d951254f67a/types/d38bf8f6-efe4-4510-9ada-4dc53d53ba41 returned with HTTP 404
Aug 24 19:55:50.143149 dv-cinder-805877-1-iscsi devstack@c-api.service[86916]: [pid: 86916|app: 0|req: 222/442] 10.222.0.37 () {58 vars in 1319 bytes} [Tue Aug 24 19:55:50 2021] GET /volume/v3/064f04bd2e0949f8ab7c1d951254f67a/types/d38bf8f6-efe4-4510-9ada-4dc53d53ba41 => generated 114 bytes in 19 msecs (HTTP/1.1 404) 7 headers in 292 bytes (1 switches on core 0)
Aug 24 19:55:50.168546 dv-cinder-805877-1-iscsi devstack@c-api.service[86916]: INFO cinder.api.openstack.wsgi [None req-942adaa8-7975-49eb-93fa-a0741c8c2d93 tempest-DeleteServersTestJSON-588608096 tempest-DeleteServersTestJSON-588608096-project] GET http://10.222.0.37/volume/v3/9687f1c644c141cd9a58a87219cb9ee4/volumes/1431f46f-d026-41eb-ba74-bb90048b745d
Aug 24 19:55:50.169177 dv-cinder-805877-1-iscsi devstack@c-api.service[86916]: DEBUG cinder.api.openstack.wsgi [None req-942adaa8-7975-49eb-93fa-a0741c8c2d93 tempest-DeleteServersTestJSON-588608096 tempest-DeleteServersTestJSON-588608096-project] Empty body provided in request {{(pid=86916) get_body /opt/stack/cinder/cinder/api/openstack/wsgi.py:713}}
Aug 24 19:55:50.169734 dv-cinder-805877-1-iscsi devstack@c-api.service[86916]: DEBUG cinder.api.openstack.wsgi [None req-942adaa8-7975-49eb-93fa-a0741c8c2d93 tempest-DeleteServersTestJSON-588608096 tempest-DeleteServersTestJSON-588608096-project] Calling method 'show' {{(pid=86916) _process_stack /opt/stack/cinder/cinder/api/openstack/wsgi.py:866}}
Aug 24 19:55:50.230224 dv-cinder-805877-1-iscsi devstack@c-api.service[86916]: INFO cinder.api.openstack.wsgi [None req-942adaa8-7975-49eb-93fa-a0741c8c2d93 tempest-DeleteServersTestJSON-588608096 tempest-DeleteServersTestJSON-588608096-project] http://10.222.0.37/volume/v3/9687f1c644c141cd9a58a87219cb9ee4/volumes/1431f46f-d026-41eb-ba74-bb90048b745d returned with HTTP 404
Aug 24 19:55:50.231298 dv-cinder-805877-1-iscsi devstack@c-api.service[86916]: [pid: 86916|app: 0|req: 223/443] 10.222.0.37 () {58 vars in 1325 bytes} [Tue Aug 24 19:55:50 2021] GET /volume/v3/9687f1c644c141cd9a58a87219cb9ee4/volumes/1431f46f-d026-41eb-ba74-bb90048b745d => generated 109 bytes in 68 msecs (HTTP/1.1 404) 7 headers in 292 bytes (1 switches on core 0)
Aug 24 19:55:50.242001 dv-cinder-805877-1-iscsi devstack@c-api.service[86916]: INFO cinder.api.openstack.wsgi [req-2174d9fc-c4f3-4aed-be67-e5af63142a71 req-8a7054b2-9dc1-4ec5-b7a0-2ab733b2c3ae tempest-AttachVolumeNegativeTest-957650517 tempest-AttachVolumeNegativeTest-957650517-project] GET http://10.222.0.37/volume/v3/015386ca443747ce821466c52a796d44/volumes/e233e248-45a9-4a1e-85a7-a98caeb32423
Aug 24 19:55:50.242496 dv-cinder-805877-1-iscsi devstack@c-api.service[86916]: DEBUG cinder.api.openstack.wsgi [req-2174d9fc-c4f3-4aed-be67-e5af63142a71 req-8a7054b2-9dc1-4ec5-b7a0-2ab733b2c3ae tempest-AttachVolumeNegativeTest-957650517 tempest-AttachVolumeNegativeTest-957650517-project] Empty body provided in request {{(pid=86916) get_body /opt/stack/cinder/cinder/api/openstack/wsgi.py:713}}
Aug 24 19:55:50.242911 dv-cinder-805877-1-iscsi devstack@c-api.service[86916]: DEBUG cinder.api.openstack.wsgi [req-2174d9fc-c4f3-4aed-be67-e5af63142a71 req-8a7054b2-9dc1-4ec5-b7a0-2ab733b2c3ae tempest-AttachVolumeNegativeTest-957650517 tempest-AttachVolumeNegativeTest-957650517-project] Calling method 'show' {{(pid=86916) _process_stack /opt/stack/cinder/cinder/api/openstack/wsgi.py:866}}
Aug 24 19:55:50.291459 dv-cinder-805877-1-iscsi devstack@c-api.service[86916]: /usr/local/lib/python3.8/dist-packages/oslo_context/context.py:105: DeprecationWarning: Policy enforcement is depending on the value of is_admin. This key is deprecated. Please update your policy file to use the standard policy values.
Aug 24 19:55:50.291459 dv-cinder-805877-1-iscsi devstack@c-api.service[86916]: warnings.warn('Policy enforcement is depending on the value of '
Aug 24 19:55:50.299960 dv-cinder-805877-1-iscsi devstack@c-api.service[86916]: INFO cinder.volume.api [req-2174d9fc-c4f3-4aed-be67-e5af63142a71 req-8a7054b2-9dc1-4ec5-b7a0-2ab733b2c3ae tempest-AttachVolumeNegativeTest-957650517 tempest-AttachVolumeNegativeTest-957650517-project] Volume info retrieved successfully.
Aug 24 19:55:50.329580 dv-cinder-805877-1-iscsi devstack@c-api.service[86916]: /usr/local/lib/python3.8/dist-packages/oslo_context/context.py:105: DeprecationWarning: Policy enforcement is depending on the value of is_admin. This key is deprecated. Please update your policy file to use the standard policy values.
Aug 24 19:55:50.329580 dv-cinder-805877-1-iscsi devstack@c-api.service[86916]: warnings.warn('Policy enforcement is depending on the value of '
Aug 24 19:55:50.343360 dv-cinder-805877-1-iscsi devstack@c-api.service[86916]: INFO cinder.api.openstack.wsgi [req-2174d9fc-c4f3-4aed-be67-e5af63142a71 req-8a7054b2-9dc1-4ec5-b7a0-2ab733b2c3ae tempest-AttachVolumeNegativeTest-957650517 tempest-AttachVolumeNegativeTest-957650517-project] http://10.222.0.37/volume/v3/015386ca443747ce821466c52a796d44/volumes/e233e248-45a9-4a1e-85a7-a98caeb32423 returned with HTTP 200
Aug 24 19:55:50.344115 dv-cinder-805877-1-iscsi devstack@c-api.service[86916]: [pid: 86916|app: 0|req: 224/444] 10.222.0.37 () {60 vars in 1579 bytes} [Tue Aug 24 19:55:50 2021] GET /volume/v3/015386ca443747ce821466c52a796d44/volumes/e233e248-45a9-4a1e-85a7-a98caeb32423 => generated 1207 bytes in 110 msecs (HTTP/1.1 200) 7 headers in 286 bytes (1 switches on core 0)
Aug 24 19:55:50.346447 dv-cinder-805877-1-iscsi devstack@c-api.service[86917]: DEBUG cinder.quota [None req-b3606db1-3ff5-43b1-ac53-7cd9baf8d8ed tempest-ServerRescueNegativeTestJSON-1371457288 tempest-ServerRescueNegativeTestJSON-1371457288-project] Created reservations ['423dc1ae-2e77-4a9a-ae44-10f18a49ae42', 'c3786f9d-c50a-470b-ad8b-3dc77ebae97a', 'dfcbc552-aa34-432e-982b-568fffc7ba57', '90585622-118a-40d7-bc08-923aa8f4aaa9'] {{(pid=86917) reserve /opt/stack/cinder/cinder/quota.py:756}}
Aug 24 19:55:50.348403 dv-cinder-805877-1-iscsi devstack@c-api.service[86917]: DEBUG cinder.volume.api [None req-b3606db1-3ff5-43b1-ac53-7cd9baf8d8ed tempest-ServerRescueNegativeTestJSON-1371457288 tempest-ServerRescueNegativeTestJSON-1371457288-project] Task 'cinder.volume.flows.api.create_volume.QuotaReserveTask;volume:create' (bb106dab-d39d-40d4-a848-513756071fd2) transitioned into state 'SUCCESS' from state 'RUNNING' with result '{'reservations': ['423dc1ae-2e77-4a9a-ae44-10f18a49ae42', 'c3786f9d-c50a-470b-ad8b-3dc77ebae97a', 'dfcbc552-aa34-432e-982b-568fffc7ba57', '90585622-118a-40d7-bc08-923aa8f4aaa9']}' {{(pid=86917) _task_receiver /usr/local/lib/python3.8/dist-packages/taskflow/listeners/logging.py:178}}
Aug 24 19:55:50.350583 dv-cinder-805877-1-iscsi devstack@c-api.service[86917]: DEBUG cinder.volume.api [None req-b3606db1-3ff5-43b1-ac53-7cd9baf8d8ed tempest-ServerRescueNegativeTestJSON-1371457288 tempest-ServerRescueNegativeTestJSON-1371457288-project] Task 'cinder.volume.flows.api.create_volume.EntryCreateTask;volume:create' (630f2f21-fecd-4896-92d9-5a1df92d158c) transitioned into state 'RUNNING' from state 'PENDING' {{(pid=86917) _task_receiver /usr/local/lib/python3.8/dist-packages/taskflow/listeners/logging.py:190}}
Aug 24 19:55:50.366679 dv-cinder-805877-1-iscsi devstack@c-api.service[86916]: INFO cinder.api.openstack.wsgi [None req-5d0e880a-3c61-4bb5-94c3-7e5ea817c55c tempest-AttachVolumeNegativeTest-957650517 tempest-AttachVolumeNegativeTest-957650517-project] GET http://10.222.0.37/volume/v3/015386ca443747ce821466c52a796d44/volumes/e233e248-45a9-4a1e-85a7-a98caeb32423
Aug 24 19:55:50.367040 dv-cinder-805877-1-iscsi devstack@c-api.service[86916]: DEBUG cinder.api.openstack.wsgi [None req-5d0e880a-3c61-4bb5-94c3-7e5ea817c55c tempest-AttachVolumeNegativeTest-957650517 tempest-AttachVolumeNegativeTest-957650517-project] Empty body provided in request {{(pid=86916) get_body /opt/stack/cinder/cinder/api/openstack/wsgi.py:713}}
Aug 24 19:55:50.367213 dv-cinder-805877-1-iscsi devstack@c-api.service[86916]: /usr/local/lib/python3.8/dist-packages/webob/acceptparse.py:1047: DeprecationWarning: The behavior of AcceptValidHeader.best_match is currently being maintained for backward compatibility, but it will be deprecated in the future, as it does not conform to the RFC.
Aug 24 19:55:50.367213 dv-cinder-805877-1-iscsi devstack@c-api.service[86916]: warnings.warn(
Aug 24 19:55:50.367535 dv-cinder-805877-1-iscsi devstack@c-api.service[86916]: DEBUG cinder.api.openstack.wsgi [None req-5d0e880a-3c61-4bb5-94c3-7e5ea817c55c tempest-AttachVolumeNegativeTest-957650517 tempest-AttachVolumeNegativeTest-957650517-project] Calling method 'show' {{(pid=86916) _process_stack /opt/stack/cinder/cinder/api/openstack/wsgi.py:866}}
Aug 24 19:55:50.415499 dv-cinder-805877-1-iscsi devstack@c-api.service[86916]: /usr/local/lib/python3.8/dist-packages/oslo_context/context.py:105: DeprecationWarning: Policy enforcement is depending on the value of is_admin. This key is deprecated. Please update your policy file to use the standard policy values.
Aug 24 19:55:50.415499 dv-cinder-805877-1-iscsi devstack@c-api.service[86916]: warnings.warn('Policy enforcement is depending on the value of '
Aug 24 19:55:50.424438 dv-cinder-805877-1-iscsi devstack@c-api.service[86916]: INFO cinder.volume.api [None req-5d0e880a-3c61-4bb5-94c3-7e5ea817c55c tempest-AttachVolumeNegativeTest-957650517 tempest-AttachVolumeNegativeTest-957650517-project] Volume info retrieved successfully.
Aug 24 19:55:50.444001 dv-cinder-805877-1-iscsi devstack@c-api.service[86916]: /usr/local/lib/python3.8/dist-packages/oslo_context/context.py:105: DeprecationWarning: Policy enforcement is depending on the value of is_admin. This key is deprecated. Please update your policy file to use the standard policy values.
Aug 24 19:55:50.444001 dv-cinder-805877-1-iscsi devstack@c-api.service[86916]: warnings.warn('Policy enforcement is depending on the value of '
Aug 24 19:55:50.452430 dv-cinder-805877-1-iscsi devstack@c-api.service[86916]: INFO cinder.api.openstack.wsgi [None req-5d0e880a-3c61-4bb5-94c3-7e5ea817c55c tempest-AttachVolumeNegativeTest-957650517 tempest-AttachVolumeNegativeTest-957650517-project] http://10.222.0.37/volume/v3/015386ca443747ce821466c52a796d44/volumes/e233e248-45a9-4a1e-85a7-a98caeb32423 returned with HTTP 200
Aug 24 19:55:50.453869 dv-cinder-805877-1-iscsi devstack@c-api.service[86916]: [pid: 86916|app: 0|req: 225/445] 10.222.0.37 () {58 vars in 1325 bytes} [Tue Aug 24 19:55:50 2021] GET /volume/v3/015386ca443747ce821466c52a796d44/volumes/e233e248-45a9-4a1e-85a7-a98caeb32423 => generated 1207 bytes in 91 msecs (HTTP/1.1 200) 7 headers in 286 bytes (1 switches on core 0)
Aug 24 19:55:50.538188 dv-cinder-805877-1-iscsi devstack@c-api.service[86917]: DEBUG cinder.volume.api [None req-b3606db1-3ff5-43b1-ac53-7cd9baf8d8ed tempest-ServerRescueNegativeTestJSON-1371457288 tempest-ServerRescueNegativeTestJSON-1371457288-project] Task 'cinder.volume.flows.api.create_volume.EntryCreateTask;volume:create' (630f2f21-fecd-4896-92d9-5a1df92d158c) transitioned into state 'SUCCESS' from state 'RUNNING' with result '{'volume_id': '4d5da402-7374-4323-9db1-c1367576fe24', 'volume_properties': VolumeProperties(attach_status='detached',availability_zone='nova',cgsnapshot_id=None,consistencygroup_id=None,display_description=None,display_name='tempest-ServerRescueNegativeTestJSON-volume-500039998',encryption_key_id=None,group_id=None,group_type_id=,metadata={},multiattach=False,project_id='95eee633516346c3a51fc93645ae1d10',qos_specs=None,replication_status=,reservations=['423dc1ae-2e77-4a9a-ae44-10f18a49ae42','c3786f9d-c50a-470b-ad8b-3dc77ebae97a','dfcbc552-aa34-432e-982b-568fffc7ba57','90585622-118a-40d7-bc08-923aa8f4aaa9'],size=1,snapshot_id=None,source_replicaid=,source_volid=None,status='creating',user_id='bf8a0d238c5c4c05b02856fc2753a58f',volume_type_id=7aa759b0-acdf-4de6-b1e7-71fa8c212a40), 'volume': Volume(_name_id=None,admin_metadata=,attach_status='detached',availability_zone='nova',bootable=False,cluster=,cluster_name=None,consistencygroup=,consistencygroup_id=None,created_at=2021-08-24T19:55:50Z,deleted=False,deleted_at=None,display_description=None,display_name='tempest-ServerRescueNegativeTestJSON-volume-500039998',ec2_id=None,encryption_key_id=None,glance_metadata=,group=,group_id=None,host=None,id=4d5da402-7374-4323-9db1-c1367576fe24,launched_at=None,metadata={},migration_status=None,multiattach=False,previous_status=None,project_id='95eee633516346c3a51fc93645ae1d10',provider_auth=None,provider_geometry=None,provider_id=None,provider_location=None,replication_driver_data=None,replication_extended_status=None,replication_status=None,scheduled_at=None,service_uuid=None,shared_targets=True,size=1,snapshot_id=None,snapshots=,source_volid=None,status='creating',terminated_at=None,updated_at=None,user_id='bf8a0d238c5c4c05b02856fc2753a58f',volume_attachment=,volume_type=VolumeType(7aa759b0-acdf-4de6-b1e7-71fa8c212a40),volume_type_id=7aa759b0-acdf-4de6-b1e7-71fa8c212a40)}' {{(pid=86917) _task_receiver /usr/local/lib/python3.8/dist-packages/taskflow/listeners/logging.py:178}}
Aug 24 19:55:50.540575 dv-cinder-805877-1-iscsi devstack@c-api.service[86917]: DEBUG cinder.volume.api [None req-b3606db1-3ff5-43b1-ac53-7cd9baf8d8ed tempest-ServerRescueNegativeTestJSON-1371457288 tempest-ServerRescueNegativeTestJSON-1371457288-project] Task 'cinder.volume.flows.api.create_volume.QuotaCommitTask;volume:create' (11b8b61c-dcf6-4b2f-8fd2-0788cbab57d0) transitioned into state 'RUNNING' from state 'PENDING' {{(pid=86917) _task_receiver /usr/local/lib/python3.8/dist-packages/taskflow/listeners/logging.py:190}}
Aug 24 19:55:50.632718 dv-cinder-805877-1-iscsi devstack@c-api.service[86916]: INFO cinder.api.openstack.wsgi [req-f6ff0003-a140-445a-bcb3-6b603053152a req-3a7a7c99-830f-4c0f-bb5e-84af1328368d tempest-AttachVolumeNegativeTest-957650517 tempest-AttachVolumeNegativeTest-957650517-project] GET http://10.222.0.37/volume/v3/015386ca443747ce821466c52a796d44/volumes/e233e248-45a9-4a1e-85a7-a98caeb32423
Aug 24 19:55:50.633182 dv-cinder-805877-1-iscsi devstack@c-api.service[86916]: DEBUG cinder.api.openstack.wsgi [req-f6ff0003-a140-445a-bcb3-6b603053152a req-3a7a7c99-830f-4c0f-bb5e-84af1328368d tempest-AttachVolumeNegativeTest-957650517 tempest-AttachVolumeNegativeTest-957650517-project] Empty body provided in request {{(pid=86916) get_body /opt/stack/cinder/cinder/api/openstack/wsgi.py:713}}
Aug 24 19:55:50.633511 dv-cinder-805877-1-iscsi devstack@c-api.service[86916]: /usr/local/lib/python3.8/dist-packages/webob/acceptparse.py:1047: DeprecationWarning: The behavior of AcceptValidHeader.best_match is currently being maintained for backward compatibility, but it will be deprecated in the future, as it does not conform to the RFC.
Aug 24 19:55:50.633511 dv-cinder-805877-1-iscsi devstack@c-api.service[86916]: warnings.warn(
Aug 24 19:55:50.633839 dv-cinder-805877-1-iscsi devstack@c-api.service[86916]: DEBUG cinder.api.openstack.wsgi [req-f6ff0003-a140-445a-bcb3-6b603053152a req-3a7a7c99-830f-4c0f-bb5e-84af1328368d tempest-AttachVolumeNegativeTest-957650517 tempest-AttachVolumeNegativeTest-957650517-project] Calling method 'show' {{(pid=86916) _process_stack /opt/stack/cinder/cinder/api/openstack/wsgi.py:866}}
Aug 24 19:55:50.655945 dv-cinder-805877-1-iscsi devstack@c-api.service[86917]: DEBUG cinder.volume.api [None req-b3606db1-3ff5-43b1-ac53-7cd9baf8d8ed tempest-ServerRescueNegativeTestJSON-1371457288 tempest-ServerRescueNegativeTestJSON-1371457288-project] Task 'cinder.volume.flows.api.create_volume.QuotaCommitTask;volume:create' (11b8b61c-dcf6-4b2f-8fd2-0788cbab57d0) transitioned into state 'SUCCESS' from state 'RUNNING' with result '{'volume_properties': VolumeProperties(attach_status='detached',availability_zone='nova',cgsnapshot_id=None,consistencygroup_id=None,display_description=None,display_name='tempest-ServerRescueNegativeTestJSON-volume-500039998',encryption_key_id=None,group_id=None,group_type_id=,metadata={},multiattach=False,project_id='95eee633516346c3a51fc93645ae1d10',qos_specs=None,replication_status=,reservations=['423dc1ae-2e77-4a9a-ae44-10f18a49ae42','c3786f9d-c50a-470b-ad8b-3dc77ebae97a','dfcbc552-aa34-432e-982b-568fffc7ba57','90585622-118a-40d7-bc08-923aa8f4aaa9'],size=1,snapshot_id=None,source_replicaid=,source_volid=None,status='creating',user_id='bf8a0d238c5c4c05b02856fc2753a58f',volume_type_id=7aa759b0-acdf-4de6-b1e7-71fa8c212a40)}' {{(pid=86917) _task_receiver /usr/local/lib/python3.8/dist-packages/taskflow/listeners/logging.py:178}}
Aug 24 19:55:50.659005 dv-cinder-805877-1-iscsi devstack@c-api.service[86917]: DEBUG cinder.volume.api [None req-b3606db1-3ff5-43b1-ac53-7cd9baf8d8ed tempest-ServerRescueNegativeTestJSON-1371457288 tempest-ServerRescueNegativeTestJSON-1371457288-project] Task 'cinder.volume.flows.api.create_volume.VolumeCastTask;volume:create' (614008ed-c696-45ac-9c3c-6740225ef3a8) transitioned into state 'RUNNING' from state 'PENDING' {{(pid=86917) _task_receiver /usr/local/lib/python3.8/dist-packages/taskflow/listeners/logging.py:190}}
Aug 24 19:55:50.678981 dv-cinder-805877-1-iscsi devstack@c-api.service[86916]: /usr/local/lib/python3.8/dist-packages/oslo_context/context.py:105: DeprecationWarning: Policy enforcement is depending on the value of is_admin. This key is deprecated. Please update your policy file to use the standard policy values.
Aug 24 19:55:50.678981 dv-cinder-805877-1-iscsi devstack@c-api.service[86916]: warnings.warn('Policy enforcement is depending on the value of '
Aug 24 19:55:50.690577 dv-cinder-805877-1-iscsi devstack@c-api.service[86916]: INFO cinder.volume.api [req-f6ff0003-a140-445a-bcb3-6b603053152a req-3a7a7c99-830f-4c0f-bb5e-84af1328368d tempest-AttachVolumeNegativeTest-957650517 tempest-AttachVolumeNegativeTest-957650517-project] Volume info retrieved successfully.
Aug 24 19:55:50.707716 dv-cinder-805877-1-iscsi devstack@c-api.service[86916]: /usr/local/lib/python3.8/dist-packages/oslo_context/context.py:105: DeprecationWarning: Policy enforcement is depending on the value of is_admin. This key is deprecated. Please update your policy file to use the standard policy values.
Aug 24 19:55:50.707716 dv-cinder-805877-1-iscsi devstack@c-api.service[86916]: warnings.warn('Policy enforcement is depending on the value of '
Aug 24 19:55:50.715357 dv-cinder-805877-1-iscsi devstack@c-api.service[86916]: INFO cinder.api.openstack.wsgi [req-f6ff0003-a140-445a-bcb3-6b603053152a req-3a7a7c99-830f-4c0f-bb5e-84af1328368d tempest-AttachVolumeNegativeTest-957650517 tempest-AttachVolumeNegativeTest-957650517-project] http://10.222.0.37/volume/v3/015386ca443747ce821466c52a796d44/volumes/e233e248-45a9-4a1e-85a7-a98caeb32423 returned with HTTP 200
Aug 24 19:55:50.716165 dv-cinder-805877-1-iscsi devstack@c-api.service[86916]: [pid: 86916|app: 0|req: 226/446] 10.222.0.37 () {60 vars in 1579 bytes} [Tue Aug 24 19:55:50 2021] GET /volume/v3/015386ca443747ce821466c52a796d44/volumes/e233e248-45a9-4a1e-85a7-a98caeb32423 => generated 1207 bytes in 87 msecs (HTTP/1.1 200) 7 headers in 286 bytes (1 switches on core 0)
Aug 24 19:55:50.794306 dv-cinder-805877-1-iscsi devstack@c-api.service[86916]: INFO cinder.api.openstack.wsgi [req-f6ff0003-a140-445a-bcb3-6b603053152a req-697b0416-1b5c-480e-92b3-459f0bdb99ac tempest-AttachVolumeNegativeTest-957650517 tempest-AttachVolumeNegativeTest-957650517-project] POST http://10.222.0.37/volume/v3/015386ca443747ce821466c52a796d44/volumes/e233e248-45a9-4a1e-85a7-a98caeb32423/action
Aug 24 19:55:50.795481 dv-cinder-805877-1-iscsi devstack@c-api.service[86916]: /usr/local/lib/python3.8/dist-packages/webob/acceptparse.py:1047: DeprecationWarning: The behavior of AcceptValidHeader.best_match is currently being maintained for backward compatibility, but it will be deprecated in the future, as it does not conform to the RFC.
Aug 24 19:55:50.795481 dv-cinder-805877-1-iscsi devstack@c-api.service[86916]: warnings.warn(
Aug 24 19:55:50.796125 dv-cinder-805877-1-iscsi devstack@c-api.service[86916]: DEBUG cinder.api.openstack.wsgi [req-f6ff0003-a140-445a-bcb3-6b603053152a req-697b0416-1b5c-480e-92b3-459f0bdb99ac tempest-AttachVolumeNegativeTest-957650517 tempest-AttachVolumeNegativeTest-957650517-project] Action body: b'{"os-begin_detaching": null}' {{(pid=86916) get_method /opt/stack/cinder/cinder/api/openstack/wsgi.py:981}}
Aug 24 19:55:50.796609 dv-cinder-805877-1-iscsi devstack@c-api.service[86916]: DEBUG cinder.api.openstack.wsgi [req-f6ff0003-a140-445a-bcb3-6b603053152a req-697b0416-1b5c-480e-92b3-459f0bdb99ac tempest-AttachVolumeNegativeTest-957650517 tempest-AttachVolumeNegativeTest-957650517-project] Action: 'action', calling method: _begin_detaching, body: {"os-begin_detaching": null} {{(pid=86916) _process_stack /opt/stack/cinder/cinder/api/openstack/wsgi.py:864}}
Aug 24 19:55:50.846673 dv-cinder-805877-1-iscsi devstack@c-api.service[86916]: /usr/local/lib/python3.8/dist-packages/oslo_context/context.py:105: DeprecationWarning: Policy enforcement is depending on the value of is_admin. This key is deprecated. Please update your policy file to use the standard policy values.
Aug 24 19:55:50.846673 dv-cinder-805877-1-iscsi devstack@c-api.service[86916]: warnings.warn('Policy enforcement is depending on the value of '
Aug 24 19:55:50.847632 dv-cinder-805877-1-iscsi devstack@c-api.service[86916]: INFO cinder.volume.api [req-f6ff0003-a140-445a-bcb3-6b603053152a req-697b0416-1b5c-480e-92b3-459f0bdb99ac tempest-AttachVolumeNegativeTest-957650517 tempest-AttachVolumeNegativeTest-957650517-project] Volume info retrieved successfully.
Aug 24 19:55:50.925897 dv-cinder-805877-1-iscsi devstack@c-api.service[86917]: DEBUG cinder.volume.api [None req-b3606db1-3ff5-43b1-ac53-7cd9baf8d8ed tempest-ServerRescueNegativeTestJSON-1371457288 tempest-ServerRescueNegativeTestJSON-1371457288-project] Task 'cinder.volume.flows.api.create_volume.VolumeCastTask;volume:create' (614008ed-c696-45ac-9c3c-6740225ef3a8) transitioned into state 'SUCCESS' from state 'RUNNING' with result 'None' {{(pid=86917) _task_receiver /usr/local/lib/python3.8/dist-packages/taskflow/listeners/logging.py:178}}
Aug 24 19:55:50.925897 dv-cinder-805877-1-iscsi devstack@c-api.service[86917]: DEBUG cinder.volume.api [None req-b3606db1-3ff5-43b1-ac53-7cd9baf8d8ed tempest-ServerRescueNegativeTestJSON-1371457288 tempest-ServerRescueNegativeTestJSON-1371457288-project] Flow 'volume_create_api' (55a5b19a-ede8-4383-8d98-02ad72ed794e) transitioned into state 'SUCCESS' from state 'RUNNING' {{(pid=86917) _flow_receiver /usr/local/lib/python3.8/dist-packages/taskflow/listeners/logging.py:141}}
Aug 24 19:55:50.925897 dv-cinder-805877-1-iscsi devstack@c-api.service[86917]: INFO cinder.volume.api [None req-b3606db1-3ff5-43b1-ac53-7cd9baf8d8ed tempest-ServerRescueNegativeTestJSON-1371457288 tempest-ServerRescueNegativeTestJSON-1371457288-project] Create volume request issued successfully.
