Sep 02 06:11:14.482265 dv-cinder-805796-3-smb devstack@n-api.service[108893]: INFO nova.api.openstack.requestlog [None req-1aae1338-ff7f-4cb3-b1c1-0bb6e864ed1c tempest-VolumesGetTestJSON-614271193 tempest-VolumesGetTestJSON-614271193-project] 10.222.0.10 "GET /compute/v2.1/os-volumes/e6936b06-2cda-47b0-a49d-fab0c19e45f8" status: 404 len: 109 microversion: 2.1 time: 0.614251
Sep 02 06:11:14.483088 dv-cinder-805796-3-smb devstack@n-api.service[108893]: [pid: 108893|app: 0|req: 6/11] 10.222.0.10 () {58 vars in 1245 bytes} [Thu Sep 2 06:11:13 2021] GET /compute/v2.1/os-volumes/e6936b06-2cda-47b0-a49d-fab0c19e45f8 => generated 109 bytes in 616 msecs (HTTP/1.1 404) 9 headers in 379 bytes (2 switches on core 0)
Sep 02 06:11:14.554018 dv-cinder-805796-3-smb devstack@n-api.service[108894]: INFO nova.api.openstack.requestlog [None req-147370af-0d82-4a77-a76c-be7e161d3b58 tempest-VolumesSnapshotsTestJSON-87437304 tempest-VolumesSnapshotsTestJSON-87437304-project] 10.222.0.10 "GET /compute/v2.1/os-snapshots" status: 200 len: 291 microversion: 2.1 time: 0.099260
Sep 02 06:11:14.554018 dv-cinder-805796-3-smb devstack@n-api.service[108894]: [pid: 108894|app: 0|req: 6/12] 10.222.0.10 () {58 vars in 1140 bytes} [Thu Sep 2 06:11:14 2021] GET /compute/v2.1/os-snapshots => generated 291 bytes in 102 msecs (HTTP/1.1 200) 9 headers in 357 bytes (1 switches on core 0)
Sep 02 06:11:14.564988 dv-cinder-805796-3-smb devstack@n-api.service[108893]: DEBUG nova.api.openstack.wsgi [None req-a1585df1-5158-4279-a59b-a4805b866305 tempest-VolumesSnapshotsTestJSON-87437304 tempest-VolumesSnapshotsTestJSON-87437304-project] Calling method '.version_select at 0x7fbcca70d160>' {{(pid=108893) _process_stack /opt/stack/nova/nova/api/openstack/wsgi.py:513}}
Sep 02 06:11:14.636386 dv-cinder-805796-3-smb devstack@n-api.service[108893]: INFO nova.api.openstack.requestlog [None req-a1585df1-5158-4279-a59b-a4805b866305 tempest-VolumesSnapshotsTestJSON-87437304 tempest-VolumesSnapshotsTestJSON-87437304-project] 10.222.0.10 "GET /compute/v2.1/os-snapshots/cb956ee3-e6b7-4b57-87f4-eae8fcb2be13" status: 200 len: 288 microversion: 2.1 time: 0.073915
Sep 02 06:11:14.636386 dv-cinder-805796-3-smb devstack@n-api.service[108893]: [pid: 108893|app: 0|req: 7/13] 10.222.0.10 () {58 vars in 1251 bytes} [Thu Sep 2 06:11:14 2021] GET /compute/v2.1/os-snapshots/cb956ee3-e6b7-4b57-87f4-eae8fcb2be13 => generated 288 bytes in 75 msecs (HTTP/1.1 200) 9 headers in 357 bytes (2 switches on core 0)
Sep 02 06:11:14.646012 dv-cinder-805796-3-smb devstack@n-api.service[108894]: DEBUG nova.api.openstack.wsgi [None req-dc81f811-d21a-4f29-92b3-74586fef43ed tempest-VolumesSnapshotsTestJSON-87437304 tempest-VolumesSnapshotsTestJSON-87437304-project] Calling method '.version_select at 0x7fbcc9e1d670>' {{(pid=108894) _process_stack /opt/stack/nova/nova/api/openstack/wsgi.py:513}}
Sep 02 06:11:14.686200 dv-cinder-805796-3-smb devstack@n-api.service[108893]: DEBUG nova.api.openstack.wsgi [None req-9c597fd8-d075-422d-91c6-83d897342246 tempest-DeleteServersTestJSON-1530307473 tempest-DeleteServersTestJSON-1530307473-project] Calling method '>' {{(pid=108893) _process_stack /opt/stack/nova/nova/api/openstack/wsgi.py:513}}
Sep 02 06:11:14.687064 dv-cinder-805796-3-smb devstack@n-api.service[108893]: DEBUG nova.compute.api [None req-9c597fd8-d075-422d-91c6-83d897342246 tempest-DeleteServersTestJSON-1530307473 tempest-DeleteServersTestJSON-1530307473-project] [instance: 8080cff3-c247-471b-8867-f201a246233f] Fetching instance by UUID {{(pid=108893) get /opt/stack/nova/nova/compute/api.py:2862}}
Sep 02 06:11:14.854410 dv-cinder-805796-3-smb devstack@n-api.service[108893]: DEBUG nova.policy [None req-9c597fd8-d075-422d-91c6-83d897342246 tempest-DeleteServersTestJSON-1530307473 tempest-DeleteServersTestJSON-1530307473-project] Policy check for os_compute_api:os-extended-server-attributes failed with credentials {'is_admin': False, 'user_id': 'e4f43d629f7f4333a557e8ba735d9dcf', 'user_domain_id': 'default', 'system_scope': None, 'domain_id': None, 'project_id': '9de2c5f0e366405b94af6045d7d406d8', 'project_domain_id': 'default', 'roles': ['reader', 'member'], 'is_admin_project': True, 'service_user_id': None, 'service_user_domain_id': None, 'service_project_id': None, 'service_project_domain_id': None, 'service_roles': []} {{(pid=108893) authorize /opt/stack/nova/nova/policy.py:199}}
Sep 02 06:11:14.878533 dv-cinder-805796-3-smb devstack@n-api.service[108893]: INFO nova.api.openstack.requestlog [None req-9c597fd8-d075-422d-91c6-83d897342246 tempest-DeleteServersTestJSON-1530307473 tempest-DeleteServersTestJSON-1530307473-project] 10.222.0.10 "GET /compute/v2.1/servers/8080cff3-c247-471b-8867-f201a246233f" status: 200 len: 1215 microversion: 2.1 time: 0.196119
Sep 02 06:11:14.879639 dv-cinder-805796-3-smb devstack@n-api.service[108893]: [pid: 108893|app: 0|req: 8/14] 10.222.0.10 () {58 vars in 1236 bytes} [Thu Sep 2 06:11:14 2021] GET /compute/v2.1/servers/8080cff3-c247-471b-8867-f201a246233f => generated 1215 bytes in 198 msecs (HTTP/1.1 200) 9 headers in 358 bytes (1 switches on core 0)
Sep 02 06:11:14.899783 dv-cinder-805796-3-smb devstack@n-api.service[108894]: INFO nova.api.openstack.requestlog [None req-dc81f811-d21a-4f29-92b3-74586fef43ed tempest-VolumesSnapshotsTestJSON-87437304 tempest-VolumesSnapshotsTestJSON-87437304-project] 10.222.0.10 "DELETE /compute/v2.1/os-snapshots/cb956ee3-e6b7-4b57-87f4-eae8fcb2be13" status: 202 len: 0 microversion: 2.1 time: 0.257379
Sep 02 06:11:14.901872 dv-cinder-805796-3-smb devstack@n-api.service[108894]: [pid: 108894|app: 0|req: 7/15] 10.222.0.10 () {58 vars in 1254 bytes} [Thu Sep 2 06:11:14 2021] DELETE /compute/v2.1/os-snapshots/cb956ee3-e6b7-4b57-87f4-eae8fcb2be13 => generated 0 bytes in 261 msecs (HTTP/1.1 202) 9 headers in 361 bytes (1 switches on core 0)
Sep 02 06:11:14.913130 dv-cinder-805796-3-smb devstack@n-api.service[108893]: DEBUG nova.api.openstack.wsgi [None req-04c79cf3-1ba5-4577-9ddf-42312418f470 tempest-VolumesSnapshotsTestJSON-87437304 tempest-VolumesSnapshotsTestJSON-87437304-project] Calling method '.version_select at 0x7fbcca70d040>' {{(pid=108893) _process_stack /opt/stack/nova/nova/api/openstack/wsgi.py:513}}
Sep 02 06:11:15.063001 dv-cinder-805796-3-smb devstack@n-api.service[108893]: INFO nova.api.openstack.requestlog [None req-04c79cf3-1ba5-4577-9ddf-42312418f470 tempest-VolumesSnapshotsTestJSON-87437304 tempest-VolumesSnapshotsTestJSON-87437304-project] 10.222.0.10 "GET /compute/v2.1/os-snapshots/cb956ee3-e6b7-4b57-87f4-eae8fcb2be13" status: 200 len: 287 microversion: 2.1 time: 0.155880
Sep 02 06:11:15.068480 dv-cinder-805796-3-smb devstack@n-api.service[108893]: [pid: 108893|app: 0|req: 9/16] 10.222.0.10 () {58 vars in 1251 bytes} [Thu Sep 2 06:11:14 2021] GET /compute/v2.1/os-snapshots/cb956ee3-e6b7-4b57-87f4-eae8fcb2be13 => generated 287 bytes in 163 msecs (HTTP/1.1 200) 9 headers in 357 bytes (1 switches on core 0)
Sep 02 06:11:15.908331 dv-cinder-805796-3-smb devstack@n-api.service[108894]: DEBUG nova.api.openstack.wsgi [None req-ed782bbd-2204-4df1-ac5b-7a30bb651dcd tempest-DeleteServersTestJSON-1530307473 tempest-DeleteServersTestJSON-1530307473-project] Calling method '>' {{(pid=108894) _process_stack /opt/stack/nova/nova/api/openstack/wsgi.py:513}}
Sep 02 06:11:15.910594 dv-cinder-805796-3-smb devstack@n-api.service[108894]: DEBUG nova.compute.api [None req-ed782bbd-2204-4df1-ac5b-7a30bb651dcd tempest-DeleteServersTestJSON-1530307473 tempest-DeleteServersTestJSON-1530307473-project] [instance: 8080cff3-c247-471b-8867-f201a246233f] Fetching instance by UUID {{(pid=108894) get /opt/stack/nova/nova/compute/api.py:2862}}
Sep 02 06:11:15.921331 dv-cinder-805796-3-smb devstack@n-api.service[108894]: DEBUG oslo_concurrency.lockutils [None req-ed782bbd-2204-4df1-ac5b-7a30bb651dcd tempest-DeleteServersTestJSON-1530307473 tempest-DeleteServersTestJSON-1530307473-project] Lock "8bd3776a-3936-4041-9688-40d08fc83f30" acquired by "nova.context.set_target_cell..get_or_set_cached_cell_and_set_connections" :: waited 0.000s {{(pid=108894) inner /usr/local/lib/python3.8/dist-packages/oslo_concurrency/lockutils.py:355}}
Sep 02 06:11:15.922639 dv-cinder-805796-3-smb devstack@n-api.service[108894]: DEBUG oslo_concurrency.lockutils [None req-ed782bbd-2204-4df1-ac5b-7a30bb651dcd tempest-DeleteServersTestJSON-1530307473 tempest-DeleteServersTestJSON-1530307473-project] Lock "8bd3776a-3936-4041-9688-40d08fc83f30" released by "nova.context.set_target_cell..get_or_set_cached_cell_and_set_connections" :: held 0.001s {{(pid=108894) inner /usr/local/lib/python3.8/dist-packages/oslo_concurrency/lockutils.py:367}}
Sep 02 06:11:15.923812 dv-cinder-805796-3-smb devstack@n-api.service[108894]: DEBUG oslo_concurrency.lockutils [None req-ed782bbd-2204-4df1-ac5b-7a30bb651dcd tempest-DeleteServersTestJSON-1530307473 tempest-DeleteServersTestJSON-1530307473-project] Lock "8bd3776a-3936-4041-9688-40d08fc83f30" acquired by "nova.context.set_target_cell..get_or_set_cached_cell_and_set_connections" :: waited 0.000s {{(pid=108894) inner /usr/local/lib/python3.8/dist-packages/oslo_concurrency/lockutils.py:355}}
Sep 02 06:11:15.924846 dv-cinder-805796-3-smb devstack@n-api.service[108894]: DEBUG oslo_concurrency.lockutils [None req-ed782bbd-2204-4df1-ac5b-7a30bb651dcd tempest-DeleteServersTestJSON-1530307473 tempest-DeleteServersTestJSON-1530307473-project] Lock "8bd3776a-3936-4041-9688-40d08fc83f30" released by "nova.context.set_target_cell..get_or_set_cached_cell_and_set_connections" :: held 0.001s {{(pid=108894) inner /usr/local/lib/python3.8/dist-packages/oslo_concurrency/lockutils.py:367}}
Sep 02 06:11:16.077023 dv-cinder-805796-3-smb devstack@n-api.service[108893]: DEBUG nova.api.openstack.wsgi [None req-c092682b-d801-4be1-a23f-d9597f3e1226 tempest-VolumesSnapshotsTestJSON-87437304 tempest-VolumesSnapshotsTestJSON-87437304-project] Calling method '.version_select at 0x7fbcca716160>' {{(pid=108893) _process_stack /opt/stack/nova/nova/api/openstack/wsgi.py:513}}
Sep 02 06:11:16.284676 dv-cinder-805796-3-smb devstack@n-api.service[108894]: DEBUG nova.policy [None req-ed782bbd-2204-4df1-ac5b-7a30bb651dcd tempest-DeleteServersTestJSON-1530307473 tempest-DeleteServersTestJSON-1530307473-project] Policy check for os_compute_api:os-extended-server-attributes failed with credentials {'is_admin': False, 'user_id': 'e4f43d629f7f4333a557e8ba735d9dcf', 'user_domain_id': 'default', 'system_scope': None, 'domain_id': None, 'project_id': '9de2c5f0e366405b94af6045d7d406d8', 'project_domain_id': 'default', 'roles': ['reader', 'member'], 'is_admin_project': True, 'service_user_id': None, 'service_user_domain_id': None, 'service_project_id': None, 'service_project_domain_id': None, 'service_roles': []} {{(pid=108894) authorize /opt/stack/nova/nova/policy.py:199}}
Sep 02 06:11:16.342039 dv-cinder-805796-3-smb devstack@n-api.service[108894]: INFO nova.api.openstack.requestlog [None req-ed782bbd-2204-4df1-ac5b-7a30bb651dcd tempest-DeleteServersTestJSON-1530307473 tempest-DeleteServersTestJSON-1530307473-project] 10.222.0.10 "GET /compute/v2.1/servers/8080cff3-c247-471b-8867-f201a246233f" status: 200 len: 1219 microversion: 2.1 time: 0.448439
Sep 02 06:11:16.345327 dv-cinder-805796-3-smb devstack@n-api.service[108894]: [pid: 108894|app: 0|req: 8/17] 10.222.0.10 () {58 vars in 1236 bytes} [Thu Sep 2 06:11:15 2021] GET /compute/v2.1/servers/8080cff3-c247-471b-8867-f201a246233f => generated 1219 bytes in 454 msecs (HTTP/1.1 200) 9 headers in 358 bytes (1 switches on core 0)
Sep 02 06:11:16.653358 dv-cinder-805796-3-smb devstack@n-api.service[108893]: INFO nova.api.openstack.wsgi [None req-c092682b-d801-4be1-a23f-d9597f3e1226 tempest-VolumesSnapshotsTestJSON-87437304 tempest-VolumesSnapshotsTestJSON-87437304-project] HTTP exception thrown: Snapshot cb956ee3-e6b7-4b57-87f4-eae8fcb2be13 could not be found.
Sep 02 06:11:16.653987 dv-cinder-805796-3-smb devstack@n-api.service[108893]: DEBUG nova.api.openstack.wsgi [None req-c092682b-d801-4be1-a23f-d9597f3e1226 tempest-VolumesSnapshotsTestJSON-87437304 tempest-VolumesSnapshotsTestJSON-87437304-project] Returning 404 to user: Snapshot cb956ee3-e6b7-4b57-87f4-eae8fcb2be13 could not be found. {{(pid=108893) __call__ /opt/stack/nova/nova/api/openstack/wsgi.py:936}}
Sep 02 06:11:16.654861 dv-cinder-805796-3-smb devstack@n-api.service[108893]: INFO nova.api.openstack.requestlog [None req-c092682b-d801-4be1-a23f-d9597f3e1226 tempest-VolumesSnapshotsTestJSON-87437304 tempest-VolumesSnapshotsTestJSON-87437304-project] 10.222.0.10 "GET /compute/v2.1/os-snapshots/cb956ee3-e6b7-4b57-87f4-eae8fcb2be13" status: 404 len: 111 microversion: 2.1 time: 0.582925
Sep 02 06:11:16.663857 dv-cinder-805796-3-smb devstack@n-api.service[108894]: DEBUG nova.api.openstack.wsgi [None req-b6c6f79a-1543-4dc6-a67f-168f9b64468d tempest-VolumesSnapshotsTestJSON-87437304 tempest-VolumesSnapshotsTestJSON-87437304-project] Calling method '.version_select at 0x7fbcc9534dc0>' {{(pid=108894) _process_stack /opt/stack/nova/nova/api/openstack/wsgi.py:513}}
Sep 02 06:11:16.665859 dv-cinder-805796-3-smb devstack@n-api.service[108893]: [pid: 108893|app: 0|req: 10/18] 10.222.0.10 () {58 vars in 1251 bytes} [Thu Sep 2 06:11:16 2021] GET /compute/v2.1/os-snapshots/cb956ee3-e6b7-4b57-87f4-eae8fcb2be13 => generated 111 bytes in 594 msecs (HTTP/1.1 404) 9 headers in 379 bytes (1 switches on core 0)
Sep 02 06:11:17.060053 dv-cinder-805796-3-smb devstack@n-api.service[108894]: INFO nova.api.openstack.requestlog [None req-b6c6f79a-1543-4dc6-a67f-168f9b64468d tempest-VolumesSnapshotsTestJSON-87437304 tempest-VolumesSnapshotsTestJSON-87437304-project] 10.222.0.10 "DELETE /compute/v2.1/os-volumes/12142ea8-b4df-437f-babd-a585df282fdc" status: 202 len: 0 microversion: 2.1 time: 0.399947
Sep 02 06:11:17.069795 dv-cinder-805796-3-smb devstack@n-api.service[108893]: DEBUG nova.api.openstack.wsgi [None req-318daa04-c5b6-4409-b4c9-89bbeebc82fc tempest-VolumesSnapshotsTestJSON-87437304 tempest-VolumesSnapshotsTestJSON-87437304-project] Calling method '.version_select at 0x7fbccb0dce50>' {{(pid=108893) _process_stack /opt/stack/nova/nova/api/openstack/wsgi.py:513}}
Sep 02 06:11:17.071441 dv-cinder-805796-3-smb devstack@n-api.service[108894]: [pid: 108894|app: 0|req: 9/19] 10.222.0.10 () {58 vars in 1248 bytes} [Thu Sep 2 06:11:16 2021] DELETE /compute/v2.1/os-volumes/12142ea8-b4df-437f-babd-a585df282fdc => generated 0 bytes in 404 msecs (HTTP/1.1 202) 9 headers in 361 bytes (1 switches on core 0)
Sep 02 06:11:17.134354 dv-cinder-805796-3-smb devstack@n-api.service[108893]: INFO nova.api.openstack.requestlog [None req-318daa04-c5b6-4409-b4c9-89bbeebc82fc tempest-VolumesSnapshotsTestJSON-87437304 tempest-VolumesSnapshotsTestJSON-87437304-project] 10.222.0.10 "GET /compute/v2.1/os-volumes/12142ea8-b4df-437f-babd-a585df282fdc" status: 200 len: 342 microversion: 2.1 time: 0.068120
Sep 02 06:11:17.138705 dv-cinder-805796-3-smb devstack@n-api.service[108893]: [pid: 108893|app: 0|req: 11/20] 10.222.0.10 () {58 vars in 1245 bytes} [Thu Sep 2 06:11:17 2021] GET /compute/v2.1/os-volumes/12142ea8-b4df-437f-babd-a585df282fdc => generated 342 bytes in 74 msecs (HTTP/1.1 200) 9 headers in 357 bytes (1 switches on core 0)
Sep 02 06:11:17.364191 dv-cinder-805796-3-smb devstack@n-api.service[108894]: DEBUG nova.api.openstack.wsgi [None req-a50fdfb8-3077-4aff-ba85-c7e276f4bc42 tempest-DeleteServersTestJSON-1530307473 tempest-DeleteServersTestJSON-1530307473-project] Calling method '>' {{(pid=108894) _process_stack /opt/stack/nova/nova/api/openstack/wsgi.py:513}}
Sep 02 06:11:17.364841 dv-cinder-805796-3-smb devstack@n-api.service[108894]: DEBUG nova.compute.api [None req-a50fdfb8-3077-4aff-ba85-c7e276f4bc42 tempest-DeleteServersTestJSON-1530307473 tempest-DeleteServersTestJSON-1530307473-project] [instance: 8080cff3-c247-471b-8867-f201a246233f] Fetching instance by UUID {{(pid=108894) get /opt/stack/nova/nova/compute/api.py:2862}}
Sep 02 06:11:17.377640 dv-cinder-805796-3-smb devstack@n-api.service[108894]: DEBUG oslo_concurrency.lockutils [None req-a50fdfb8-3077-4aff-ba85-c7e276f4bc42 tempest-DeleteServersTestJSON-1530307473 tempest-DeleteServersTestJSON-1530307473-project] Lock "8bd3776a-3936-4041-9688-40d08fc83f30" acquired by "nova.context.set_target_cell..get_or_set_cached_cell_and_set_connections" :: waited 0.000s {{(pid=108894) inner /usr/local/lib/python3.8/dist-packages/oslo_concurrency/lockutils.py:355}}
Sep 02 06:11:17.378311 dv-cinder-805796-3-smb devstack@n-api.service[108894]: DEBUG oslo_concurrency.lockutils [None req-a50fdfb8-3077-4aff-ba85-c7e276f4bc42 tempest-DeleteServersTestJSON-1530307473 tempest-DeleteServersTestJSON-1530307473-project] Lock "8bd3776a-3936-4041-9688-40d08fc83f30" released by "nova.context.set_target_cell..get_or_set_cached_cell_and_set_connections" :: held 0.001s {{(pid=108894) inner /usr/local/lib/python3.8/dist-packages/oslo_concurrency/lockutils.py:367}}
Sep 02 06:11:17.379517 dv-cinder-805796-3-smb devstack@n-api.service[108894]: DEBUG oslo_concurrency.lockutils [None req-a50fdfb8-3077-4aff-ba85-c7e276f4bc42 tempest-DeleteServersTestJSON-1530307473 tempest-DeleteServersTestJSON-1530307473-project] Lock "8bd3776a-3936-4041-9688-40d08fc83f30" acquired by "nova.context.set_target_cell..get_or_set_cached_cell_and_set_connections" :: waited 0.000s {{(pid=108894) inner /usr/local/lib/python3.8/dist-packages/oslo_concurrency/lockutils.py:355}}
Sep 02 06:11:17.385772 dv-cinder-805796-3-smb devstack@n-api.service[108894]: DEBUG oslo_concurrency.lockutils [None req-a50fdfb8-3077-4aff-ba85-c7e276f4bc42 tempest-DeleteServersTestJSON-1530307473 tempest-DeleteServersTestJSON-1530307473-project] Lock "8bd3776a-3936-4041-9688-40d08fc83f30" released by "nova.context.set_target_cell..get_or_set_cached_cell_and_set_connections" :: held 0.001s {{(pid=108894) inner /usr/local/lib/python3.8/dist-packages/oslo_concurrency/lockutils.py:367}}
Sep 02 06:11:17.502737 dv-cinder-805796-3-smb devstack@n-api.service[108894]: DEBUG nova.policy [None req-a50fdfb8-3077-4aff-ba85-c7e276f4bc42 tempest-DeleteServersTestJSON-1530307473 tempest-DeleteServersTestJSON-1530307473-project] Policy check for os_compute_api:os-extended-server-attributes failed with credentials {'is_admin': False, 'user_id': 'e4f43d629f7f4333a557e8ba735d9dcf', 'user_domain_id': 'default', 'system_scope': None, 'domain_id': None, 'project_id': '9de2c5f0e366405b94af6045d7d406d8', 'project_domain_id': 'default', 'roles': ['reader', 'member'], 'is_admin_project': True, 'service_user_id': None, 'service_user_domain_id': None, 'service_project_id': None, 'service_project_domain_id': None, 'service_roles': []} {{(pid=108894) authorize /opt/stack/nova/nova/policy.py:199}}
Sep 02 06:11:17.516237 dv-cinder-805796-3-smb devstack@n-api.service[108894]: INFO nova.api.openstack.requestlog [None req-a50fdfb8-3077-4aff-ba85-c7e276f4bc42 tempest-DeleteServersTestJSON-1530307473 tempest-DeleteServersTestJSON-1530307473-project] 10.222.0.10 "GET /compute/v2.1/servers/8080cff3-c247-471b-8867-f201a246233f" status: 200 len: 1275 microversion: 2.1 time: 0.159170
Sep 02 06:11:17.517487 dv-cinder-805796-3-smb devstack@n-api.service[108894]: [pid: 108894|app: 0|req: 10/21] 10.222.0.10 () {58 vars in 1236 bytes} [Thu Sep 2 06:11:17 2021] GET /compute/v2.1/servers/8080cff3-c247-471b-8867-f201a246233f => generated 1275 bytes in 162 msecs (HTTP/1.1 200) 9 headers in 358 bytes (1 switches on core 0)
Sep 02 06:11:17.936545 dv-cinder-805796-3-smb devstack@n-api.service[108893]: DEBUG nova.api.openstack.wsgi [None req-9666a377-bb94-40aa-ae11-dcb79ce7d3aa tempest-ServerRescueNegativeTestJSON-1505427106 tempest-ServerRescueNegativeTestJSON-1505427106-project] Action: 'create', calling method: >, body: {"server": {"name": "tempest-ServerRescueNegativeTestJSON-server-1941709416", "imageRef": "bf76e76b-b16b-4821-ad67-51ccd9ad0edf", "flavorRef": "452", "adminPass": "***", "networks": [{"uuid": "1a7d4667-013f-455b-8cd6-661900f572ae"}]}} {{(pid=108893) _process_stack /opt/stack/nova/nova/api/openstack/wsgi.py:511}}
Sep 02 06:11:18.145994 dv-cinder-805796-3-smb devstack@n-api.service[108894]: DEBUG nova.api.openstack.wsgi [None req-11246ac7-ffd1-4c3b-8ff5-e52deb702fa0 tempest-VolumesSnapshotsTestJSON-87437304 tempest-VolumesSnapshotsTestJSON-87437304-project] Calling method '.version_select at 0x7fbcc94f04c0>' {{(pid=108894) _process_stack /opt/stack/nova/nova/api/openstack/wsgi.py:513}}
Sep 02 06:11:18.182197 dv-cinder-805796-3-smb devstack@n-api.service[108893]: DEBUG nova.network.neutron [None req-9666a377-bb94-40aa-ae11-dcb79ce7d3aa tempest-ServerRescueNegativeTestJSON-1505427106 tempest-ServerRescueNegativeTestJSON-1505427106-project] validate_networks() for [('1a7d4667-013f-455b-8cd6-661900f572ae', None, None, None, None, None)] {{(pid=108893) validate_networks /opt/stack/nova/nova/network/neutron.py:2463}}
Sep 02 06:11:18.294916 dv-cinder-805796-3-smb devstack@n-api.service[108894]: INFO nova.api.openstack.wsgi [None req-11246ac7-ffd1-4c3b-8ff5-e52deb702fa0 tempest-VolumesSnapshotsTestJSON-87437304 tempest-VolumesSnapshotsTestJSON-87437304-project] HTTP exception thrown: Volume 12142ea8-b4df-437f-babd-a585df282fdc could not be found.
Sep 02 06:11:18.295799 dv-cinder-805796-3-smb devstack@n-api.service[108894]: DEBUG nova.api.openstack.wsgi [None req-11246ac7-ffd1-4c3b-8ff5-e52deb702fa0 tempest-VolumesSnapshotsTestJSON-87437304 tempest-VolumesSnapshotsTestJSON-87437304-project] Returning 404 to user: Volume 12142ea8-b4df-437f-babd-a585df282fdc could not be found. {{(pid=108894) __call__ /opt/stack/nova/nova/api/openstack/wsgi.py:936}}
Sep 02 06:11:18.296844 dv-cinder-805796-3-smb devstack@n-api.service[108894]: INFO nova.api.openstack.requestlog [None req-11246ac7-ffd1-4c3b-8ff5-e52deb702fa0 tempest-VolumesSnapshotsTestJSON-87437304 tempest-VolumesSnapshotsTestJSON-87437304-project] 10.222.0.10 "GET /compute/v2.1/os-volumes/12142ea8-b4df-437f-babd-a585df282fdc" status: 404 len: 109 microversion: 2.1 time: 0.154616
Sep 02 06:11:18.307761 dv-cinder-805796-3-smb devstack@n-api.service[108894]: [pid: 108894|app: 0|req: 11/22] 10.222.0.10 () {58 vars in 1245 bytes} [Thu Sep 2 06:11:18 2021] GET /compute/v2.1/os-volumes/12142ea8-b4df-437f-babd-a585df282fdc => generated 109 bytes in 166 msecs (HTTP/1.1 404) 9 headers in 379 bytes (1 switches on core 0)
Sep 02 06:11:18.323326 dv-cinder-805796-3-smb devstack@n-api.service[108894]: DEBUG nova.api.openstack.wsgi [None req-413e4010-e7f5-4cbc-89b8-20db009f3b1b tempest-VolumesSnapshotsTestJSON-87437304 tempest-VolumesSnapshotsTestJSON-87437304-project] Calling method '.version_select at 0x7fbcc95c1d30>' {{(pid=108894) _process_stack /opt/stack/nova/nova/api/openstack/wsgi.py:513}}
Sep 02 06:11:18.659591 dv-cinder-805796-3-smb devstack@n-api.service[108894]: INFO nova.api.openstack.wsgi [None req-413e4010-e7f5-4cbc-89b8-20db009f3b1b tempest-VolumesSnapshotsTestJSON-87437304 tempest-VolumesSnapshotsTestJSON-87437304-project] HTTP exception thrown: Volume 12142ea8-b4df-437f-babd-a585df282fdc could not be found.
Sep 02 06:11:18.660201 dv-cinder-805796-3-smb devstack@n-api.service[108894]: DEBUG nova.api.openstack.wsgi [None req-413e4010-e7f5-4cbc-89b8-20db009f3b1b tempest-VolumesSnapshotsTestJSON-87437304 tempest-VolumesSnapshotsTestJSON-87437304-project] Returning 404 to user: Volume 12142ea8-b4df-437f-babd-a585df282fdc could not be found. {{(pid=108894) __call__ /opt/stack/nova/nova/api/openstack/wsgi.py:936}}
Sep 02 06:11:18.662056 dv-cinder-805796-3-smb devstack@n-api.service[108894]: INFO nova.api.openstack.requestlog [None req-413e4010-e7f5-4cbc-89b8-20db009f3b1b tempest-VolumesSnapshotsTestJSON-87437304 tempest-VolumesSnapshotsTestJSON-87437304-project] 10.222.0.10 "DELETE /compute/v2.1/os-volumes/12142ea8-b4df-437f-babd-a585df282fdc" status: 404 len: 109 microversion: 2.1 time: 0.353545
Sep 02 06:11:18.665937 dv-cinder-805796-3-smb devstack@n-api.service[108894]: [pid: 108894|app: 0|req: 12/23] 10.222.0.10 () {58 vars in 1248 bytes} [Thu Sep 2 06:11:18 2021] DELETE /compute/v2.1/os-volumes/12142ea8-b4df-437f-babd-a585df282fdc => generated 109 bytes in 358 msecs (HTTP/1.1 404) 9 headers in 379 bytes (1 switches on core 0)
Sep 02 06:11:18.670803 dv-cinder-805796-3-smb devstack@n-api.service[108894]: DEBUG nova.api.openstack.wsgi [None req-6084b32f-d87b-42b0-b7f4-3f91bd57a7bf tempest-DeleteServersTestJSON-1530307473 tempest-DeleteServersTestJSON-1530307473-project] Calling method '>' {{(pid=108894) _process_stack /opt/stack/nova/nova/api/openstack/wsgi.py:513}}
Sep 02 06:11:18.678236 dv-cinder-805796-3-smb devstack@n-api.service[108894]: DEBUG nova.compute.api [None req-6084b32f-d87b-42b0-b7f4-3f91bd57a7bf tempest-DeleteServersTestJSON-1530307473 tempest-DeleteServersTestJSON-1530307473-project] [instance: 8080cff3-c247-471b-8867-f201a246233f] Fetching instance by UUID {{(pid=108894) get /opt/stack/nova/nova/compute/api.py:2862}}
Sep 02 06:11:18.702435 dv-cinder-805796-3-smb devstack@n-api.service[108894]: DEBUG oslo_concurrency.lockutils [None req-6084b32f-d87b-42b0-b7f4-3f91bd57a7bf tempest-DeleteServersTestJSON-1530307473 tempest-DeleteServersTestJSON-1530307473-project] Lock "8bd3776a-3936-4041-9688-40d08fc83f30" acquired by "nova.context.set_target_cell..get_or_set_cached_cell_and_set_connections" :: waited 0.000s {{(pid=108894) inner /usr/local/lib/python3.8/dist-packages/oslo_concurrency/lockutils.py:355}}
Sep 02 06:11:18.705043 dv-cinder-805796-3-smb devstack@n-api.service[108894]: DEBUG oslo_concurrency.lockutils [None req-6084b32f-d87b-42b0-b7f4-3f91bd57a7bf tempest-DeleteServersTestJSON-1530307473 tempest-DeleteServersTestJSON-1530307473-project] Lock "8bd3776a-3936-4041-9688-40d08fc83f30" released by "nova.context.set_target_cell..get_or_set_cached_cell_and_set_connections" :: held 0.002s {{(pid=108894) inner /usr/local/lib/python3.8/dist-packages/oslo_concurrency/lockutils.py:367}}
Sep 02 06:11:18.722205 dv-cinder-805796-3-smb devstack@n-api.service[108894]: DEBUG oslo_concurrency.lockutils [None req-6084b32f-d87b-42b0-b7f4-3f91bd57a7bf tempest-DeleteServersTestJSON-1530307473 tempest-DeleteServersTestJSON-1530307473-project] Lock "8bd3776a-3936-4041-9688-40d08fc83f30" acquired by "nova.context.set_target_cell..get_or_set_cached_cell_and_set_connections" :: waited 0.001s {{(pid=108894) inner /usr/local/lib/python3.8/dist-packages/oslo_concurrency/lockutils.py:355}}
Sep 02 06:11:18.724169 dv-cinder-805796-3-smb devstack@n-api.service[108894]: DEBUG oslo_concurrency.lockutils [None req-6084b32f-d87b-42b0-b7f4-3f91bd57a7bf tempest-DeleteServersTestJSON-1530307473 tempest-DeleteServersTestJSON-1530307473-project] Lock "8bd3776a-3936-4041-9688-40d08fc83f30" released by "nova.context.set_target_cell..get_or_set_cached_cell_and_set_connections" :: held 0.002s {{(pid=108894) inner /usr/local/lib/python3.8/dist-packages/oslo_concurrency/lockutils.py:367}}
Sep 02 06:11:18.905911 dv-cinder-805796-3-smb devstack@n-api.service[108894]: DEBUG nova.policy [None req-6084b32f-d87b-42b0-b7f4-3f91bd57a7bf tempest-DeleteServersTestJSON-1530307473 tempest-DeleteServersTestJSON-1530307473-project] Policy check for os_compute_api:os-extended-server-attributes failed with credentials {'is_admin': False, 'user_id': 'e4f43d629f7f4333a557e8ba735d9dcf', 'user_domain_id': 'default', 'system_scope': None, 'domain_id': None, 'project_id': '9de2c5f0e366405b94af6045d7d406d8', 'project_domain_id': 'default', 'roles': ['reader', 'member'], 'is_admin_project': True, 'service_user_id': None, 'service_user_domain_id': None, 'service_project_id': None, 'service_project_domain_id': None, 'service_roles': []} {{(pid=108894) authorize /opt/stack/nova/nova/policy.py:199}}
Sep 02 06:11:18.915306 dv-cinder-805796-3-smb devstack@n-api.service[108894]: INFO nova.api.openstack.requestlog [None req-6084b32f-d87b-42b0-b7f4-3f91bd57a7bf tempest-DeleteServersTestJSON-1530307473 tempest-DeleteServersTestJSON-1530307473-project] 10.222.0.10 "GET /compute/v2.1/servers/8080cff3-c247-471b-8867-f201a246233f" status: 200 len: 1273 microversion: 2.1 time: 0.248239
Sep 02 06:11:18.919038 dv-cinder-805796-3-smb devstack@n-api.service[108894]: [pid: 108894|app: 0|req: 13/24] 10.222.0.10 () {58 vars in 1236 bytes} [Thu Sep 2 06:11:18 2021] GET /compute/v2.1/servers/8080cff3-c247-471b-8867-f201a246233f => generated 1273 bytes in 253 msecs (HTTP/1.1 200) 9 headers in 358 bytes (1 switches on core 0)
Sep 02 06:11:18.933158 dv-cinder-805796-3-smb devstack@n-api.service[108894]: DEBUG nova.api.openstack.wsgi [None req-12f86ca2-a875-4928-b74c-fa0f089a3985 tempest-VolumesSnapshotsTestJSON-87437304 tempest-VolumesSnapshotsTestJSON-87437304-project] Calling method '.version_select at 0x7fbcc95348b0>' {{(pid=108894) _process_stack /opt/stack/nova/nova/api/openstack/wsgi.py:513}}
Sep 02 06:11:19.333078 dv-cinder-805796-3-smb devstack@n-api.service[108894]: INFO nova.api.openstack.wsgi [None req-12f86ca2-a875-4928-b74c-fa0f089a3985 tempest-VolumesSnapshotsTestJSON-87437304 tempest-VolumesSnapshotsTestJSON-87437304-project] HTTP exception thrown: Volume 12142ea8-b4df-437f-babd-a585df282fdc could not be found.
Sep 02 06:11:19.333721 dv-cinder-805796-3-smb devstack@n-api.service[108894]: DEBUG nova.api.openstack.wsgi [None req-12f86ca2-a875-4928-b74c-fa0f089a3985 tempest-VolumesSnapshotsTestJSON-87437304 tempest-VolumesSnapshotsTestJSON-87437304-project] Returning 404 to user: Volume 12142ea8-b4df-437f-babd-a585df282fdc could not be found. {{(pid=108894) __call__ /opt/stack/nova/nova/api/openstack/wsgi.py:936}}
Sep 02 06:11:19.334792 dv-cinder-805796-3-smb devstack@n-api.service[108894]: INFO nova.api.openstack.requestlog [None req-12f86ca2-a875-4928-b74c-fa0f089a3985 tempest-VolumesSnapshotsTestJSON-87437304 tempest-VolumesSnapshotsTestJSON-87437304-project] 10.222.0.10 "GET /compute/v2.1/os-volumes/12142ea8-b4df-437f-babd-a585df282fdc" status: 404 len: 109 microversion: 2.1 time: 0.414579
Sep 02 06:11:19.335440 dv-cinder-805796-3-smb devstack@n-api.service[108894]: [pid: 108894|app: 0|req: 14/25] 10.222.0.10 () {58 vars in 1245 bytes} [Thu Sep 2 06:11:18 2021] GET /compute/v2.1/os-volumes/12142ea8-b4df-437f-babd-a585df282fdc => generated 109 bytes in 416 msecs (HTTP/1.1 404) 9 headers in 379 bytes (1 switches on core 0)
Sep 02 06:11:20.235778 dv-cinder-805796-3-smb devstack@n-api.service[108894]: DEBUG nova.api.openstack.wsgi [None req-f032d4f3-a37e-4962-8d72-6b92adaf1870 tempest-AttachVolumeTestJSON-429942148 tempest-AttachVolumeTestJSON-429942148-project] Action: 'create', calling method: .version_select at 0x7fbcc950aca0>, body: {"keypair": {"name": "tempest-keypair-2090194636"}} {{(pid=108894) _process_stack /opt/stack/nova/nova/api/openstack/wsgi.py:511}}
Sep 02 06:11:20.369893 dv-cinder-805796-3-smb devstack@n-api.service[108894]: DEBUG nova.quota [None req-f032d4f3-a37e-4962-8d72-6b92adaf1870 tempest-AttachVolumeTestJSON-429942148 tempest-AttachVolumeTestJSON-429942148-project] Getting quotas for project d866896aeca44f89baaf0e7e492ca396. Resources: {'key_pairs'} {{(pid=108894) _get_quotas /opt/stack/nova/nova/quota.py:387}}
Sep 02 06:11:20.396337 dv-cinder-805796-3-smb devstack@n-api.service[108894]: DEBUG nova.quota [None req-f032d4f3-a37e-4962-8d72-6b92adaf1870 tempest-AttachVolumeTestJSON-429942148 tempest-AttachVolumeTestJSON-429942148-project] Getting quotas for user ceae3f94540947c0a5f53ad9839c246e and project d866896aeca44f89baaf0e7e492ca396. Resources: {'key_pairs'} {{(pid=108894) _get_quotas /opt/stack/nova/nova/quota.py:377}}
Sep 02 06:11:20.456988 dv-cinder-805796-3-smb devstack@n-api.service[108893]: DEBUG nova.virt.hardware [None req-9666a377-bb94-40aa-ae11-dcb79ce7d3aa tempest-ServerRescueNegativeTestJSON-1505427106 tempest-ServerRescueNegativeTestJSON-1505427106-project] Flavor limits 0:0:0 {{(pid=108893) get_cpu_topology_constraints /opt/stack/nova/nova/virt/hardware.py:343}}
Sep 02 06:11:20.459948 dv-cinder-805796-3-smb devstack@n-api.service[108893]: DEBUG nova.virt.hardware [None req-9666a377-bb94-40aa-ae11-dcb79ce7d3aa tempest-ServerRescueNegativeTestJSON-1505427106 tempest-ServerRescueNegativeTestJSON-1505427106-project] Image limits 0:0:0 {{(pid=108893) get_cpu_topology_constraints /opt/stack/nova/nova/virt/hardware.py:347}}
Sep 02 06:11:20.460671 dv-cinder-805796-3-smb devstack@n-api.service[108893]: DEBUG nova.virt.hardware [None req-9666a377-bb94-40aa-ae11-dcb79ce7d3aa tempest-ServerRescueNegativeTestJSON-1505427106 tempest-ServerRescueNegativeTestJSON-1505427106-project] Flavor pref 0:0:0 {{(pid=108893) get_cpu_topology_constraints /opt/stack/nova/nova/virt/hardware.py:383}}
Sep 02 06:11:20.461301 dv-cinder-805796-3-smb devstack@n-api.service[108893]: DEBUG nova.virt.hardware [None req-9666a377-bb94-40aa-ae11-dcb79ce7d3aa tempest-ServerRescueNegativeTestJSON-1505427106 tempest-ServerRescueNegativeTestJSON-1505427106-project] Image pref 0:0:0 {{(pid=108893) get_cpu_topology_constraints /opt/stack/nova/nova/virt/hardware.py:387}}
Sep 02 06:11:20.462911 dv-cinder-805796-3-smb devstack@n-api.service[108893]: DEBUG nova.virt.hardware [None req-9666a377-bb94-40aa-ae11-dcb79ce7d3aa tempest-ServerRescueNegativeTestJSON-1505427106 tempest-ServerRescueNegativeTestJSON-1505427106-project] Chose sockets=0, cores=0, threads=0; limits were sockets=65536, cores=65536, threads=65536 {{(pid=108893) get_cpu_topology_constraints /opt/stack/nova/nova/virt/hardware.py:425}}
Sep 02 06:11:20.490353 dv-cinder-805796-3-smb devstack@n-api.service[108893]: DEBUG oslo_concurrency.lockutils [None req-9666a377-bb94-40aa-ae11-dcb79ce7d3aa tempest-ServerRescueNegativeTestJSON-1505427106 tempest-ServerRescueNegativeTestJSON-1505427106-project] Lock "00000000-0000-0000-0000-000000000000" acquired by "nova.context.set_target_cell..get_or_set_cached_cell_and_set_connections" :: waited 0.000s {{(pid=108893) inner /usr/local/lib/python3.8/dist-packages/oslo_concurrency/lockutils.py:355}}
Sep 02 06:11:20.491396 dv-cinder-805796-3-smb devstack@n-api.service[108893]: DEBUG oslo_concurrency.lockutils [None req-9666a377-bb94-40aa-ae11-dcb79ce7d3aa tempest-ServerRescueNegativeTestJSON-1505427106 tempest-ServerRescueNegativeTestJSON-1505427106-project] Lock "00000000-0000-0000-0000-000000000000" released by "nova.context.set_target_cell..get_or_set_cached_cell_and_set_connections" :: held 0.004s {{(pid=108893) inner /usr/local/lib/python3.8/dist-packages/oslo_concurrency/lockutils.py:367}}
Sep 02 06:11:20.493848 dv-cinder-805796-3-smb devstack@n-api.service[108893]: DEBUG oslo_concurrency.lockutils [None req-9666a377-bb94-40aa-ae11-dcb79ce7d3aa tempest-ServerRescueNegativeTestJSON-1505427106 tempest-ServerRescueNegativeTestJSON-1505427106-project] Lock "8bd3776a-3936-4041-9688-40d08fc83f30" acquired by "nova.context.set_target_cell..get_or_set_cached_cell_and_set_connections" :: waited 0.000s {{(pid=108893) inner /usr/local/lib/python3.8/dist-packages/oslo_concurrency/lockutils.py:355}}
Sep 02 06:11:20.494637 dv-cinder-805796-3-smb devstack@n-api.service[108893]: DEBUG oslo_concurrency.lockutils [None req-9666a377-bb94-40aa-ae11-dcb79ce7d3aa tempest-ServerRescueNegativeTestJSON-1505427106 tempest-ServerRescueNegativeTestJSON-1505427106-project] Lock "8bd3776a-3936-4041-9688-40d08fc83f30" released by "nova.context.set_target_cell..get_or_set_cached_cell_and_set_connections" :: held 0.002s {{(pid=108893) inner /usr/local/lib/python3.8/dist-packages/oslo_concurrency/lockutils.py:367}}
Sep 02 06:11:20.541613 dv-cinder-805796-3-smb devstack@n-api.service[108893]: DEBUG nova.quota [None req-9666a377-bb94-40aa-ae11-dcb79ce7d3aa tempest-ServerRescueNegativeTestJSON-1505427106 tempest-ServerRescueNegativeTestJSON-1505427106-project] Getting quotas for project 66d79d4e286c4e709210afbf2131260e. Resources: {'instances', 'cores', 'ram'} {{(pid=108893) _get_quotas /opt/stack/nova/nova/quota.py:387}}
Sep 02 06:11:20.553381 dv-cinder-805796-3-smb devstack@n-api.service[108893]: DEBUG nova.quota [None req-9666a377-bb94-40aa-ae11-dcb79ce7d3aa tempest-ServerRescueNegativeTestJSON-1505427106 tempest-ServerRescueNegativeTestJSON-1505427106-project] Getting quotas for user 1d9591fc404a45b489d74a52853bbd5b and project 66d79d4e286c4e709210afbf2131260e. Resources: {'instances', 'cores', 'ram'} {{(pid=108893) _get_quotas /opt/stack/nova/nova/quota.py:377}}
Sep 02 06:11:20.569051 dv-cinder-805796-3-smb devstack@n-api.service[108893]: DEBUG nova.compute.api [None req-9666a377-bb94-40aa-ae11-dcb79ce7d3aa tempest-ServerRescueNegativeTestJSON-1505427106 tempest-ServerRescueNegativeTestJSON-1505427106-project] Going to run 1 instances... {{(pid=108893) _provision_instances /opt/stack/nova/nova/compute/api.py:1349}}
Sep 02 06:11:20.573007 dv-cinder-805796-3-smb devstack@n-api.service[108893]: DEBUG nova.compute.api [None req-9666a377-bb94-40aa-ae11-dcb79ce7d3aa tempest-ServerRescueNegativeTestJSON-1505427106 tempest-ServerRescueNegativeTestJSON-1505427106-project] [instance: 490a1778-cbac-4c24-b9b5-305aa6c9a539] block_device_mapping [BlockDeviceMapping(attachment_id=,boot_index=0,connection_info=None,created_at=,delete_on_termination=True,deleted=,deleted_at=,destination_type='local',device_name=None,device_type='disk',disk_bus=None,guest_format=None,id=,image_id='bf76e76b-b16b-4821-ad67-51ccd9ad0edf',instance=,instance_uuid=,no_device=False,snapshot_id=None,source_type='image',tag=None,updated_at=,uuid=,volume_id=None,volume_size=None,volume_type=None)] {{(pid=108893) _bdm_validate_set_size_and_instance /opt/stack/nova/nova/compute/api.py:1756}}
Sep 02 06:11:20.975850 dv-cinder-805796-3-smb devstack@n-api.service[108894]: DEBUG nova.quota [None req-f032d4f3-a37e-4962-8d72-6b92adaf1870 tempest-AttachVolumeTestJSON-429942148 tempest-AttachVolumeTestJSON-429942148-project] Getting quotas for project d866896aeca44f89baaf0e7e492ca396. Resources: {'key_pairs'} {{(pid=108894) _get_quotas /opt/stack/nova/nova/quota.py:387}}
Sep 02 06:11:20.975850 dv-cinder-805796-3-smb devstack@n-api.service[108894]: DEBUG nova.quota [None req-f032d4f3-a37e-4962-8d72-6b92adaf1870 tempest-AttachVolumeTestJSON-429942148 tempest-AttachVolumeTestJSON-429942148-project] Getting quotas for user ceae3f94540947c0a5f53ad9839c246e and project d866896aeca44f89baaf0e7e492ca396. Resources: {'key_pairs'} {{(pid=108894) _get_quotas /opt/stack/nova/nova/quota.py:377}}
Sep 02 06:11:20.975850 dv-cinder-805796-3-smb devstack@n-api.service[108894]: INFO nova.api.openstack.requestlog [None req-f032d4f3-a37e-4962-8d72-6b92adaf1870 tempest-AttachVolumeTestJSON-429942148 tempest-AttachVolumeTestJSON-429942148-project] 10.222.0.10 "POST /compute/v2.1/os-keypairs" status: 200 len: 2305 microversion: 2.1 time: 1.582922
Sep 02 06:11:20.978891 dv-cinder-805796-3-smb devstack@n-api.service[108893]: INFO nova.api.openstack.requestlog [None req-9666a377-bb94-40aa-ae11-dcb79ce7d3aa tempest-ServerRescueNegativeTestJSON-1505427106 tempest-ServerRescueNegativeTestJSON-1505427106-project] 10.222.0.10 "POST /compute/v2.1/servers" status: 202 len: 383 microversion: 2.1 time: 3.330710
Sep 02 06:11:20.979684 dv-cinder-805796-3-smb devstack@n-api.service[108894]: [pid: 108894|app: 0|req: 15/26] 10.222.0.10 () {60 vars in 1158 bytes} [Thu Sep 2 06:11:19 2021] POST /compute/v2.1/os-keypairs => generated 2305 bytes in 1587 msecs (HTTP/1.1 200) 9 headers in 358 bytes (2 switches on core 0)
Sep 02 06:11:20.980418 dv-cinder-805796-3-smb devstack@n-api.service[108893]: [pid: 108893|app: 0|req: 12/27] 10.222.0.10 () {60 vars in 1147 bytes} [Thu Sep 2 06:11:17 2021] POST /compute/v2.1/servers => generated 383 bytes in 3334 msecs (HTTP/1.1 202) 10 headers in 451 bytes (1 switches on core 0)
Sep 02 06:11:20.980558 dv-cinder-805796-3-smb devstack@n-api.service[108894]: DEBUG nova.api.openstack.wsgi [None req-c716a0dd-d8e4-4469-972d-d8677de64bec tempest-DeleteServersTestJSON-1530307473 tempest-DeleteServersTestJSON-1530307473-project] Calling method '>' {{(pid=108894) _process_stack /opt/stack/nova/nova/api/openstack/wsgi.py:513}}
Sep 02 06:11:20.980558 dv-cinder-805796-3-smb devstack@n-api.service[108894]: DEBUG nova.compute.api [None req-c716a0dd-d8e4-4469-972d-d8677de64bec tempest-DeleteServersTestJSON-1530307473 tempest-DeleteServersTestJSON-1530307473-project] [instance: 8080cff3-c247-471b-8867-f201a246233f] Fetching instance by UUID {{(pid=108894) get /opt/stack/nova/nova/compute/api.py:2862}}
Sep 02 06:11:20.980558 dv-cinder-805796-3-smb devstack@n-api.service[108894]: DEBUG oslo_concurrency.lockutils [None req-c716a0dd-d8e4-4469-972d-d8677de64bec tempest-DeleteServersTestJSON-1530307473 tempest-DeleteServersTestJSON-1530307473-project] Lock "8bd3776a-3936-4041-9688-40d08fc83f30" acquired by "nova.context.set_target_cell..get_or_set_cached_cell_and_set_connections" :: waited 0.000s {{(pid=108894) inner /usr/local/lib/python3.8/dist-packages/oslo_concurrency/lockutils.py:355}}
Sep 02 06:11:20.980558 dv-cinder-805796-3-smb devstack@n-api.service[108894]: DEBUG oslo_concurrency.lockutils [None req-c716a0dd-d8e4-4469-972d-d8677de64bec tempest-DeleteServersTestJSON-1530307473 tempest-DeleteServersTestJSON-1530307473-project] Lock "8bd3776a-3936-4041-9688-40d08fc83f30" released by "nova.context.set_target_cell..get_or_set_cached_cell_and_set_connections" :: held 0.001s {{(pid=108894) inner /usr/local/lib/python3.8/dist-packages/oslo_concurrency/lockutils.py:367}}
Sep 02 06:11:20.980943 dv-cinder-805796-3-smb devstack@n-api.service[108894]: DEBUG oslo_concurrency.lockutils [None req-c716a0dd-d8e4-4469-972d-d8677de64bec tempest-DeleteServersTestJSON-1530307473 tempest-DeleteServersTestJSON-1530307473-project] Lock "8bd3776a-3936-4041-9688-40d08fc83f30" acquired by "nova.context.set_target_cell..get_or_set_cached_cell_and_set_connections" :: waited 0.000s {{(pid=108894) inner /usr/local/lib/python3.8/dist-packages/oslo_concurrency/lockutils.py:355}}
Sep 02 06:11:20.980943 dv-cinder-805796-3-smb devstack@n-api.service[108894]: DEBUG oslo_concurrency.lockutils [None req-c716a0dd-d8e4-4469-972d-d8677de64bec tempest-DeleteServersTestJSON-1530307473 tempest-DeleteServersTestJSON-1530307473-project] Lock "8bd3776a-3936-4041-9688-40d08fc83f30" released by "nova.context.set_target_cell..get_or_set_cached_cell_and_set_connections" :: held 0.000s {{(pid=108894) inner /usr/local/lib/python3.8/dist-packages/oslo_concurrency/lockutils.py:367}}
Sep 02 06:11:21.006339 dv-cinder-805796-3-smb devstack@n-api.service[108893]: DEBUG nova.api.openstack.wsgi [None req-03c73b7a-0083-4a79-ac35-064007e69d93 tempest-ServerRescueNegativeTestJSON-1505427106 tempest-ServerRescueNegativeTestJSON-1505427106-project] Calling method '>' {{(pid=108893) _process_stack /opt/stack/nova/nova/api/openstack/wsgi.py:513}}
Sep 02 06:11:21.014317 dv-cinder-805796-3-smb devstack@n-api.service[108893]: DEBUG nova.compute.api [None req-03c73b7a-0083-4a79-ac35-064007e69d93 tempest-ServerRescueNegativeTestJSON-1505427106 tempest-ServerRescueNegativeTestJSON-1505427106-project] [instance: 490a1778-cbac-4c24-b9b5-305aa6c9a539] Fetching instance by UUID {{(pid=108893) get /opt/stack/nova/nova/compute/api.py:2862}}
Sep 02 06:11:21.196610 dv-cinder-805796-3-smb devstack@n-api.service[108893]: DEBUG nova.policy [None req-03c73b7a-0083-4a79-ac35-064007e69d93 tempest-ServerRescueNegativeTestJSON-1505427106 tempest-ServerRescueNegativeTestJSON-1505427106-project] Policy check for os_compute_api:os-extended-server-attributes failed with credentials {'is_admin': False, 'user_id': '1d9591fc404a45b489d74a52853bbd5b', 'user_domain_id': 'default', 'system_scope': None, 'domain_id': None, 'project_id': '66d79d4e286c4e709210afbf2131260e', 'project_domain_id': 'default', 'roles': ['reader', 'member'], 'is_admin_project': True, 'service_user_id': None, 'service_user_domain_id': None, 'service_project_id': None, 'service_project_domain_id': None, 'service_roles': []} {{(pid=108893) authorize /opt/stack/nova/nova/policy.py:199}}
Sep 02 06:11:21.203692 dv-cinder-805796-3-smb devstack@n-api.service[108893]: INFO nova.api.openstack.requestlog [None req-03c73b7a-0083-4a79-ac35-064007e69d93 tempest-ServerRescueNegativeTestJSON-1505427106 tempest-ServerRescueNegativeTestJSON-1505427106-project] 10.222.0.10 "GET /compute/v2.1/servers/490a1778-cbac-4c24-b9b5-305aa6c9a539" status: 200 len: 1222 microversion: 2.1 time: 0.214711
Sep 02 06:11:21.222553 dv-cinder-805796-3-smb devstack@n-api.service[108893]: [pid: 108893|app: 0|req: 13/28] 10.222.0.10 () {58 vars in 1236 bytes} [Thu Sep 2 06:11:20 2021] GET /compute/v2.1/servers/490a1778-cbac-4c24-b9b5-305aa6c9a539 => generated 1222 bytes in 234 msecs (HTTP/1.1 200) 9 headers in 358 bytes (1 switches on core 0)
Sep 02 06:11:21.386265 dv-cinder-805796-3-smb devstack@n-api.service[108894]: DEBUG nova.policy [None req-c716a0dd-d8e4-4469-972d-d8677de64bec tempest-DeleteServersTestJSON-1530307473 tempest-DeleteServersTestJSON-1530307473-project] Policy check for os_compute_api:os-extended-server-attributes failed with credentials {'is_admin': False, 'user_id': 'e4f43d629f7f4333a557e8ba735d9dcf', 'user_domain_id': 'default', 'system_scope': None, 'domain_id': None, 'project_id': '9de2c5f0e366405b94af6045d7d406d8', 'project_domain_id': 'default', 'roles': ['reader', 'member'], 'is_admin_project': True, 'service_user_id': None, 'service_user_domain_id': None, 'service_project_id': None, 'service_project_domain_id': None, 'service_roles': []} {{(pid=108894) authorize /opt/stack/nova/nova/policy.py:199}}
Sep 02 06:11:21.397635 dv-cinder-805796-3-smb devstack@n-api.service[108894]: INFO nova.api.openstack.requestlog [None req-c716a0dd-d8e4-4469-972d-d8677de64bec tempest-DeleteServersTestJSON-1530307473 tempest-DeleteServersTestJSON-1530307473-project] 10.222.0.10 "GET /compute/v2.1/servers/8080cff3-c247-471b-8867-f201a246233f" status: 200 len: 1315 microversion: 2.1 time: 0.465424
Sep 02 06:11:21.398587 dv-cinder-805796-3-smb devstack@n-api.service[108894]: [pid: 108894|app: 0|req: 16/29] 10.222.0.10 () {58 vars in 1236 bytes} [Thu Sep 2 06:11:20 2021] GET /compute/v2.1/servers/8080cff3-c247-471b-8867-f201a246233f => generated 1315 bytes in 470 msecs (HTTP/1.1 200) 9 headers in 358 bytes (1 switches on core 0)
Sep 02 06:11:21.692908 dv-cinder-805796-3-smb devstack@n-api.service[108893]: DEBUG nova.api.openstack.wsgi [None req-5f7a71fe-c739-4baf-8b2e-2cafc4bcf0e5 tempest-ServerRescueNegativeTestJSON-1505427106 tempest-ServerRescueNegativeTestJSON-1505427106-project] Action: 'create', calling method: >, body: {"server": {"name": "tempest-ServerRescueNegativeTestJSON-server-2051335422", "imageRef": "bf76e76b-b16b-4821-ad67-51ccd9ad0edf", "flavorRef": "452", "adminPass": "***", "networks": [{"uuid": "1a7d4667-013f-455b-8cd6-661900f572ae"}]}} {{(pid=108893) _process_stack /opt/stack/nova/nova/api/openstack/wsgi.py:511}}
Sep 02 06:11:21.888176 dv-cinder-805796-3-smb devstack@n-api.service[108893]: DEBUG nova.network.neutron [None req-5f7a71fe-c739-4baf-8b2e-2cafc4bcf0e5 tempest-ServerRescueNegativeTestJSON-1505427106 tempest-ServerRescueNegativeTestJSON-1505427106-project] validate_networks() for [('1a7d4667-013f-455b-8cd6-661900f572ae', None, None, None, None, None)] {{(pid=108893) validate_networks /opt/stack/nova/nova/network/neutron.py:2463}}
Sep 02 06:11:22.415990 dv-cinder-805796-3-smb devstack@n-api.service[108894]: DEBUG nova.api.openstack.wsgi [None req-cc5e4d02-ad0e-44b0-9d84-2809d2e42a5d tempest-DeleteServersTestJSON-1530307473 tempest-DeleteServersTestJSON-1530307473-project] Calling method '>' {{(pid=108894) _process_stack /opt/stack/nova/nova/api/openstack/wsgi.py:513}}
Sep 02 06:11:22.421749 dv-cinder-805796-3-smb devstack@n-api.service[108894]: DEBUG nova.compute.api [None req-cc5e4d02-ad0e-44b0-9d84-2809d2e42a5d tempest-DeleteServersTestJSON-1530307473 tempest-DeleteServersTestJSON-1530307473-project] [instance: 8080cff3-c247-471b-8867-f201a246233f] Fetching instance by UUID {{(pid=108894) get /opt/stack/nova/nova/compute/api.py:2862}}
Sep 02 06:11:22.463817 dv-cinder-805796-3-smb devstack@n-api.service[108894]: DEBUG oslo_concurrency.lockutils [None req-cc5e4d02-ad0e-44b0-9d84-2809d2e42a5d tempest-DeleteServersTestJSON-1530307473 tempest-DeleteServersTestJSON-1530307473-project] Lock "8bd3776a-3936-4041-9688-40d08fc83f30" acquired by "nova.context.set_target_cell..get_or_set_cached_cell_and_set_connections" :: waited 0.000s {{(pid=108894) inner /usr/local/lib/python3.8/dist-packages/oslo_concurrency/lockutils.py:355}}
Sep 02 06:11:22.471634 dv-cinder-805796-3-smb devstack@n-api.service[108894]: DEBUG oslo_concurrency.lockutils [None req-cc5e4d02-ad0e-44b0-9d84-2809d2e42a5d tempest-DeleteServersTestJSON-1530307473 tempest-DeleteServersTestJSON-1530307473-project] Lock "8bd3776a-3936-4041-9688-40d08fc83f30" released by "nova.context.set_target_cell..get_or_set_cached_cell_and_set_connections" :: held 0.020s {{(pid=108894) inner /usr/local/lib/python3.8/dist-packages/oslo_concurrency/lockutils.py:367}}
Sep 02 06:11:22.471634 dv-cinder-805796-3-smb devstack@n-api.service[108894]: DEBUG oslo_concurrency.lockutils [None req-cc5e4d02-ad0e-44b0-9d84-2809d2e42a5d tempest-DeleteServersTestJSON-1530307473 tempest-DeleteServersTestJSON-1530307473-project] Lock "8bd3776a-3936-4041-9688-40d08fc83f30" acquired by "nova.context.set_target_cell..get_or_set_cached_cell_and_set_connections" :: waited 0.000s {{(pid=108894) inner /usr/local/lib/python3.8/dist-packages/oslo_concurrency/lockutils.py:355}}
Sep 02 06:11:22.473821 dv-cinder-805796-3-smb devstack@n-api.service[108894]: DEBUG oslo_concurrency.lockutils [None req-cc5e4d02-ad0e-44b0-9d84-2809d2e42a5d tempest-DeleteServersTestJSON-1530307473 tempest-DeleteServersTestJSON-1530307473-project] Lock "8bd3776a-3936-4041-9688-40d08fc83f30" released by "nova.context.set_target_cell..get_or_set_cached_cell_and_set_connections" :: held 0.000s {{(pid=108894) inner /usr/local/lib/python3.8/dist-packages/oslo_concurrency/lockutils.py:367}}
