Aug 24 10:07:43.446003 dv-cinder-805796-1-smb devstack@c-api.service[101747]: /usr/local/lib/python3.8/dist-packages/webob/acceptparse.py:1047: DeprecationWarning: The behavior of AcceptValidHeader.best_match is currently being maintained for backward compatibility, but it will be deprecated in the future, as it does not conform to the RFC.
Aug 24 10:07:43.446003 dv-cinder-805796-1-smb devstack@c-api.service[101747]: warnings.warn(
Aug 24 10:07:43.446602 dv-cinder-805796-1-smb devstack@c-api.service[101747]: DEBUG cinder.api.openstack.wsgi [None req-16d600b9-fc2e-45e9-b7d7-dcf32071f3d4 tempest-VolumesMetadataTest-1052996079 tempest-VolumesMetadataTest-1052996079-project] Calling method 'show' {{(pid=101747) _process_stack /opt/stack/cinder/cinder/api/openstack/wsgi.py:856}}
Aug 24 10:07:43.474122 dv-cinder-805796-1-smb devstack@c-api.service[101747]: /usr/local/lib/python3.8/dist-packages/oslo_context/context.py:105: DeprecationWarning: Policy enforcement is depending on the value of is_admin. This key is deprecated. Please update your policy file to use the standard policy values.
Aug 24 10:07:43.474122 dv-cinder-805796-1-smb devstack@c-api.service[101747]: warnings.warn('Policy enforcement is depending on the value of '
Aug 24 10:07:43.483178 dv-cinder-805796-1-smb devstack@c-api.service[101747]: INFO cinder.volume.api [None req-16d600b9-fc2e-45e9-b7d7-dcf32071f3d4 tempest-VolumesMetadataTest-1052996079 tempest-VolumesMetadataTest-1052996079-project] Volume info retrieved successfully.
Aug 24 10:07:43.509602 dv-cinder-805796-1-smb devstack@c-api.service[101747]: INFO cinder.api.openstack.wsgi [None req-16d600b9-fc2e-45e9-b7d7-dcf32071f3d4 tempest-VolumesMetadataTest-1052996079 tempest-VolumesMetadataTest-1052996079-project] http://10.222.0.84/volume/v3/358ff3dfc77a490787e6ca97a6a9b032/volumes/8932f799-951e-4540-a882-6b5688d87110 returned with HTTP 200
Aug 24 10:07:43.511011 dv-cinder-805796-1-smb devstack@c-api.service[101747]: [pid: 101747|app: 0|req: 136/274] 10.222.0.84 () {58 vars in 1325 bytes} [Tue Aug 24 10:07:43 2021] GET /volume/v3/358ff3dfc77a490787e6ca97a6a9b032/volumes/8932f799-951e-4540-a882-6b5688d87110 => generated 909 bytes in 73 msecs (HTTP/1.1 200) 7 headers in 285 bytes (1 switches on core 0)
Aug 24 10:07:43.633747 dv-cinder-805796-1-smb devstack@c-api.service[101748]: INFO cinder.api.openstack.wsgi [None req-e644644d-f08e-482f-8c22-f7bc000d9f92 tempest-AttachVolumeNegativeTest-1463674229 tempest-AttachVolumeNegativeTest-1463674229-project] GET http://10.222.0.84/volume/v3/916013f4886c409481c1e600c00a6987/volumes/33f259a6-0269-4005-a00f-1cc2170f7cd0
Aug 24 10:07:43.634403 dv-cinder-805796-1-smb devstack@c-api.service[101748]: DEBUG cinder.api.openstack.wsgi [None req-e644644d-f08e-482f-8c22-f7bc000d9f92 tempest-AttachVolumeNegativeTest-1463674229 tempest-AttachVolumeNegativeTest-1463674229-project] Empty body provided in request {{(pid=101748) get_body /opt/stack/cinder/cinder/api/openstack/wsgi.py:703}}
Aug 24 10:07:43.634583 dv-cinder-805796-1-smb devstack@c-api.service[101748]: /usr/local/lib/python3.8/dist-packages/webob/acceptparse.py:1047: DeprecationWarning: The behavior of AcceptValidHeader.best_match is currently being maintained for backward compatibility, but it will be deprecated in the future, as it does not conform to the RFC.
Aug 24 10:07:43.634583 dv-cinder-805796-1-smb devstack@c-api.service[101748]: warnings.warn(
Aug 24 10:07:43.641486 dv-cinder-805796-1-smb devstack@c-api.service[101748]: DEBUG cinder.api.openstack.wsgi [None req-e644644d-f08e-482f-8c22-f7bc000d9f92 tempest-AttachVolumeNegativeTest-1463674229 tempest-AttachVolumeNegativeTest-1463674229-project] Calling method 'show' {{(pid=101748) _process_stack /opt/stack/cinder/cinder/api/openstack/wsgi.py:856}}
Aug 24 10:07:43.659299 dv-cinder-805796-1-smb devstack@c-api.service[101748]: /usr/local/lib/python3.8/dist-packages/oslo_context/context.py:105: DeprecationWarning: Policy enforcement is depending on the value of is_admin. This key is deprecated. Please update your policy file to use the standard policy values.
Aug 24 10:07:43.659299 dv-cinder-805796-1-smb devstack@c-api.service[101748]: warnings.warn('Policy enforcement is depending on the value of '
Aug 24 10:07:43.670365 dv-cinder-805796-1-smb devstack@c-api.service[101748]: INFO cinder.volume.api [None req-e644644d-f08e-482f-8c22-f7bc000d9f92 tempest-AttachVolumeNegativeTest-1463674229 tempest-AttachVolumeNegativeTest-1463674229-project] Volume info retrieved successfully.
Aug 24 10:07:43.681531 dv-cinder-805796-1-smb devstack@c-api.service[101747]: INFO cinder.api.openstack.wsgi [None req-6b23711c-b633-4442-9dfe-b6c968b4c521 tempest-VolumesTransfersTest-554456916 tempest-VolumesTransfersTest-554456916-project] GET http://10.222.0.84/volume/v3/9c0b6895f49c4d098fb825ebd8bba455/volumes/04a8cac2-9ed3-4060-9c6b-6fc2774e0cad
Aug 24 10:07:43.682369 dv-cinder-805796-1-smb devstack@c-api.service[101747]: DEBUG cinder.api.openstack.wsgi [None req-6b23711c-b633-4442-9dfe-b6c968b4c521 tempest-VolumesTransfersTest-554456916 tempest-VolumesTransfersTest-554456916-project] Empty body provided in request {{(pid=101747) get_body /opt/stack/cinder/cinder/api/openstack/wsgi.py:703}}
Aug 24 10:07:43.682741 dv-cinder-805796-1-smb devstack@c-api.service[101747]: /usr/local/lib/python3.8/dist-packages/webob/acceptparse.py:1047: DeprecationWarning: The behavior of AcceptValidHeader.best_match is currently being maintained for backward compatibility, but it will be deprecated in the future, as it does not conform to the RFC.
Aug 24 10:07:43.682741 dv-cinder-805796-1-smb devstack@c-api.service[101747]: warnings.warn(
Aug 24 10:07:43.683359 dv-cinder-805796-1-smb devstack@c-api.service[101747]: DEBUG cinder.api.openstack.wsgi [None req-6b23711c-b633-4442-9dfe-b6c968b4c521 tempest-VolumesTransfersTest-554456916 tempest-VolumesTransfersTest-554456916-project] Calling method 'show' {{(pid=101747) _process_stack /opt/stack/cinder/cinder/api/openstack/wsgi.py:856}}
Aug 24 10:07:43.696138 dv-cinder-805796-1-smb devstack@c-api.service[101748]: INFO cinder.api.openstack.wsgi [None req-e644644d-f08e-482f-8c22-f7bc000d9f92 tempest-AttachVolumeNegativeTest-1463674229 tempest-AttachVolumeNegativeTest-1463674229-project] http://10.222.0.84/volume/v3/916013f4886c409481c1e600c00a6987/volumes/33f259a6-0269-4005-a00f-1cc2170f7cd0 returned with HTTP 200
Aug 24 10:07:43.696936 dv-cinder-805796-1-smb devstack@c-api.service[101748]: [pid: 101748|app: 0|req: 139/275] 10.222.0.84 () {58 vars in 1325 bytes} [Tue Aug 24 10:07:43 2021] GET /volume/v3/916013f4886c409481c1e600c00a6987/volumes/33f259a6-0269-4005-a00f-1cc2170f7cd0 => generated 917 bytes in 68 msecs (HTTP/1.1 200) 7 headers in 285 bytes (1 switches on core 0)
Aug 24 10:07:43.701037 dv-cinder-805796-1-smb devstack@c-api.service[101747]: /usr/local/lib/python3.8/dist-packages/oslo_context/context.py:105: DeprecationWarning: Policy enforcement is depending on the value of is_admin. This key is deprecated. Please update your policy file to use the standard policy values.
Aug 24 10:07:43.701037 dv-cinder-805796-1-smb devstack@c-api.service[101747]: warnings.warn('Policy enforcement is depending on the value of '
Aug 24 10:07:43.711127 dv-cinder-805796-1-smb devstack@c-api.service[101747]: INFO cinder.volume.api [None req-6b23711c-b633-4442-9dfe-b6c968b4c521 tempest-VolumesTransfersTest-554456916 tempest-VolumesTransfersTest-554456916-project] Volume info retrieved successfully.
Aug 24 10:07:43.734153 dv-cinder-805796-1-smb devstack@c-api.service[101747]: INFO cinder.api.openstack.wsgi [None req-6b23711c-b633-4442-9dfe-b6c968b4c521 tempest-VolumesTransfersTest-554456916 tempest-VolumesTransfersTest-554456916-project] http://10.222.0.84/volume/v3/9c0b6895f49c4d098fb825ebd8bba455/volumes/04a8cac2-9ed3-4060-9c6b-6fc2774e0cad returned with HTTP 200
Aug 24 10:07:43.734976 dv-cinder-805796-1-smb devstack@c-api.service[101747]: [pid: 101747|app: 0|req: 137/276] 10.222.0.84 () {58 vars in 1325 bytes} [Tue Aug 24 10:07:43 2021] GET /volume/v3/9c0b6895f49c4d098fb825ebd8bba455/volumes/04a8cac2-9ed3-4060-9c6b-6fc2774e0cad => generated 913 bytes in 59 msecs (HTTP/1.1 200) 7 headers in 285 bytes (2 switches on core 0)
Aug 24 10:07:43.745364 dv-cinder-805796-1-smb devstack@c-api.service[101748]: INFO cinder.api.openstack.wsgi [None req-f52db329-7202-4af3-b8da-625431e2b47c tempest-VolumesGetTest-192764594 tempest-VolumesGetTest-192764594-project] GET http://10.222.0.84/volume/v3/bda41af56db24913adf75ad1280c8fd9/volumes/ef11da54-32a0-4afd-927e-4f9d49e18a9a
Aug 24 10:07:43.745832 dv-cinder-805796-1-smb devstack@c-api.service[101748]: DEBUG cinder.api.openstack.wsgi [None req-f52db329-7202-4af3-b8da-625431e2b47c tempest-VolumesGetTest-192764594 tempest-VolumesGetTest-192764594-project] Empty body provided in request {{(pid=101748) get_body /opt/stack/cinder/cinder/api/openstack/wsgi.py:703}}
Aug 24 10:07:43.745985 dv-cinder-805796-1-smb devstack@c-api.service[101748]: /usr/local/lib/python3.8/dist-packages/webob/acceptparse.py:1047: DeprecationWarning: The behavior of AcceptValidHeader.best_match is currently being maintained for backward compatibility, but it will be deprecated in the future, as it does not conform to the RFC.
Aug 24 10:07:43.745985 dv-cinder-805796-1-smb devstack@c-api.service[101748]: warnings.warn(
Aug 24 10:07:43.746525 dv-cinder-805796-1-smb devstack@c-api.service[101748]: DEBUG cinder.api.openstack.wsgi [None req-f52db329-7202-4af3-b8da-625431e2b47c tempest-VolumesGetTest-192764594 tempest-VolumesGetTest-192764594-project] Calling method 'show' {{(pid=101748) _process_stack /opt/stack/cinder/cinder/api/openstack/wsgi.py:856}}
Aug 24 10:07:43.772101 dv-cinder-805796-1-smb devstack@c-api.service[101747]: INFO cinder.api.openstack.wsgi [None req-12db1944-f43f-4ac5-b307-f8d1ca88f96f tempest-VolumesTransfersTest-554456916 tempest-VolumesTransfersTest-554456916-project] POST http://10.222.0.84/volume/v3/9c0b6895f49c4d098fb825ebd8bba455/os-volume-transfer
Aug 24 10:07:43.772747 dv-cinder-805796-1-smb devstack@c-api.service[101747]: /usr/local/lib/python3.8/dist-packages/webob/acceptparse.py:1047: DeprecationWarning: The behavior of AcceptValidHeader.best_match is currently being maintained for backward compatibility, but it will be deprecated in the future, as it does not conform to the RFC.
Aug 24 10:07:43.772747 dv-cinder-805796-1-smb devstack@c-api.service[101747]: warnings.warn(
Aug 24 10:07:43.773223 dv-cinder-805796-1-smb devstack@c-api.service[101747]: DEBUG cinder.api.openstack.wsgi [None req-12db1944-f43f-4ac5-b307-f8d1ca88f96f tempest-VolumesTransfersTest-554456916 tempest-VolumesTransfersTest-554456916-project] Action: 'create', calling method: create, body: {"transfer": {"volume_id": "04a8cac2-9ed3-4060-9c6b-6fc2774e0cad"}} {{(pid=101747) _process_stack /opt/stack/cinder/cinder/api/openstack/wsgi.py:854}}
Aug 24 10:07:43.774710 dv-cinder-805796-1-smb devstack@c-api.service[101747]: DEBUG cinder.api.contrib.volume_transfer [None req-12db1944-f43f-4ac5-b307-f8d1ca88f96f tempest-VolumesTransfersTest-554456916 tempest-VolumesTransfersTest-554456916-project] Creating new volume transfer {'transfer': {'volume_id': '04a8cac2-9ed3-4060-9c6b-6fc2774e0cad'}} {{(pid=101747) create /opt/stack/cinder/cinder/api/contrib/volume_transfer.py:85}}
Aug 24 10:07:43.775207 dv-cinder-805796-1-smb devstack@c-api.service[101747]: INFO cinder.api.contrib.volume_transfer [None req-12db1944-f43f-4ac5-b307-f8d1ca88f96f tempest-VolumesTransfersTest-554456916 tempest-VolumesTransfersTest-554456916-project] Creating transfer of volume 04a8cac2-9ed3-4060-9c6b-6fc2774e0cad
Aug 24 10:07:43.775743 dv-cinder-805796-1-smb devstack@c-api.service[101747]: INFO cinder.transfer.api [None req-12db1944-f43f-4ac5-b307-f8d1ca88f96f tempest-VolumesTransfersTest-554456916 tempest-VolumesTransfersTest-554456916-project] Generating transfer record for volume 04a8cac2-9ed3-4060-9c6b-6fc2774e0cad
Aug 24 10:07:43.778762 dv-cinder-805796-1-smb devstack@c-api.service[101748]: /usr/local/lib/python3.8/dist-packages/oslo_context/context.py:105: DeprecationWarning: Policy enforcement is depending on the value of is_admin. This key is deprecated. Please update your policy file to use the standard policy values.
Aug 24 10:07:43.778762 dv-cinder-805796-1-smb devstack@c-api.service[101748]: warnings.warn('Policy enforcement is depending on the value of '
Aug 24 10:07:43.789154 dv-cinder-805796-1-smb devstack@c-api.service[101748]: INFO cinder.volume.api [None req-f52db329-7202-4af3-b8da-625431e2b47c tempest-VolumesGetTest-192764594 tempest-VolumesGetTest-192764594-project] Volume info retrieved successfully.
Aug 24 10:07:43.804820 dv-cinder-805796-1-smb devstack@c-api.service[101747]: /usr/local/lib/python3.8/dist-packages/oslo_context/context.py:105: DeprecationWarning: Policy enforcement is depending on the value of is_admin. This key is deprecated. Please update your policy file to use the standard policy values.
Aug 24 10:07:43.804820 dv-cinder-805796-1-smb devstack@c-api.service[101747]: warnings.warn('Policy enforcement is depending on the value of '
Aug 24 10:07:43.808301 dv-cinder-805796-1-smb devstack@c-api.service[101748]: INFO cinder.api.openstack.wsgi [None req-f52db329-7202-4af3-b8da-625431e2b47c tempest-VolumesGetTest-192764594 tempest-VolumesGetTest-192764594-project] http://10.222.0.84/volume/v3/bda41af56db24913adf75ad1280c8fd9/volumes/ef11da54-32a0-4afd-927e-4f9d49e18a9a returned with HTTP 200
Aug 24 10:07:43.813351 dv-cinder-805796-1-smb devstack@c-api.service[101748]: [pid: 101748|app: 0|req: 140/277] 10.222.0.84 () {58 vars in 1325 bytes} [Tue Aug 24 10:07:43 2021] GET /volume/v3/bda41af56db24913adf75ad1280c8fd9/volumes/ef11da54-32a0-4afd-927e-4f9d49e18a9a => generated 921 bytes in 68 msecs (HTTP/1.1 200) 7 headers in 285 bytes (1 switches on core 0)
Aug 24 10:07:43.830131 dv-cinder-805796-1-smb devstack@c-api.service[101748]: INFO cinder.api.openstack.wsgi [None req-ff5bf877-587c-420c-b9cc-3b2f3cec583c tempest-VolumesGetTest-192764594 tempest-VolumesGetTest-192764594-project] GET http://10.222.0.84/volume/v3/bda41af56db24913adf75ad1280c8fd9/volumes/ef11da54-32a0-4afd-927e-4f9d49e18a9a
Aug 24 10:07:43.831031 dv-cinder-805796-1-smb devstack@c-api.service[101748]: DEBUG cinder.api.openstack.wsgi [None req-ff5bf877-587c-420c-b9cc-3b2f3cec583c tempest-VolumesGetTest-192764594 tempest-VolumesGetTest-192764594-project] Empty body provided in request {{(pid=101748) get_body /opt/stack/cinder/cinder/api/openstack/wsgi.py:703}}
Aug 24 10:07:43.831388 dv-cinder-805796-1-smb devstack@c-api.service[101748]: /usr/local/lib/python3.8/dist-packages/webob/acceptparse.py:1047: DeprecationWarning: The behavior of AcceptValidHeader.best_match is currently being maintained for backward compatibility, but it will be deprecated in the future, as it does not conform to the RFC.
Aug 24 10:07:43.831388 dv-cinder-805796-1-smb devstack@c-api.service[101748]: warnings.warn(
Aug 24 10:07:43.832017 dv-cinder-805796-1-smb devstack@c-api.service[101748]: DEBUG cinder.api.openstack.wsgi [None req-ff5bf877-587c-420c-b9cc-3b2f3cec583c tempest-VolumesGetTest-192764594 tempest-VolumesGetTest-192764594-project] Calling method 'show' {{(pid=101748) _process_stack /opt/stack/cinder/cinder/api/openstack/wsgi.py:856}}
Aug 24 10:07:43.853255 dv-cinder-805796-1-smb devstack@c-api.service[101748]: /usr/local/lib/python3.8/dist-packages/oslo_context/context.py:105: DeprecationWarning: Policy enforcement is depending on the value of is_admin. This key is deprecated. Please update your policy file to use the standard policy values.
Aug 24 10:07:43.853255 dv-cinder-805796-1-smb devstack@c-api.service[101748]: warnings.warn('Policy enforcement is depending on the value of '
Aug 24 10:07:43.862343 dv-cinder-805796-1-smb devstack@c-api.service[101748]: INFO cinder.volume.api [None req-ff5bf877-587c-420c-b9cc-3b2f3cec583c tempest-VolumesGetTest-192764594 tempest-VolumesGetTest-192764594-project] Volume info retrieved successfully.
Aug 24 10:07:43.882587 dv-cinder-805796-1-smb devstack@c-api.service[101748]: INFO cinder.api.openstack.wsgi [None req-ff5bf877-587c-420c-b9cc-3b2f3cec583c tempest-VolumesGetTest-192764594 tempest-VolumesGetTest-192764594-project] http://10.222.0.84/volume/v3/bda41af56db24913adf75ad1280c8fd9/volumes/ef11da54-32a0-4afd-927e-4f9d49e18a9a returned with HTTP 200
Aug 24 10:07:43.883513 dv-cinder-805796-1-smb devstack@c-api.service[101748]: [pid: 101748|app: 0|req: 141/278] 10.222.0.84 () {58 vars in 1325 bytes} [Tue Aug 24 10:07:43 2021] GET /volume/v3/bda41af56db24913adf75ad1280c8fd9/volumes/ef11da54-32a0-4afd-927e-4f9d49e18a9a => generated 921 bytes in 60 msecs (HTTP/1.1 200) 7 headers in 285 bytes (1 switches on core 0)
Aug 24 10:07:43.904699 dv-cinder-805796-1-smb devstack@c-api.service[101748]: INFO cinder.api.openstack.wsgi [None req-dfdc167c-454c-4e66-8969-533fda516999 tempest-VolumesGetTest-192764594 tempest-VolumesGetTest-192764594-project] PUT http://10.222.0.84/volume/v3/bda41af56db24913adf75ad1280c8fd9/volumes/ef11da54-32a0-4afd-927e-4f9d49e18a9a
Aug 24 10:07:43.907360 dv-cinder-805796-1-smb devstack@c-api.service[101748]: /usr/local/lib/python3.8/dist-packages/webob/acceptparse.py:1047: DeprecationWarning: The behavior of AcceptValidHeader.best_match is currently being maintained for backward compatibility, but it will be deprecated in the future, as it does not conform to the RFC.
Aug 24 10:07:43.907360 dv-cinder-805796-1-smb devstack@c-api.service[101748]: warnings.warn(
Aug 24 10:07:43.908420 dv-cinder-805796-1-smb devstack@c-api.service[101748]: DEBUG cinder.api.openstack.wsgi [None req-dfdc167c-454c-4e66-8969-533fda516999 tempest-VolumesGetTest-192764594 tempest-VolumesGetTest-192764594-project] Action: 'update', calling method: update, body: {"volume": {"name": "tempest-VolumesGetTest-Volume-1973302061"}} {{(pid=101748) _process_stack /opt/stack/cinder/cinder/api/openstack/wsgi.py:854}}
Aug 24 10:07:43.941209 dv-cinder-805796-1-smb devstack@c-api.service[101748]: /usr/local/lib/python3.8/dist-packages/oslo_context/context.py:105: DeprecationWarning: Policy enforcement is depending on the value of is_admin. This key is deprecated. Please update your policy file to use the standard policy values.
Aug 24 10:07:43.941209 dv-cinder-805796-1-smb devstack@c-api.service[101748]: warnings.warn('Policy enforcement is depending on the value of '
Aug 24 10:07:43.958089 dv-cinder-805796-1-smb devstack@c-api.service[101748]: INFO cinder.volume.api [None req-dfdc167c-454c-4e66-8969-533fda516999 tempest-VolumesGetTest-192764594 tempest-VolumesGetTest-192764594-project] Volume info retrieved successfully.
Aug 24 10:07:43.996559 dv-cinder-805796-1-smb devstack@c-api.service[101748]: INFO cinder.volume.api [None req-dfdc167c-454c-4e66-8969-533fda516999 tempest-VolumesGetTest-192764594 tempest-VolumesGetTest-192764594-project] Volume updated successfully.
Aug 24 10:07:44.008934 dv-cinder-805796-1-smb devstack@c-api.service[101748]: INFO cinder.api.openstack.wsgi [None req-dfdc167c-454c-4e66-8969-533fda516999 tempest-VolumesGetTest-192764594 tempest-VolumesGetTest-192764594-project] http://10.222.0.84/volume/v3/bda41af56db24913adf75ad1280c8fd9/volumes/ef11da54-32a0-4afd-927e-4f9d49e18a9a returned with HTTP 200
Aug 24 10:07:44.010279 dv-cinder-805796-1-smb devstack@c-api.service[101748]: [pid: 101748|app: 0|req: 142/279] 10.222.0.84 () {60 vars in 1345 bytes} [Tue Aug 24 10:07:43 2021] PUT /volume/v3/bda41af56db24913adf75ad1280c8fd9/volumes/ef11da54-32a0-4afd-927e-4f9d49e18a9a => generated 853 bytes in 109 msecs (HTTP/1.1 200) 7 headers in 285 bytes (1 switches on core 0)
Aug 24 10:07:44.031373 dv-cinder-805796-1-smb devstack@c-api.service[101748]: INFO cinder.api.openstack.wsgi [None req-78bedf2e-bbd6-4602-b72c-b95ed53bed92 tempest-VolumesGetTest-192764594 tempest-VolumesGetTest-192764594-project] PUT http://10.222.0.84/volume/v3/bda41af56db24913adf75ad1280c8fd9/volumes/ef11da54-32a0-4afd-927e-4f9d49e18a9a
Aug 24 10:07:44.032034 dv-cinder-805796-1-smb devstack@c-api.service[101748]: /usr/local/lib/python3.8/dist-packages/webob/acceptparse.py:1047: DeprecationWarning: The behavior of AcceptValidHeader.best_match is currently being maintained for backward compatibility, but it will be deprecated in the future, as it does not conform to the RFC.
Aug 24 10:07:44.032034 dv-cinder-805796-1-smb devstack@c-api.service[101748]: warnings.warn(
Aug 24 10:07:44.032565 dv-cinder-805796-1-smb devstack@c-api.service[101748]: DEBUG cinder.api.openstack.wsgi [None req-78bedf2e-bbd6-4602-b72c-b95ed53bed92 tempest-VolumesGetTest-192764594 tempest-VolumesGetTest-192764594-project] Action: 'update', calling method: update, body: {"volume": {"name": "tempest-VolumesGetTest-new-Volume-1258516758", "description": "This is the new description of volume"}} {{(pid=101748) _process_stack /opt/stack/cinder/cinder/api/openstack/wsgi.py:854}}
Aug 24 10:07:44.051753 dv-cinder-805796-1-smb devstack@c-api.service[101748]: /usr/local/lib/python3.8/dist-packages/oslo_context/context.py:105: DeprecationWarning: Policy enforcement is depending on the value of is_admin. This key is deprecated. Please update your policy file to use the standard policy values.
Aug 24 10:07:44.051753 dv-cinder-805796-1-smb devstack@c-api.service[101748]: warnings.warn('Policy enforcement is depending on the value of '
Aug 24 10:07:44.064886 dv-cinder-805796-1-smb devstack@c-api.service[101748]: INFO cinder.volume.api [None req-78bedf2e-bbd6-4602-b72c-b95ed53bed92 tempest-VolumesGetTest-192764594 tempest-VolumesGetTest-192764594-project] Volume info retrieved successfully.
Aug 24 10:07:44.173480 dv-cinder-805796-1-smb devstack@c-api.service[101747]: INFO cinder.api.openstack.wsgi [None req-12db1944-f43f-4ac5-b307-f8d1ca88f96f tempest-VolumesTransfersTest-554456916 tempest-VolumesTransfersTest-554456916-project] http://10.222.0.84/volume/v3/9c0b6895f49c4d098fb825ebd8bba455/os-volume-transfer returned with HTTP 202
Aug 24 10:07:44.181131 dv-cinder-805796-1-smb devstack@c-api.service[101747]: [pid: 101747|app: 0|req: 138/280] 10.222.0.84 () {60 vars in 1268 bytes} [Tue Aug 24 10:07:43 2021] POST /volume/v3/9c0b6895f49c4d098fb825ebd8bba455/os-volume-transfer => generated 507 bytes in 419 msecs (HTTP/1.1 202) 7 headers in 291 bytes (1 switches on core 0)
Aug 24 10:07:44.185346 dv-cinder-805796-1-smb devstack@c-api.service[101747]: INFO cinder.api.openstack.wsgi [None req-67b29b51-4bc5-4130-9f80-4a7e14dc52d3 tempest-VolumesTransfersTest-554456916 tempest-VolumesTransfersTest-554456916-project] GET http://10.222.0.84/volume/v3/9c0b6895f49c4d098fb825ebd8bba455/volumes/04a8cac2-9ed3-4060-9c6b-6fc2774e0cad
Aug 24 10:07:44.185794 dv-cinder-805796-1-smb devstack@c-api.service[101747]: DEBUG cinder.api.openstack.wsgi [None req-67b29b51-4bc5-4130-9f80-4a7e14dc52d3 tempest-VolumesTransfersTest-554456916 tempest-VolumesTransfersTest-554456916-project] Empty body provided in request {{(pid=101747) get_body /opt/stack/cinder/cinder/api/openstack/wsgi.py:703}}
Aug 24 10:07:44.186161 dv-cinder-805796-1-smb devstack@c-api.service[101747]: /usr/local/lib/python3.8/dist-packages/webob/acceptparse.py:1047: DeprecationWarning: The behavior of AcceptValidHeader.best_match is currently being maintained for backward compatibility, but it will be deprecated in the future, as it does not conform to the RFC.
Aug 24 10:07:44.186161 dv-cinder-805796-1-smb devstack@c-api.service[101747]: warnings.warn(
Aug 24 10:07:44.186747 dv-cinder-805796-1-smb devstack@c-api.service[101747]: DEBUG cinder.api.openstack.wsgi [None req-67b29b51-4bc5-4130-9f80-4a7e14dc52d3 tempest-VolumesTransfersTest-554456916 tempest-VolumesTransfersTest-554456916-project] Calling method 'show' {{(pid=101747) _process_stack /opt/stack/cinder/cinder/api/openstack/wsgi.py:856}}
Aug 24 10:07:44.203069 dv-cinder-805796-1-smb devstack@c-api.service[101747]: /usr/local/lib/python3.8/dist-packages/oslo_context/context.py:105: DeprecationWarning: Policy enforcement is depending on the value of is_admin. This key is deprecated. Please update your policy file to use the standard policy values.
Aug 24 10:07:44.203069 dv-cinder-805796-1-smb devstack@c-api.service[101747]: warnings.warn('Policy enforcement is depending on the value of '
Aug 24 10:07:44.212461 dv-cinder-805796-1-smb devstack@c-api.service[101747]: INFO cinder.volume.api [None req-67b29b51-4bc5-4130-9f80-4a7e14dc52d3 tempest-VolumesTransfersTest-554456916 tempest-VolumesTransfersTest-554456916-project] Volume info retrieved successfully.
Aug 24 10:07:44.213835 dv-cinder-805796-1-smb devstack@c-api.service[101748]: INFO cinder.volume.api [None req-78bedf2e-bbd6-4602-b72c-b95ed53bed92 tempest-VolumesGetTest-192764594 tempest-VolumesGetTest-192764594-project] Volume updated successfully.
Aug 24 10:07:44.230672 dv-cinder-805796-1-smb devstack@c-api.service[101747]: INFO cinder.api.openstack.wsgi [None req-67b29b51-4bc5-4130-9f80-4a7e14dc52d3 tempest-VolumesTransfersTest-554456916 tempest-VolumesTransfersTest-554456916-project] http://10.222.0.84/volume/v3/9c0b6895f49c4d098fb825ebd8bba455/volumes/04a8cac2-9ed3-4060-9c6b-6fc2774e0cad returned with HTTP 200
Aug 24 10:07:44.235144 dv-cinder-805796-1-smb devstack@c-api.service[101748]: INFO cinder.api.openstack.wsgi [None req-78bedf2e-bbd6-4602-b72c-b95ed53bed92 tempest-VolumesGetTest-192764594 tempest-VolumesGetTest-192764594-project] http://10.222.0.84/volume/v3/bda41af56db24913adf75ad1280c8fd9/volumes/ef11da54-32a0-4afd-927e-4f9d49e18a9a returned with HTTP 200
Aug 24 10:07:44.243109 dv-cinder-805796-1-smb devstack@c-api.service[101747]: [pid: 101747|app: 0|req: 139/281] 10.222.0.84 () {58 vars in 1325 bytes} [Tue Aug 24 10:07:44 2021] GET /volume/v3/9c0b6895f49c4d098fb825ebd8bba455/volumes/04a8cac2-9ed3-4060-9c6b-6fc2774e0cad => generated 921 bytes in 61 msecs (HTTP/1.1 200) 7 headers in 285 bytes (1 switches on core 0)
Aug 24 10:07:44.244446 dv-cinder-805796-1-smb devstack@c-api.service[101748]: [pid: 101748|app: 0|req: 143/282] 10.222.0.84 () {60 vars in 1346 bytes} [Tue Aug 24 10:07:44 2021] PUT /volume/v3/bda41af56db24913adf75ad1280c8fd9/volumes/ef11da54-32a0-4afd-927e-4f9d49e18a9a => generated 892 bytes in 217 msecs (HTTP/1.1 200) 7 headers in 285 bytes (2 switches on core 0)
Aug 24 10:07:44.249838 dv-cinder-805796-1-smb devstack@c-api.service[101747]: INFO cinder.api.openstack.wsgi [None req-f11d366c-8d83-447f-b851-be038b3680d5 tempest-VolumesTransfersTest-554456916 tempest-VolumesTransfersTest-554456916-project] GET http://10.222.0.84/volume/v3/9c0b6895f49c4d098fb825ebd8bba455/os-volume-transfer/detail
Aug 24 10:07:44.250786 dv-cinder-805796-1-smb devstack@c-api.service[101747]: DEBUG cinder.api.openstack.wsgi [None req-f11d366c-8d83-447f-b851-be038b3680d5 tempest-VolumesTransfersTest-554456916 tempest-VolumesTransfersTest-554456916-project] Empty body provided in request {{(pid=101747) get_body /opt/stack/cinder/cinder/api/openstack/wsgi.py:703}}
Aug 24 10:07:44.251141 dv-cinder-805796-1-smb devstack@c-api.service[101747]: /usr/local/lib/python3.8/dist-packages/webob/acceptparse.py:1047: DeprecationWarning: The behavior of AcceptValidHeader.best_match is currently being maintained for backward compatibility, but it will be deprecated in the future, as it does not conform to the RFC.
Aug 24 10:07:44.251141 dv-cinder-805796-1-smb devstack@c-api.service[101747]: warnings.warn(
Aug 24 10:07:44.251778 dv-cinder-805796-1-smb devstack@c-api.service[101747]: DEBUG cinder.api.openstack.wsgi [None req-f11d366c-8d83-447f-b851-be038b3680d5 tempest-VolumesTransfersTest-554456916 tempest-VolumesTransfersTest-554456916-project] Calling method 'detail' {{(pid=101747) _process_stack /opt/stack/cinder/cinder/api/openstack/wsgi.py:856}}
Aug 24 10:07:44.252313 dv-cinder-805796-1-smb devstack@c-api.service[101747]: DEBUG cinder.api.contrib.volume_transfer [None req-f11d366c-8d83-447f-b851-be038b3680d5 tempest-VolumesTransfersTest-554456916 tempest-VolumesTransfersTest-554456916-project] Listing volume transfers {{(pid=101747) _get_transfers /opt/stack/cinder/cinder/api/contrib/volume_transfer.py:63}}
Aug 24 10:07:44.263513 dv-cinder-805796-1-smb devstack@c-api.service[101748]: INFO cinder.api.openstack.wsgi [None req-0046f8eb-450e-4b70-9954-7721baa66d5b tempest-VolumesGetTest-192764594 tempest-VolumesGetTest-192764594-project] GET http://10.222.0.84/volume/v3/bda41af56db24913adf75ad1280c8fd9/volumes/ef11da54-32a0-4afd-927e-4f9d49e18a9a
Aug 24 10:07:44.265253 dv-cinder-805796-1-smb devstack@c-api.service[101748]: DEBUG cinder.api.openstack.wsgi [None req-0046f8eb-450e-4b70-9954-7721baa66d5b tempest-VolumesGetTest-192764594 tempest-VolumesGetTest-192764594-project] Empty body provided in request {{(pid=101748) get_body /opt/stack/cinder/cinder/api/openstack/wsgi.py:703}}
Aug 24 10:07:44.265553 dv-cinder-805796-1-smb devstack@c-api.service[101748]: /usr/local/lib/python3.8/dist-packages/webob/acceptparse.py:1047: DeprecationWarning: The behavior of AcceptValidHeader.best_match is currently being maintained for backward compatibility, but it will be deprecated in the future, as it does not conform to the RFC.
Aug 24 10:07:44.265553 dv-cinder-805796-1-smb devstack@c-api.service[101748]: warnings.warn(
Aug 24 10:07:44.267213 dv-cinder-805796-1-smb devstack@c-api.service[101748]: DEBUG cinder.api.openstack.wsgi [None req-0046f8eb-450e-4b70-9954-7721baa66d5b tempest-VolumesGetTest-192764594 tempest-VolumesGetTest-192764594-project] Calling method 'show' {{(pid=101748) _process_stack /opt/stack/cinder/cinder/api/openstack/wsgi.py:856}}
Aug 24 10:07:44.271041 dv-cinder-805796-1-smb devstack@c-api.service[101747]: INFO cinder.api.openstack.wsgi [None req-f11d366c-8d83-447f-b851-be038b3680d5 tempest-VolumesTransfersTest-554456916 tempest-VolumesTransfersTest-554456916-project] http://10.222.0.84/volume/v3/9c0b6895f49c4d098fb825ebd8bba455/os-volume-transfer/detail returned with HTTP 200
Aug 24 10:07:44.274032 dv-cinder-805796-1-smb devstack@c-api.service[101747]: [pid: 101747|app: 0|req: 140/283] 10.222.0.84 () {58 vars in 1268 bytes} [Tue Aug 24 10:07:44 2021] GET /volume/v3/9c0b6895f49c4d098fb825ebd8bba455/os-volume-transfer/detail => generated 478 bytes in 30 msecs (HTTP/1.1 200) 7 headers in 285 bytes (2 switches on core 0)
Aug 24 10:07:44.285195 dv-cinder-805796-1-smb devstack@c-api.service[101747]: INFO cinder.api.openstack.wsgi [None req-57a4850c-e03f-4573-8bde-6a866c4c79db tempest-VolumesTransfersTest-554456916 tempest-VolumesTransfersTest-554456916-project] DELETE http://10.222.0.84/volume/v3/9c0b6895f49c4d098fb825ebd8bba455/os-volume-transfer/883ece41-0c62-4336-ab1f-3386a82955bf
Aug 24 10:07:44.286343 dv-cinder-805796-1-smb devstack@c-api.service[101747]: DEBUG cinder.api.openstack.wsgi [None req-57a4850c-e03f-4573-8bde-6a866c4c79db tempest-VolumesTransfersTest-554456916 tempest-VolumesTransfersTest-554456916-project] Empty body provided in request {{(pid=101747) get_body /opt/stack/cinder/cinder/api/openstack/wsgi.py:703}}
Aug 24 10:07:44.292462 dv-cinder-805796-1-smb devstack@c-api.service[101747]: DEBUG cinder.api.openstack.wsgi [None req-57a4850c-e03f-4573-8bde-6a866c4c79db tempest-VolumesTransfersTest-554456916 tempest-VolumesTransfersTest-554456916-project] Calling method 'delete' {{(pid=101747) _process_stack /opt/stack/cinder/cinder/api/openstack/wsgi.py:856}}
Aug 24 10:07:44.292758 dv-cinder-805796-1-smb devstack@c-api.service[101747]: INFO cinder.api.contrib.volume_transfer [None req-57a4850c-e03f-4573-8bde-6a866c4c79db tempest-VolumesTransfersTest-554456916 tempest-VolumesTransfersTest-554456916-project] Delete transfer with id: 883ece41-0c62-4336-ab1f-3386a82955bf
Aug 24 10:07:44.303041 dv-cinder-805796-1-smb devstack@c-api.service[101748]: /usr/local/lib/python3.8/dist-packages/oslo_context/context.py:105: DeprecationWarning: Policy enforcement is depending on the value of is_admin. This key is deprecated. Please update your policy file to use the standard policy values.
Aug 24 10:07:44.303041 dv-cinder-805796-1-smb devstack@c-api.service[101748]: warnings.warn('Policy enforcement is depending on the value of '
Aug 24 10:07:44.311573 dv-cinder-805796-1-smb devstack@c-api.service[101748]: INFO cinder.volume.api [None req-0046f8eb-450e-4b70-9954-7721baa66d5b tempest-VolumesGetTest-192764594 tempest-VolumesGetTest-192764594-project] Volume info retrieved successfully.
Aug 24 10:07:44.329179 dv-cinder-805796-1-smb devstack@c-api.service[101748]: INFO cinder.api.openstack.wsgi [None req-0046f8eb-450e-4b70-9954-7721baa66d5b tempest-VolumesGetTest-192764594 tempest-VolumesGetTest-192764594-project] http://10.222.0.84/volume/v3/bda41af56db24913adf75ad1280c8fd9/volumes/ef11da54-32a0-4afd-927e-4f9d49e18a9a returned with HTTP 200
Aug 24 10:07:44.330078 dv-cinder-805796-1-smb devstack@c-api.service[101748]: [pid: 101748|app: 0|req: 144/284] 10.222.0.84 () {58 vars in 1325 bytes} [Tue Aug 24 10:07:44 2021] GET /volume/v3/bda41af56db24913adf75ad1280c8fd9/volumes/ef11da54-32a0-4afd-927e-4f9d49e18a9a => generated 960 bytes in 75 msecs (HTTP/1.1 200) 7 headers in 285 bytes (1 switches on core 0)
Aug 24 10:07:44.337589 dv-cinder-805796-1-smb devstack@c-api.service[101747]: /usr/local/lib/python3.8/dist-packages/oslo_context/context.py:105: DeprecationWarning: Policy enforcement is depending on the value of is_admin. This key is deprecated. Please update your policy file to use the standard policy values.
Aug 24 10:07:44.337589 dv-cinder-805796-1-smb devstack@c-api.service[101747]: warnings.warn('Policy enforcement is depending on the value of '
Aug 24 10:07:44.349481 dv-cinder-805796-1-smb devstack@c-api.service[101748]: INFO cinder.api.openstack.wsgi [None req-bf5a8ee2-4373-48f8-943f-385c370171ac tempest-VolumesGetTest-192764594 tempest-VolumesGetTest-192764594-project] POST http://10.222.0.84/volume/v3/bda41af56db24913adf75ad1280c8fd9/volumes
Aug 24 10:07:44.350389 dv-cinder-805796-1-smb devstack@c-api.service[101748]: /usr/local/lib/python3.8/dist-packages/webob/acceptparse.py:1047: DeprecationWarning: The behavior of AcceptValidHeader.best_match is currently being maintained for backward compatibility, but it will be deprecated in the future, as it does not conform to the RFC.
Aug 24 10:07:44.350389 dv-cinder-805796-1-smb devstack@c-api.service[101748]: warnings.warn(
Aug 24 10:07:44.351673 dv-cinder-805796-1-smb devstack@c-api.service[101748]: DEBUG cinder.api.openstack.wsgi [None req-bf5a8ee2-4373-48f8-943f-385c370171ac tempest-VolumesGetTest-192764594 tempest-VolumesGetTest-192764594-project] Action: 'create', calling method: create, body: {"volume": {"description": "tempest-@#$%^* description-2014206060", "availability_zone": "nova", "size": 1}} {{(pid=101748) _process_stack /opt/stack/cinder/cinder/api/openstack/wsgi.py:854}}
Aug 24 10:07:44.353945 dv-cinder-805796-1-smb devstack@c-api.service[101748]: DEBUG cinder.api.v3.volumes [None req-bf5a8ee2-4373-48f8-943f-385c370171ac tempest-VolumesGetTest-192764594 tempest-VolumesGetTest-192764594-project] Create volume request body: {'volume': {'description': 'tempest-@#$%^* description-2014206060', 'availability_zone': 'nova', 'size': 1}} {{(pid=101748) create /opt/stack/cinder/cinder/api/v3/volumes.py:290}}
Aug 24 10:07:44.354833 dv-cinder-805796-1-smb devstack@c-api.service[101748]: INFO cinder.api.v3.volumes [None req-bf5a8ee2-4373-48f8-943f-385c370171ac tempest-VolumesGetTest-192764594 tempest-VolumesGetTest-192764594-project] Create volume of 1 GB
Aug 24 10:07:44.367827 dv-cinder-805796-1-smb devstack@c-api.service[101748]: INFO cinder.volume.api [None req-bf5a8ee2-4373-48f8-943f-385c370171ac tempest-VolumesGetTest-192764594 tempest-VolumesGetTest-192764594-project] Availability Zones retrieved successfully.
Aug 24 10:07:44.393201 dv-cinder-805796-1-smb devstack@c-api.service[101748]: DEBUG cinder.volume.api [None req-bf5a8ee2-4373-48f8-943f-385c370171ac tempest-VolumesGetTest-192764594 tempest-VolumesGetTest-192764594-project] Flow 'volume_create_api' (2045386c-72e4-44a5-bb7b-8e5428fb40b7) transitioned into state 'RUNNING' from state 'PENDING' {{(pid=101748) _flow_receiver /usr/local/lib/python3.8/dist-packages/taskflow/listeners/logging.py:141}}
Aug 24 10:07:44.396932 dv-cinder-805796-1-smb devstack@c-api.service[101748]: DEBUG cinder.volume.api [None req-bf5a8ee2-4373-48f8-943f-385c370171ac tempest-VolumesGetTest-192764594 tempest-VolumesGetTest-192764594-project] Task 'cinder.volume.flows.api.create_volume.ExtractVolumeRequestTask;volume:create' (7399e414-73b9-4e49-aba1-a1af00ebcd05) transitioned into state 'RUNNING' from state 'PENDING' {{(pid=101748) _task_receiver /usr/local/lib/python3.8/dist-packages/taskflow/listeners/logging.py:190}}
Aug 24 10:07:44.404036 dv-cinder-805796-1-smb devstack@c-api.service[101748]: DEBUG cinder.volume.flows.api.create_volume [None req-bf5a8ee2-4373-48f8-943f-385c370171ac tempest-VolumesGetTest-192764594 tempest-VolumesGetTest-192764594-project] Validating volume size '1' using validate_int {{(pid=101748) _extract_size /opt/stack/cinder/cinder/volume/flows/api/create_volume.py:225}}
Aug 24 10:07:44.467052 dv-cinder-805796-1-smb devstack@c-api.service[101748]: DEBUG cinder.volume.api [None req-bf5a8ee2-4373-48f8-943f-385c370171ac tempest-VolumesGetTest-192764594 tempest-VolumesGetTest-192764594-project] Task 'cinder.volume.flows.api.create_volume.ExtractVolumeRequestTask;volume:create' (7399e414-73b9-4e49-aba1-a1af00ebcd05) transitioned into state 'SUCCESS' from state 'RUNNING' with result '{'size': 1, 'snapshot_id': None, 'source_volid': None, 'volume_type': VolumeType(created_at=2021-08-24T09:49:54Z,deleted=False,deleted_at=None,description='Default Volume Type',extra_specs={},id=cee35cc3-97f2-43f9-a232-d42e403444c4,is_public=True,name='__DEFAULT__',projects=[],qos_specs=,qos_specs_id=None,updated_at=2021-08-24T09:49:54Z), 'volume_type_id': 'cee35cc3-97f2-43f9-a232-d42e403444c4', 'encryption_key_id': None, 'qos_specs': None, 'consistencygroup_id': None, 'cgsnapshot_id': None, 'group_id': None, 'replication_status': 'disabled', 'refresh_az': False, 'backup_id': None, 'multiattach': False, 'availability_zones': ['nova']}' {{(pid=101748) _task_receiver /usr/local/lib/python3.8/dist-packages/taskflow/listeners/logging.py:178}}
Aug 24 10:07:44.472811 dv-cinder-805796-1-smb devstack@c-api.service[101748]: DEBUG cinder.volume.api [None req-bf5a8ee2-4373-48f8-943f-385c370171ac tempest-VolumesGetTest-192764594 tempest-VolumesGetTest-192764594-project] Task 'cinder.volume.flows.api.create_volume.QuotaReserveTask;volume:create' (415aff0c-0bfb-478a-91b4-8b61fe2d436c) transitioned into state 'RUNNING' from state 'PENDING' {{(pid=101748) _task_receiver /usr/local/lib/python3.8/dist-packages/taskflow/listeners/logging.py:190}}
Aug 24 10:07:44.578820 dv-cinder-805796-1-smb devstack@c-api.service[101747]: INFO cinder.api.openstack.wsgi [None req-57a4850c-e03f-4573-8bde-6a866c4c79db tempest-VolumesTransfersTest-554456916 tempest-VolumesTransfersTest-554456916-project] http://10.222.0.84/volume/v3/9c0b6895f49c4d098fb825ebd8bba455/os-volume-transfer/883ece41-0c62-4336-ab1f-3386a82955bf returned with HTTP 202
Aug 24 10:07:44.579873 dv-cinder-805796-1-smb devstack@c-api.service[101747]: [pid: 101747|app: 0|req: 141/285] 10.222.0.84 () {58 vars in 1361 bytes} [Tue Aug 24 10:07:44 2021] DELETE /volume/v3/9c0b6895f49c4d098fb825ebd8bba455/os-volume-transfer/883ece41-0c62-4336-ab1f-3386a82955bf => generated 0 bytes in 300 msecs (HTTP/1.1 202) 6 headers in 233 bytes (2 switches on core 0)
Aug 24 10:07:44.584493 dv-cinder-805796-1-smb devstack@c-api.service[101747]: INFO cinder.api.openstack.wsgi [None req-2fae9f69-ce52-4d68-b847-46611bc78b40 tempest-VolumesMetadataTest-1052996079 tempest-VolumesMetadataTest-1052996079-project] GET http://10.222.0.84/volume/v3/358ff3dfc77a490787e6ca97a6a9b032/volumes/8932f799-951e-4540-a882-6b5688d87110
Aug 24 10:07:44.585184 dv-cinder-805796-1-smb devstack@c-api.service[101747]: DEBUG cinder.api.openstack.wsgi [None req-2fae9f69-ce52-4d68-b847-46611bc78b40 tempest-VolumesMetadataTest-1052996079 tempest-VolumesMetadataTest-1052996079-project] Empty body provided in request {{(pid=101747) get_body /opt/stack/cinder/cinder/api/openstack/wsgi.py:703}}
Aug 24 10:07:44.585386 dv-cinder-805796-1-smb devstack@c-api.service[101747]: /usr/local/lib/python3.8/dist-packages/webob/acceptparse.py:1047: DeprecationWarning: The behavior of AcceptValidHeader.best_match is currently being maintained for backward compatibility, but it will be deprecated in the future, as it does not conform to the RFC.
Aug 24 10:07:44.585386 dv-cinder-805796-1-smb devstack@c-api.service[101747]: warnings.warn(
Aug 24 10:07:44.586623 dv-cinder-805796-1-smb devstack@c-api.service[101747]: DEBUG cinder.api.openstack.wsgi [None req-2fae9f69-ce52-4d68-b847-46611bc78b40 tempest-VolumesMetadataTest-1052996079 tempest-VolumesMetadataTest-1052996079-project] Calling method 'show' {{(pid=101747) _process_stack /opt/stack/cinder/cinder/api/openstack/wsgi.py:856}}
Aug 24 10:07:44.611961 dv-cinder-805796-1-smb devstack@c-api.service[101747]: INFO cinder.api.openstack.wsgi [None req-2fae9f69-ce52-4d68-b847-46611bc78b40 tempest-VolumesMetadataTest-1052996079 tempest-VolumesMetadataTest-1052996079-project] http://10.222.0.84/volume/v3/358ff3dfc77a490787e6ca97a6a9b032/volumes/8932f799-951e-4540-a882-6b5688d87110 returned with HTTP 404
Aug 24 10:07:44.612901 dv-cinder-805796-1-smb devstack@c-api.service[101747]: [pid: 101747|app: 0|req: 142/286] 10.222.0.84 () {58 vars in 1325 bytes} [Tue Aug 24 10:07:44 2021] GET /volume/v3/358ff3dfc77a490787e6ca97a6a9b032/volumes/8932f799-951e-4540-a882-6b5688d87110 => generated 109 bytes in 32 msecs (HTTP/1.1 404) 7 headers in 292 bytes (1 switches on core 0)
Aug 24 10:07:44.617094 dv-cinder-805796-1-smb devstack@c-api.service[101747]: INFO cinder.api.openstack.wsgi [None req-a6c06c04-abaa-4c07-86fc-8a7ca33de821 tempest-VolumesTransfersTest-554456916 tempest-VolumesTransfersTest-554456916-project] GET http://10.222.0.84/volume/v3/9c0b6895f49c4d098fb825ebd8bba455/volumes/04a8cac2-9ed3-4060-9c6b-6fc2774e0cad
Aug 24 10:07:44.617994 dv-cinder-805796-1-smb devstack@c-api.service[101747]: DEBUG cinder.api.openstack.wsgi [None req-a6c06c04-abaa-4c07-86fc-8a7ca33de821 tempest-VolumesTransfersTest-554456916 tempest-VolumesTransfersTest-554456916-project] Empty body provided in request {{(pid=101747) get_body /opt/stack/cinder/cinder/api/openstack/wsgi.py:703}}
Aug 24 10:07:44.618635 dv-cinder-805796-1-smb devstack@c-api.service[101747]: DEBUG cinder.api.openstack.wsgi [None req-a6c06c04-abaa-4c07-86fc-8a7ca33de821 tempest-VolumesTransfersTest-554456916 tempest-VolumesTransfersTest-554456916-project] Calling method 'show' {{(pid=101747) _process_stack /opt/stack/cinder/cinder/api/openstack/wsgi.py:856}}
Aug 24 10:07:44.633450 dv-cinder-805796-1-smb devstack@c-api.service[101747]: /usr/local/lib/python3.8/dist-packages/oslo_context/context.py:105: DeprecationWarning: Policy enforcement is depending on the value of is_admin. This key is deprecated. Please update your policy file to use the standard policy values.
Aug 24 10:07:44.633450 dv-cinder-805796-1-smb devstack@c-api.service[101747]: warnings.warn('Policy enforcement is depending on the value of '
Aug 24 10:07:44.642620 dv-cinder-805796-1-smb devstack@c-api.service[101747]: INFO cinder.volume.api [None req-a6c06c04-abaa-4c07-86fc-8a7ca33de821 tempest-VolumesTransfersTest-554456916 tempest-VolumesTransfersTest-554456916-project] Volume info retrieved successfully.
Aug 24 10:07:44.668081 dv-cinder-805796-1-smb devstack@c-api.service[101747]: INFO cinder.api.openstack.wsgi [None req-a6c06c04-abaa-4c07-86fc-8a7ca33de821 tempest-VolumesTransfersTest-554456916 tempest-VolumesTransfersTest-554456916-project] http://10.222.0.84/volume/v3/9c0b6895f49c4d098fb825ebd8bba455/volumes/04a8cac2-9ed3-4060-9c6b-6fc2774e0cad returned with HTTP 200
Aug 24 10:07:44.669502 dv-cinder-805796-1-smb devstack@c-api.service[101747]: [pid: 101747|app: 0|req: 143/287] 10.222.0.84 () {58 vars in 1325 bytes} [Tue Aug 24 10:07:44 2021] GET /volume/v3/9c0b6895f49c4d098fb825ebd8bba455/volumes/04a8cac2-9ed3-4060-9c6b-6fc2774e0cad => generated 913 bytes in 56 msecs (HTTP/1.1 200) 7 headers in 285 bytes (1 switches on core 0)
Aug 24 10:07:44.691764 dv-cinder-805796-1-smb devstack@c-api.service[101747]: INFO cinder.api.openstack.wsgi [None req-60fc1e34-bd27-45ba-858a-6f6fda68f4c2 tempest-VolumesTransfersTest-554456916 tempest-VolumesTransfersTest-554456916-project] DELETE http://10.222.0.84/volume/v3/9c0b6895f49c4d098fb825ebd8bba455/os-volume-transfer/883ece41-0c62-4336-ab1f-3386a82955bf
Aug 24 10:07:44.692843 dv-cinder-805796-1-smb devstack@c-api.service[101747]: DEBUG cinder.api.openstack.wsgi [None req-60fc1e34-bd27-45ba-858a-6f6fda68f4c2 tempest-VolumesTransfersTest-554456916 tempest-VolumesTransfersTest-554456916-project] Empty body provided in request {{(pid=101747) get_body /opt/stack/cinder/cinder/api/openstack/wsgi.py:703}}
Aug 24 10:07:44.693143 dv-cinder-805796-1-smb devstack@c-api.service[101747]: /usr/local/lib/python3.8/dist-packages/webob/acceptparse.py:1047: DeprecationWarning: The behavior of AcceptValidHeader.best_match is currently being maintained for backward compatibility, but it will be deprecated in the future, as it does not conform to the RFC.
Aug 24 10:07:44.693143 dv-cinder-805796-1-smb devstack@c-api.service[101747]: warnings.warn(
Aug 24 10:07:44.693591 dv-cinder-805796-1-smb devstack@c-api.service[101747]: DEBUG cinder.api.openstack.wsgi [None req-60fc1e34-bd27-45ba-858a-6f6fda68f4c2 tempest-VolumesTransfersTest-554456916 tempest-VolumesTransfersTest-554456916-project] Calling method 'delete' {{(pid=101747) _process_stack /opt/stack/cinder/cinder/api/openstack/wsgi.py:856}}
Aug 24 10:07:44.694064 dv-cinder-805796-1-smb devstack@c-api.service[101747]: INFO cinder.api.contrib.volume_transfer [None req-60fc1e34-bd27-45ba-858a-6f6fda68f4c2 tempest-VolumesTransfersTest-554456916 tempest-VolumesTransfersTest-554456916-project] Delete transfer with id: 883ece41-0c62-4336-ab1f-3386a82955bf
Aug 24 10:07:44.700685 dv-cinder-805796-1-smb devstack@c-api.service[101748]: DEBUG cinder.quota [None req-bf5a8ee2-4373-48f8-943f-385c370171ac tempest-VolumesGetTest-192764594 tempest-VolumesGetTest-192764594-project] Created reservations ['060b7164-3f34-44f5-88df-6a12f137b007', '3f44f34e-5b92-49d2-941f-c6dd26d84417', 'c806f847-9047-4aeb-9c7c-437ff0f9ed7b', 'acf9f35f-1471-4bc2-8f68-fbc0d065803a'] {{(pid=101748) reserve /opt/stack/cinder/cinder/quota.py:755}}
Aug 24 10:07:44.703795 dv-cinder-805796-1-smb devstack@c-api.service[101747]: INFO cinder.api.openstack.wsgi [None req-60fc1e34-bd27-45ba-858a-6f6fda68f4c2 tempest-VolumesTransfersTest-554456916 tempest-VolumesTransfersTest-554456916-project] http://10.222.0.84/volume/v3/9c0b6895f49c4d098fb825ebd8bba455/os-volume-transfer/883ece41-0c62-4336-ab1f-3386a82955bf returned with HTTP 404
Aug 24 10:07:44.704788 dv-cinder-805796-1-smb devstack@c-api.service[101747]: [pid: 101747|app: 0|req: 144/288] 10.222.0.84 () {58 vars in 1361 bytes} [Tue Aug 24 10:07:44 2021] DELETE /volume/v3/9c0b6895f49c4d098fb825ebd8bba455/os-volume-transfer/883ece41-0c62-4336-ab1f-3386a82955bf => generated 111 bytes in 19 msecs (HTTP/1.1 404) 7 headers in 292 bytes (1 switches on core 0)
Aug 24 10:07:44.704915 dv-cinder-805796-1-smb devstack@c-api.service[101748]: DEBUG cinder.volume.api [None req-bf5a8ee2-4373-48f8-943f-385c370171ac tempest-VolumesGetTest-192764594 tempest-VolumesGetTest-192764594-project] Task 'cinder.volume.flows.api.create_volume.QuotaReserveTask;volume:create' (415aff0c-0bfb-478a-91b4-8b61fe2d436c) transitioned into state 'SUCCESS' from state 'RUNNING' with result '{'reservations': ['060b7164-3f34-44f5-88df-6a12f137b007', '3f44f34e-5b92-49d2-941f-c6dd26d84417', 'c806f847-9047-4aeb-9c7c-437ff0f9ed7b', 'acf9f35f-1471-4bc2-8f68-fbc0d065803a']}' {{(pid=101748) _task_receiver /usr/local/lib/python3.8/dist-packages/taskflow/listeners/logging.py:178}}
Aug 24 10:07:44.709637 dv-cinder-805796-1-smb devstack@c-api.service[101748]: DEBUG cinder.volume.api [None req-bf5a8ee2-4373-48f8-943f-385c370171ac tempest-VolumesGetTest-192764594 tempest-VolumesGetTest-192764594-project] Task 'cinder.volume.flows.api.create_volume.EntryCreateTask;volume:create' (f63d8754-8c22-4af1-8f6d-effbf720d472) transitioned into state 'RUNNING' from state 'PENDING' {{(pid=101748) _task_receiver /usr/local/lib/python3.8/dist-packages/taskflow/listeners/logging.py:190}}
Aug 24 10:07:44.714420 dv-cinder-805796-1-smb devstack@c-api.service[101747]: INFO cinder.api.openstack.wsgi [None req-c24e9d8c-52a9-494b-9e61-aec0d9ddb58e tempest-VolumesTransfersTest-1535701740 tempest-VolumesTransfersTest-1535701740-project-admin] DELETE http://10.222.0.84/volume/v3/90349b577ba64285ab1a4180c6ef4808/volumes/04a8cac2-9ed3-4060-9c6b-6fc2774e0cad
Aug 24 10:07:44.714420 dv-cinder-805796-1-smb devstack@c-api.service[101747]: DEBUG cinder.api.openstack.wsgi [None req-c24e9d8c-52a9-494b-9e61-aec0d9ddb58e tempest-VolumesTransfersTest-1535701740 tempest-VolumesTransfersTest-1535701740-project-admin] Empty body provided in request {{(pid=101747) get_body /opt/stack/cinder/cinder/api/openstack/wsgi.py:703}}
Aug 24 10:07:44.714420 dv-cinder-805796-1-smb devstack@c-api.service[101747]: DEBUG cinder.api.openstack.wsgi [None req-c24e9d8c-52a9-494b-9e61-aec0d9ddb58e tempest-VolumesTransfersTest-1535701740 tempest-VolumesTransfersTest-1535701740-project-admin] Calling method 'delete' {{(pid=101747) _process_stack /opt/stack/cinder/cinder/api/openstack/wsgi.py:856}}
Aug 24 10:07:44.714420 dv-cinder-805796-1-smb devstack@c-api.service[101747]: INFO cinder.api.v3.volumes [None req-c24e9d8c-52a9-494b-9e61-aec0d9ddb58e tempest-VolumesTransfersTest-1535701740 tempest-VolumesTransfersTest-1535701740-project-admin] Delete volume with id: 04a8cac2-9ed3-4060-9c6b-6fc2774e0cad
