Sep 06 14:26:38.269883 dv-cinder-805316-5-smb devstack@c-api.service[101462]: /usr/local/lib/python3.8/dist-packages/webob/acceptparse.py:1047: DeprecationWarning: The behavior of AcceptValidHeader.best_match is currently being maintained for backward compatibility, but it will be deprecated in the future, as it does not conform to the RFC.
Sep 06 14:26:38.269883 dv-cinder-805316-5-smb devstack@c-api.service[101462]: warnings.warn(
Sep 06 14:26:38.270228 dv-cinder-805316-5-smb devstack@c-api.service[101462]: DEBUG cinder.api.openstack.wsgi [None req-1f85adab-c511-4dfc-bde6-279eb0dc9d28 tempest-GroupsTest-1610968148 tempest-GroupsTest-1610968148-project] Action: 'update', calling method: version_select, body: {"group": {"add_volumes": "2e10b5ab-27be-493c-8398-a59a81813a5f"}} {{(pid=101462) _process_stack /opt/stack/cinder/cinder/api/openstack/wsgi.py:854}}
Sep 06 14:26:38.271585 dv-cinder-805316-5-smb devstack@c-api.service[101462]: DEBUG cinder.api.v3.groups [None req-1f85adab-c511-4dfc-bde6-279eb0dc9d28 tempest-GroupsTest-1610968148 tempest-GroupsTest-1610968148-project] Update called for group a814cf8e-61d0-48d3-9b45-c9135cf352e5. {{(pid=101462) update /opt/stack/cinder/cinder/api/v3/groups.py:302}}
Sep 06 14:26:38.271872 dv-cinder-805316-5-smb devstack@c-api.service[101462]: INFO cinder.api.v3.groups [None req-1f85adab-c511-4dfc-bde6-279eb0dc9d28 tempest-GroupsTest-1610968148 tempest-GroupsTest-1610968148-project] Updating group a814cf8e-61d0-48d3-9b45-c9135cf352e5 with name None description: None add_volumes: 2e10b5ab-27be-493c-8398-a59a81813a5f remove_volumes: None.
Sep 06 14:26:38.277843 dv-cinder-805316-5-smb devstack@c-api.service[101462]: /usr/local/lib/python3.8/dist-packages/oslo_context/context.py:105: DeprecationWarning: Policy enforcement is depending on the value of is_admin. This key is deprecated. Please update your policy file to use the standard policy values.
Sep 06 14:26:38.277843 dv-cinder-805316-5-smb devstack@c-api.service[101462]: warnings.warn('Policy enforcement is depending on the value of '
Sep 06 14:26:38.324169 dv-cinder-805316-5-smb devstack@c-api.service[101461]: INFO cinder.api.openstack.wsgi [None req-e14f904e-8f3e-4e41-95ba-c9f5b3092c2b tempest-VolumesTransfersV355Test-2032054864 tempest-VolumesTransfersV355Test-2032054864-project-admin] GET http://10.222.0.63/volume/v3/eaf622b0698d416aa4c6d977cc2afb05/volumes/b2784baf-2b92-4860-9695-ad37d6b28bdf
Sep 06 14:26:38.324655 dv-cinder-805316-5-smb devstack@c-api.service[101461]: DEBUG cinder.api.openstack.wsgi [None req-e14f904e-8f3e-4e41-95ba-c9f5b3092c2b tempest-VolumesTransfersV355Test-2032054864 tempest-VolumesTransfersV355Test-2032054864-project-admin] Empty body provided in request {{(pid=101461) get_body /opt/stack/cinder/cinder/api/openstack/wsgi.py:703}}
Sep 06 14:26:38.324816 dv-cinder-805316-5-smb devstack@c-api.service[101461]: /usr/local/lib/python3.8/dist-packages/webob/acceptparse.py:1047: DeprecationWarning: The behavior of AcceptValidHeader.best_match is currently being maintained for backward compatibility, but it will be deprecated in the future, as it does not conform to the RFC.
Sep 06 14:26:38.324816 dv-cinder-805316-5-smb devstack@c-api.service[101461]: warnings.warn(
Sep 06 14:26:38.325132 dv-cinder-805316-5-smb devstack@c-api.service[101461]: DEBUG cinder.api.openstack.wsgi [None req-e14f904e-8f3e-4e41-95ba-c9f5b3092c2b tempest-VolumesTransfersV355Test-2032054864 tempest-VolumesTransfersV355Test-2032054864-project-admin] Calling method 'show' {{(pid=101461) _process_stack /opt/stack/cinder/cinder/api/openstack/wsgi.py:856}}
Sep 06 14:26:38.336133 dv-cinder-805316-5-smb devstack@c-api.service[101461]: INFO cinder.api.openstack.wsgi [None req-e14f904e-8f3e-4e41-95ba-c9f5b3092c2b tempest-VolumesTransfersV355Test-2032054864 tempest-VolumesTransfersV355Test-2032054864-project-admin] http://10.222.0.63/volume/v3/eaf622b0698d416aa4c6d977cc2afb05/volumes/b2784baf-2b92-4860-9695-ad37d6b28bdf returned with HTTP 404
Sep 06 14:26:38.337046 dv-cinder-805316-5-smb devstack@c-api.service[101461]: [pid: 101461|app: 0|req: 160/344] 10.222.0.63 () {60 vars in 1366 bytes} [Mon Sep 6 14:26:38 2021] GET /volume/v3/eaf622b0698d416aa4c6d977cc2afb05/volumes/b2784baf-2b92-4860-9695-ad37d6b28bdf => generated 109 bytes in 17 msecs (HTTP/1.1 404) 7 headers in 293 bytes (2 switches on core 0)
Sep 06 14:26:38.344760 dv-cinder-805316-5-smb devstack@c-api.service[101461]: INFO cinder.api.openstack.wsgi [None req-e93fc677-ff3a-4e20-9550-a2a0632fb751 tempest-VolumesTransfersV355Test-1331953787 tempest-VolumesTransfersV355Test-1331953787-project] DELETE http://10.222.0.63/volume/v3/87215b40c1d84fd7a3cac696df0e6ab4/volumes/b2784baf-2b92-4860-9695-ad37d6b28bdf
Sep 06 14:26:38.345202 dv-cinder-805316-5-smb devstack@c-api.service[101461]: DEBUG cinder.api.openstack.wsgi [None req-e93fc677-ff3a-4e20-9550-a2a0632fb751 tempest-VolumesTransfersV355Test-1331953787 tempest-VolumesTransfersV355Test-1331953787-project] Empty body provided in request {{(pid=101461) get_body /opt/stack/cinder/cinder/api/openstack/wsgi.py:703}}
Sep 06 14:26:38.345607 dv-cinder-805316-5-smb devstack@c-api.service[101461]: DEBUG cinder.api.openstack.wsgi [None req-e93fc677-ff3a-4e20-9550-a2a0632fb751 tempest-VolumesTransfersV355Test-1331953787 tempest-VolumesTransfersV355Test-1331953787-project] Calling method 'delete' {{(pid=101461) _process_stack /opt/stack/cinder/cinder/api/openstack/wsgi.py:856}}
Sep 06 14:26:38.345999 dv-cinder-805316-5-smb devstack@c-api.service[101461]: INFO cinder.api.v3.volumes [None req-e93fc677-ff3a-4e20-9550-a2a0632fb751 tempest-VolumesTransfersV355Test-1331953787 tempest-VolumesTransfersV355Test-1331953787-project] Delete volume with id: b2784baf-2b92-4860-9695-ad37d6b28bdf
Sep 06 14:26:38.357271 dv-cinder-805316-5-smb devstack@c-api.service[101461]: INFO cinder.api.openstack.wsgi [None req-e93fc677-ff3a-4e20-9550-a2a0632fb751 tempest-VolumesTransfersV355Test-1331953787 tempest-VolumesTransfersV355Test-1331953787-project] http://10.222.0.63/volume/v3/87215b40c1d84fd7a3cac696df0e6ab4/volumes/b2784baf-2b92-4860-9695-ad37d6b28bdf returned with HTTP 404
Sep 06 14:26:38.358082 dv-cinder-805316-5-smb devstack@c-api.service[101461]: [pid: 101461|app: 0|req: 161/345] 10.222.0.63 () {58 vars in 1328 bytes} [Mon Sep 6 14:26:38 2021] DELETE /volume/v3/87215b40c1d84fd7a3cac696df0e6ab4/volumes/b2784baf-2b92-4860-9695-ad37d6b28bdf => generated 109 bytes in 16 msecs (HTTP/1.1 404) 7 headers in 292 bytes (2 switches on core 0)
Sep 06 14:26:38.365359 dv-cinder-805316-5-smb devstack@c-api.service[101461]: INFO cinder.api.openstack.wsgi [None req-362094db-d23b-43e9-902f-07d298986099 tempest-VolumesTransfersV355Test-1331953787 tempest-VolumesTransfersV355Test-1331953787-project] DELETE http://10.222.0.63/volume/v3/87215b40c1d84fd7a3cac696df0e6ab4/volumes/4490f485-1b47-4aac-88f9-b73bba38d0bc
Sep 06 14:26:38.366197 dv-cinder-805316-5-smb devstack@c-api.service[101461]: DEBUG cinder.api.openstack.wsgi [None req-362094db-d23b-43e9-902f-07d298986099 tempest-VolumesTransfersV355Test-1331953787 tempest-VolumesTransfersV355Test-1331953787-project] Empty body provided in request {{(pid=101461) get_body /opt/stack/cinder/cinder/api/openstack/wsgi.py:703}}
Sep 06 14:26:38.366379 dv-cinder-805316-5-smb devstack@c-api.service[101461]: DEBUG cinder.api.openstack.wsgi [None req-362094db-d23b-43e9-902f-07d298986099 tempest-VolumesTransfersV355Test-1331953787 tempest-VolumesTransfersV355Test-1331953787-project] Calling method 'delete' {{(pid=101461) _process_stack /opt/stack/cinder/cinder/api/openstack/wsgi.py:856}}
Sep 06 14:26:38.366763 dv-cinder-805316-5-smb devstack@c-api.service[101461]: INFO cinder.api.v3.volumes [None req-362094db-d23b-43e9-902f-07d298986099 tempest-VolumesTransfersV355Test-1331953787 tempest-VolumesTransfersV355Test-1331953787-project] Delete volume with id: 4490f485-1b47-4aac-88f9-b73bba38d0bc
Sep 06 14:26:38.378817 dv-cinder-805316-5-smb devstack@c-api.service[101461]: INFO cinder.api.openstack.wsgi [None req-362094db-d23b-43e9-902f-07d298986099 tempest-VolumesTransfersV355Test-1331953787 tempest-VolumesTransfersV355Test-1331953787-project] http://10.222.0.63/volume/v3/87215b40c1d84fd7a3cac696df0e6ab4/volumes/4490f485-1b47-4aac-88f9-b73bba38d0bc returned with HTTP 404
Sep 06 14:26:38.381121 dv-cinder-805316-5-smb devstack@c-api.service[101461]: [pid: 101461|app: 0|req: 162/346] 10.222.0.63 () {58 vars in 1328 bytes} [Mon Sep 6 14:26:38 2021] DELETE /volume/v3/87215b40c1d84fd7a3cac696df0e6ab4/volumes/4490f485-1b47-4aac-88f9-b73bba38d0bc => generated 109 bytes in 18 msecs (HTTP/1.1 404) 7 headers in 292 bytes (2 switches on core 0)
Sep 06 14:26:38.406805 dv-cinder-805316-5-smb devstack@c-api.service[101462]: INFO cinder.api.openstack.wsgi [None req-1f85adab-c511-4dfc-bde6-279eb0dc9d28 tempest-GroupsTest-1610968148 tempest-GroupsTest-1610968148-project] http://10.222.0.63/volume/v3/6292a777216d49b891207a79ec9f4961/groups/a814cf8e-61d0-48d3-9b45-c9135cf352e5 returned with HTTP 202
Sep 06 14:26:38.412289 dv-cinder-805316-5-smb devstack@c-api.service[101462]: [pid: 101462|app: 0|req: 185/347] 10.222.0.63 () {62 vars in 1383 bytes} [Mon Sep 6 14:26:38 2021] PUT /volume/v3/6292a777216d49b891207a79ec9f4961/groups/a814cf8e-61d0-48d3-9b45-c9135cf352e5 => generated 0 bytes in 143 msecs (HTTP/1.1 202) 6 headers in 234 bytes (1 switches on core 0)
Sep 06 14:26:38.418345 dv-cinder-805316-5-smb devstack@c-api.service[101461]: INFO cinder.api.openstack.wsgi [None req-cecbfaa4-e686-46ba-8b17-866d8d35a328 tempest-GroupsTest-1610968148 tempest-GroupsTest-1610968148-project] GET http://10.222.0.63/volume/v3/6292a777216d49b891207a79ec9f4961/groups/a814cf8e-61d0-48d3-9b45-c9135cf352e5
Sep 06 14:26:38.419150 dv-cinder-805316-5-smb devstack@c-api.service[101461]: DEBUG cinder.api.openstack.wsgi [None req-cecbfaa4-e686-46ba-8b17-866d8d35a328 tempest-GroupsTest-1610968148 tempest-GroupsTest-1610968148-project] Empty body provided in request {{(pid=101461) get_body /opt/stack/cinder/cinder/api/openstack/wsgi.py:703}}
Sep 06 14:26:38.419722 dv-cinder-805316-5-smb devstack@c-api.service[101461]: DEBUG cinder.api.openstack.wsgi [None req-cecbfaa4-e686-46ba-8b17-866d8d35a328 tempest-GroupsTest-1610968148 tempest-GroupsTest-1610968148-project] Calling method 'version_select' {{(pid=101461) _process_stack /opt/stack/cinder/cinder/api/openstack/wsgi.py:856}}
Sep 06 14:26:38.420298 dv-cinder-805316-5-smb devstack@c-api.service[101461]: DEBUG cinder.api.v3.groups [None req-cecbfaa4-e686-46ba-8b17-866d8d35a328 tempest-GroupsTest-1610968148 tempest-GroupsTest-1610968148-project] show called for member a814cf8e-61d0-48d3-9b45-c9135cf352e5 {{(pid=101461) show /opt/stack/cinder/cinder/api/v3/groups.py:58}}
Sep 06 14:26:38.427783 dv-cinder-805316-5-smb devstack@c-api.service[101461]: /usr/local/lib/python3.8/dist-packages/oslo_context/context.py:105: DeprecationWarning: Policy enforcement is depending on the value of is_admin. This key is deprecated. Please update your policy file to use the standard policy values.
Sep 06 14:26:38.427783 dv-cinder-805316-5-smb devstack@c-api.service[101461]: warnings.warn('Policy enforcement is depending on the value of '
Sep 06 14:26:38.445016 dv-cinder-805316-5-smb devstack@c-api.service[101461]: INFO cinder.api.openstack.wsgi [None req-cecbfaa4-e686-46ba-8b17-866d8d35a328 tempest-GroupsTest-1610968148 tempest-GroupsTest-1610968148-project] http://10.222.0.63/volume/v3/6292a777216d49b891207a79ec9f4961/groups/a814cf8e-61d0-48d3-9b45-c9135cf352e5 returned with HTTP 200
Sep 06 14:26:38.446259 dv-cinder-805316-5-smb devstack@c-api.service[101461]: [pid: 101461|app: 0|req: 163/348] 10.222.0.63 () {60 vars in 1363 bytes} [Mon Sep 6 14:26:38 2021] GET /volume/v3/6292a777216d49b891207a79ec9f4961/groups/a814cf8e-61d0-48d3-9b45-c9135cf352e5 => generated 323 bytes in 33 msecs (HTTP/1.1 200) 7 headers in 286 bytes (1 switches on core 0)
Sep 06 14:26:38.575711 dv-cinder-805316-5-smb devstack@c-api.service[101462]: INFO cinder.api.openstack.wsgi [None req-0ee54983-8f7b-4331-b4cc-f4e0ff6ee1d9 tempest-DeleteServersTestJSON-1317685687 tempest-DeleteServersTestJSON-1317685687-project] GET http://10.222.0.63/volume/v3/87bcd417b20c4d509fbc39876b103c1f/volumes/df05f296-8f65-493f-9ff2-b8c610df8602
Sep 06 14:26:38.576171 dv-cinder-805316-5-smb devstack@c-api.service[101462]: DEBUG cinder.api.openstack.wsgi [None req-0ee54983-8f7b-4331-b4cc-f4e0ff6ee1d9 tempest-DeleteServersTestJSON-1317685687 tempest-DeleteServersTestJSON-1317685687-project] Empty body provided in request {{(pid=101462) get_body /opt/stack/cinder/cinder/api/openstack/wsgi.py:703}}
Sep 06 14:26:38.576327 dv-cinder-805316-5-smb devstack@c-api.service[101462]: /usr/local/lib/python3.8/dist-packages/webob/acceptparse.py:1047: DeprecationWarning: The behavior of AcceptValidHeader.best_match is currently being maintained for backward compatibility, but it will be deprecated in the future, as it does not conform to the RFC.
Sep 06 14:26:38.576327 dv-cinder-805316-5-smb devstack@c-api.service[101462]: warnings.warn(
Sep 06 14:26:38.576663 dv-cinder-805316-5-smb devstack@c-api.service[101462]: DEBUG cinder.api.openstack.wsgi [None req-0ee54983-8f7b-4331-b4cc-f4e0ff6ee1d9 tempest-DeleteServersTestJSON-1317685687 tempest-DeleteServersTestJSON-1317685687-project] Calling method 'show' {{(pid=101462) _process_stack /opt/stack/cinder/cinder/api/openstack/wsgi.py:856}}
Sep 06 14:26:38.590099 dv-cinder-805316-5-smb devstack@c-api.service[101462]: /usr/local/lib/python3.8/dist-packages/oslo_context/context.py:105: DeprecationWarning: Policy enforcement is depending on the value of is_admin. This key is deprecated. Please update your policy file to use the standard policy values.
Sep 06 14:26:38.590099 dv-cinder-805316-5-smb devstack@c-api.service[101462]: warnings.warn('Policy enforcement is depending on the value of '
Sep 06 14:26:38.597014 dv-cinder-805316-5-smb devstack@c-api.service[101462]: INFO cinder.volume.api [None req-0ee54983-8f7b-4331-b4cc-f4e0ff6ee1d9 tempest-DeleteServersTestJSON-1317685687 tempest-DeleteServersTestJSON-1317685687-project] Volume info retrieved successfully.
Sep 06 14:26:38.613949 dv-cinder-805316-5-smb devstack@c-api.service[101462]: INFO cinder.api.openstack.wsgi [None req-0ee54983-8f7b-4331-b4cc-f4e0ff6ee1d9 tempest-DeleteServersTestJSON-1317685687 tempest-DeleteServersTestJSON-1317685687-project] http://10.222.0.63/volume/v3/87bcd417b20c4d509fbc39876b103c1f/volumes/df05f296-8f65-493f-9ff2-b8c610df8602 returned with HTTP 200
Sep 06 14:26:38.613949 dv-cinder-805316-5-smb devstack@c-api.service[101462]: [pid: 101462|app: 0|req: 186/349] 10.222.0.63 () {58 vars in 1325 bytes} [Mon Sep 6 14:26:38 2021] GET /volume/v3/87bcd417b20c4d509fbc39876b103c1f/volumes/df05f296-8f65-493f-9ff2-b8c610df8602 => generated 914 bytes in 40 msecs (HTTP/1.1 200) 7 headers in 285 bytes (1 switches on core 0)
Sep 06 14:26:38.627597 dv-cinder-805316-5-smb devstack@c-api.service[101461]: INFO cinder.api.openstack.wsgi [None req-50795854-d8fb-4985-ba07-d970e38393d8 tempest-DeleteServersTestJSON-1317685687 tempest-DeleteServersTestJSON-1317685687-project] GET http://10.222.0.63/volume/v3/87bcd417b20c4d509fbc39876b103c1f/volumes/df05f296-8f65-493f-9ff2-b8c610df8602
Sep 06 14:26:38.628038 dv-cinder-805316-5-smb devstack@c-api.service[101461]: DEBUG cinder.api.openstack.wsgi [None req-50795854-d8fb-4985-ba07-d970e38393d8 tempest-DeleteServersTestJSON-1317685687 tempest-DeleteServersTestJSON-1317685687-project] Empty body provided in request {{(pid=101461) get_body /opt/stack/cinder/cinder/api/openstack/wsgi.py:703}}
Sep 06 14:26:38.628210 dv-cinder-805316-5-smb devstack@c-api.service[101461]: /usr/local/lib/python3.8/dist-packages/webob/acceptparse.py:1047: DeprecationWarning: The behavior of AcceptValidHeader.best_match is currently being maintained for backward compatibility, but it will be deprecated in the future, as it does not conform to the RFC.
Sep 06 14:26:38.628210 dv-cinder-805316-5-smb devstack@c-api.service[101461]: warnings.warn(
Sep 06 14:26:38.628516 dv-cinder-805316-5-smb devstack@c-api.service[101461]: DEBUG cinder.api.openstack.wsgi [None req-50795854-d8fb-4985-ba07-d970e38393d8 tempest-DeleteServersTestJSON-1317685687 tempest-DeleteServersTestJSON-1317685687-project] Calling method 'show' {{(pid=101461) _process_stack /opt/stack/cinder/cinder/api/openstack/wsgi.py:856}}
Sep 06 14:26:38.642077 dv-cinder-805316-5-smb devstack@c-api.service[101461]: /usr/local/lib/python3.8/dist-packages/oslo_context/context.py:105: DeprecationWarning: Policy enforcement is depending on the value of is_admin. This key is deprecated. Please update your policy file to use the standard policy values.
Sep 06 14:26:38.642077 dv-cinder-805316-5-smb devstack@c-api.service[101461]: warnings.warn('Policy enforcement is depending on the value of '
Sep 06 14:26:38.650157 dv-cinder-805316-5-smb devstack@c-api.service[101461]: INFO cinder.volume.api [None req-50795854-d8fb-4985-ba07-d970e38393d8 tempest-DeleteServersTestJSON-1317685687 tempest-DeleteServersTestJSON-1317685687-project] Volume info retrieved successfully.
Sep 06 14:26:38.664687 dv-cinder-805316-5-smb devstack@c-api.service[101461]: INFO cinder.api.openstack.wsgi [None req-50795854-d8fb-4985-ba07-d970e38393d8 tempest-DeleteServersTestJSON-1317685687 tempest-DeleteServersTestJSON-1317685687-project] http://10.222.0.63/volume/v3/87bcd417b20c4d509fbc39876b103c1f/volumes/df05f296-8f65-493f-9ff2-b8c610df8602 returned with HTTP 200
Sep 06 14:26:38.665414 dv-cinder-805316-5-smb devstack@c-api.service[101461]: [pid: 101461|app: 0|req: 164/350] 10.222.0.63 () {58 vars in 1325 bytes} [Mon Sep 6 14:26:38 2021] GET /volume/v3/87bcd417b20c4d509fbc39876b103c1f/volumes/df05f296-8f65-493f-9ff2-b8c610df8602 => generated 914 bytes in 41 msecs (HTTP/1.1 200) 7 headers in 285 bytes (1 switches on core 0)
Sep 06 14:26:38.721259 dv-cinder-805316-5-smb devstack@c-api.service[101462]: INFO cinder.api.openstack.wsgi [None req-33c3dc10-d80e-46f6-af5e-8eeb7b397b19 tempest-DeleteServersTestJSON-1317685687 tempest-DeleteServersTestJSON-1317685687-project] GET http://10.222.0.63/volume/v3/87bcd417b20c4d509fbc39876b103c1f/volumes/df05f296-8f65-493f-9ff2-b8c610df8602
Sep 06 14:26:38.721910 dv-cinder-805316-5-smb devstack@c-api.service[101462]: DEBUG cinder.api.openstack.wsgi [None req-33c3dc10-d80e-46f6-af5e-8eeb7b397b19 tempest-DeleteServersTestJSON-1317685687 tempest-DeleteServersTestJSON-1317685687-project] Empty body provided in request {{(pid=101462) get_body /opt/stack/cinder/cinder/api/openstack/wsgi.py:703}}
Sep 06 14:26:38.722080 dv-cinder-805316-5-smb devstack@c-api.service[101462]: /usr/local/lib/python3.8/dist-packages/webob/acceptparse.py:1047: DeprecationWarning: The behavior of AcceptValidHeader.best_match is currently being maintained for backward compatibility, but it will be deprecated in the future, as it does not conform to the RFC.
Sep 06 14:26:38.722080 dv-cinder-805316-5-smb devstack@c-api.service[101462]: warnings.warn(
Sep 06 14:26:38.722390 dv-cinder-805316-5-smb devstack@c-api.service[101462]: DEBUG cinder.api.openstack.wsgi [None req-33c3dc10-d80e-46f6-af5e-8eeb7b397b19 tempest-DeleteServersTestJSON-1317685687 tempest-DeleteServersTestJSON-1317685687-project] Calling method 'show' {{(pid=101462) _process_stack /opt/stack/cinder/cinder/api/openstack/wsgi.py:856}}
Sep 06 14:26:38.740678 dv-cinder-805316-5-smb devstack@c-api.service[101462]: /usr/local/lib/python3.8/dist-packages/oslo_context/context.py:105: DeprecationWarning: Policy enforcement is depending on the value of is_admin. This key is deprecated. Please update your policy file to use the standard policy values.
Sep 06 14:26:38.740678 dv-cinder-805316-5-smb devstack@c-api.service[101462]: warnings.warn('Policy enforcement is depending on the value of '
Sep 06 14:26:38.742387 dv-cinder-805316-5-smb devstack@c-api.service[101461]: INFO cinder.api.openstack.wsgi [None req-6d8fa023-03f3-4e02-9da8-f1592efcd621 tempest-GroupSnapshotsTest-1109698272 tempest-GroupSnapshotsTest-1109698272-project] GET http://10.222.0.63/volume/v3/7184b2e5aafe4572ad89c393c3e2efa5/snapshots/7a647491-1c5a-4ebd-b331-e9f130bd67ff
Sep 06 14:26:38.742882 dv-cinder-805316-5-smb devstack@c-api.service[101461]: DEBUG cinder.api.openstack.wsgi [None req-6d8fa023-03f3-4e02-9da8-f1592efcd621 tempest-GroupSnapshotsTest-1109698272 tempest-GroupSnapshotsTest-1109698272-project] Empty body provided in request {{(pid=101461) get_body /opt/stack/cinder/cinder/api/openstack/wsgi.py:703}}
Sep 06 14:26:38.743074 dv-cinder-805316-5-smb devstack@c-api.service[101461]: /usr/local/lib/python3.8/dist-packages/webob/acceptparse.py:1047: DeprecationWarning: The behavior of AcceptValidHeader.best_match is currently being maintained for backward compatibility, but it will be deprecated in the future, as it does not conform to the RFC.
Sep 06 14:26:38.743074 dv-cinder-805316-5-smb devstack@c-api.service[101461]: warnings.warn(
Sep 06 14:26:38.743595 dv-cinder-805316-5-smb devstack@c-api.service[101461]: DEBUG cinder.api.openstack.wsgi [None req-6d8fa023-03f3-4e02-9da8-f1592efcd621 tempest-GroupSnapshotsTest-1109698272 tempest-GroupSnapshotsTest-1109698272-project] Calling method 'show' {{(pid=101461) _process_stack /opt/stack/cinder/cinder/api/openstack/wsgi.py:856}}
Sep 06 14:26:38.750396 dv-cinder-805316-5-smb devstack@c-api.service[101462]: INFO cinder.volume.api [None req-33c3dc10-d80e-46f6-af5e-8eeb7b397b19 tempest-DeleteServersTestJSON-1317685687 tempest-DeleteServersTestJSON-1317685687-project] Volume info retrieved successfully.
Sep 06 14:26:38.751759 dv-cinder-805316-5-smb devstack@c-api.service[101461]: INFO cinder.api.openstack.wsgi [None req-6d8fa023-03f3-4e02-9da8-f1592efcd621 tempest-GroupSnapshotsTest-1109698272 tempest-GroupSnapshotsTest-1109698272-project] http://10.222.0.63/volume/v3/7184b2e5aafe4572ad89c393c3e2efa5/snapshots/7a647491-1c5a-4ebd-b331-e9f130bd67ff returned with HTTP 404
Sep 06 14:26:38.752690 dv-cinder-805316-5-smb devstack@c-api.service[101461]: [pid: 101461|app: 0|req: 165/351] 10.222.0.63 () {58 vars in 1331 bytes} [Mon Sep 6 14:26:38 2021] GET /volume/v3/7184b2e5aafe4572ad89c393c3e2efa5/snapshots/7a647491-1c5a-4ebd-b331-e9f130bd67ff => generated 111 bytes in 15 msecs (HTTP/1.1 404) 7 headers in 292 bytes (1 switches on core 0)
Sep 06 14:26:38.760203 dv-cinder-805316-5-smb devstack@c-api.service[101461]: INFO cinder.api.openstack.wsgi [None req-5116d0aa-1ea4-4485-96e9-645a2143e5a8 tempest-GroupSnapshotsTest-1109698272 tempest-GroupSnapshotsTest-1109698272-project] GET http://10.222.0.63/volume/v3/7184b2e5aafe4572ad89c393c3e2efa5/group_snapshots/84915fb1-d48a-49cd-8cfb-960ef9342704
Sep 06 14:26:38.761217 dv-cinder-805316-5-smb devstack@c-api.service[101461]: DEBUG cinder.api.openstack.wsgi [None req-5116d0aa-1ea4-4485-96e9-645a2143e5a8 tempest-GroupSnapshotsTest-1109698272 tempest-GroupSnapshotsTest-1109698272-project] Empty body provided in request {{(pid=101461) get_body /opt/stack/cinder/cinder/api/openstack/wsgi.py:703}}
Sep 06 14:26:38.761477 dv-cinder-805316-5-smb devstack@c-api.service[101461]: DEBUG cinder.api.openstack.wsgi [None req-5116d0aa-1ea4-4485-96e9-645a2143e5a8 tempest-GroupSnapshotsTest-1109698272 tempest-GroupSnapshotsTest-1109698272-project] Calling method 'version_select' {{(pid=101461) _process_stack /opt/stack/cinder/cinder/api/openstack/wsgi.py:856}}
Sep 06 14:26:38.761864 dv-cinder-805316-5-smb devstack@c-api.service[101461]: DEBUG cinder.api.v3.group_snapshots [None req-5116d0aa-1ea4-4485-96e9-645a2143e5a8 tempest-GroupSnapshotsTest-1109698272 tempest-GroupSnapshotsTest-1109698272-project] show called for member 84915fb1-d48a-49cd-8cfb-960ef9342704 {{(pid=101461) show /opt/stack/cinder/cinder/api/v3/group_snapshots.py:58}}
Sep 06 14:26:38.765935 dv-cinder-805316-5-smb devstack@c-api.service[101461]: INFO cinder.api.openstack.wsgi [None req-5116d0aa-1ea4-4485-96e9-645a2143e5a8 tempest-GroupSnapshotsTest-1109698272 tempest-GroupSnapshotsTest-1109698272-project] http://10.222.0.63/volume/v3/7184b2e5aafe4572ad89c393c3e2efa5/group_snapshots/84915fb1-d48a-49cd-8cfb-960ef9342704 returned with HTTP 404
Sep 06 14:26:38.766069 dv-cinder-805316-5-smb devstack@c-api.service[101462]: INFO cinder.api.openstack.wsgi [None req-33c3dc10-d80e-46f6-af5e-8eeb7b397b19 tempest-DeleteServersTestJSON-1317685687 tempest-DeleteServersTestJSON-1317685687-project] http://10.222.0.63/volume/v3/87bcd417b20c4d509fbc39876b103c1f/volumes/df05f296-8f65-493f-9ff2-b8c610df8602 returned with HTTP 200
Sep 06 14:26:38.766680 dv-cinder-805316-5-smb devstack@c-api.service[101462]: [pid: 101462|app: 0|req: 187/352] 10.222.0.63 () {58 vars in 1325 bytes} [Mon Sep 6 14:26:38 2021] GET /volume/v3/87bcd417b20c4d509fbc39876b103c1f/volumes/df05f296-8f65-493f-9ff2-b8c610df8602 => generated 914 bytes in 49 msecs (HTTP/1.1 200) 7 headers in 285 bytes (1 switches on core 0)
Sep 06 14:26:38.766841 dv-cinder-805316-5-smb devstack@c-api.service[101461]: [pid: 101461|app: 0|req: 166/353] 10.222.0.63 () {60 vars in 1390 bytes} [Mon Sep 6 14:26:38 2021] GET /volume/v3/7184b2e5aafe4572ad89c393c3e2efa5/group_snapshots/84915fb1-d48a-49cd-8cfb-960ef9342704 => generated 116 bytes in 10 msecs (HTTP/1.1 404) 7 headers in 293 bytes (2 switches on core 0)
Sep 06 14:26:38.774718 dv-cinder-805316-5-smb devstack@c-api.service[101462]: INFO cinder.api.openstack.wsgi [None req-ae2665a2-a382-4139-9cf2-f43f78bdfbd8 tempest-GroupSnapshotsTest-1109698272 tempest-GroupSnapshotsTest-1109698272-project] GET http://10.222.0.63/volume/v3/7184b2e5aafe4572ad89c393c3e2efa5/group_snapshots
Sep 06 14:26:38.775272 dv-cinder-805316-5-smb devstack@c-api.service[101462]: DEBUG cinder.api.openstack.wsgi [None req-ae2665a2-a382-4139-9cf2-f43f78bdfbd8 tempest-GroupSnapshotsTest-1109698272 tempest-GroupSnapshotsTest-1109698272-project] Empty body provided in request {{(pid=101462) get_body /opt/stack/cinder/cinder/api/openstack/wsgi.py:703}}
Sep 06 14:26:38.775495 dv-cinder-805316-5-smb devstack@c-api.service[101462]: /usr/local/lib/python3.8/dist-packages/webob/acceptparse.py:1047: DeprecationWarning: The behavior of AcceptValidHeader.best_match is currently being maintained for backward compatibility, but it will be deprecated in the future, as it does not conform to the RFC.
Sep 06 14:26:38.775495 dv-cinder-805316-5-smb devstack@c-api.service[101462]: warnings.warn(
Sep 06 14:26:38.775927 dv-cinder-805316-5-smb devstack@c-api.service[101462]: DEBUG cinder.api.openstack.wsgi [None req-ae2665a2-a382-4139-9cf2-f43f78bdfbd8 tempest-GroupSnapshotsTest-1109698272 tempest-GroupSnapshotsTest-1109698272-project] Calling method 'version_select' {{(pid=101462) _process_stack /opt/stack/cinder/cinder/api/openstack/wsgi.py:856}}
Sep 06 14:26:38.788006 dv-cinder-805316-5-smb devstack@c-api.service[101461]: INFO cinder.api.openstack.wsgi [None req-971a0b21-76eb-4aa2-a55d-d9fda920258d tempest-DeleteServersTestJSON-1317685687 tempest-DeleteServersTestJSON-1317685687-project] DELETE http://10.222.0.63/volume/v3/87bcd417b20c4d509fbc39876b103c1f/volumes/df05f296-8f65-493f-9ff2-b8c610df8602
Sep 06 14:26:38.788639 dv-cinder-805316-5-smb devstack@c-api.service[101462]: INFO cinder.api.openstack.wsgi [None req-ae2665a2-a382-4139-9cf2-f43f78bdfbd8 tempest-GroupSnapshotsTest-1109698272 tempest-GroupSnapshotsTest-1109698272-project] http://10.222.0.63/volume/v3/7184b2e5aafe4572ad89c393c3e2efa5/group_snapshots returned with HTTP 200
Sep 06 14:26:38.788793 dv-cinder-805316-5-smb devstack@c-api.service[101461]: DEBUG cinder.api.openstack.wsgi [None req-971a0b21-76eb-4aa2-a55d-d9fda920258d tempest-DeleteServersTestJSON-1317685687 tempest-DeleteServersTestJSON-1317685687-project] Empty body provided in request {{(pid=101461) get_body /opt/stack/cinder/cinder/api/openstack/wsgi.py:703}}
Sep 06 14:26:38.789128 dv-cinder-805316-5-smb devstack@c-api.service[101461]: DEBUG cinder.api.openstack.wsgi [None req-971a0b21-76eb-4aa2-a55d-d9fda920258d tempest-DeleteServersTestJSON-1317685687 tempest-DeleteServersTestJSON-1317685687-project] Calling method 'delete' {{(pid=101461) _process_stack /opt/stack/cinder/cinder/api/openstack/wsgi.py:856}}
Sep 06 14:26:38.789382 dv-cinder-805316-5-smb devstack@c-api.service[101462]: [pid: 101462|app: 0|req: 188/354] 10.222.0.63 () {60 vars in 1279 bytes} [Mon Sep 6 14:26:38 2021] GET /volume/v3/7184b2e5aafe4572ad89c393c3e2efa5/group_snapshots => generated 23 bytes in 19 msecs (HTTP/1.1 200) 7 headers in 285 bytes (2 switches on core 0)
Sep 06 14:26:38.794175 dv-cinder-805316-5-smb devstack@c-api.service[101461]: INFO cinder.api.v3.volumes [None req-971a0b21-76eb-4aa2-a55d-d9fda920258d tempest-DeleteServersTestJSON-1317685687 tempest-DeleteServersTestJSON-1317685687-project] Delete volume with id: df05f296-8f65-493f-9ff2-b8c610df8602
Sep 06 14:26:38.798329 dv-cinder-805316-5-smb devstack@c-api.service[101462]: INFO cinder.api.openstack.wsgi [None req-3831c6ef-69f2-4dcb-9e75-7cc600cacbb8 tempest-GroupSnapshotsTest-1109698272 tempest-GroupSnapshotsTest-1109698272-project] DELETE http://10.222.0.63/volume/v3/7184b2e5aafe4572ad89c393c3e2efa5/group_snapshots/84915fb1-d48a-49cd-8cfb-960ef9342704
Sep 06 14:26:38.801367 dv-cinder-805316-5-smb devstack@c-api.service[101462]: DEBUG cinder.api.openstack.wsgi [None req-3831c6ef-69f2-4dcb-9e75-7cc600cacbb8 tempest-GroupSnapshotsTest-1109698272 tempest-GroupSnapshotsTest-1109698272-project] Empty body provided in request {{(pid=101462) get_body /opt/stack/cinder/cinder/api/openstack/wsgi.py:703}}
Sep 06 14:26:38.801367 dv-cinder-805316-5-smb devstack@c-api.service[101462]: DEBUG cinder.api.openstack.wsgi [None req-3831c6ef-69f2-4dcb-9e75-7cc600cacbb8 tempest-GroupSnapshotsTest-1109698272 tempest-GroupSnapshotsTest-1109698272-project] Calling method 'version_select' {{(pid=101462) _process_stack /opt/stack/cinder/cinder/api/openstack/wsgi.py:856}}
Sep 06 14:26:38.801367 dv-cinder-805316-5-smb devstack@c-api.service[101462]: DEBUG cinder.api.v3.group_snapshots [None req-3831c6ef-69f2-4dcb-9e75-7cc600cacbb8 tempest-GroupSnapshotsTest-1109698272 tempest-GroupSnapshotsTest-1109698272-project] delete called for member 84915fb1-d48a-49cd-8cfb-960ef9342704 {{(pid=101462) delete /opt/stack/cinder/cinder/api/v3/group_snapshots.py:72}}
Sep 06 14:26:38.801367 dv-cinder-805316-5-smb devstack@c-api.service[101462]: INFO cinder.api.v3.group_snapshots [None req-3831c6ef-69f2-4dcb-9e75-7cc600cacbb8 tempest-GroupSnapshotsTest-1109698272 tempest-GroupSnapshotsTest-1109698272-project] Delete group_snapshot with id: 84915fb1-d48a-49cd-8cfb-960ef9342704
Sep 06 14:26:38.804656 dv-cinder-805316-5-smb devstack@c-api.service[101462]: INFO cinder.api.openstack.wsgi [None req-3831c6ef-69f2-4dcb-9e75-7cc600cacbb8 tempest-GroupSnapshotsTest-1109698272 tempest-GroupSnapshotsTest-1109698272-project] http://10.222.0.63/volume/v3/7184b2e5aafe4572ad89c393c3e2efa5/group_snapshots/84915fb1-d48a-49cd-8cfb-960ef9342704 returned with HTTP 404
Sep 06 14:26:38.805509 dv-cinder-805316-5-smb devstack@c-api.service[101462]: [pid: 101462|app: 0|req: 189/355] 10.222.0.63 () {60 vars in 1393 bytes} [Mon Sep 6 14:26:38 2021] DELETE /volume/v3/7184b2e5aafe4572ad89c393c3e2efa5/group_snapshots/84915fb1-d48a-49cd-8cfb-960ef9342704 => generated 116 bytes in 11 msecs (HTTP/1.1 404) 7 headers in 293 bytes (1 switches on core 0)
Sep 06 14:26:38.811615 dv-cinder-805316-5-smb devstack@c-api.service[101461]: /usr/local/lib/python3.8/dist-packages/oslo_context/context.py:105: DeprecationWarning: Policy enforcement is depending on the value of is_admin. This key is deprecated. Please update your policy file to use the standard policy values.
Sep 06 14:26:38.811615 dv-cinder-805316-5-smb devstack@c-api.service[101461]: warnings.warn('Policy enforcement is depending on the value of '
Sep 06 14:26:38.812089 dv-cinder-805316-5-smb devstack@c-api.service[101462]: INFO cinder.api.openstack.wsgi [None req-ad081290-b57f-4d37-84be-00fcf07296fd tempest-GroupSnapshotsTest-1109698272 tempest-GroupSnapshotsTest-1109698272-project] GET http://10.222.0.63/volume/v3/7184b2e5aafe4572ad89c393c3e2efa5/volumes/detail
Sep 06 14:26:38.812566 dv-cinder-805316-5-smb devstack@c-api.service[101462]: DEBUG cinder.api.openstack.wsgi [None req-ad081290-b57f-4d37-84be-00fcf07296fd tempest-GroupSnapshotsTest-1109698272 tempest-GroupSnapshotsTest-1109698272-project] Empty body provided in request {{(pid=101462) get_body /opt/stack/cinder/cinder/api/openstack/wsgi.py:703}}
Sep 06 14:26:38.812699 dv-cinder-805316-5-smb devstack@c-api.service[101461]: INFO cinder.volume.api [None req-971a0b21-76eb-4aa2-a55d-d9fda920258d tempest-DeleteServersTestJSON-1317685687 tempest-DeleteServersTestJSON-1317685687-project] Volume info retrieved successfully.
Sep 06 14:26:38.813045 dv-cinder-805316-5-smb devstack@c-api.service[101462]: DEBUG cinder.api.openstack.wsgi [None req-ad081290-b57f-4d37-84be-00fcf07296fd tempest-GroupSnapshotsTest-1109698272 tempest-GroupSnapshotsTest-1109698272-project] Calling method 'detail' {{(pid=101462) _process_stack /opt/stack/cinder/cinder/api/openstack/wsgi.py:856}}
Sep 06 14:26:38.813568 dv-cinder-805316-5-smb devstack@c-api.service[101462]: DEBUG cinder.api.api_utils [None req-ad081290-b57f-4d37-84be-00fcf07296fd tempest-GroupSnapshotsTest-1109698272 tempest-GroupSnapshotsTest-1109698272-project] Removing options '' from query. {{(pid=101462) remove_invalid_filter_options /opt/stack/cinder/cinder/api/api_utils.py:73}}
Sep 06 14:26:38.815171 dv-cinder-805316-5-smb devstack@c-api.service[101462]: DEBUG cinder.volume.api [None req-ad081290-b57f-4d37-84be-00fcf07296fd tempest-GroupSnapshotsTest-1109698272 tempest-GroupSnapshotsTest-1109698272-project] Searching by: MultiDict([('no_migration_targets', True)]). {{(pid=101462) get_all /opt/stack/cinder/cinder/volume/api.py:619}}
Sep 06 14:26:38.865428 dv-cinder-805316-5-smb devstack@c-api.service[101462]: INFO cinder.volume.api [None req-ad081290-b57f-4d37-84be-00fcf07296fd tempest-GroupSnapshotsTest-1109698272 tempest-GroupSnapshotsTest-1109698272-project] Get all volumes completed successfully.
Sep 06 14:26:38.867017 dv-cinder-805316-5-smb devstack@c-api.service[101462]: WARNING stevedore.named [None req-ad081290-b57f-4d37-84be-00fcf07296fd tempest-GroupSnapshotsTest-1109698272 tempest-GroupSnapshotsTest-1109698272-project] Could not load cinder.keymgr.conf_key_mgr.ConfKeyManager
Sep 06 14:26:38.867190 dv-cinder-805316-5-smb devstack@c-api.service[101462]: WARNING castellan.key_manager [None req-ad081290-b57f-4d37-84be-00fcf07296fd tempest-GroupSnapshotsTest-1109698272 tempest-GroupSnapshotsTest-1109698272-project] Deprecation Warning : cinder.keymgr.conf_key_mgr.ConfKeyManager is not a stevedore based driver, trying to load it as a class: stevedore.exception.NoMatches: No 'castellan.drivers' driver found, looking for 'cinder.keymgr.conf_key_mgr.ConfKeyManager'
Sep 06 14:26:38.873856 dv-cinder-805316-5-smb devstack@c-api.service[101462]: DEBUG oslo_db.sqlalchemy.engines [None req-ad081290-b57f-4d37-84be-00fcf07296fd tempest-GroupSnapshotsTest-1109698272 tempest-GroupSnapshotsTest-1109698272-project] MySQL server mode set to STRICT_TRANS_TABLES,STRICT_ALL_TABLES,NO_ZERO_IN_DATE,NO_ZERO_DATE,ERROR_FOR_DIVISION_BY_ZERO,TRADITIONAL,NO_ENGINE_SUBSTITUTION {{(pid=101462) _check_effective_sql_mode /usr/local/lib/python3.8/dist-packages/oslo_db/sqlalchemy/engines.py:314}}
Sep 06 14:26:38.879331 dv-cinder-805316-5-smb devstack@c-api.service[101462]: /usr/local/lib/python3.8/dist-packages/oslo_context/context.py:105: DeprecationWarning: Policy enforcement is depending on the value of is_admin. This key is deprecated. Please update your policy file to use the standard policy values.
Sep 06 14:26:38.879331 dv-cinder-805316-5-smb devstack@c-api.service[101462]: warnings.warn('Policy enforcement is depending on the value of '
Sep 06 14:26:38.894703 dv-cinder-805316-5-smb devstack@c-api.service[101462]: INFO cinder.api.openstack.wsgi [None req-ad081290-b57f-4d37-84be-00fcf07296fd tempest-GroupSnapshotsTest-1109698272 tempest-GroupSnapshotsTest-1109698272-project] http://10.222.0.63/volume/v3/7184b2e5aafe4572ad89c393c3e2efa5/volumes/detail returned with HTTP 200
Sep 06 14:26:38.896018 dv-cinder-805316-5-smb devstack@c-api.service[101462]: [pid: 101462|app: 0|req: 190/356] 10.222.0.63 () {60 vars in 1276 bytes} [Mon Sep 6 14:26:38 2021] GET /volume/v3/7184b2e5aafe4572ad89c393c3e2efa5/volumes/detail => generated 1003 bytes in 86 msecs (HTTP/1.1 200) 7 headers in 287 bytes (2 switches on core 0)
Sep 06 14:26:38.914832 dv-cinder-805316-5-smb devstack@c-api.service[101462]: INFO cinder.api.openstack.wsgi [None req-cfa3eba5-4954-4b59-a418-f8e7f1ed84f6 tempest-GroupSnapshotsTest-1109698272 tempest-GroupSnapshotsTest-1109698272-project] POST http://10.222.0.63/volume/v3/7184b2e5aafe4572ad89c393c3e2efa5/groups/a2dfbda3-196e-4ad2-a56f-523e83f857d7/action
Sep 06 14:26:38.915294 dv-cinder-805316-5-smb devstack@c-api.service[101462]: /usr/local/lib/python3.8/dist-packages/webob/acceptparse.py:1047: DeprecationWarning: The behavior of AcceptValidHeader.best_match is currently being maintained for backward compatibility, but it will be deprecated in the future, as it does not conform to the RFC.
Sep 06 14:26:38.915294 dv-cinder-805316-5-smb devstack@c-api.service[101462]: warnings.warn(
Sep 06 14:26:38.915594 dv-cinder-805316-5-smb devstack@c-api.service[101462]: DEBUG cinder.api.openstack.wsgi [None req-cfa3eba5-4954-4b59-a418-f8e7f1ed84f6 tempest-GroupSnapshotsTest-1109698272 tempest-GroupSnapshotsTest-1109698272-project] Action body: b'{"delete": {"delete-volumes": true}}' {{(pid=101462) get_method /opt/stack/cinder/cinder/api/openstack/wsgi.py:971}}
Sep 06 14:26:38.915910 dv-cinder-805316-5-smb devstack@c-api.service[101462]: DEBUG cinder.api.openstack.wsgi [None req-cfa3eba5-4954-4b59-a418-f8e7f1ed84f6 tempest-GroupSnapshotsTest-1109698272 tempest-GroupSnapshotsTest-1109698272-project] Action: 'action', calling method: delete_group, body: {"delete": {"delete-volumes": true}} {{(pid=101462) _process_stack /opt/stack/cinder/cinder/api/openstack/wsgi.py:854}}
Sep 06 14:26:38.918734 dv-cinder-805316-5-smb devstack@c-api.service[101462]: DEBUG cinder.api.v3.groups [None req-cfa3eba5-4954-4b59-a418-f8e7f1ed84f6 tempest-GroupSnapshotsTest-1109698272 tempest-GroupSnapshotsTest-1109698272-project] delete called for group a2dfbda3-196e-4ad2-a56f-523e83f857d7 {{(pid=101462) _delete /opt/stack/cinder/cinder/api/v3/groups.py:117}}
Sep 06 14:26:38.923155 dv-cinder-805316-5-smb devstack@c-api.service[101462]: INFO cinder.api.v3.groups [None req-cfa3eba5-4954-4b59-a418-f8e7f1ed84f6 tempest-GroupSnapshotsTest-1109698272 tempest-GroupSnapshotsTest-1109698272-project] Delete group with id: a2dfbda3-196e-4ad2-a56f-523e83f857d7
Sep 06 14:26:38.930695 dv-cinder-805316-5-smb devstack@c-api.service[101462]: /usr/local/lib/python3.8/dist-packages/oslo_context/context.py:105: DeprecationWarning: Policy enforcement is depending on the value of is_admin. This key is deprecated. Please update your policy file to use the standard policy values.
Sep 06 14:26:38.930695 dv-cinder-805316-5-smb devstack@c-api.service[101462]: warnings.warn('Policy enforcement is depending on the value of '
Sep 06 14:26:39.011906 dv-cinder-805316-5-smb devstack@c-api.service[101461]: INFO cinder.volume.api [None req-971a0b21-76eb-4aa2-a55d-d9fda920258d tempest-DeleteServersTestJSON-1317685687 tempest-DeleteServersTestJSON-1317685687-project] Delete volume request issued successfully.
Sep 06 14:26:39.011906 dv-cinder-805316-5-smb devstack@c-api.service[101461]: INFO cinder.api.openstack.wsgi [None req-971a0b21-76eb-4aa2-a55d-d9fda920258d tempest-DeleteServersTestJSON-1317685687 tempest-DeleteServersTestJSON-1317685687-project] http://10.222.0.63/volume/v3/87bcd417b20c4d509fbc39876b103c1f/volumes/df05f296-8f65-493f-9ff2-b8c610df8602 returned with HTTP 202
Sep 06 14:26:39.011906 dv-cinder-805316-5-smb devstack@c-api.service[101461]: [pid: 101461|app: 0|req: 167/357] 10.222.0.63 () {58 vars in 1328 bytes} [Mon Sep 6 14:26:38 2021] DELETE /volume/v3/87bcd417b20c4d509fbc39876b103c1f/volumes/df05f296-8f65-493f-9ff2-b8c610df8602 => generated 0 bytes in 226 msecs (HTTP/1.1 202) 6 headers in 233 bytes (1 switches on core 0)
Sep 06 14:26:39.020028 dv-cinder-805316-5-smb devstack@c-api.service[101461]: INFO cinder.api.openstack.wsgi [None req-8492b59d-6932-4566-a7ce-ea1d464a8c21 tempest-DeleteServersTestJSON-1317685687 tempest-DeleteServersTestJSON-1317685687-project] GET http://10.222.0.63/volume/v3/87bcd417b20c4d509fbc39876b103c1f/volumes/df05f296-8f65-493f-9ff2-b8c610df8602
Sep 06 14:26:39.021073 dv-cinder-805316-5-smb devstack@c-api.service[101461]: DEBUG cinder.api.openstack.wsgi [None req-8492b59d-6932-4566-a7ce-ea1d464a8c21 tempest-DeleteServersTestJSON-1317685687 tempest-DeleteServersTestJSON-1317685687-project] Empty body provided in request {{(pid=101461) get_body /opt/stack/cinder/cinder/api/openstack/wsgi.py:703}}
Sep 06 14:26:39.021324 dv-cinder-805316-5-smb devstack@c-api.service[101461]: /usr/local/lib/python3.8/dist-packages/webob/acceptparse.py:1047: DeprecationWarning: The behavior of AcceptValidHeader.best_match is currently being maintained for backward compatibility, but it will be deprecated in the future, as it does not conform to the RFC.
Sep 06 14:26:39.021324 dv-cinder-805316-5-smb devstack@c-api.service[101461]: warnings.warn(
Sep 06 14:26:39.021738 dv-cinder-805316-5-smb devstack@c-api.service[101461]: DEBUG cinder.api.openstack.wsgi [None req-8492b59d-6932-4566-a7ce-ea1d464a8c21 tempest-DeleteServersTestJSON-1317685687 tempest-DeleteServersTestJSON-1317685687-project] Calling method 'show' {{(pid=101461) _process_stack /opt/stack/cinder/cinder/api/openstack/wsgi.py:856}}
Sep 06 14:26:39.041995 dv-cinder-805316-5-smb devstack@c-api.service[101461]: /usr/local/lib/python3.8/dist-packages/oslo_context/context.py:105: DeprecationWarning: Policy enforcement is depending on the value of is_admin. This key is deprecated. Please update your policy file to use the standard policy values.
Sep 06 14:26:39.041995 dv-cinder-805316-5-smb devstack@c-api.service[101461]: warnings.warn('Policy enforcement is depending on the value of '
Sep 06 14:26:39.052750 dv-cinder-805316-5-smb devstack@c-api.service[101461]: INFO cinder.volume.api [None req-8492b59d-6932-4566-a7ce-ea1d464a8c21 tempest-DeleteServersTestJSON-1317685687 tempest-DeleteServersTestJSON-1317685687-project] Volume info retrieved successfully.
Sep 06 14:26:39.069165 dv-cinder-805316-5-smb devstack@c-api.service[101461]: INFO cinder.api.openstack.wsgi [None req-8492b59d-6932-4566-a7ce-ea1d464a8c21 tempest-DeleteServersTestJSON-1317685687 tempest-DeleteServersTestJSON-1317685687-project] http://10.222.0.63/volume/v3/87bcd417b20c4d509fbc39876b103c1f/volumes/df05f296-8f65-493f-9ff2-b8c610df8602 returned with HTTP 200
Sep 06 14:26:39.069884 dv-cinder-805316-5-smb devstack@c-api.service[101461]: [pid: 101461|app: 0|req: 168/358] 10.222.0.63 () {58 vars in 1325 bytes} [Mon Sep 6 14:26:39 2021] GET /volume/v3/87bcd417b20c4d509fbc39876b103c1f/volumes/df05f296-8f65-493f-9ff2-b8c610df8602 => generated 913 bytes in 56 msecs (HTTP/1.1 200) 7 headers in 285 bytes (2 switches on core 0)
Sep 06 14:26:39.153011 dv-cinder-805316-5-smb devstack@c-api.service[101462]: INFO cinder.api.openstack.wsgi [None req-cfa3eba5-4954-4b59-a418-f8e7f1ed84f6 tempest-GroupSnapshotsTest-1109698272 tempest-GroupSnapshotsTest-1109698272-project] http://10.222.0.63/volume/v3/7184b2e5aafe4572ad89c393c3e2efa5/groups/a2dfbda3-196e-4ad2-a56f-523e83f857d7/action returned with HTTP 202
Sep 06 14:26:39.153805 dv-cinder-805316-5-smb devstack@c-api.service[101462]: [pid: 101462|app: 0|req: 191/359] 10.222.0.63 () {62 vars in 1405 bytes} [Mon Sep 6 14:26:38 2021] POST /volume/v3/7184b2e5aafe4572ad89c393c3e2efa5/groups/a2dfbda3-196e-4ad2-a56f-523e83f857d7/action => generated 0 bytes in 244 msecs (HTTP/1.1 202) 6 headers in 234 bytes (2 switches on core 0)
Sep 06 14:26:39.160924 dv-cinder-805316-5-smb devstack@c-api.service[101461]: INFO cinder.api.openstack.wsgi [None req-546b30b6-40f0-4db4-9e4c-71f51bdb9e88 tempest-GroupSnapshotsTest-1109698272 tempest-GroupSnapshotsTest-1109698272-project] GET http://10.222.0.63/volume/v3/7184b2e5aafe4572ad89c393c3e2efa5/volumes/16e5b0ac-b969-4433-b6e1-7c5f00721ef0
Sep 06 14:26:39.161435 dv-cinder-805316-5-smb devstack@c-api.service[101461]: DEBUG cinder.api.openstack.wsgi [None req-546b30b6-40f0-4db4-9e4c-71f51bdb9e88 tempest-GroupSnapshotsTest-1109698272 tempest-GroupSnapshotsTest-1109698272-project] Empty body provided in request {{(pid=101461) get_body /opt/stack/cinder/cinder/api/openstack/wsgi.py:703}}
Sep 06 14:26:39.161601 dv-cinder-805316-5-smb devstack@c-api.service[101461]: /usr/local/lib/python3.8/dist-packages/webob/acceptparse.py:1047: DeprecationWarning: The behavior of AcceptValidHeader.best_match is currently being maintained for backward compatibility, but it will be deprecated in the future, as it does not conform to the RFC.
Sep 06 14:26:39.161601 dv-cinder-805316-5-smb devstack@c-api.service[101461]: warnings.warn(
Sep 06 14:26:39.161907 dv-cinder-805316-5-smb devstack@c-api.service[101461]: DEBUG cinder.api.openstack.wsgi [None req-546b30b6-40f0-4db4-9e4c-71f51bdb9e88 tempest-GroupSnapshotsTest-1109698272 tempest-GroupSnapshotsTest-1109698272-project] Calling method 'show' {{(pid=101461) _process_stack /opt/stack/cinder/cinder/api/openstack/wsgi.py:856}}
Sep 06 14:26:39.175308 dv-cinder-805316-5-smb devstack@c-api.service[101461]: /usr/local/lib/python3.8/dist-packages/oslo_context/context.py:105: DeprecationWarning: Policy enforcement is depending on the value of is_admin. This key is deprecated. Please update your policy file to use the standard policy values.
Sep 06 14:26:39.175308 dv-cinder-805316-5-smb devstack@c-api.service[101461]: warnings.warn('Policy enforcement is depending on the value of '
Sep 06 14:26:39.184682 dv-cinder-805316-5-smb devstack@c-api.service[101461]: INFO cinder.volume.api [None req-546b30b6-40f0-4db4-9e4c-71f51bdb9e88 tempest-GroupSnapshotsTest-1109698272 tempest-GroupSnapshotsTest-1109698272-project] Volume info retrieved successfully.
Sep 06 14:26:39.191383 dv-cinder-805316-5-smb devstack@c-api.service[101461]: WARNING stevedore.named [None req-546b30b6-40f0-4db4-9e4c-71f51bdb9e88 tempest-GroupSnapshotsTest-1109698272 tempest-GroupSnapshotsTest-1109698272-project] Could not load cinder.keymgr.conf_key_mgr.ConfKeyManager
Sep 06 14:26:39.191762 dv-cinder-805316-5-smb devstack@c-api.service[101461]: WARNING castellan.key_manager [None req-546b30b6-40f0-4db4-9e4c-71f51bdb9e88 tempest-GroupSnapshotsTest-1109698272 tempest-GroupSnapshotsTest-1109698272-project] Deprecation Warning : cinder.keymgr.conf_key_mgr.ConfKeyManager is not a stevedore based driver, trying to load it as a class: stevedore.exception.NoMatches: No 'castellan.drivers' driver found, looking for 'cinder.keymgr.conf_key_mgr.ConfKeyManager'
Sep 06 14:26:39.198622 dv-cinder-805316-5-smb devstack@c-api.service[101461]: DEBUG oslo_db.sqlalchemy.engines [None req-546b30b6-40f0-4db4-9e4c-71f51bdb9e88 tempest-GroupSnapshotsTest-1109698272 tempest-GroupSnapshotsTest-1109698272-project] MySQL server mode set to STRICT_TRANS_TABLES,STRICT_ALL_TABLES,NO_ZERO_IN_DATE,NO_ZERO_DATE,ERROR_FOR_DIVISION_BY_ZERO,TRADITIONAL,NO_ENGINE_SUBSTITUTION {{(pid=101461) _check_effective_sql_mode /usr/local/lib/python3.8/dist-packages/oslo_db/sqlalchemy/engines.py:314}}
Sep 06 14:26:39.204089 dv-cinder-805316-5-smb devstack@c-api.service[101461]: /usr/local/lib/python3.8/dist-packages/oslo_context/context.py:105: DeprecationWarning: Policy enforcement is depending on the value of is_admin. This key is deprecated. Please update your policy file to use the standard policy values.
Sep 06 14:26:39.204089 dv-cinder-805316-5-smb devstack@c-api.service[101461]: warnings.warn('Policy enforcement is depending on the value of '
Sep 06 14:26:39.218123 dv-cinder-805316-5-smb devstack@c-api.service[101461]: INFO cinder.api.openstack.wsgi [None req-546b30b6-40f0-4db4-9e4c-71f51bdb9e88 tempest-GroupSnapshotsTest-1109698272 tempest-GroupSnapshotsTest-1109698272-project] http://10.222.0.63/volume/v3/7184b2e5aafe4572ad89c393c3e2efa5/volumes/16e5b0ac-b969-4433-b6e1-7c5f00721ef0 returned with HTTP 200
Sep 06 14:26:39.218911 dv-cinder-805316-5-smb devstack@c-api.service[101461]: [pid: 101461|app: 0|req: 169/360] 10.222.0.63 () {60 vars in 1366 bytes} [Mon Sep 6 14:26:39 2021] GET /volume/v3/7184b2e5aafe4572ad89c393c3e2efa5/volumes/16e5b0ac-b969-4433-b6e1-7c5f00721ef0 => generated 999 bytes in 61 msecs (HTTP/1.1 200) 7 headers in 286 bytes (1 switches on core 0)
Sep 06 14:26:39.457211 dv-cinder-805316-5-smb devstack@c-api.service[101462]: INFO cinder.api.openstack.wsgi [None req-e934f861-688b-4fdf-b3ff-d55e23f6edda tempest-GroupsTest-1610968148 tempest-GroupsTest-1610968148-project] GET http://10.222.0.63/volume/v3/6292a777216d49b891207a79ec9f4961/groups/a814cf8e-61d0-48d3-9b45-c9135cf352e5
Sep 06 14:26:39.457700 dv-cinder-805316-5-smb devstack@c-api.service[101462]: DEBUG cinder.api.openstack.wsgi [None req-e934f861-688b-4fdf-b3ff-d55e23f6edda tempest-GroupsTest-1610968148 tempest-GroupsTest-1610968148-project] Empty body provided in request {{(pid=101462) get_body /opt/stack/cinder/cinder/api/openstack/wsgi.py:703}}
Sep 06 14:26:39.457872 dv-cinder-805316-5-smb devstack@c-api.service[101462]: /usr/local/lib/python3.8/dist-packages/webob/acceptparse.py:1047: DeprecationWarning: The behavior of AcceptValidHeader.best_match is currently being maintained for backward compatibility, but it will be deprecated in the future, as it does not conform to the RFC.
Sep 06 14:26:39.457872 dv-cinder-805316-5-smb devstack@c-api.service[101462]: warnings.warn(
