Aug 30 19:20:07.017097 dv-cinder-805316-4-smb devstack@c-api.service[100684]: DEBUG oslo_db.sqlalchemy.engines [None req-844f2bed-3119-473a-90ec-9d983ee23f1b tempest-GroupsTest-1552344356 tempest-GroupsTest-1552344356-project] MySQL server mode set to STRICT_TRANS_TABLES,STRICT_ALL_TABLES,NO_ZERO_IN_DATE,NO_ZERO_DATE,ERROR_FOR_DIVISION_BY_ZERO,TRADITIONAL,NO_ENGINE_SUBSTITUTION {{(pid=100684) _check_effective_sql_mode /usr/local/lib/python3.8/dist-packages/oslo_db/sqlalchemy/engines.py:314}}
Aug 30 19:20:07.023519 dv-cinder-805316-4-smb devstack@c-api.service[100684]: /usr/local/lib/python3.8/dist-packages/oslo_context/context.py:105: DeprecationWarning: Policy enforcement is depending on the value of is_admin. This key is deprecated. Please update your policy file to use the standard policy values.
Aug 30 19:20:07.023519 dv-cinder-805316-4-smb devstack@c-api.service[100684]: warnings.warn('Policy enforcement is depending on the value of '
Aug 30 19:20:07.032195 dv-cinder-805316-4-smb devstack@c-api.service[100684]: WARNING stevedore.named [None req-844f2bed-3119-473a-90ec-9d983ee23f1b tempest-GroupsTest-1552344356 tempest-GroupsTest-1552344356-project] Could not load cinder.keymgr.conf_key_mgr.ConfKeyManager
Aug 30 19:20:07.032865 dv-cinder-805316-4-smb devstack@c-api.service[100684]: WARNING castellan.key_manager [None req-844f2bed-3119-473a-90ec-9d983ee23f1b tempest-GroupsTest-1552344356 tempest-GroupsTest-1552344356-project] Deprecation Warning : cinder.keymgr.conf_key_mgr.ConfKeyManager is not a stevedore based driver, trying to load it as a class: stevedore.exception.NoMatches: No 'castellan.drivers' driver found, looking for 'cinder.keymgr.conf_key_mgr.ConfKeyManager'
Aug 30 19:20:07.047929 dv-cinder-805316-4-smb devstack@c-api.service[100684]: DEBUG oslo_db.sqlalchemy.engines [None req-844f2bed-3119-473a-90ec-9d983ee23f1b tempest-GroupsTest-1552344356 tempest-GroupsTest-1552344356-project] MySQL server mode set to STRICT_TRANS_TABLES,STRICT_ALL_TABLES,NO_ZERO_IN_DATE,NO_ZERO_DATE,ERROR_FOR_DIVISION_BY_ZERO,TRADITIONAL,NO_ENGINE_SUBSTITUTION {{(pid=100684) _check_effective_sql_mode /usr/local/lib/python3.8/dist-packages/oslo_db/sqlalchemy/engines.py:314}}
Aug 30 19:20:07.054042 dv-cinder-805316-4-smb devstack@c-api.service[100684]: /usr/local/lib/python3.8/dist-packages/oslo_context/context.py:105: DeprecationWarning: Policy enforcement is depending on the value of is_admin. This key is deprecated. Please update your policy file to use the standard policy values.
Aug 30 19:20:07.054042 dv-cinder-805316-4-smb devstack@c-api.service[100684]: warnings.warn('Policy enforcement is depending on the value of '
Aug 30 19:20:07.072639 dv-cinder-805316-4-smb devstack@c-api.service[100684]: INFO cinder.api.openstack.wsgi [None req-844f2bed-3119-473a-90ec-9d983ee23f1b tempest-GroupsTest-1552344356 tempest-GroupsTest-1552344356-project] http://10.222.0.82/volume/v3/f03e1fbf4b4f47d983179f63f5efd594/volumes/detail returned with HTTP 200
Aug 30 19:20:07.074102 dv-cinder-805316-4-smb devstack@c-api.service[100684]: [pid: 100684|app: 0|req: 100/196] 10.222.0.82 () {60 vars in 1276 bytes} [Mon Aug 30 19:20:06 2021] GET /volume/v3/f03e1fbf4b4f47d983179f63f5efd594/volumes/detail => generated 1960 bytes in 160 msecs (HTTP/1.1 200) 7 headers in 287 bytes (1 switches on core 0)
Aug 30 19:20:07.095138 dv-cinder-805316-4-smb devstack@c-api.service[100684]: INFO cinder.api.openstack.wsgi [None req-a9f13fc4-7ff8-4888-902e-9668a37f65d4 tempest-SnapshotsActionsTest-576939224 tempest-SnapshotsActionsTest-576939224-project] GET http://10.222.0.82/volume/v3/5465b6479f194a73bcde1e40d7d56c15/snapshots/c29aa105-666b-4a0d-b84c-4263193a2c3b
Aug 30 19:20:07.096414 dv-cinder-805316-4-smb devstack@c-api.service[100684]: DEBUG cinder.api.openstack.wsgi [None req-a9f13fc4-7ff8-4888-902e-9668a37f65d4 tempest-SnapshotsActionsTest-576939224 tempest-SnapshotsActionsTest-576939224-project] Empty body provided in request {{(pid=100684) get_body /opt/stack/cinder/cinder/api/openstack/wsgi.py:703}}
Aug 30 19:20:07.096414 dv-cinder-805316-4-smb devstack@c-api.service[100684]: /usr/local/lib/python3.8/dist-packages/webob/acceptparse.py:1047: DeprecationWarning: The behavior of AcceptValidHeader.best_match is currently being maintained for backward compatibility, but it will be deprecated in the future, as it does not conform to the RFC.
Aug 30 19:20:07.096414 dv-cinder-805316-4-smb devstack@c-api.service[100684]: warnings.warn(
Aug 30 19:20:07.096414 dv-cinder-805316-4-smb devstack@c-api.service[100684]: DEBUG cinder.api.openstack.wsgi [None req-a9f13fc4-7ff8-4888-902e-9668a37f65d4 tempest-SnapshotsActionsTest-576939224 tempest-SnapshotsActionsTest-576939224-project] Calling method 'show' {{(pid=100684) _process_stack /opt/stack/cinder/cinder/api/openstack/wsgi.py:856}}
Aug 30 19:20:07.108731 dv-cinder-805316-4-smb devstack@c-api.service[100684]: INFO cinder.api.openstack.wsgi [None req-a9f13fc4-7ff8-4888-902e-9668a37f65d4 tempest-SnapshotsActionsTest-576939224 tempest-SnapshotsActionsTest-576939224-project] http://10.222.0.82/volume/v3/5465b6479f194a73bcde1e40d7d56c15/snapshots/c29aa105-666b-4a0d-b84c-4263193a2c3b returned with HTTP 404
Aug 30 19:20:07.113418 dv-cinder-805316-4-smb devstack@c-api.service[100684]: [pid: 100684|app: 0|req: 101/197] 10.222.0.82 () {58 vars in 1331 bytes} [Mon Aug 30 19:20:07 2021] GET /volume/v3/5465b6479f194a73bcde1e40d7d56c15/snapshots/c29aa105-666b-4a0d-b84c-4263193a2c3b => generated 111 bytes in 38 msecs (HTTP/1.1 404) 7 headers in 292 bytes (1 switches on core 0)
Aug 30 19:20:07.117263 dv-cinder-805316-4-smb devstack@c-api.service[100683]: INFO cinder.api.openstack.wsgi [None req-ebeeca6e-c574-4d54-a895-03ea544d76bb tempest-VolumeManageAdminTest-1453111028 tempest-VolumeManageAdminTest-1453111028-project-admin] GET http://10.222.0.82/volume/v3/f504d770427649a180f3a3d26738390d/volumes/339fc17b-2c47-40a3-b9f5-bab557752c5c
Aug 30 19:20:07.117757 dv-cinder-805316-4-smb devstack@c-api.service[100684]: INFO cinder.api.openstack.wsgi [None req-2db3b17c-1cfc-46c3-a8b5-ddf2591db26e tempest-GroupsTest-1552344356 tempest-GroupsTest-1552344356-project] GET http://10.222.0.82/volume/v3/f03e1fbf4b4f47d983179f63f5efd594/volumes/detail
Aug 30 19:20:07.117864 dv-cinder-805316-4-smb devstack@c-api.service[100683]: DEBUG cinder.api.openstack.wsgi [None req-ebeeca6e-c574-4d54-a895-03ea544d76bb tempest-VolumeManageAdminTest-1453111028 tempest-VolumeManageAdminTest-1453111028-project-admin] Empty body provided in request {{(pid=100683) get_body /opt/stack/cinder/cinder/api/openstack/wsgi.py:703}}
Aug 30 19:20:07.117864 dv-cinder-805316-4-smb devstack@c-api.service[100683]: /usr/local/lib/python3.8/dist-packages/webob/acceptparse.py:1047: DeprecationWarning: The behavior of AcceptValidHeader.best_match is currently being maintained for backward compatibility, but it will be deprecated in the future, as it does not conform to the RFC.
Aug 30 19:20:07.117864 dv-cinder-805316-4-smb devstack@c-api.service[100683]: warnings.warn(
Aug 30 19:20:07.118107 dv-cinder-805316-4-smb devstack@c-api.service[100683]: DEBUG cinder.api.openstack.wsgi [None req-ebeeca6e-c574-4d54-a895-03ea544d76bb tempest-VolumeManageAdminTest-1453111028 tempest-VolumeManageAdminTest-1453111028-project-admin] Calling method 'show' {{(pid=100683) _process_stack /opt/stack/cinder/cinder/api/openstack/wsgi.py:856}}
Aug 30 19:20:07.118252 dv-cinder-805316-4-smb devstack@c-api.service[100684]: DEBUG cinder.api.openstack.wsgi [None req-2db3b17c-1cfc-46c3-a8b5-ddf2591db26e tempest-GroupsTest-1552344356 tempest-GroupsTest-1552344356-project] Empty body provided in request {{(pid=100684) get_body /opt/stack/cinder/cinder/api/openstack/wsgi.py:703}}
Aug 30 19:20:07.118902 dv-cinder-805316-4-smb devstack@c-api.service[100684]: DEBUG cinder.api.openstack.wsgi [None req-2db3b17c-1cfc-46c3-a8b5-ddf2591db26e tempest-GroupsTest-1552344356 tempest-GroupsTest-1552344356-project] Calling method 'detail' {{(pid=100684) _process_stack /opt/stack/cinder/cinder/api/openstack/wsgi.py:856}}
Aug 30 19:20:07.119571 dv-cinder-805316-4-smb devstack@c-api.service[100684]: DEBUG cinder.api.api_utils [None req-2db3b17c-1cfc-46c3-a8b5-ddf2591db26e tempest-GroupsTest-1552344356 tempest-GroupsTest-1552344356-project] Removing options '' from query. {{(pid=100684) remove_invalid_filter_options /opt/stack/cinder/cinder/api/api_utils.py:73}}
Aug 30 19:20:07.121360 dv-cinder-805316-4-smb devstack@c-api.service[100684]: DEBUG cinder.volume.api [None req-2db3b17c-1cfc-46c3-a8b5-ddf2591db26e tempest-GroupsTest-1552344356 tempest-GroupsTest-1552344356-project] Searching by: MultiDict([('no_migration_targets', True)]). {{(pid=100684) get_all /opt/stack/cinder/cinder/volume/api.py:619}}
Aug 30 19:20:07.163414 dv-cinder-805316-4-smb devstack@c-api.service[100683]: /usr/local/lib/python3.8/dist-packages/oslo_context/context.py:105: DeprecationWarning: Policy enforcement is depending on the value of is_admin. This key is deprecated. Please update your policy file to use the standard policy values.
Aug 30 19:20:07.163414 dv-cinder-805316-4-smb devstack@c-api.service[100683]: warnings.warn('Policy enforcement is depending on the value of '
Aug 30 19:20:07.178829 dv-cinder-805316-4-smb devstack@c-api.service[100684]: INFO cinder.volume.api [None req-2db3b17c-1cfc-46c3-a8b5-ddf2591db26e tempest-GroupsTest-1552344356 tempest-GroupsTest-1552344356-project] Get all volumes completed successfully.
Aug 30 19:20:07.180044 dv-cinder-805316-4-smb devstack@c-api.service[100684]: WARNING stevedore.named [None req-2db3b17c-1cfc-46c3-a8b5-ddf2591db26e tempest-GroupsTest-1552344356 tempest-GroupsTest-1552344356-project] Could not load cinder.keymgr.conf_key_mgr.ConfKeyManager
Aug 30 19:20:07.180539 dv-cinder-805316-4-smb devstack@c-api.service[100684]: WARNING castellan.key_manager [None req-2db3b17c-1cfc-46c3-a8b5-ddf2591db26e tempest-GroupsTest-1552344356 tempest-GroupsTest-1552344356-project] Deprecation Warning : cinder.keymgr.conf_key_mgr.ConfKeyManager is not a stevedore based driver, trying to load it as a class: stevedore.exception.NoMatches: No 'castellan.drivers' driver found, looking for 'cinder.keymgr.conf_key_mgr.ConfKeyManager'
Aug 30 19:20:07.192555 dv-cinder-805316-4-smb devstack@c-api.service[100684]: DEBUG oslo_db.sqlalchemy.engines [None req-2db3b17c-1cfc-46c3-a8b5-ddf2591db26e tempest-GroupsTest-1552344356 tempest-GroupsTest-1552344356-project] MySQL server mode set to STRICT_TRANS_TABLES,STRICT_ALL_TABLES,NO_ZERO_IN_DATE,NO_ZERO_DATE,ERROR_FOR_DIVISION_BY_ZERO,TRADITIONAL,NO_ENGINE_SUBSTITUTION {{(pid=100684) _check_effective_sql_mode /usr/local/lib/python3.8/dist-packages/oslo_db/sqlalchemy/engines.py:314}}
Aug 30 19:20:07.193965 dv-cinder-805316-4-smb devstack@c-api.service[100683]: INFO cinder.volume.api [None req-ebeeca6e-c574-4d54-a895-03ea544d76bb tempest-VolumeManageAdminTest-1453111028 tempest-VolumeManageAdminTest-1453111028-project-admin] Volume info retrieved successfully.
Aug 30 19:20:07.206377 dv-cinder-805316-4-smb devstack@c-api.service[100684]: /usr/local/lib/python3.8/dist-packages/oslo_context/context.py:105: DeprecationWarning: Policy enforcement is depending on the value of is_admin. This key is deprecated. Please update your policy file to use the standard policy values.
Aug 30 19:20:07.206377 dv-cinder-805316-4-smb devstack@c-api.service[100684]: warnings.warn('Policy enforcement is depending on the value of '
Aug 30 19:20:07.219825 dv-cinder-805316-4-smb devstack@c-api.service[100684]: WARNING stevedore.named [None req-2db3b17c-1cfc-46c3-a8b5-ddf2591db26e tempest-GroupsTest-1552344356 tempest-GroupsTest-1552344356-project] Could not load cinder.keymgr.conf_key_mgr.ConfKeyManager
Aug 30 19:20:07.220228 dv-cinder-805316-4-smb devstack@c-api.service[100684]: WARNING castellan.key_manager [None req-2db3b17c-1cfc-46c3-a8b5-ddf2591db26e tempest-GroupsTest-1552344356 tempest-GroupsTest-1552344356-project] Deprecation Warning : cinder.keymgr.conf_key_mgr.ConfKeyManager is not a stevedore based driver, trying to load it as a class: stevedore.exception.NoMatches: No 'castellan.drivers' driver found, looking for 'cinder.keymgr.conf_key_mgr.ConfKeyManager'
Aug 30 19:20:07.226792 dv-cinder-805316-4-smb devstack@c-api.service[100683]: INFO cinder.api.openstack.wsgi [None req-ebeeca6e-c574-4d54-a895-03ea544d76bb tempest-VolumeManageAdminTest-1453111028 tempest-VolumeManageAdminTest-1453111028-project-admin] http://10.222.0.82/volume/v3/f504d770427649a180f3a3d26738390d/volumes/339fc17b-2c47-40a3-b9f5-bab557752c5c returned with HTTP 200
Aug 30 19:20:07.228793 dv-cinder-805316-4-smb devstack@c-api.service[100684]: DEBUG oslo_db.sqlalchemy.engines [None req-2db3b17c-1cfc-46c3-a8b5-ddf2591db26e tempest-GroupsTest-1552344356 tempest-GroupsTest-1552344356-project] MySQL server mode set to STRICT_TRANS_TABLES,STRICT_ALL_TABLES,NO_ZERO_IN_DATE,NO_ZERO_DATE,ERROR_FOR_DIVISION_BY_ZERO,TRADITIONAL,NO_ENGINE_SUBSTITUTION {{(pid=100684) _check_effective_sql_mode /usr/local/lib/python3.8/dist-packages/oslo_db/sqlalchemy/engines.py:314}}
Aug 30 19:20:07.236305 dv-cinder-805316-4-smb devstack@c-api.service[100684]: /usr/local/lib/python3.8/dist-packages/oslo_context/context.py:105: DeprecationWarning: Policy enforcement is depending on the value of is_admin. This key is deprecated. Please update your policy file to use the standard policy values.
Aug 30 19:20:07.236305 dv-cinder-805316-4-smb devstack@c-api.service[100684]: warnings.warn('Policy enforcement is depending on the value of '
Aug 30 19:20:07.245733 dv-cinder-805316-4-smb devstack@c-api.service[100683]: [pid: 100683|app: 0|req: 97/198] 10.222.0.82 () {58 vars in 1325 bytes} [Mon Aug 30 19:20:06 2021] GET /volume/v3/f504d770427649a180f3a3d26738390d/volumes/339fc17b-2c47-40a3-b9f5-bab557752c5c => generated 1080 bytes in 449 msecs (HTTP/1.1 200) 7 headers in 286 bytes (1 switches on core 0)
Aug 30 19:20:07.253369 dv-cinder-805316-4-smb devstack@c-api.service[100683]: INFO cinder.api.openstack.wsgi [None req-b95c61c7-00fb-475c-bf6e-cc5df0eba74e tempest-SnapshotsActionsTest-576939224 tempest-SnapshotsActionsTest-576939224-project] DELETE http://10.222.0.82/volume/v3/5465b6479f194a73bcde1e40d7d56c15/volumes/005741e0-c04e-412a-b3a4-fbdba7ec8d54
Aug 30 19:20:07.253822 dv-cinder-805316-4-smb devstack@c-api.service[100683]: DEBUG cinder.api.openstack.wsgi [None req-b95c61c7-00fb-475c-bf6e-cc5df0eba74e tempest-SnapshotsActionsTest-576939224 tempest-SnapshotsActionsTest-576939224-project] Empty body provided in request {{(pid=100683) get_body /opt/stack/cinder/cinder/api/openstack/wsgi.py:703}}
Aug 30 19:20:07.258580 dv-cinder-805316-4-smb devstack@c-api.service[100683]: /usr/local/lib/python3.8/dist-packages/webob/acceptparse.py:1047: DeprecationWarning: The behavior of AcceptValidHeader.best_match is currently being maintained for backward compatibility, but it will be deprecated in the future, as it does not conform to the RFC.
Aug 30 19:20:07.258580 dv-cinder-805316-4-smb devstack@c-api.service[100683]: warnings.warn(
Aug 30 19:20:07.258993 dv-cinder-805316-4-smb devstack@c-api.service[100683]: DEBUG cinder.api.openstack.wsgi [None req-b95c61c7-00fb-475c-bf6e-cc5df0eba74e tempest-SnapshotsActionsTest-576939224 tempest-SnapshotsActionsTest-576939224-project] Calling method 'delete' {{(pid=100683) _process_stack /opt/stack/cinder/cinder/api/openstack/wsgi.py:856}}
Aug 30 19:20:07.259421 dv-cinder-805316-4-smb devstack@c-api.service[100683]: INFO cinder.api.v3.volumes [None req-b95c61c7-00fb-475c-bf6e-cc5df0eba74e tempest-SnapshotsActionsTest-576939224 tempest-SnapshotsActionsTest-576939224-project] Delete volume with id: 005741e0-c04e-412a-b3a4-fbdba7ec8d54
Aug 30 19:20:07.277242 dv-cinder-805316-4-smb devstack@c-api.service[100683]: /usr/local/lib/python3.8/dist-packages/oslo_context/context.py:105: DeprecationWarning: Policy enforcement is depending on the value of is_admin. This key is deprecated. Please update your policy file to use the standard policy values.
Aug 30 19:20:07.277242 dv-cinder-805316-4-smb devstack@c-api.service[100683]: warnings.warn('Policy enforcement is depending on the value of '
Aug 30 19:20:07.284872 dv-cinder-805316-4-smb devstack@c-api.service[100684]: INFO cinder.api.openstack.wsgi [None req-2db3b17c-1cfc-46c3-a8b5-ddf2591db26e tempest-GroupsTest-1552344356 tempest-GroupsTest-1552344356-project] http://10.222.0.82/volume/v3/f03e1fbf4b4f47d983179f63f5efd594/volumes/detail returned with HTTP 200
Aug 30 19:20:07.287747 dv-cinder-805316-4-smb devstack@c-api.service[100684]: [pid: 100684|app: 0|req: 102/199] 10.222.0.82 () {60 vars in 1276 bytes} [Mon Aug 30 19:20:07 2021] GET /volume/v3/f03e1fbf4b4f47d983179f63f5efd594/volumes/detail => generated 1960 bytes in 174 msecs (HTTP/1.1 200) 7 headers in 287 bytes (1 switches on core 0)
Aug 30 19:20:07.293732 dv-cinder-805316-4-smb devstack@c-api.service[100683]: INFO cinder.volume.api [None req-b95c61c7-00fb-475c-bf6e-cc5df0eba74e tempest-SnapshotsActionsTest-576939224 tempest-SnapshotsActionsTest-576939224-project] Volume info retrieved successfully.
Aug 30 19:20:07.293899 dv-cinder-805316-4-smb devstack@c-api.service[100684]: INFO cinder.api.openstack.wsgi [None req-0b7f3eac-eeb0-49f0-a06a-29e6b13f2a39 tempest-VolumeManageAdminTest-1453111028 tempest-VolumeManageAdminTest-1453111028-project-admin] POST http://10.222.0.82/volume/v3/f504d770427649a180f3a3d26738390d/volumes/339fc17b-2c47-40a3-b9f5-bab557752c5c/action
Aug 30 19:20:07.294230 dv-cinder-805316-4-smb devstack@c-api.service[100684]: /usr/local/lib/python3.8/dist-packages/webob/acceptparse.py:1047: DeprecationWarning: The behavior of AcceptValidHeader.best_match is currently being maintained for backward compatibility, but it will be deprecated in the future, as it does not conform to the RFC.
Aug 30 19:20:07.294230 dv-cinder-805316-4-smb devstack@c-api.service[100684]: warnings.warn(
Aug 30 19:20:07.294616 dv-cinder-805316-4-smb devstack@c-api.service[100684]: DEBUG cinder.api.openstack.wsgi [None req-0b7f3eac-eeb0-49f0-a06a-29e6b13f2a39 tempest-VolumeManageAdminTest-1453111028 tempest-VolumeManageAdminTest-1453111028-project-admin] Action body: b'{"os-unmanage": {}}' {{(pid=100684) get_method /opt/stack/cinder/cinder/api/openstack/wsgi.py:971}}
Aug 30 19:20:07.294970 dv-cinder-805316-4-smb devstack@c-api.service[100684]: DEBUG cinder.api.openstack.wsgi [None req-0b7f3eac-eeb0-49f0-a06a-29e6b13f2a39 tempest-VolumeManageAdminTest-1453111028 tempest-VolumeManageAdminTest-1453111028-project-admin] Action: 'action', calling method: unmanage, body: {"os-unmanage": {}} {{(pid=100684) _process_stack /opt/stack/cinder/cinder/api/openstack/wsgi.py:854}}
Aug 30 19:20:07.295887 dv-cinder-805316-4-smb devstack@c-api.service[100684]: INFO cinder.api.contrib.volume_unmanage [None req-0b7f3eac-eeb0-49f0-a06a-29e6b13f2a39 tempest-VolumeManageAdminTest-1453111028 tempest-VolumeManageAdminTest-1453111028-project-admin] Unmanage volume with id: 339fc17b-2c47-40a3-b9f5-bab557752c5c
Aug 30 19:20:07.323355 dv-cinder-805316-4-smb devstack@c-api.service[100684]: /usr/local/lib/python3.8/dist-packages/oslo_context/context.py:105: DeprecationWarning: Policy enforcement is depending on the value of is_admin. This key is deprecated. Please update your policy file to use the standard policy values.
Aug 30 19:20:07.323355 dv-cinder-805316-4-smb devstack@c-api.service[100684]: warnings.warn('Policy enforcement is depending on the value of '
Aug 30 19:20:07.324271 dv-cinder-805316-4-smb devstack@c-api.service[100684]: INFO cinder.volume.api [None req-0b7f3eac-eeb0-49f0-a06a-29e6b13f2a39 tempest-VolumeManageAdminTest-1453111028 tempest-VolumeManageAdminTest-1453111028-project-admin] Volume info retrieved successfully.
Aug 30 19:20:07.350557 dv-cinder-805316-4-smb devstack@c-api.service[100684]: INFO cinder.volume.api [None req-0b7f3eac-eeb0-49f0-a06a-29e6b13f2a39 tempest-VolumeManageAdminTest-1453111028 tempest-VolumeManageAdminTest-1453111028-project-admin] Delete volume request issued successfully.
Aug 30 19:20:07.351019 dv-cinder-805316-4-smb devstack@c-api.service[100684]: INFO cinder.api.openstack.wsgi [None req-0b7f3eac-eeb0-49f0-a06a-29e6b13f2a39 tempest-VolumeManageAdminTest-1453111028 tempest-VolumeManageAdminTest-1453111028-project-admin] http://10.222.0.82/volume/v3/f504d770427649a180f3a3d26738390d/volumes/339fc17b-2c47-40a3-b9f5-bab557752c5c/action returned with HTTP 202
Aug 30 19:20:07.355640 dv-cinder-805316-4-smb devstack@c-api.service[100684]: [pid: 100684|app: 0|req: 103/200] 10.222.0.82 () {60 vars in 1367 bytes} [Mon Aug 30 19:20:07 2021] POST /volume/v3/f504d770427649a180f3a3d26738390d/volumes/339fc17b-2c47-40a3-b9f5-bab557752c5c/action => generated 0 bytes in 64 msecs (HTTP/1.1 202) 6 headers in 233 bytes (1 switches on core 0)
Aug 30 19:20:07.372375 dv-cinder-805316-4-smb devstack@c-api.service[100684]: INFO cinder.api.openstack.wsgi [None req-e72017a1-dc2f-40a7-80a7-2a8aa562c7d8 tempest-GroupsTest-1552344356 tempest-GroupsTest-1552344356-project] POST http://10.222.0.82/volume/v3/f03e1fbf4b4f47d983179f63f5efd594/groups/106977b5-651a-4e8e-a056-526a54d1437b/action
Aug 30 19:20:07.372736 dv-cinder-805316-4-smb devstack@c-api.service[100684]: /usr/local/lib/python3.8/dist-packages/webob/acceptparse.py:1047: DeprecationWarning: The behavior of AcceptValidHeader.best_match is currently being maintained for backward compatibility, but it will be deprecated in the future, as it does not conform to the RFC.
Aug 30 19:20:07.372736 dv-cinder-805316-4-smb devstack@c-api.service[100684]: warnings.warn(
Aug 30 19:20:07.373173 dv-cinder-805316-4-smb devstack@c-api.service[100684]: DEBUG cinder.api.openstack.wsgi [None req-e72017a1-dc2f-40a7-80a7-2a8aa562c7d8 tempest-GroupsTest-1552344356 tempest-GroupsTest-1552344356-project] Action body: b'{"delete": {"delete-volumes": true}}' {{(pid=100684) get_method /opt/stack/cinder/cinder/api/openstack/wsgi.py:971}}
Aug 30 19:20:07.373512 dv-cinder-805316-4-smb devstack@c-api.service[100684]: DEBUG cinder.api.openstack.wsgi [None req-e72017a1-dc2f-40a7-80a7-2a8aa562c7d8 tempest-GroupsTest-1552344356 tempest-GroupsTest-1552344356-project] Action: 'action', calling method: version_select, body: {"delete": {"delete-volumes": true}} {{(pid=100684) _process_stack /opt/stack/cinder/cinder/api/openstack/wsgi.py:854}}
Aug 30 19:20:07.374331 dv-cinder-805316-4-smb devstack@c-api.service[100684]: DEBUG cinder.api.v3.groups [None req-e72017a1-dc2f-40a7-80a7-2a8aa562c7d8 tempest-GroupsTest-1552344356 tempest-GroupsTest-1552344356-project] delete called for group 106977b5-651a-4e8e-a056-526a54d1437b {{(pid=100684) _delete /opt/stack/cinder/cinder/api/v3/groups.py:117}}
Aug 30 19:20:07.374620 dv-cinder-805316-4-smb devstack@c-api.service[100684]: INFO cinder.api.v3.groups [None req-e72017a1-dc2f-40a7-80a7-2a8aa562c7d8 tempest-GroupsTest-1552344356 tempest-GroupsTest-1552344356-project] Delete group with id: 106977b5-651a-4e8e-a056-526a54d1437b
Aug 30 19:20:07.386410 dv-cinder-805316-4-smb devstack@c-api.service[100684]: /usr/local/lib/python3.8/dist-packages/oslo_context/context.py:105: DeprecationWarning: Policy enforcement is depending on the value of is_admin. This key is deprecated. Please update your policy file to use the standard policy values.
Aug 30 19:20:07.386410 dv-cinder-805316-4-smb devstack@c-api.service[100684]: warnings.warn('Policy enforcement is depending on the value of '
Aug 30 19:20:07.391045 dv-cinder-805316-4-smb devstack@c-api.service[100683]: INFO cinder.volume.api [None req-b95c61c7-00fb-475c-bf6e-cc5df0eba74e tempest-SnapshotsActionsTest-576939224 tempest-SnapshotsActionsTest-576939224-project] Delete volume request issued successfully.
Aug 30 19:20:07.391378 dv-cinder-805316-4-smb devstack@c-api.service[100683]: INFO cinder.api.openstack.wsgi [None req-b95c61c7-00fb-475c-bf6e-cc5df0eba74e tempest-SnapshotsActionsTest-576939224 tempest-SnapshotsActionsTest-576939224-project] http://10.222.0.82/volume/v3/5465b6479f194a73bcde1e40d7d56c15/volumes/005741e0-c04e-412a-b3a4-fbdba7ec8d54 returned with HTTP 202
Aug 30 19:20:07.394389 dv-cinder-805316-4-smb devstack@c-api.service[100683]: [pid: 100683|app: 0|req: 98/201] 10.222.0.82 () {58 vars in 1328 bytes} [Mon Aug 30 19:20:07 2021] DELETE /volume/v3/5465b6479f194a73bcde1e40d7d56c15/volumes/005741e0-c04e-412a-b3a4-fbdba7ec8d54 => generated 0 bytes in 148 msecs (HTTP/1.1 202) 6 headers in 233 bytes (1 switches on core 0)
Aug 30 19:20:07.400373 dv-cinder-805316-4-smb devstack@c-api.service[100683]: INFO cinder.api.openstack.wsgi [None req-998e4ab0-8a52-4509-8d73-f519fe6eadc1 tempest-VolumeManageAdminTest-1453111028 tempest-VolumeManageAdminTest-1453111028-project-admin] GET http://10.222.0.82/volume/v3/f504d770427649a180f3a3d26738390d/volumes/339fc17b-2c47-40a3-b9f5-bab557752c5c
Aug 30 19:20:07.400856 dv-cinder-805316-4-smb devstack@c-api.service[100683]: DEBUG cinder.api.openstack.wsgi [None req-998e4ab0-8a52-4509-8d73-f519fe6eadc1 tempest-VolumeManageAdminTest-1453111028 tempest-VolumeManageAdminTest-1453111028-project-admin] Empty body provided in request {{(pid=100683) get_body /opt/stack/cinder/cinder/api/openstack/wsgi.py:703}}
Aug 30 19:20:07.401025 dv-cinder-805316-4-smb devstack@c-api.service[100683]: /usr/local/lib/python3.8/dist-packages/webob/acceptparse.py:1047: DeprecationWarning: The behavior of AcceptValidHeader.best_match is currently being maintained for backward compatibility, but it will be deprecated in the future, as it does not conform to the RFC.
Aug 30 19:20:07.401025 dv-cinder-805316-4-smb devstack@c-api.service[100683]: warnings.warn(
Aug 30 19:20:07.407918 dv-cinder-805316-4-smb devstack@c-api.service[100683]: DEBUG cinder.api.openstack.wsgi [None req-998e4ab0-8a52-4509-8d73-f519fe6eadc1 tempest-VolumeManageAdminTest-1453111028 tempest-VolumeManageAdminTest-1453111028-project-admin] Calling method 'show' {{(pid=100683) _process_stack /opt/stack/cinder/cinder/api/openstack/wsgi.py:856}}
Aug 30 19:20:07.447221 dv-cinder-805316-4-smb devstack@c-api.service[100683]: /usr/local/lib/python3.8/dist-packages/oslo_context/context.py:105: DeprecationWarning: Policy enforcement is depending on the value of is_admin. This key is deprecated. Please update your policy file to use the standard policy values.
Aug 30 19:20:07.447221 dv-cinder-805316-4-smb devstack@c-api.service[100683]: warnings.warn('Policy enforcement is depending on the value of '
Aug 30 19:20:07.485040 dv-cinder-805316-4-smb devstack@c-api.service[100683]: INFO cinder.volume.api [None req-998e4ab0-8a52-4509-8d73-f519fe6eadc1 tempest-VolumeManageAdminTest-1453111028 tempest-VolumeManageAdminTest-1453111028-project-admin] Volume info retrieved successfully.
Aug 30 19:20:07.519928 dv-cinder-805316-4-smb devstack@c-api.service[100683]: INFO cinder.api.openstack.wsgi [None req-998e4ab0-8a52-4509-8d73-f519fe6eadc1 tempest-VolumeManageAdminTest-1453111028 tempest-VolumeManageAdminTest-1453111028-project-admin] http://10.222.0.82/volume/v3/f504d770427649a180f3a3d26738390d/volumes/339fc17b-2c47-40a3-b9f5-bab557752c5c returned with HTTP 200
Aug 30 19:20:07.522681 dv-cinder-805316-4-smb devstack@c-api.service[100683]: [pid: 100683|app: 0|req: 99/202] 10.222.0.82 () {58 vars in 1325 bytes} [Mon Aug 30 19:20:07 2021] GET /volume/v3/f504d770427649a180f3a3d26738390d/volumes/339fc17b-2c47-40a3-b9f5-bab557752c5c => generated 1081 bytes in 128 msecs (HTTP/1.1 200) 7 headers in 286 bytes (1 switches on core 0)
Aug 30 19:20:07.538273 dv-cinder-805316-4-smb devstack@c-api.service[100683]: INFO cinder.api.openstack.wsgi [None req-2560f8f5-7771-4026-ae2d-9203645f2150 tempest-SnapshotsActionsTest-576939224 tempest-SnapshotsActionsTest-576939224-project] GET http://10.222.0.82/volume/v3/5465b6479f194a73bcde1e40d7d56c15/volumes/005741e0-c04e-412a-b3a4-fbdba7ec8d54
Aug 30 19:20:07.541444 dv-cinder-805316-4-smb devstack@c-api.service[100683]: DEBUG cinder.api.openstack.wsgi [None req-2560f8f5-7771-4026-ae2d-9203645f2150 tempest-SnapshotsActionsTest-576939224 tempest-SnapshotsActionsTest-576939224-project] Empty body provided in request {{(pid=100683) get_body /opt/stack/cinder/cinder/api/openstack/wsgi.py:703}}
Aug 30 19:20:07.541902 dv-cinder-805316-4-smb devstack@c-api.service[100683]: /usr/local/lib/python3.8/dist-packages/webob/acceptparse.py:1047: DeprecationWarning: The behavior of AcceptValidHeader.best_match is currently being maintained for backward compatibility, but it will be deprecated in the future, as it does not conform to the RFC.
Aug 30 19:20:07.541902 dv-cinder-805316-4-smb devstack@c-api.service[100683]: warnings.warn(
Aug 30 19:20:07.542475 dv-cinder-805316-4-smb devstack@c-api.service[100683]: DEBUG cinder.api.openstack.wsgi [None req-2560f8f5-7771-4026-ae2d-9203645f2150 tempest-SnapshotsActionsTest-576939224 tempest-SnapshotsActionsTest-576939224-project] Calling method 'show' {{(pid=100683) _process_stack /opt/stack/cinder/cinder/api/openstack/wsgi.py:856}}
Aug 30 19:20:07.580034 dv-cinder-805316-4-smb devstack@c-api.service[100683]: /usr/local/lib/python3.8/dist-packages/oslo_context/context.py:105: DeprecationWarning: Policy enforcement is depending on the value of is_admin. This key is deprecated. Please update your policy file to use the standard policy values.
Aug 30 19:20:07.580034 dv-cinder-805316-4-smb devstack@c-api.service[100683]: warnings.warn('Policy enforcement is depending on the value of '
Aug 30 19:20:07.588222 dv-cinder-805316-4-smb devstack@c-api.service[100684]: INFO cinder.api.openstack.wsgi [None req-e72017a1-dc2f-40a7-80a7-2a8aa562c7d8 tempest-GroupsTest-1552344356 tempest-GroupsTest-1552344356-project] http://10.222.0.82/volume/v3/f03e1fbf4b4f47d983179f63f5efd594/groups/106977b5-651a-4e8e-a056-526a54d1437b/action returned with HTTP 202
Aug 30 19:20:07.590401 dv-cinder-805316-4-smb devstack@c-api.service[100684]: [pid: 100684|app: 0|req: 104/203] 10.222.0.82 () {62 vars in 1405 bytes} [Mon Aug 30 19:20:07 2021] POST /volume/v3/f03e1fbf4b4f47d983179f63f5efd594/groups/106977b5-651a-4e8e-a056-526a54d1437b/action => generated 0 bytes in 237 msecs (HTTP/1.1 202) 6 headers in 234 bytes (1 switches on core 0)
Aug 30 19:20:07.601467 dv-cinder-805316-4-smb devstack@c-api.service[100684]: INFO cinder.api.openstack.wsgi [None req-eeaa1c82-0d19-49cd-a1a7-4525dd59d211 tempest-GroupsTest-1552344356 tempest-GroupsTest-1552344356-project] GET http://10.222.0.82/volume/v3/f03e1fbf4b4f47d983179f63f5efd594/volumes/3e4882a4-dcae-4dac-a9df-3a800083cc65
Aug 30 19:20:07.602039 dv-cinder-805316-4-smb devstack@c-api.service[100684]: DEBUG cinder.api.openstack.wsgi [None req-eeaa1c82-0d19-49cd-a1a7-4525dd59d211 tempest-GroupsTest-1552344356 tempest-GroupsTest-1552344356-project] Empty body provided in request {{(pid=100684) get_body /opt/stack/cinder/cinder/api/openstack/wsgi.py:703}}
Aug 30 19:20:07.602168 dv-cinder-805316-4-smb devstack@c-api.service[100683]: INFO cinder.volume.api [None req-2560f8f5-7771-4026-ae2d-9203645f2150 tempest-SnapshotsActionsTest-576939224 tempest-SnapshotsActionsTest-576939224-project] Volume info retrieved successfully.
Aug 30 19:20:07.602248 dv-cinder-805316-4-smb devstack@c-api.service[100684]: /usr/local/lib/python3.8/dist-packages/webob/acceptparse.py:1047: DeprecationWarning: The behavior of AcceptValidHeader.best_match is currently being maintained for backward compatibility, but it will be deprecated in the future, as it does not conform to the RFC.
Aug 30 19:20:07.602248 dv-cinder-805316-4-smb devstack@c-api.service[100684]: warnings.warn(
Aug 30 19:20:07.602566 dv-cinder-805316-4-smb devstack@c-api.service[100684]: DEBUG cinder.api.openstack.wsgi [None req-eeaa1c82-0d19-49cd-a1a7-4525dd59d211 tempest-GroupsTest-1552344356 tempest-GroupsTest-1552344356-project] Calling method 'show' {{(pid=100684) _process_stack /opt/stack/cinder/cinder/api/openstack/wsgi.py:856}}
Aug 30 19:20:07.627912 dv-cinder-805316-4-smb devstack@c-api.service[100683]: INFO cinder.api.openstack.wsgi [None req-2560f8f5-7771-4026-ae2d-9203645f2150 tempest-SnapshotsActionsTest-576939224 tempest-SnapshotsActionsTest-576939224-project] http://10.222.0.82/volume/v3/5465b6479f194a73bcde1e40d7d56c15/volumes/005741e0-c04e-412a-b3a4-fbdba7ec8d54 returned with HTTP 200
Aug 30 19:20:07.628624 dv-cinder-805316-4-smb devstack@c-api.service[100683]: [pid: 100683|app: 0|req: 100/204] 10.222.0.82 () {58 vars in 1325 bytes} [Mon Aug 30 19:20:07 2021] GET /volume/v3/5465b6479f194a73bcde1e40d7d56c15/volumes/005741e0-c04e-412a-b3a4-fbdba7ec8d54 => generated 912 bytes in 105 msecs (HTTP/1.1 200) 7 headers in 285 bytes (1 switches on core 0)
Aug 30 19:20:07.632286 dv-cinder-805316-4-smb devstack@c-api.service[100684]: /usr/local/lib/python3.8/dist-packages/oslo_context/context.py:105: DeprecationWarning: Policy enforcement is depending on the value of is_admin. This key is deprecated. Please update your policy file to use the standard policy values.
Aug 30 19:20:07.632286 dv-cinder-805316-4-smb devstack@c-api.service[100684]: warnings.warn('Policy enforcement is depending on the value of '
Aug 30 19:20:07.658556 dv-cinder-805316-4-smb devstack@c-api.service[100684]: INFO cinder.volume.api [None req-eeaa1c82-0d19-49cd-a1a7-4525dd59d211 tempest-GroupsTest-1552344356 tempest-GroupsTest-1552344356-project] Volume info retrieved successfully.
Aug 30 19:20:07.670685 dv-cinder-805316-4-smb devstack@c-api.service[100684]: WARNING stevedore.named [None req-eeaa1c82-0d19-49cd-a1a7-4525dd59d211 tempest-GroupsTest-1552344356 tempest-GroupsTest-1552344356-project] Could not load cinder.keymgr.conf_key_mgr.ConfKeyManager
Aug 30 19:20:07.671084 dv-cinder-805316-4-smb devstack@c-api.service[100684]: WARNING castellan.key_manager [None req-eeaa1c82-0d19-49cd-a1a7-4525dd59d211 tempest-GroupsTest-1552344356 tempest-GroupsTest-1552344356-project] Deprecation Warning : cinder.keymgr.conf_key_mgr.ConfKeyManager is not a stevedore based driver, trying to load it as a class: stevedore.exception.NoMatches: No 'castellan.drivers' driver found, looking for 'cinder.keymgr.conf_key_mgr.ConfKeyManager'
Aug 30 19:20:07.685106 dv-cinder-805316-4-smb devstack@c-api.service[100684]: DEBUG oslo_db.sqlalchemy.engines [None req-eeaa1c82-0d19-49cd-a1a7-4525dd59d211 tempest-GroupsTest-1552344356 tempest-GroupsTest-1552344356-project] MySQL server mode set to STRICT_TRANS_TABLES,STRICT_ALL_TABLES,NO_ZERO_IN_DATE,NO_ZERO_DATE,ERROR_FOR_DIVISION_BY_ZERO,TRADITIONAL,NO_ENGINE_SUBSTITUTION {{(pid=100684) _check_effective_sql_mode /usr/local/lib/python3.8/dist-packages/oslo_db/sqlalchemy/engines.py:314}}
Aug 30 19:20:07.700958 dv-cinder-805316-4-smb devstack@c-api.service[100684]: /usr/local/lib/python3.8/dist-packages/oslo_context/context.py:105: DeprecationWarning: Policy enforcement is depending on the value of is_admin. This key is deprecated. Please update your policy file to use the standard policy values.
Aug 30 19:20:07.700958 dv-cinder-805316-4-smb devstack@c-api.service[100684]: warnings.warn('Policy enforcement is depending on the value of '
Aug 30 19:20:07.742232 dv-cinder-805316-4-smb devstack@c-api.service[100684]: INFO cinder.api.openstack.wsgi [None req-eeaa1c82-0d19-49cd-a1a7-4525dd59d211 tempest-GroupsTest-1552344356 tempest-GroupsTest-1552344356-project] http://10.222.0.82/volume/v3/f03e1fbf4b4f47d983179f63f5efd594/volumes/3e4882a4-dcae-4dac-a9df-3a800083cc65 returned with HTTP 200
Aug 30 19:20:07.744389 dv-cinder-805316-4-smb devstack@c-api.service[100684]: [pid: 100684|app: 0|req: 105/205] 10.222.0.82 () {60 vars in 1366 bytes} [Mon Aug 30 19:20:07 2021] GET /volume/v3/f03e1fbf4b4f47d983179f63f5efd594/volumes/3e4882a4-dcae-4dac-a9df-3a800083cc65 => generated 982 bytes in 148 msecs (HTTP/1.1 200) 7 headers in 286 bytes (1 switches on core 0)
Aug 30 19:20:08.540024 dv-cinder-805316-4-smb devstack@c-api.service[100683]: INFO cinder.api.openstack.wsgi [None req-cf1878e1-a1f4-415b-ab70-bbd98f0bf4c4 tempest-VolumeManageAdminTest-1453111028 tempest-VolumeManageAdminTest-1453111028-project-admin] GET http://10.222.0.82/volume/v3/f504d770427649a180f3a3d26738390d/volumes/339fc17b-2c47-40a3-b9f5-bab557752c5c
Aug 30 19:20:08.541878 dv-cinder-805316-4-smb devstack@c-api.service[100683]: DEBUG cinder.api.openstack.wsgi [None req-cf1878e1-a1f4-415b-ab70-bbd98f0bf4c4 tempest-VolumeManageAdminTest-1453111028 tempest-VolumeManageAdminTest-1453111028-project-admin] Empty body provided in request {{(pid=100683) get_body /opt/stack/cinder/cinder/api/openstack/wsgi.py:703}}
Aug 30 19:20:08.541878 dv-cinder-805316-4-smb devstack@c-api.service[100683]: /usr/local/lib/python3.8/dist-packages/webob/acceptparse.py:1047: DeprecationWarning: The behavior of AcceptValidHeader.best_match is currently being maintained for backward compatibility, but it will be deprecated in the future, as it does not conform to the RFC.
Aug 30 19:20:08.541878 dv-cinder-805316-4-smb devstack@c-api.service[100683]: warnings.warn(
Aug 30 19:20:08.541878 dv-cinder-805316-4-smb devstack@c-api.service[100683]: DEBUG cinder.api.openstack.wsgi [None req-cf1878e1-a1f4-415b-ab70-bbd98f0bf4c4 tempest-VolumeManageAdminTest-1453111028 tempest-VolumeManageAdminTest-1453111028-project-admin] Calling method 'show' {{(pid=100683) _process_stack /opt/stack/cinder/cinder/api/openstack/wsgi.py:856}}
Aug 30 19:20:08.556316 dv-cinder-805316-4-smb devstack@c-api.service[100683]: INFO cinder.api.openstack.wsgi [None req-cf1878e1-a1f4-415b-ab70-bbd98f0bf4c4 tempest-VolumeManageAdminTest-1453111028 tempest-VolumeManageAdminTest-1453111028-project-admin] http://10.222.0.82/volume/v3/f504d770427649a180f3a3d26738390d/volumes/339fc17b-2c47-40a3-b9f5-bab557752c5c returned with HTTP 404
Aug 30 19:20:08.557578 dv-cinder-805316-4-smb devstack@c-api.service[100683]: [pid: 100683|app: 0|req: 101/206] 10.222.0.82 () {58 vars in 1325 bytes} [Mon Aug 30 19:20:08 2021] GET /volume/v3/f504d770427649a180f3a3d26738390d/volumes/339fc17b-2c47-40a3-b9f5-bab557752c5c => generated 109 bytes in 22 msecs (HTTP/1.1 404) 7 headers in 292 bytes (1 switches on core 0)
Aug 30 19:20:08.565861 dv-cinder-805316-4-smb devstack@c-api.service[100684]: INFO cinder.api.openstack.wsgi [None req-b11da36f-fd81-49d7-a29b-f87a5c25c793 tempest-VolumeManageAdminTest-1453111028 tempest-VolumeManageAdminTest-1453111028-project-admin] GET http://10.222.0.82/volume/v3/f504d770427649a180f3a3d26738390d/volumes/detail?all_tenants=1
Aug 30 19:20:08.566605 dv-cinder-805316-4-smb devstack@c-api.service[100684]: DEBUG cinder.api.openstack.wsgi [None req-b11da36f-fd81-49d7-a29b-f87a5c25c793 tempest-VolumeManageAdminTest-1453111028 tempest-VolumeManageAdminTest-1453111028-project-admin] Empty body provided in request {{(pid=100684) get_body /opt/stack/cinder/cinder/api/openstack/wsgi.py:703}}
Aug 30 19:20:08.566779 dv-cinder-805316-4-smb devstack@c-api.service[100684]: /usr/local/lib/python3.8/dist-packages/webob/acceptparse.py:1047: DeprecationWarning: The behavior of AcceptValidHeader.best_match is currently being maintained for backward compatibility, but it will be deprecated in the future, as it does not conform to the RFC.
Aug 30 19:20:08.566779 dv-cinder-805316-4-smb devstack@c-api.service[100684]: warnings.warn(
Aug 30 19:20:08.567113 dv-cinder-805316-4-smb devstack@c-api.service[100684]: DEBUG cinder.api.openstack.wsgi [None req-b11da36f-fd81-49d7-a29b-f87a5c25c793 tempest-VolumeManageAdminTest-1453111028 tempest-VolumeManageAdminTest-1453111028-project-admin] Calling method 'detail' {{(pid=100684) _process_stack /opt/stack/cinder/cinder/api/openstack/wsgi.py:856}}
Aug 30 19:20:08.575125 dv-cinder-805316-4-smb devstack@c-api.service[100684]: DEBUG cinder.volume.api [None req-b11da36f-fd81-49d7-a29b-f87a5c25c793 tempest-VolumeManageAdminTest-1453111028 tempest-VolumeManageAdminTest-1453111028-project-admin] Searching by: MultiDict([('all_tenants', 1)]). {{(pid=100684) get_all /opt/stack/cinder/cinder/volume/api.py:619}}
Aug 30 19:20:08.634088 dv-cinder-805316-4-smb devstack@c-api.service[100684]: INFO cinder.volume.api [None req-b11da36f-fd81-49d7-a29b-f87a5c25c793 tempest-VolumeManageAdminTest-1453111028 tempest-VolumeManageAdminTest-1453111028-project-admin] Get all volumes completed successfully.
Aug 30 19:20:08.641627 dv-cinder-805316-4-smb devstack@c-api.service[100684]: INFO cinder.api.openstack.wsgi [None req-b11da36f-fd81-49d7-a29b-f87a5c25c793 tempest-VolumeManageAdminTest-1453111028 tempest-VolumeManageAdminTest-1453111028-project-admin] http://10.222.0.82/volume/v3/f504d770427649a180f3a3d26738390d/volumes/detail?all_tenants=1 returned with HTTP 200
Aug 30 19:20:08.641627 dv-cinder-805316-4-smb devstack@c-api.service[100684]: [pid: 100684|app: 0|req: 106/207] 10.222.0.82 () {58 vars in 1262 bytes} [Mon Aug 30 19:20:08 2021] GET /volume/v3/f504d770427649a180f3a3d26738390d/volumes/detail?all_tenants=1 => generated 15 bytes in 79 msecs (HTTP/1.1 200) 7 headers in 284 bytes (2 switches on core 0)
Aug 30 19:20:08.648332 dv-cinder-805316-4-smb devstack@c-api.service[100683]: INFO cinder.api.openstack.wsgi [None req-2c838146-118e-43c5-8690-f9dee72af714 tempest-SnapshotsActionsTest-576939224 tempest-SnapshotsActionsTest-576939224-project] GET http://10.222.0.82/volume/v3/5465b6479f194a73bcde1e40d7d56c15/volumes/005741e0-c04e-412a-b3a4-fbdba7ec8d54
Aug 30 19:20:08.649048 dv-cinder-805316-4-smb devstack@c-api.service[100683]: DEBUG cinder.api.openstack.wsgi [None req-2c838146-118e-43c5-8690-f9dee72af714 tempest-SnapshotsActionsTest-576939224 tempest-SnapshotsActionsTest-576939224-project] Empty body provided in request {{(pid=100683) get_body /opt/stack/cinder/cinder/api/openstack/wsgi.py:703}}
Aug 30 19:20:08.649734 dv-cinder-805316-4-smb devstack@c-api.service[100683]: DEBUG cinder.api.openstack.wsgi [None req-2c838146-118e-43c5-8690-f9dee72af714 tempest-SnapshotsActionsTest-576939224 tempest-SnapshotsActionsTest-576939224-project] Calling method 'show' {{(pid=100683) _process_stack /opt/stack/cinder/cinder/api/openstack/wsgi.py:856}}
Aug 30 19:20:08.658193 dv-cinder-805316-4-smb devstack@c-api.service[100684]: INFO cinder.api.openstack.wsgi [None req-2bda10f8-77de-4b19-a6a5-0ab892aab211 tempest-VolumeManageAdminTest-1453111028 tempest-VolumeManageAdminTest-1453111028-project-admin] POST http://10.222.0.82/volume/v3/f504d770427649a180f3a3d26738390d/os-volume-manage
Aug 30 19:20:08.658973 dv-cinder-805316-4-smb devstack@c-api.service[100684]: DEBUG cinder.api.openstack.wsgi [None req-2bda10f8-77de-4b19-a6a5-0ab892aab211 tempest-VolumeManageAdminTest-1453111028 tempest-VolumeManageAdminTest-1453111028-project-admin] Action: 'create', calling method: create, body: {"volume": {"name": "tempest-VolumeManageAdminTest-volume-914459082", "host": "hv-cinder-80531@wincnd#smbshare", "ref": {"source-name": "//127.0.0.1/smbshare/volume-339fc17b-2c47-40a3-b9f5-bab557752c5c.vhdx"}, "volume_type": "__DEFAULT__", "availability_zone": "nova"}} {{(pid=100684) _process_stack /opt/stack/cinder/cinder/api/openstack/wsgi.py:854}}
Aug 30 19:20:08.662005 dv-cinder-805316-4-smb devstack@c-api.service[100684]: DEBUG cinder.api.contrib.volume_manage [None req-2bda10f8-77de-4b19-a6a5-0ab892aab211 tempest-VolumeManageAdminTest-1453111028 tempest-VolumeManageAdminTest-1453111028-project-admin] Manage volume request body: {'volume': {'name': 'tempest-VolumeManageAdminTest-volume-914459082', 'host': 'hv-cinder-80531@wincnd#smbshare', 'ref': {'source-name': '//127.0.0.1/smbshare/volume-339fc17b-2c47-40a3-b9f5-bab557752c5c.vhdx'}, 'volume_type': '__DEFAULT__', 'availability_zone': 'nova'}} {{(pid=100684) create /opt/stack/cinder/cinder/api/contrib/volume_manage.py:113}}
Aug 30 19:20:08.665567 dv-cinder-805316-4-smb devstack@c-api.service[100683]: INFO cinder.api.openstack.wsgi [None req-2c838146-118e-43c5-8690-f9dee72af714 tempest-SnapshotsActionsTest-576939224 tempest-SnapshotsActionsTest-576939224-project] http://10.222.0.82/volume/v3/5465b6479f194a73bcde1e40d7d56c15/volumes/005741e0-c04e-412a-b3a4-fbdba7ec8d54 returned with HTTP 404
Aug 30 19:20:08.686555 dv-cinder-805316-4-smb devstack@c-api.service[100683]: [pid: 100683|app: 0|req: 102/208] 10.222.0.82 () {58 vars in 1325 bytes} [Mon Aug 30 19:20:08 2021] GET /volume/v3/5465b6479f194a73bcde1e40d7d56c15/volumes/005741e0-c04e-412a-b3a4-fbdba7ec8d54 => generated 109 bytes in 38 msecs (HTTP/1.1 404) 7 headers in 292 bytes (1 switches on core 0)
Aug 30 19:20:08.715025 dv-cinder-805316-4-smb devstack@c-api.service[100684]: DEBUG cinder.volume.api [None req-2bda10f8-77de-4b19-a6a5-0ab892aab211 tempest-VolumeManageAdminTest-1453111028 tempest-VolumeManageAdminTest-1453111028-project-admin] Flow 'volume_manage_existing_api' (148397a9-54f6-4af8-b046-cad4436120e3) transitioned into state 'RUNNING' from state 'PENDING' {{(pid=100684) _flow_receiver /usr/local/lib/python3.8/dist-packages/taskflow/listeners/logging.py:141}}
Aug 30 19:20:08.719324 dv-cinder-805316-4-smb devstack@c-api.service[100684]: DEBUG cinder.volume.api [None req-2bda10f8-77de-4b19-a6a5-0ab892aab211 tempest-VolumeManageAdminTest-1453111028 tempest-VolumeManageAdminTest-1453111028-project-admin] Task 'cinder.volume.flows.api.create_volume.QuotaReserveTask;volume:create' (a8536fd5-eb95-4a71-87cf-d814dde1ccff) transitioned into state 'RUNNING' from state 'PENDING' {{(pid=100684) _task_receiver /usr/local/lib/python3.8/dist-packages/taskflow/listeners/logging.py:190}}
Aug 30 19:20:08.760022 dv-cinder-805316-4-smb devstack@c-api.service[100683]: INFO cinder.api.openstack.wsgi [None req-70bc461e-7106-46d7-b73a-95159a54a6d8 tempest-GroupsTest-1552344356 tempest-GroupsTest-1552344356-project] GET http://10.222.0.82/volume/v3/f03e1fbf4b4f47d983179f63f5efd594/volumes/3e4882a4-dcae-4dac-a9df-3a800083cc65
Aug 30 19:20:08.761210 dv-cinder-805316-4-smb devstack@c-api.service[100683]: DEBUG cinder.api.openstack.wsgi [None req-70bc461e-7106-46d7-b73a-95159a54a6d8 tempest-GroupsTest-1552344356 tempest-GroupsTest-1552344356-project] Empty body provided in request {{(pid=100683) get_body /opt/stack/cinder/cinder/api/openstack/wsgi.py:703}}
Aug 30 19:20:08.762087 dv-cinder-805316-4-smb devstack@c-api.service[100683]: DEBUG cinder.api.openstack.wsgi [None req-70bc461e-7106-46d7-b73a-95159a54a6d8 tempest-GroupsTest-1552344356 tempest-GroupsTest-1552344356-project] Calling method 'show' {{(pid=100683) _process_stack /opt/stack/cinder/cinder/api/openstack/wsgi.py:856}}
Aug 30 19:20:08.784360 dv-cinder-805316-4-smb devstack@c-api.service[100683]: INFO cinder.api.openstack.wsgi [None req-70bc461e-7106-46d7-b73a-95159a54a6d8 tempest-GroupsTest-1552344356 tempest-GroupsTest-1552344356-project] http://10.222.0.82/volume/v3/f03e1fbf4b4f47d983179f63f5efd594/volumes/3e4882a4-dcae-4dac-a9df-3a800083cc65 returned with HTTP 404
Aug 30 19:20:08.787517 dv-cinder-805316-4-smb devstack@c-api.service[100683]: [pid: 100683|app: 0|req: 103/209] 10.222.0.82 () {60 vars in 1366 bytes} [Mon Aug 30 19:20:08 2021] GET /volume/v3/f03e1fbf4b4f47d983179f63f5efd594/volumes/3e4882a4-dcae-4dac-a9df-3a800083cc65 => generated 109 bytes in 32 msecs (HTTP/1.1 404) 7 headers in 293 bytes (2 switches on core 0)
Aug 30 19:20:08.801234 dv-cinder-805316-4-smb devstack@c-api.service[100683]: INFO cinder.api.openstack.wsgi [None req-6e599060-9421-45ff-944a-2aa38a1cded5 tempest-GroupsTest-1552344356 tempest-GroupsTest-1552344356-project] GET http://10.222.0.82/volume/v3/f03e1fbf4b4f47d983179f63f5efd594/volumes/3c3ddd02-f285-41cf-ab9b-2b0b2ede0950
Aug 30 19:20:08.802917 dv-cinder-805316-4-smb devstack@c-api.service[100683]: DEBUG cinder.api.openstack.wsgi [None req-6e599060-9421-45ff-944a-2aa38a1cded5 tempest-GroupsTest-1552344356 tempest-GroupsTest-1552344356-project] Empty body provided in request {{(pid=100683) get_body /opt/stack/cinder/cinder/api/openstack/wsgi.py:703}}
Aug 30 19:20:08.805593 dv-cinder-805316-4-smb devstack@c-api.service[100683]: DEBUG cinder.api.openstack.wsgi [None req-6e599060-9421-45ff-944a-2aa38a1cded5 tempest-GroupsTest-1552344356 tempest-GroupsTest-1552344356-project] Calling method 'show' {{(pid=100683) _process_stack /opt/stack/cinder/cinder/api/openstack/wsgi.py:856}}
Aug 30 19:20:08.832518 dv-cinder-805316-4-smb devstack@c-api.service[100683]: INFO cinder.api.openstack.wsgi [None req-6e599060-9421-45ff-944a-2aa38a1cded5 tempest-GroupsTest-1552344356 tempest-GroupsTest-1552344356-project] http://10.222.0.82/volume/v3/f03e1fbf4b4f47d983179f63f5efd594/volumes/3c3ddd02-f285-41cf-ab9b-2b0b2ede0950 returned with HTTP 404
Aug 30 19:20:08.838364 dv-cinder-805316-4-smb devstack@c-api.service[100683]: [pid: 100683|app: 0|req: 104/210] 10.222.0.82 () {60 vars in 1366 bytes} [Mon Aug 30 19:20:08 2021] GET /volume/v3/f03e1fbf4b4f47d983179f63f5efd594/volumes/3c3ddd02-f285-41cf-ab9b-2b0b2ede0950 => generated 109 bytes in 46 msecs (HTTP/1.1 404) 7 headers in 293 bytes (1 switches on core 0)
Aug 30 19:20:08.856779 dv-cinder-805316-4-smb devstack@c-api.service[100683]: INFO cinder.api.openstack.wsgi [None req-2465d6aa-de72-4253-8fb8-9f2d6abc54bd tempest-GroupsTest-1552344356 tempest-GroupsTest-1552344356-project] GET http://10.222.0.82/volume/v3/f03e1fbf4b4f47d983179f63f5efd594/groups/106977b5-651a-4e8e-a056-526a54d1437b
Aug 30 19:20:08.858461 dv-cinder-805316-4-smb devstack@c-api.service[100683]: DEBUG cinder.api.openstack.wsgi [None req-2465d6aa-de72-4253-8fb8-9f2d6abc54bd tempest-GroupsTest-1552344356 tempest-GroupsTest-1552344356-project] Empty body provided in request {{(pid=100683) get_body /opt/stack/cinder/cinder/api/openstack/wsgi.py:703}}
Aug 30 19:20:08.859499 dv-cinder-805316-4-smb devstack@c-api.service[100683]: DEBUG cinder.api.openstack.wsgi [None req-2465d6aa-de72-4253-8fb8-9f2d6abc54bd tempest-GroupsTest-1552344356 tempest-GroupsTest-1552344356-project] Calling method 'version_select' {{(pid=100683) _process_stack /opt/stack/cinder/cinder/api/openstack/wsgi.py:856}}
