Aug 30 19:12:25.504242 dv-cinder-805316-4-smb devstack@c-api.service[100683]: DEBUG oslo_db.sqlalchemy.engines [None req-8163287b-d014-4c59-9d35-67b54c7059f9 admin admin] MySQL server mode set to STRICT_TRANS_TABLES,STRICT_ALL_TABLES,NO_ZERO_IN_DATE,NO_ZERO_DATE,ERROR_FOR_DIVISION_BY_ZERO,TRADITIONAL,NO_ENGINE_SUBSTITUTION {{(pid=100683) _check_effective_sql_mode /usr/local/lib/python3.8/dist-packages/oslo_db/sqlalchemy/engines.py:314}}
Aug 30 19:12:25.558920 dv-cinder-805316-4-smb devstack@c-api.service[100683]: INFO cinder.api.openstack.wsgi [None req-8163287b-d014-4c59-9d35-67b54c7059f9 admin admin] http://10.222.0.82/volume/v3/1905d814db0a40b7920797a30f8571da/types returned with HTTP 200
Aug 30 19:12:25.559963 dv-cinder-805316-4-smb devstack@c-api.service[100683]: [pid: 100683|app: 0|req: 2/2] 10.222.0.82 () {60 vars in 1238 bytes} [Mon Aug 30 19:12:24 2021] POST /volume/v3/1905d814db0a40b7920797a30f8571da/types => generated 186 bytes in 766 msecs (HTTP/1.1 200) 7 headers in 285 bytes (1 switches on core 0)
Aug 30 19:12:26.017894 dv-cinder-805316-4-smb devstack@c-api.service[100684]: INFO cinder.api.openstack.wsgi [req-8163287b-d014-4c59-9d35-67b54c7059f9 req-4ad018e4-59a3-4edf-bbf3-d468d034bc79 admin admin] POST http://10.222.0.82/volume/v3/1905d814db0a40b7920797a30f8571da/types/658baf4a-56fb-4570-93cb-6f0b1733b1e8/extra_specs
Aug 30 19:12:26.019664 dv-cinder-805316-4-smb devstack@c-api.service[100684]: /usr/local/lib/python3.8/dist-packages/webob/acceptparse.py:1047: DeprecationWarning: The behavior of AcceptValidHeader.best_match is currently being maintained for backward compatibility, but it will be deprecated in the future, as it does not conform to the RFC.
Aug 30 19:12:26.019664 dv-cinder-805316-4-smb devstack@c-api.service[100684]: warnings.warn(
Aug 30 19:12:26.020176 dv-cinder-805316-4-smb devstack@c-api.service[100684]: DEBUG cinder.api.openstack.wsgi [req-8163287b-d014-4c59-9d35-67b54c7059f9 req-4ad018e4-59a3-4edf-bbf3-d468d034bc79 admin admin] Action: 'create', calling method: create, body: {"extra_specs": {"volume_backend_name": "lvmdriver-1"}} {{(pid=100684) _process_stack /opt/stack/cinder/cinder/api/openstack/wsgi.py:854}}
Aug 30 19:12:26.022333 dv-cinder-805316-4-smb devstack@c-api.service[100684]: /usr/local/lib/python3.8/dist-packages/oslo_context/context.py:105: DeprecationWarning: Policy enforcement is depending on the value of is_admin. This key is deprecated. Please update your policy file to use the standard policy values.
Aug 30 19:12:26.022333 dv-cinder-805316-4-smb devstack@c-api.service[100684]: warnings.warn('Policy enforcement is depending on the value of '
Aug 30 19:12:26.030522 dv-cinder-805316-4-smb devstack@c-api.service[100684]: DEBUG oslo_db.sqlalchemy.engines [req-8163287b-d014-4c59-9d35-67b54c7059f9 req-4ad018e4-59a3-4edf-bbf3-d468d034bc79 admin admin] MySQL server mode set to STRICT_TRANS_TABLES,STRICT_ALL_TABLES,NO_ZERO_IN_DATE,NO_ZERO_DATE,ERROR_FOR_DIVISION_BY_ZERO,TRADITIONAL,NO_ENGINE_SUBSTITUTION {{(pid=100684) _check_effective_sql_mode /usr/local/lib/python3.8/dist-packages/oslo_db/sqlalchemy/engines.py:314}}
Aug 30 19:12:26.165903 dv-cinder-805316-4-smb devstack@c-api.service[100684]: INFO cinder.api.openstack.wsgi [req-8163287b-d014-4c59-9d35-67b54c7059f9 req-4ad018e4-59a3-4edf-bbf3-d468d034bc79 admin admin] http://10.222.0.82/volume/v3/1905d814db0a40b7920797a30f8571da/types/658baf4a-56fb-4570-93cb-6f0b1733b1e8/extra_specs returned with HTTP 200
Aug 30 19:12:26.166833 dv-cinder-805316-4-smb devstack@c-api.service[100684]: [pid: 100684|app: 0|req: 1/3] 10.222.0.82 () {62 vars in 1455 bytes} [Mon Aug 30 19:12:25 2021] POST /volume/v3/1905d814db0a40b7920797a30f8571da/types/658baf4a-56fb-4570-93cb-6f0b1733b1e8/extra_specs => generated 55 bytes in 601 msecs (HTTP/1.1 200) 7 headers in 284 bytes (1 switches on core 0)
Aug 30 19:13:20.934708 dv-cinder-805316-4-smb devstack@c-api.service[100683]: INFO cinder.api.openstack.wsgi [None req-8163287b-d014-4c59-9d35-67b54c7059f9 admin admin] GET http://10.222.0.82/volume//
Aug 30 19:13:20.935229 dv-cinder-805316-4-smb devstack@c-api.service[100683]: DEBUG cinder.api.openstack.wsgi [None req-8163287b-d014-4c59-9d35-67b54c7059f9 admin admin] Empty body provided in request {{(pid=100683) get_body /opt/stack/cinder/cinder/api/openstack/wsgi.py:703}}
Aug 30 19:13:20.935517 dv-cinder-805316-4-smb devstack@c-api.service[100683]: DEBUG cinder.api.openstack.wsgi [None req-8163287b-d014-4c59-9d35-67b54c7059f9 admin admin] Calling method 'all' {{(pid=100683) _process_stack /opt/stack/cinder/cinder/api/openstack/wsgi.py:856}}
Aug 30 19:13:20.936625 dv-cinder-805316-4-smb devstack@c-api.service[100683]: INFO cinder.api.openstack.wsgi [None req-8163287b-d014-4c59-9d35-67b54c7059f9 admin admin] http://10.222.0.82/volume// returned with HTTP 300
Aug 30 19:13:20.937173 dv-cinder-805316-4-smb devstack@c-api.service[100683]: [pid: 100683|app: 0|req: 3/4] 10.222.0.82 () {56 vars in 1099 bytes} [Mon Aug 30 19:13:20 2021] GET /volume/ => generated 386 bytes in 4 msecs (HTTP/1.1 300) 5 headers in 169 bytes (1 switches on core 0)
Aug 30 19:15:51.871686 dv-cinder-805316-4-smb devstack@c-api.service[100684]: INFO cinder.api.openstack.wsgi [None req-77d64489-520d-46c1-b929-3b0b91cbe911 tempest-verify_tempest_config-1109190770 tempest-verify_tempest_config-1109190770-project] GET http://10.222.0.82/volume/v3/6156449c40d249938a8a8fa59214eee1/extensions
Aug 30 19:15:51.872213 dv-cinder-805316-4-smb devstack@c-api.service[100684]: DEBUG cinder.api.openstack.wsgi [None req-77d64489-520d-46c1-b929-3b0b91cbe911 tempest-verify_tempest_config-1109190770 tempest-verify_tempest_config-1109190770-project] Empty body provided in request {{(pid=100684) get_body /opt/stack/cinder/cinder/api/openstack/wsgi.py:703}}
Aug 30 19:15:51.872551 dv-cinder-805316-4-smb devstack@c-api.service[100684]: DEBUG cinder.api.openstack.wsgi [None req-77d64489-520d-46c1-b929-3b0b91cbe911 tempest-verify_tempest_config-1109190770 tempest-verify_tempest_config-1109190770-project] Calling method 'index' {{(pid=100684) _process_stack /opt/stack/cinder/cinder/api/openstack/wsgi.py:856}}
Aug 30 19:15:51.873279 dv-cinder-805316-4-smb devstack@c-api.service[100684]: INFO cinder.api.openstack.wsgi [None req-77d64489-520d-46c1-b929-3b0b91cbe911 tempest-verify_tempest_config-1109190770 tempest-verify_tempest_config-1109190770-project] http://10.222.0.82/volume/v3/6156449c40d249938a8a8fa59214eee1/extensions returned with HTTP 200
Aug 30 19:15:51.874226 dv-cinder-805316-4-smb devstack@c-api.service[100684]: [pid: 100684|app: 0|req: 2/5] 10.222.0.82 () {58 vars in 1223 bytes} [Mon Aug 30 19:15:51 2021] GET /volume/v3/6156449c40d249938a8a8fa59214eee1/extensions => generated 5245 bytes in 8 msecs (HTTP/1.1 200) 7 headers in 286 bytes (1 switches on core 0)
Aug 30 19:17:57.294876 dv-cinder-805316-4-smb devstack@c-api.service[100683]: INFO cinder.api.openstack.wsgi [None req-ff7e11fb-03b7-445b-86a6-6d40011caa51 admin admin] GET http://10.222.0.82/volume/v3/1905d814db0a40b7920797a30f8571da/os-services
Aug 30 19:17:57.295387 dv-cinder-805316-4-smb devstack@c-api.service[100683]: DEBUG cinder.api.openstack.wsgi [None req-ff7e11fb-03b7-445b-86a6-6d40011caa51 admin admin] Empty body provided in request {{(pid=100683) get_body /opt/stack/cinder/cinder/api/openstack/wsgi.py:703}}
Aug 30 19:17:57.295715 dv-cinder-805316-4-smb devstack@c-api.service[100683]: DEBUG cinder.api.openstack.wsgi [None req-ff7e11fb-03b7-445b-86a6-6d40011caa51 admin admin] Calling method 'index' {{(pid=100683) _process_stack /opt/stack/cinder/cinder/api/openstack/wsgi.py:856}}
Aug 30 19:17:57.304925 dv-cinder-805316-4-smb devstack@c-api.service[100683]: INFO cinder.api.openstack.wsgi [None req-ff7e11fb-03b7-445b-86a6-6d40011caa51 admin admin] http://10.222.0.82/volume/v3/1905d814db0a40b7920797a30f8571da/os-services returned with HTTP 200
Aug 30 19:17:57.305641 dv-cinder-805316-4-smb devstack@c-api.service[100683]: [pid: 100683|app: 0|req: 4/6] 10.222.0.82 () {56 vars in 1202 bytes} [Mon Aug 30 19:17:57 2021] GET /volume/v3/1905d814db0a40b7920797a30f8571da/os-services => generated 640 bytes in 106 msecs (HTTP/1.1 200) 7 headers in 285 bytes (1 switches on core 0)
Aug 30 19:17:59.639065 dv-cinder-805316-4-smb devstack@c-api.service[100684]: INFO cinder.api.openstack.wsgi [None req-ae9a707d-e9e0-42a5-a7be-cee64ca7de7c admin admin] GET http://10.222.0.82/volume/v3/1905d814db0a40b7920797a30f8571da/os-services
Aug 30 19:17:59.639724 dv-cinder-805316-4-smb devstack@c-api.service[100684]: DEBUG cinder.api.openstack.wsgi [None req-ae9a707d-e9e0-42a5-a7be-cee64ca7de7c admin admin] Empty body provided in request {{(pid=100684) get_body /opt/stack/cinder/cinder/api/openstack/wsgi.py:703}}
Aug 30 19:17:59.640143 dv-cinder-805316-4-smb devstack@c-api.service[100684]: DEBUG cinder.api.openstack.wsgi [None req-ae9a707d-e9e0-42a5-a7be-cee64ca7de7c admin admin] Calling method 'index' {{(pid=100684) _process_stack /opt/stack/cinder/cinder/api/openstack/wsgi.py:856}}
Aug 30 19:17:59.649150 dv-cinder-805316-4-smb devstack@c-api.service[100684]: INFO cinder.api.openstack.wsgi [None req-ae9a707d-e9e0-42a5-a7be-cee64ca7de7c admin admin] http://10.222.0.82/volume/v3/1905d814db0a40b7920797a30f8571da/os-services returned with HTTP 200
Aug 30 19:17:59.649867 dv-cinder-805316-4-smb devstack@c-api.service[100684]: [pid: 100684|app: 0|req: 3/7] 10.222.0.82 () {56 vars in 1202 bytes} [Mon Aug 30 19:17:59 2021] GET /volume/v3/1905d814db0a40b7920797a30f8571da/os-services => generated 640 bytes in 104 msecs (HTTP/1.1 200) 7 headers in 285 bytes (1 switches on core 0)
Aug 30 19:19:36.660132 dv-cinder-805316-4-smb devstack@c-api.service[100683]: WARNING keystonemiddleware.auth_token [None req-ff7e11fb-03b7-445b-86a6-6d40011caa51 admin admin] A valid token was submitted as a service token, but it was not a valid service token. This is incorrect but backwards compatible behaviour. This will be removed in future releases.
Aug 30 19:19:36.663620 dv-cinder-805316-4-smb devstack@c-api.service[100683]: INFO cinder.api.openstack.wsgi [req-8bedf040-9196-4418-934b-b6215cb28c56 req-a8f5fb03-b4a5-4620-8ca4-3f52d3402595 tempest-VolumesSnapshotsTestJSON-433492455 tempest-VolumesSnapshotsTestJSON-433492455-project] POST http://10.222.0.82/volume/v3/ae68ebc2aa1f4f15914098271f0eba9e/volumes
Aug 30 19:19:36.664500 dv-cinder-805316-4-smb devstack@c-api.service[100683]: DEBUG cinder.api.openstack.wsgi [req-8bedf040-9196-4418-934b-b6215cb28c56 req-a8f5fb03-b4a5-4620-8ca4-3f52d3402595 tempest-VolumesSnapshotsTestJSON-433492455 tempest-VolumesSnapshotsTestJSON-433492455-project] Action: 'create', calling method: create, body: {"volume": {"size": 1, "consistencygroup_id": null, "snapshot_id": null, "name": "tempest-VolumesSnapshotsTestJSON-volume-1070080359", "description": null, "volume_type": null, "availability_zone": null, "metadata": {}, "imageRef": null, "source_volid": null, "backup_id": null}} {{(pid=100683) _process_stack /opt/stack/cinder/cinder/api/openstack/wsgi.py:854}}
Aug 30 19:19:36.671182 dv-cinder-805316-4-smb devstack@c-api.service[100683]: DEBUG cinder.api.v3.volumes [req-8bedf040-9196-4418-934b-b6215cb28c56 req-a8f5fb03-b4a5-4620-8ca4-3f52d3402595 tempest-VolumesSnapshotsTestJSON-433492455 tempest-VolumesSnapshotsTestJSON-433492455-project] Create volume request body: {'volume': {'size': 1, 'consistencygroup_id': None, 'snapshot_id': None, 'name': 'tempest-VolumesSnapshotsTestJSON-volume-1070080359', 'description': None, 'volume_type': None, 'availability_zone': None, 'metadata': {}, 'imageRef': None, 'source_volid': None, 'backup_id': None}} {{(pid=100683) create /opt/stack/cinder/cinder/api/v3/volumes.py:298}}
Aug 30 19:19:36.672915 dv-cinder-805316-4-smb devstack@c-api.service[100683]: INFO cinder.api.v3.volumes [req-8bedf040-9196-4418-934b-b6215cb28c56 req-a8f5fb03-b4a5-4620-8ca4-3f52d3402595 tempest-VolumesSnapshotsTestJSON-433492455 tempest-VolumesSnapshotsTestJSON-433492455-project] Create volume of 1 GB
Aug 30 19:19:36.715587 dv-cinder-805316-4-smb devstack@c-api.service[100683]: DEBUG cinder.volume.api [req-8bedf040-9196-4418-934b-b6215cb28c56 req-a8f5fb03-b4a5-4620-8ca4-3f52d3402595 tempest-VolumesSnapshotsTestJSON-433492455 tempest-VolumesSnapshotsTestJSON-433492455-project] Availability zone cache updated, next update will occur around 2021-08-30 20:19:36.714731. {{(pid=100683) list_availability_zones /opt/stack/cinder/cinder/volume/api.py:148}}
Aug 30 19:19:36.715867 dv-cinder-805316-4-smb devstack@c-api.service[100683]: INFO cinder.volume.api [req-8bedf040-9196-4418-934b-b6215cb28c56 req-a8f5fb03-b4a5-4620-8ca4-3f52d3402595 tempest-VolumesSnapshotsTestJSON-433492455 tempest-VolumesSnapshotsTestJSON-433492455-project] Availability Zones retrieved successfully.
Aug 30 19:19:36.827036 dv-cinder-805316-4-smb devstack@c-api.service[100683]: DEBUG cinder.volume.api [req-8bedf040-9196-4418-934b-b6215cb28c56 req-a8f5fb03-b4a5-4620-8ca4-3f52d3402595 tempest-VolumesSnapshotsTestJSON-433492455 tempest-VolumesSnapshotsTestJSON-433492455-project] Flow 'volume_create_api' (549767a2-e6f2-4532-8675-573aba1defae) transitioned into state 'RUNNING' from state 'PENDING' {{(pid=100683) _flow_receiver /usr/local/lib/python3.8/dist-packages/taskflow/listeners/logging.py:141}}
Aug 30 19:19:36.836966 dv-cinder-805316-4-smb devstack@c-api.service[100683]: DEBUG cinder.volume.api [req-8bedf040-9196-4418-934b-b6215cb28c56 req-a8f5fb03-b4a5-4620-8ca4-3f52d3402595 tempest-VolumesSnapshotsTestJSON-433492455 tempest-VolumesSnapshotsTestJSON-433492455-project] Task 'cinder.volume.flows.api.create_volume.ExtractVolumeRequestTask;volume:create' (0184c0e6-3cc2-453a-acd4-f75ba622c1a2) transitioned into state 'RUNNING' from state 'PENDING' {{(pid=100683) _task_receiver /usr/local/lib/python3.8/dist-packages/taskflow/listeners/logging.py:190}}
Aug 30 19:19:36.840365 dv-cinder-805316-4-smb devstack@c-api.service[100683]: DEBUG cinder.volume.flows.api.create_volume [req-8bedf040-9196-4418-934b-b6215cb28c56 req-a8f5fb03-b4a5-4620-8ca4-3f52d3402595 tempest-VolumesSnapshotsTestJSON-433492455 tempest-VolumesSnapshotsTestJSON-433492455-project] Validating volume size '1' using validate_int {{(pid=100683) _extract_size /opt/stack/cinder/cinder/volume/flows/api/create_volume.py:225}}
Aug 30 19:19:36.963017 dv-cinder-805316-4-smb devstack@c-api.service[100683]: DEBUG cinder.volume.api [req-8bedf040-9196-4418-934b-b6215cb28c56 req-a8f5fb03-b4a5-4620-8ca4-3f52d3402595 tempest-VolumesSnapshotsTestJSON-433492455 tempest-VolumesSnapshotsTestJSON-433492455-project] Task 'cinder.volume.flows.api.create_volume.ExtractVolumeRequestTask;volume:create' (0184c0e6-3cc2-453a-acd4-f75ba622c1a2) transitioned into state 'SUCCESS' from state 'RUNNING' with result '{'size': 1, 'snapshot_id': None, 'source_volid': None, 'volume_type': VolumeType(created_at=2021-08-30T19:09:43Z,deleted=False,deleted_at=None,description='Default Volume Type',extra_specs={},id=72d16d2d-8566-4d0e-9df6-e53da1424a33,is_public=True,name='__DEFAULT__',projects=[],qos_specs=,qos_specs_id=None,updated_at=2021-08-30T19:09:43Z), 'volume_type_id': '72d16d2d-8566-4d0e-9df6-e53da1424a33', 'encryption_key_id': None, 'qos_specs': None, 'consistencygroup_id': None, 'cgsnapshot_id': None, 'group_id': None, 'replication_status': 'disabled', 'refresh_az': False, 'backup_id': None, 'multiattach': False, 'availability_zones': ['nova']}' {{(pid=100683) _task_receiver /usr/local/lib/python3.8/dist-packages/taskflow/listeners/logging.py:178}}
Aug 30 19:19:36.967405 dv-cinder-805316-4-smb devstack@c-api.service[100683]: DEBUG cinder.volume.api [req-8bedf040-9196-4418-934b-b6215cb28c56 req-a8f5fb03-b4a5-4620-8ca4-3f52d3402595 tempest-VolumesSnapshotsTestJSON-433492455 tempest-VolumesSnapshotsTestJSON-433492455-project] Task 'cinder.volume.flows.api.create_volume.QuotaReserveTask;volume:create' (0878699d-48aa-4298-8932-94a957267dab) transitioned into state 'RUNNING' from state 'PENDING' {{(pid=100683) _task_receiver /usr/local/lib/python3.8/dist-packages/taskflow/listeners/logging.py:190}}
Aug 30 19:19:37.043481 dv-cinder-805316-4-smb devstack@c-api.service[100684]: WARNING keystonemiddleware.auth_token [None req-ae9a707d-e9e0-42a5-a7be-cee64ca7de7c admin admin] A valid token was submitted as a service token, but it was not a valid service token. This is incorrect but backwards compatible behaviour. This will be removed in future releases.
Aug 30 19:19:37.050263 dv-cinder-805316-4-smb devstack@c-api.service[100684]: INFO cinder.api.openstack.wsgi [req-8f68211a-8256-47da-80dc-b932b8f4101d req-f6edf17f-26f5-4b9f-b2bd-f84065390c5c tempest-VolumesGetTestJSON-274784451 tempest-VolumesGetTestJSON-274784451-project] POST http://10.222.0.82/volume/v3/3de01f4169d646099441976d6376e187/volumes
Aug 30 19:19:37.051373 dv-cinder-805316-4-smb devstack@c-api.service[100684]: DEBUG cinder.api.openstack.wsgi [req-8f68211a-8256-47da-80dc-b932b8f4101d req-f6edf17f-26f5-4b9f-b2bd-f84065390c5c tempest-VolumesGetTestJSON-274784451 tempest-VolumesGetTestJSON-274784451-project] Action: 'create', calling method: create, body: {"volume": {"size": 1, "consistencygroup_id": null, "snapshot_id": null, "name": "tempest-VolumesGetTestJSON-Volume-1494748429", "description": null, "volume_type": null, "availability_zone": null, "metadata": {"Type": "work"}, "imageRef": null, "source_volid": null, "backup_id": null}} {{(pid=100684) _process_stack /opt/stack/cinder/cinder/api/openstack/wsgi.py:854}}
Aug 30 19:19:37.055550 dv-cinder-805316-4-smb devstack@c-api.service[100684]: DEBUG cinder.api.v3.volumes [req-8f68211a-8256-47da-80dc-b932b8f4101d req-f6edf17f-26f5-4b9f-b2bd-f84065390c5c tempest-VolumesGetTestJSON-274784451 tempest-VolumesGetTestJSON-274784451-project] Create volume request body: {'volume': {'size': 1, 'consistencygroup_id': None, 'snapshot_id': None, 'name': 'tempest-VolumesGetTestJSON-Volume-1494748429', 'description': None, 'volume_type': None, 'availability_zone': None, 'metadata': {'Type': 'work'}, 'imageRef': None, 'source_volid': None, 'backup_id': None}} {{(pid=100684) create /opt/stack/cinder/cinder/api/v3/volumes.py:298}}
Aug 30 19:19:37.057583 dv-cinder-805316-4-smb devstack@c-api.service[100684]: INFO cinder.api.v3.volumes [req-8f68211a-8256-47da-80dc-b932b8f4101d req-f6edf17f-26f5-4b9f-b2bd-f84065390c5c tempest-VolumesGetTestJSON-274784451 tempest-VolumesGetTestJSON-274784451-project] Create volume of 1 GB
Aug 30 19:19:37.108028 dv-cinder-805316-4-smb devstack@c-api.service[100683]: WARNING cinder.quota [req-8bedf040-9196-4418-934b-b6215cb28c56 req-a8f5fb03-b4a5-4620-8ca4-3f52d3402595 tempest-VolumesSnapshotsTestJSON-433492455 tempest-VolumesSnapshotsTestJSON-433492455-project] Deprecated: Default quota for resource: volumes___DEFAULT__ is set by the default quota flag: quota_volumes___DEFAULT__, it is now deprecated. Please use the default quota class for default quota.
Aug 30 19:19:37.109363 dv-cinder-805316-4-smb devstack@c-api.service[100683]: WARNING cinder.quota [req-8bedf040-9196-4418-934b-b6215cb28c56 req-a8f5fb03-b4a5-4620-8ca4-3f52d3402595 tempest-VolumesSnapshotsTestJSON-433492455 tempest-VolumesSnapshotsTestJSON-433492455-project] Deprecated: Default quota for resource: gigabytes___DEFAULT__ is set by the default quota flag: quota_gigabytes___DEFAULT__, it is now deprecated. Please use the default quota class for default quota.
Aug 30 19:19:37.127484 dv-cinder-805316-4-smb devstack@c-api.service[100684]: DEBUG cinder.volume.api [req-8f68211a-8256-47da-80dc-b932b8f4101d req-f6edf17f-26f5-4b9f-b2bd-f84065390c5c tempest-VolumesGetTestJSON-274784451 tempest-VolumesGetTestJSON-274784451-project] Availability zone cache updated, next update will occur around 2021-08-30 20:19:37.126649. {{(pid=100684) list_availability_zones /opt/stack/cinder/cinder/volume/api.py:148}}
Aug 30 19:19:37.127775 dv-cinder-805316-4-smb devstack@c-api.service[100684]: INFO cinder.volume.api [req-8f68211a-8256-47da-80dc-b932b8f4101d req-f6edf17f-26f5-4b9f-b2bd-f84065390c5c tempest-VolumesGetTestJSON-274784451 tempest-VolumesGetTestJSON-274784451-project] Availability Zones retrieved successfully.
Aug 30 19:19:37.293857 dv-cinder-805316-4-smb devstack@c-api.service[100684]: DEBUG cinder.volume.api [req-8f68211a-8256-47da-80dc-b932b8f4101d req-f6edf17f-26f5-4b9f-b2bd-f84065390c5c tempest-VolumesGetTestJSON-274784451 tempest-VolumesGetTestJSON-274784451-project] Flow 'volume_create_api' (47cb4ac0-f571-424b-a25d-b779c80df5fe) transitioned into state 'RUNNING' from state 'PENDING' {{(pid=100684) _flow_receiver /usr/local/lib/python3.8/dist-packages/taskflow/listeners/logging.py:141}}
Aug 30 19:19:37.317851 dv-cinder-805316-4-smb devstack@c-api.service[100684]: DEBUG cinder.volume.api [req-8f68211a-8256-47da-80dc-b932b8f4101d req-f6edf17f-26f5-4b9f-b2bd-f84065390c5c tempest-VolumesGetTestJSON-274784451 tempest-VolumesGetTestJSON-274784451-project] Task 'cinder.volume.flows.api.create_volume.ExtractVolumeRequestTask;volume:create' (8e235545-201d-49d8-be05-f9937616fcb2) transitioned into state 'RUNNING' from state 'PENDING' {{(pid=100684) _task_receiver /usr/local/lib/python3.8/dist-packages/taskflow/listeners/logging.py:190}}
Aug 30 19:19:37.319954 dv-cinder-805316-4-smb devstack@c-api.service[100684]: DEBUG cinder.volume.flows.api.create_volume [req-8f68211a-8256-47da-80dc-b932b8f4101d req-f6edf17f-26f5-4b9f-b2bd-f84065390c5c tempest-VolumesGetTestJSON-274784451 tempest-VolumesGetTestJSON-274784451-project] Validating volume size '1' using validate_int {{(pid=100684) _extract_size /opt/stack/cinder/cinder/volume/flows/api/create_volume.py:225}}
Aug 30 19:19:37.376549 dv-cinder-805316-4-smb devstack@c-api.service[100683]: DEBUG cinder.quota [req-8bedf040-9196-4418-934b-b6215cb28c56 req-a8f5fb03-b4a5-4620-8ca4-3f52d3402595 tempest-VolumesSnapshotsTestJSON-433492455 tempest-VolumesSnapshotsTestJSON-433492455-project] Created reservations ['41ea5e5d-3b6b-4200-95ca-7ddd75b18a10', 'eed009bf-c72d-4176-ad77-d061d4e75dbb', 'f1851653-89fe-4431-988c-a16352587e84', 'a5d59301-e4a3-4750-9d75-275ad04e3a33'] {{(pid=100683) reserve /opt/stack/cinder/cinder/quota.py:755}}
Aug 30 19:19:37.378370 dv-cinder-805316-4-smb devstack@c-api.service[100683]: DEBUG cinder.volume.api [req-8bedf040-9196-4418-934b-b6215cb28c56 req-a8f5fb03-b4a5-4620-8ca4-3f52d3402595 tempest-VolumesSnapshotsTestJSON-433492455 tempest-VolumesSnapshotsTestJSON-433492455-project] Task 'cinder.volume.flows.api.create_volume.QuotaReserveTask;volume:create' (0878699d-48aa-4298-8932-94a957267dab) transitioned into state 'SUCCESS' from state 'RUNNING' with result '{'reservations': ['41ea5e5d-3b6b-4200-95ca-7ddd75b18a10', 'eed009bf-c72d-4176-ad77-d061d4e75dbb', 'f1851653-89fe-4431-988c-a16352587e84', 'a5d59301-e4a3-4750-9d75-275ad04e3a33']}' {{(pid=100683) _task_receiver /usr/local/lib/python3.8/dist-packages/taskflow/listeners/logging.py:178}}
Aug 30 19:19:37.385911 dv-cinder-805316-4-smb devstack@c-api.service[100683]: DEBUG cinder.volume.api [req-8bedf040-9196-4418-934b-b6215cb28c56 req-a8f5fb03-b4a5-4620-8ca4-3f52d3402595 tempest-VolumesSnapshotsTestJSON-433492455 tempest-VolumesSnapshotsTestJSON-433492455-project] Task 'cinder.volume.flows.api.create_volume.EntryCreateTask;volume:create' (ba0e4da2-3aff-4b8e-9989-c907d623d1d3) transitioned into state 'RUNNING' from state 'PENDING' {{(pid=100683) _task_receiver /usr/local/lib/python3.8/dist-packages/taskflow/listeners/logging.py:190}}
Aug 30 19:19:37.541280 dv-cinder-805316-4-smb devstack@c-api.service[100684]: DEBUG cinder.volume.api [req-8f68211a-8256-47da-80dc-b932b8f4101d req-f6edf17f-26f5-4b9f-b2bd-f84065390c5c tempest-VolumesGetTestJSON-274784451 tempest-VolumesGetTestJSON-274784451-project] Task 'cinder.volume.flows.api.create_volume.ExtractVolumeRequestTask;volume:create' (8e235545-201d-49d8-be05-f9937616fcb2) transitioned into state 'SUCCESS' from state 'RUNNING' with result '{'size': 1, 'snapshot_id': None, 'source_volid': None, 'volume_type': VolumeType(created_at=2021-08-30T19:09:43Z,deleted=False,deleted_at=None,description='Default Volume Type',extra_specs={},id=72d16d2d-8566-4d0e-9df6-e53da1424a33,is_public=True,name='__DEFAULT__',projects=[],qos_specs=,qos_specs_id=None,updated_at=2021-08-30T19:09:43Z), 'volume_type_id': '72d16d2d-8566-4d0e-9df6-e53da1424a33', 'encryption_key_id': None, 'qos_specs': None, 'consistencygroup_id': None, 'cgsnapshot_id': None, 'group_id': None, 'replication_status': 'disabled', 'refresh_az': False, 'backup_id': None, 'multiattach': False, 'availability_zones': ['nova']}' {{(pid=100684) _task_receiver /usr/local/lib/python3.8/dist-packages/taskflow/listeners/logging.py:178}}
Aug 30 19:19:37.543676 dv-cinder-805316-4-smb devstack@c-api.service[100684]: DEBUG cinder.volume.api [req-8f68211a-8256-47da-80dc-b932b8f4101d req-f6edf17f-26f5-4b9f-b2bd-f84065390c5c tempest-VolumesGetTestJSON-274784451 tempest-VolumesGetTestJSON-274784451-project] Task 'cinder.volume.flows.api.create_volume.QuotaReserveTask;volume:create' (bff09e53-e129-497e-8de4-4aed2efff2f7) transitioned into state 'RUNNING' from state 'PENDING' {{(pid=100684) _task_receiver /usr/local/lib/python3.8/dist-packages/taskflow/listeners/logging.py:190}}
Aug 30 19:19:37.675920 dv-cinder-805316-4-smb devstack@c-api.service[100683]: DEBUG cinder.volume.api [req-8bedf040-9196-4418-934b-b6215cb28c56 req-a8f5fb03-b4a5-4620-8ca4-3f52d3402595 tempest-VolumesSnapshotsTestJSON-433492455 tempest-VolumesSnapshotsTestJSON-433492455-project] Task 'cinder.volume.flows.api.create_volume.EntryCreateTask;volume:create' (ba0e4da2-3aff-4b8e-9989-c907d623d1d3) transitioned into state 'SUCCESS' from state 'RUNNING' with result '{'volume_id': '7c1be53f-a056-4bfb-8734-2a62468bafbe', 'volume_properties': VolumeProperties(attach_status='detached',availability_zone='nova',cgsnapshot_id=None,consistencygroup_id=None,display_description=None,display_name='tempest-VolumesSnapshotsTestJSON-volume-1070080359',encryption_key_id=None,group_id=None,group_type_id=,metadata={},multiattach=False,project_id='ae68ebc2aa1f4f15914098271f0eba9e',qos_specs=None,replication_status=,reservations=['41ea5e5d-3b6b-4200-95ca-7ddd75b18a10','eed009bf-c72d-4176-ad77-d061d4e75dbb','f1851653-89fe-4431-988c-a16352587e84','a5d59301-e4a3-4750-9d75-275ad04e3a33'],size=1,snapshot_id=None,source_replicaid=,source_volid=None,status='creating',user_id='e74d5242300a45078205408fe6722b0b',volume_type_id=72d16d2d-8566-4d0e-9df6-e53da1424a33), 'volume': Volume(_name_id=None,admin_metadata=,attach_status='detached',availability_zone='nova',bootable=False,cluster=,cluster_name=None,consistencygroup=,consistencygroup_id=None,created_at=2021-08-30T19:19:37Z,deleted=False,deleted_at=None,display_description=None,display_name='tempest-VolumesSnapshotsTestJSON-volume-1070080359',ec2_id=None,encryption_key_id=None,glance_metadata=,group=,group_id=None,host=None,id=7c1be53f-a056-4bfb-8734-2a62468bafbe,launched_at=None,metadata={},migration_status=None,multiattach=False,previous_status=None,project_id='ae68ebc2aa1f4f15914098271f0eba9e',provider_auth=None,provider_geometry=None,provider_id=None,provider_location=None,replication_driver_data=None,replication_extended_status=None,replication_status=None,scheduled_at=None,service_uuid=None,shared_targets=True,size=1,snapshot_id=None,snapshots=,source_volid=None,status='creating',terminated_at=None,updated_at=None,use_quota=True,user_id='e74d5242300a45078205408fe6722b0b',volume_attachment=,volume_type=VolumeType(72d16d2d-8566-4d0e-9df6-e53da1424a33),volume_type_id=72d16d2d-8566-4d0e-9df6-e53da1424a33)}' {{(pid=100683) _task_receiver /usr/local/lib/python3.8/dist-packages/taskflow/listeners/logging.py:178}}
Aug 30 19:19:37.681277 dv-cinder-805316-4-smb devstack@c-api.service[100683]: DEBUG cinder.volume.api [req-8bedf040-9196-4418-934b-b6215cb28c56 req-a8f5fb03-b4a5-4620-8ca4-3f52d3402595 tempest-VolumesSnapshotsTestJSON-433492455 tempest-VolumesSnapshotsTestJSON-433492455-project] Task 'cinder.volume.flows.api.create_volume.QuotaCommitTask;volume:create' (f4a0f306-8b96-462e-8b2d-6a95d94f4321) transitioned into state 'RUNNING' from state 'PENDING' {{(pid=100683) _task_receiver /usr/local/lib/python3.8/dist-packages/taskflow/listeners/logging.py:190}}
Aug 30 19:19:37.697772 dv-cinder-805316-4-smb devstack@c-api.service[100684]: WARNING cinder.quota [req-8f68211a-8256-47da-80dc-b932b8f4101d req-f6edf17f-26f5-4b9f-b2bd-f84065390c5c tempest-VolumesGetTestJSON-274784451 tempest-VolumesGetTestJSON-274784451-project] Deprecated: Default quota for resource: volumes___DEFAULT__ is set by the default quota flag: quota_volumes___DEFAULT__, it is now deprecated. Please use the default quota class for default quota.
Aug 30 19:19:37.700480 dv-cinder-805316-4-smb devstack@c-api.service[100684]: WARNING cinder.quota [req-8f68211a-8256-47da-80dc-b932b8f4101d req-f6edf17f-26f5-4b9f-b2bd-f84065390c5c tempest-VolumesGetTestJSON-274784451 tempest-VolumesGetTestJSON-274784451-project] Deprecated: Default quota for resource: gigabytes___DEFAULT__ is set by the default quota flag: quota_gigabytes___DEFAULT__, it is now deprecated. Please use the default quota class for default quota.
Aug 30 19:19:37.759890 dv-cinder-805316-4-smb devstack@c-api.service[100683]: DEBUG cinder.volume.api [req-8bedf040-9196-4418-934b-b6215cb28c56 req-a8f5fb03-b4a5-4620-8ca4-3f52d3402595 tempest-VolumesSnapshotsTestJSON-433492455 tempest-VolumesSnapshotsTestJSON-433492455-project] Task 'cinder.volume.flows.api.create_volume.QuotaCommitTask;volume:create' (f4a0f306-8b96-462e-8b2d-6a95d94f4321) transitioned into state 'SUCCESS' from state 'RUNNING' with result '{'volume_properties': VolumeProperties(attach_status='detached',availability_zone='nova',cgsnapshot_id=None,consistencygroup_id=None,display_description=None,display_name='tempest-VolumesSnapshotsTestJSON-volume-1070080359',encryption_key_id=None,group_id=None,group_type_id=,metadata={},multiattach=False,project_id='ae68ebc2aa1f4f15914098271f0eba9e',qos_specs=None,replication_status=,reservations=['41ea5e5d-3b6b-4200-95ca-7ddd75b18a10','eed009bf-c72d-4176-ad77-d061d4e75dbb','f1851653-89fe-4431-988c-a16352587e84','a5d59301-e4a3-4750-9d75-275ad04e3a33'],size=1,snapshot_id=None,source_replicaid=,source_volid=None,status='creating',user_id='e74d5242300a45078205408fe6722b0b',volume_type_id=72d16d2d-8566-4d0e-9df6-e53da1424a33)}' {{(pid=100683) _task_receiver /usr/local/lib/python3.8/dist-packages/taskflow/listeners/logging.py:178}}
Aug 30 19:19:37.762128 dv-cinder-805316-4-smb devstack@c-api.service[100683]: DEBUG cinder.volume.api [req-8bedf040-9196-4418-934b-b6215cb28c56 req-a8f5fb03-b4a5-4620-8ca4-3f52d3402595 tempest-VolumesSnapshotsTestJSON-433492455 tempest-VolumesSnapshotsTestJSON-433492455-project] Task 'cinder.volume.flows.api.create_volume.VolumeCastTask;volume:create' (8e55e331-0a43-43df-9f30-4d090892b513) transitioned into state 'RUNNING' from state 'PENDING' {{(pid=100683) _task_receiver /usr/local/lib/python3.8/dist-packages/taskflow/listeners/logging.py:190}}
Aug 30 19:19:37.894674 dv-cinder-805316-4-smb devstack@c-api.service[100684]: DEBUG cinder.quota [req-8f68211a-8256-47da-80dc-b932b8f4101d req-f6edf17f-26f5-4b9f-b2bd-f84065390c5c tempest-VolumesGetTestJSON-274784451 tempest-VolumesGetTestJSON-274784451-project] Created reservations ['4d95d696-655a-443e-b1b7-5758cdfa85ab', '35af7e6e-c6f1-4bd0-aa29-b7a89c414581', '188498da-781b-4446-bfe6-066f3f48d506', 'ccd6fbd1-5e35-43a1-9c24-8bbf6e99f5c8'] {{(pid=100684) reserve /opt/stack/cinder/cinder/quota.py:755}}
Aug 30 19:19:37.896511 dv-cinder-805316-4-smb devstack@c-api.service[100683]: DEBUG cinder.volume.api [req-8bedf040-9196-4418-934b-b6215cb28c56 req-a8f5fb03-b4a5-4620-8ca4-3f52d3402595 tempest-VolumesSnapshotsTestJSON-433492455 tempest-VolumesSnapshotsTestJSON-433492455-project] Task 'cinder.volume.flows.api.create_volume.VolumeCastTask;volume:create' (8e55e331-0a43-43df-9f30-4d090892b513) transitioned into state 'SUCCESS' from state 'RUNNING' with result 'None' {{(pid=100683) _task_receiver /usr/local/lib/python3.8/dist-packages/taskflow/listeners/logging.py:178}}
Aug 30 19:19:37.898306 dv-cinder-805316-4-smb devstack@c-api.service[100684]: DEBUG cinder.volume.api [req-8f68211a-8256-47da-80dc-b932b8f4101d req-f6edf17f-26f5-4b9f-b2bd-f84065390c5c tempest-VolumesGetTestJSON-274784451 tempest-VolumesGetTestJSON-274784451-project] Task 'cinder.volume.flows.api.create_volume.QuotaReserveTask;volume:create' (bff09e53-e129-497e-8de4-4aed2efff2f7) transitioned into state 'SUCCESS' from state 'RUNNING' with result '{'reservations': ['4d95d696-655a-443e-b1b7-5758cdfa85ab', '35af7e6e-c6f1-4bd0-aa29-b7a89c414581', '188498da-781b-4446-bfe6-066f3f48d506', 'ccd6fbd1-5e35-43a1-9c24-8bbf6e99f5c8']}' {{(pid=100684) _task_receiver /usr/local/lib/python3.8/dist-packages/taskflow/listeners/logging.py:178}}
Aug 30 19:19:37.903538 dv-cinder-805316-4-smb devstack@c-api.service[100684]: DEBUG cinder.volume.api [req-8f68211a-8256-47da-80dc-b932b8f4101d req-f6edf17f-26f5-4b9f-b2bd-f84065390c5c tempest-VolumesGetTestJSON-274784451 tempest-VolumesGetTestJSON-274784451-project] Task 'cinder.volume.flows.api.create_volume.EntryCreateTask;volume:create' (24d62579-900b-4fc1-baa9-ece790e99eec) transitioned into state 'RUNNING' from state 'PENDING' {{(pid=100684) _task_receiver /usr/local/lib/python3.8/dist-packages/taskflow/listeners/logging.py:190}}
Aug 30 19:19:37.904207 dv-cinder-805316-4-smb devstack@c-api.service[100683]: DEBUG cinder.volume.api [req-8bedf040-9196-4418-934b-b6215cb28c56 req-a8f5fb03-b4a5-4620-8ca4-3f52d3402595 tempest-VolumesSnapshotsTestJSON-433492455 tempest-VolumesSnapshotsTestJSON-433492455-project] Flow 'volume_create_api' (549767a2-e6f2-4532-8675-573aba1defae) transitioned into state 'SUCCESS' from state 'RUNNING' {{(pid=100683) _flow_receiver /usr/local/lib/python3.8/dist-packages/taskflow/listeners/logging.py:141}}
Aug 30 19:19:37.908091 dv-cinder-805316-4-smb devstack@c-api.service[100683]: INFO cinder.volume.api [req-8bedf040-9196-4418-934b-b6215cb28c56 req-a8f5fb03-b4a5-4620-8ca4-3f52d3402595 tempest-VolumesSnapshotsTestJSON-433492455 tempest-VolumesSnapshotsTestJSON-433492455-project] Create volume request issued successfully.
Aug 30 19:19:37.987481 dv-cinder-805316-4-smb devstack@c-api.service[100683]: INFO cinder.api.openstack.wsgi [req-8bedf040-9196-4418-934b-b6215cb28c56 req-a8f5fb03-b4a5-4620-8ca4-3f52d3402595 tempest-VolumesSnapshotsTestJSON-433492455 tempest-VolumesSnapshotsTestJSON-433492455-project] http://10.222.0.82/volume/v3/ae68ebc2aa1f4f15914098271f0eba9e/volumes returned with HTTP 202
Aug 30 19:19:37.991817 dv-cinder-805316-4-smb devstack@c-api.service[100683]: [pid: 100683|app: 0|req: 5/8] 10.222.0.82 () {64 vars in 1522 bytes} [Mon Aug 30 19:19:36 2021] POST /volume/v3/ae68ebc2aa1f4f15914098271f0eba9e/volumes => generated 824 bytes in 1796 msecs (HTTP/1.1 202) 7 headers in 291 bytes (1 switches on core 0)
Aug 30 19:19:38.058931 dv-cinder-805316-4-smb devstack@c-api.service[100684]: DEBUG cinder.volume.api [req-8f68211a-8256-47da-80dc-b932b8f4101d req-f6edf17f-26f5-4b9f-b2bd-f84065390c5c tempest-VolumesGetTestJSON-274784451 tempest-VolumesGetTestJSON-274784451-project] Task 'cinder.volume.flows.api.create_volume.EntryCreateTask;volume:create' (24d62579-900b-4fc1-baa9-ece790e99eec) transitioned into state 'SUCCESS' from state 'RUNNING' with result '{'volume_id': '9687adb9-9969-4c2e-bbc0-2b71a8033e24', 'volume_properties': VolumeProperties(attach_status='detached',availability_zone='nova',cgsnapshot_id=None,consistencygroup_id=None,display_description=None,display_name='tempest-VolumesGetTestJSON-Volume-1494748429',encryption_key_id=None,group_id=None,group_type_id=,metadata={Type='work'},multiattach=False,project_id='3de01f4169d646099441976d6376e187',qos_specs=None,replication_status=,reservations=['4d95d696-655a-443e-b1b7-5758cdfa85ab','35af7e6e-c6f1-4bd0-aa29-b7a89c414581','188498da-781b-4446-bfe6-066f3f48d506','ccd6fbd1-5e35-43a1-9c24-8bbf6e99f5c8'],size=1,snapshot_id=None,source_replicaid=,source_volid=None,status='creating',user_id='b6b6d74e2c464e4db7b7732a1db619c9',volume_type_id=72d16d2d-8566-4d0e-9df6-e53da1424a33), 'volume': Volume(_name_id=None,admin_metadata=,attach_status='detached',availability_zone='nova',bootable=False,cluster=,cluster_name=None,consistencygroup=,consistencygroup_id=None,created_at=2021-08-30T19:19:37Z,deleted=False,deleted_at=None,display_description=None,display_name='tempest-VolumesGetTestJSON-Volume-1494748429',ec2_id=None,encryption_key_id=None,glance_metadata=,group=,group_id=None,host=None,id=9687adb9-9969-4c2e-bbc0-2b71a8033e24,launched_at=None,metadata={Type='work'},migration_status=None,multiattach=False,previous_status=None,project_id='3de01f4169d646099441976d6376e187',provider_auth=None,provider_geometry=None,provider_id=None,provider_location=None,replication_driver_data=None,replication_extended_status=None,replication_status=None,scheduled_at=None,service_uuid=None,shared_targets=True,size=1,snapshot_id=None,snapshots=,source_volid=None,status='creating',terminated_at=None,updated_at=None,use_quota=True,user_id='b6b6d74e2c464e4db7b7732a1db619c9',volume_attachment=,volume_type=VolumeType(72d16d2d-8566-4d0e-9df6-e53da1424a33),volume_type_id=72d16d2d-8566-4d0e-9df6-e53da1424a33)}' {{(pid=100684) _task_receiver /usr/local/lib/python3.8/dist-packages/taskflow/listeners/logging.py:178}}
Aug 30 19:19:38.065215 dv-cinder-805316-4-smb devstack@c-api.service[100684]: DEBUG cinder.volume.api [req-8f68211a-8256-47da-80dc-b932b8f4101d req-f6edf17f-26f5-4b9f-b2bd-f84065390c5c tempest-VolumesGetTestJSON-274784451 tempest-VolumesGetTestJSON-274784451-project] Task 'cinder.volume.flows.api.create_volume.QuotaCommitTask;volume:create' (d9b744c9-42ad-4157-ab92-81f95828ee24) transitioned into state 'RUNNING' from state 'PENDING' {{(pid=100684) _task_receiver /usr/local/lib/python3.8/dist-packages/taskflow/listeners/logging.py:190}}
Aug 30 19:19:38.142840 dv-cinder-805316-4-smb devstack@c-api.service[100684]: DEBUG cinder.volume.api [req-8f68211a-8256-47da-80dc-b932b8f4101d req-f6edf17f-26f5-4b9f-b2bd-f84065390c5c tempest-VolumesGetTestJSON-274784451 tempest-VolumesGetTestJSON-274784451-project] Task 'cinder.volume.flows.api.create_volume.QuotaCommitTask;volume:create' (d9b744c9-42ad-4157-ab92-81f95828ee24) transitioned into state 'SUCCESS' from state 'RUNNING' with result '{'volume_properties': VolumeProperties(attach_status='detached',availability_zone='nova',cgsnapshot_id=None,consistencygroup_id=None,display_description=None,display_name='tempest-VolumesGetTestJSON-Volume-1494748429',encryption_key_id=None,group_id=None,group_type_id=,metadata={Type='work'},multiattach=False,project_id='3de01f4169d646099441976d6376e187',qos_specs=None,replication_status=,reservations=['4d95d696-655a-443e-b1b7-5758cdfa85ab','35af7e6e-c6f1-4bd0-aa29-b7a89c414581','188498da-781b-4446-bfe6-066f3f48d506','ccd6fbd1-5e35-43a1-9c24-8bbf6e99f5c8'],size=1,snapshot_id=None,source_replicaid=,source_volid=None,status='creating',user_id='b6b6d74e2c464e4db7b7732a1db619c9',volume_type_id=72d16d2d-8566-4d0e-9df6-e53da1424a33)}' {{(pid=100684) _task_receiver /usr/local/lib/python3.8/dist-packages/taskflow/listeners/logging.py:178}}
Aug 30 19:19:38.146242 dv-cinder-805316-4-smb devstack@c-api.service[100684]: DEBUG cinder.volume.api [req-8f68211a-8256-47da-80dc-b932b8f4101d req-f6edf17f-26f5-4b9f-b2bd-f84065390c5c tempest-VolumesGetTestJSON-274784451 tempest-VolumesGetTestJSON-274784451-project] Task 'cinder.volume.flows.api.create_volume.VolumeCastTask;volume:create' (aca56590-3ac3-4a98-93b9-bd26b343ab6e) transitioned into state 'RUNNING' from state 'PENDING' {{(pid=100684) _task_receiver /usr/local/lib/python3.8/dist-packages/taskflow/listeners/logging.py:190}}
Aug 30 19:19:38.244905 dv-cinder-805316-4-smb devstack@c-api.service[100684]: DEBUG cinder.volume.api [req-8f68211a-8256-47da-80dc-b932b8f4101d req-f6edf17f-26f5-4b9f-b2bd-f84065390c5c tempest-VolumesGetTestJSON-274784451 tempest-VolumesGetTestJSON-274784451-project] Task 'cinder.volume.flows.api.create_volume.VolumeCastTask;volume:create' (aca56590-3ac3-4a98-93b9-bd26b343ab6e) transitioned into state 'SUCCESS' from state 'RUNNING' with result 'None' {{(pid=100684) _task_receiver /usr/local/lib/python3.8/dist-packages/taskflow/listeners/logging.py:178}}
Aug 30 19:19:38.247902 dv-cinder-805316-4-smb devstack@c-api.service[100684]: DEBUG cinder.volume.api [req-8f68211a-8256-47da-80dc-b932b8f4101d req-f6edf17f-26f5-4b9f-b2bd-f84065390c5c tempest-VolumesGetTestJSON-274784451 tempest-VolumesGetTestJSON-274784451-project] Flow 'volume_create_api' (47cb4ac0-f571-424b-a25d-b779c80df5fe) transitioned into state 'SUCCESS' from state 'RUNNING' {{(pid=100684) _flow_receiver /usr/local/lib/python3.8/dist-packages/taskflow/listeners/logging.py:141}}
Aug 30 19:19:38.252572 dv-cinder-805316-4-smb devstack@c-api.service[100684]: INFO cinder.volume.api [req-8f68211a-8256-47da-80dc-b932b8f4101d req-f6edf17f-26f5-4b9f-b2bd-f84065390c5c tempest-VolumesGetTestJSON-274784451 tempest-VolumesGetTestJSON-274784451-project] Create volume request issued successfully.
Aug 30 19:19:38.362447 dv-cinder-805316-4-smb devstack@c-api.service[100684]: INFO cinder.api.openstack.wsgi [req-8f68211a-8256-47da-80dc-b932b8f4101d req-f6edf17f-26f5-4b9f-b2bd-f84065390c5c tempest-VolumesGetTestJSON-274784451 tempest-VolumesGetTestJSON-274784451-project] http://10.222.0.82/volume/v3/3de01f4169d646099441976d6376e187/volumes returned with HTTP 202
Aug 30 19:19:38.404754 dv-cinder-805316-4-smb devstack@c-api.service[100684]: [pid: 100684|app: 0|req: 4/9] 10.222.0.82 () {64 vars in 1522 bytes} [Mon Aug 30 19:19:36 2021] POST /volume/v3/3de01f4169d646099441976d6376e187/volumes => generated 832 bytes in 1758 msecs (HTTP/1.1 202) 7 headers in 291 bytes (2 switches on core 0)
Aug 30 19:19:38.436418 dv-cinder-805316-4-smb devstack@c-api.service[100684]: INFO cinder.api.openstack.wsgi [req-8bedf040-9196-4418-934b-b6215cb28c56 req-5296e6cd-07dd-47b5-9a23-2986d053a469 tempest-VolumesSnapshotsTestJSON-433492455 tempest-VolumesSnapshotsTestJSON-433492455-project] GET http://10.222.0.82/volume/v3/ae68ebc2aa1f4f15914098271f0eba9e/volumes/7c1be53f-a056-4bfb-8734-2a62468bafbe
Aug 30 19:19:38.440802 dv-cinder-805316-4-smb devstack@c-api.service[100684]: DEBUG cinder.api.openstack.wsgi [req-8bedf040-9196-4418-934b-b6215cb28c56 req-5296e6cd-07dd-47b5-9a23-2986d053a469 tempest-VolumesSnapshotsTestJSON-433492455 tempest-VolumesSnapshotsTestJSON-433492455-project] Empty body provided in request {{(pid=100684) get_body /opt/stack/cinder/cinder/api/openstack/wsgi.py:703}}
Aug 30 19:19:38.441142 dv-cinder-805316-4-smb devstack@c-api.service[100684]: /usr/local/lib/python3.8/dist-packages/webob/acceptparse.py:1047: DeprecationWarning: The behavior of AcceptValidHeader.best_match is currently being maintained for backward compatibility, but it will be deprecated in the future, as it does not conform to the RFC.
Aug 30 19:19:38.441142 dv-cinder-805316-4-smb devstack@c-api.service[100684]: warnings.warn(
Aug 30 19:19:38.441556 dv-cinder-805316-4-smb devstack@c-api.service[100684]: DEBUG cinder.api.openstack.wsgi [req-8bedf040-9196-4418-934b-b6215cb28c56 req-5296e6cd-07dd-47b5-9a23-2986d053a469 tempest-VolumesSnapshotsTestJSON-433492455 tempest-VolumesSnapshotsTestJSON-433492455-project] Calling method 'show' {{(pid=100684) _process_stack /opt/stack/cinder/cinder/api/openstack/wsgi.py:856}}
Aug 30 19:19:38.482292 dv-cinder-805316-4-smb devstack@c-api.service[100683]: INFO cinder.api.openstack.wsgi [None req-21d78d4c-3dbb-43d7-bbc5-9591e42768c8 tempest-BackendsCapabilitiesAdminTestsJSON-1263275998 tempest-BackendsCapabilitiesAdminTestsJSON-1263275998-project-admin] GET http://10.222.0.82/volume/v3/57cf330facca4737ad0c331fae98d54f/scheduler-stats/get_pools
Aug 30 19:19:38.483058 dv-cinder-805316-4-smb devstack@c-api.service[100683]: DEBUG cinder.api.openstack.wsgi [None req-21d78d4c-3dbb-43d7-bbc5-9591e42768c8 tempest-BackendsCapabilitiesAdminTestsJSON-1263275998 tempest-BackendsCapabilitiesAdminTestsJSON-1263275998-project-admin] Empty body provided in request {{(pid=100683) get_body /opt/stack/cinder/cinder/api/openstack/wsgi.py:703}}
Aug 30 19:19:38.483264 dv-cinder-805316-4-smb devstack@c-api.service[100683]: /usr/local/lib/python3.8/dist-packages/webob/acceptparse.py:1047: DeprecationWarning: The behavior of AcceptValidHeader.best_match is currently being maintained for backward compatibility, but it will be deprecated in the future, as it does not conform to the RFC.
Aug 30 19:19:38.483264 dv-cinder-805316-4-smb devstack@c-api.service[100683]: warnings.warn(
Aug 30 19:19:38.484195 dv-cinder-805316-4-smb devstack@c-api.service[100683]: DEBUG cinder.api.openstack.wsgi [None req-21d78d4c-3dbb-43d7-bbc5-9591e42768c8 tempest-BackendsCapabilitiesAdminTestsJSON-1263275998 tempest-BackendsCapabilitiesAdminTestsJSON-1263275998-project-admin] Calling method 'get_pools' {{(pid=100683) _process_stack /opt/stack/cinder/cinder/api/openstack/wsgi.py:856}}
Aug 30 19:19:38.494714 dv-cinder-805316-4-smb devstack@c-api.service[100683]: /usr/local/lib/python3.8/dist-packages/oslo_context/context.py:105: DeprecationWarning: Policy enforcement is depending on the value of is_admin. This key is deprecated. Please update your policy file to use the standard policy values.
Aug 30 19:19:38.494714 dv-cinder-805316-4-smb devstack@c-api.service[100683]: warnings.warn('Policy enforcement is depending on the value of '
Aug 30 19:19:38.507648 dv-cinder-805316-4-smb devstack@c-api.service[100684]: /usr/local/lib/python3.8/dist-packages/oslo_context/context.py:105: DeprecationWarning: Policy enforcement is depending on the value of is_admin. This key is deprecated. Please update your policy file to use the standard policy values.
Aug 30 19:19:38.507648 dv-cinder-805316-4-smb devstack@c-api.service[100684]: warnings.warn('Policy enforcement is depending on the value of '
Aug 30 19:19:38.548125 dv-cinder-805316-4-smb devstack@c-api.service[100684]: INFO cinder.volume.api [req-8bedf040-9196-4418-934b-b6215cb28c56 req-5296e6cd-07dd-47b5-9a23-2986d053a469 tempest-VolumesSnapshotsTestJSON-433492455 tempest-VolumesSnapshotsTestJSON-433492455-project] Volume info retrieved successfully.
Aug 30 19:19:38.610625 dv-cinder-805316-4-smb devstack@c-api.service[100683]: INFO cinder.api.openstack.wsgi [None req-21d78d4c-3dbb-43d7-bbc5-9591e42768c8 tempest-BackendsCapabilitiesAdminTestsJSON-1263275998 tempest-BackendsCapabilitiesAdminTestsJSON-1263275998-project-admin] http://10.222.0.82/volume/v3/57cf330facca4737ad0c331fae98d54f/scheduler-stats/get_pools returned with HTTP 200
Aug 30 19:19:38.613673 dv-cinder-805316-4-smb devstack@c-api.service[100683]: [pid: 100683|app: 0|req: 6/10] 10.222.0.82 () {58 vars in 1268 bytes} [Mon Aug 30 19:19:37 2021] GET /volume/v3/57cf330facca4737ad0c331fae98d54f/scheduler-stats/get_pools => generated 56 bytes in 619 msecs (HTTP/1.1 200) 7 headers in 284 bytes (1 switches on core 0)
Aug 30 19:19:38.617282 dv-cinder-805316-4-smb devstack@c-api.service[100683]: INFO cinder.api.openstack.wsgi [req-8f68211a-8256-47da-80dc-b932b8f4101d req-fbcbb014-fe23-4317-a056-06f5bca252ab tempest-VolumesGetTestJSON-274784451 tempest-VolumesGetTestJSON-274784451-project] GET http://10.222.0.82/volume/v3/3de01f4169d646099441976d6376e187/volumes/9687adb9-9969-4c2e-bbc0-2b71a8033e24
Aug 30 19:19:38.618076 dv-cinder-805316-4-smb devstack@c-api.service[100683]: DEBUG cinder.api.openstack.wsgi [req-8f68211a-8256-47da-80dc-b932b8f4101d req-fbcbb014-fe23-4317-a056-06f5bca252ab tempest-VolumesGetTestJSON-274784451 tempest-VolumesGetTestJSON-274784451-project] Empty body provided in request {{(pid=100683) get_body /opt/stack/cinder/cinder/api/openstack/wsgi.py:703}}
Aug 30 19:19:38.621253 dv-cinder-805316-4-smb devstack@c-api.service[100683]: DEBUG cinder.api.openstack.wsgi [req-8f68211a-8256-47da-80dc-b932b8f4101d req-fbcbb014-fe23-4317-a056-06f5bca252ab tempest-VolumesGetTestJSON-274784451 tempest-VolumesGetTestJSON-274784451-project] Calling method 'show' {{(pid=100683) _process_stack /opt/stack/cinder/cinder/api/openstack/wsgi.py:856}}
Aug 30 19:19:38.625186 dv-cinder-805316-4-smb devstack@c-api.service[100684]: INFO cinder.api.openstack.wsgi [req-8bedf040-9196-4418-934b-b6215cb28c56 req-5296e6cd-07dd-47b5-9a23-2986d053a469 tempest-VolumesSnapshotsTestJSON-433492455 tempest-VolumesSnapshotsTestJSON-433492455-project] http://10.222.0.82/volume/v3/ae68ebc2aa1f4f15914098271f0eba9e/volumes/7c1be53f-a056-4bfb-8734-2a62468bafbe returned with HTTP 200
Aug 30 19:19:38.626905 dv-cinder-805316-4-smb devstack@c-api.service[100684]: [pid: 100684|app: 0|req: 5/11] 10.222.0.82 () {60 vars in 1579 bytes} [Mon Aug 30 19:19:38 2021] GET /volume/v3/ae68ebc2aa1f4f15914098271f0eba9e/volumes/7c1be53f-a056-4bfb-8734-2a62468bafbe => generated 916 bytes in 221 msecs (HTTP/1.1 200) 7 headers in 285 bytes (1 switches on core 0)
Aug 30 19:19:38.654546 dv-cinder-805316-4-smb devstack@c-api.service[100684]: INFO cinder.api.openstack.wsgi [None req-7d2dd149-fad3-48bb-9857-3419022fd637 tempest-BackendsCapabilitiesAdminTestsJSON-1263275998 tempest-BackendsCapabilitiesAdminTestsJSON-1263275998-project-admin] GET http://10.222.0.82/volume/v3/57cf330facca4737ad0c331fae98d54f/scheduler-stats/get_pools?detail=True
Aug 30 19:19:38.657002 dv-cinder-805316-4-smb devstack@c-api.service[100684]: DEBUG cinder.api.openstack.wsgi [None req-7d2dd149-fad3-48bb-9857-3419022fd637 tempest-BackendsCapabilitiesAdminTestsJSON-1263275998 tempest-BackendsCapabilitiesAdminTestsJSON-1263275998-project-admin] Empty body provided in request {{(pid=100684) get_body /opt/stack/cinder/cinder/api/openstack/wsgi.py:703}}
Aug 30 19:19:38.658551 dv-cinder-805316-4-smb devstack@c-api.service[100684]: /usr/local/lib/python3.8/dist-packages/webob/acceptparse.py:1047: DeprecationWarning: The behavior of AcceptValidHeader.best_match is currently being maintained for backward compatibility, but it will be deprecated in the future, as it does not conform to the RFC.
