Aug 24 15:26:58.365158 dv-cinder-805316-2-smb devstack@c-api.service[100739]: /usr/local/lib/python3.8/dist-packages/webob/acceptparse.py:1047: DeprecationWarning: The behavior of AcceptValidHeader.best_match is currently being maintained for backward compatibility, but it will be deprecated in the future, as it does not conform to the RFC.
Aug 24 15:26:58.365158 dv-cinder-805316-2-smb devstack@c-api.service[100739]: warnings.warn(
Aug 24 15:26:58.365849 dv-cinder-805316-2-smb devstack@c-api.service[100739]: DEBUG cinder.api.openstack.wsgi [None req-a24fecd4-14ae-4880-aa51-e40997c4fe93 tempest-VolumeRetypeWithoutMigrationTest-1636826550 tempest-VolumeRetypeWithoutMigrationTest-1636826550-project-admin] Calling method '_delete' {{(pid=100739) _process_stack /opt/stack/cinder/cinder/api/openstack/wsgi.py:856}}
Aug 24 15:26:58.462472 dv-cinder-805316-2-smb devstack@c-api.service[100739]: INFO cinder.api.openstack.wsgi [None req-a24fecd4-14ae-4880-aa51-e40997c4fe93 tempest-VolumeRetypeWithoutMigrationTest-1636826550 tempest-VolumeRetypeWithoutMigrationTest-1636826550-project-admin] http://10.222.0.26/volume/v3/924dd5ad1c3e4bbf81049430956a8d6b/types/a5fc1135-5dab-4ac1-a843-c3885cd8da88 returned with HTTP 202
Aug 24 15:26:58.463229 dv-cinder-805316-2-smb devstack@c-api.service[100739]: [pid: 100739|app: 0|req: 186/396] 10.222.0.26 () {58 vars in 1322 bytes} [Tue Aug 24 15:26:58 2021] DELETE /volume/v3/924dd5ad1c3e4bbf81049430956a8d6b/types/a5fc1135-5dab-4ac1-a843-c3885cd8da88 => generated 0 bytes in 104 msecs (HTTP/1.1 202) 6 headers in 233 bytes (1 switches on core 0)
Aug 24 15:26:58.474290 dv-cinder-805316-2-smb devstack@c-api.service[100738]: INFO cinder.api.openstack.wsgi [None req-0dc45db9-c215-4b2c-add8-33dcac6edfaa tempest-VolumeRetypeWithoutMigrationTest-1636826550 tempest-VolumeRetypeWithoutMigrationTest-1636826550-project-admin] GET http://10.222.0.26/volume/v3/924dd5ad1c3e4bbf81049430956a8d6b/types/a5fc1135-5dab-4ac1-a843-c3885cd8da88
Aug 24 15:26:58.474995 dv-cinder-805316-2-smb devstack@c-api.service[100738]: DEBUG cinder.api.openstack.wsgi [None req-0dc45db9-c215-4b2c-add8-33dcac6edfaa tempest-VolumeRetypeWithoutMigrationTest-1636826550 tempest-VolumeRetypeWithoutMigrationTest-1636826550-project-admin] Empty body provided in request {{(pid=100738) get_body /opt/stack/cinder/cinder/api/openstack/wsgi.py:703}}
Aug 24 15:26:58.476006 dv-cinder-805316-2-smb devstack@c-api.service[100738]: DEBUG cinder.api.openstack.wsgi [None req-0dc45db9-c215-4b2c-add8-33dcac6edfaa tempest-VolumeRetypeWithoutMigrationTest-1636826550 tempest-VolumeRetypeWithoutMigrationTest-1636826550-project-admin] Calling method 'show' {{(pid=100738) _process_stack /opt/stack/cinder/cinder/api/openstack/wsgi.py:856}}
Aug 24 15:26:58.481940 dv-cinder-805316-2-smb devstack@c-api.service[100738]: INFO cinder.api.openstack.wsgi [None req-0dc45db9-c215-4b2c-add8-33dcac6edfaa tempest-VolumeRetypeWithoutMigrationTest-1636826550 tempest-VolumeRetypeWithoutMigrationTest-1636826550-project-admin] http://10.222.0.26/volume/v3/924dd5ad1c3e4bbf81049430956a8d6b/types/a5fc1135-5dab-4ac1-a843-c3885cd8da88 returned with HTTP 404
Aug 24 15:26:58.484503 dv-cinder-805316-2-smb devstack@c-api.service[100738]: [pid: 100738|app: 0|req: 211/397] 10.222.0.26 () {58 vars in 1319 bytes} [Tue Aug 24 15:26:58 2021] GET /volume/v3/924dd5ad1c3e4bbf81049430956a8d6b/types/a5fc1135-5dab-4ac1-a843-c3885cd8da88 => generated 114 bytes in 17 msecs (HTTP/1.1 404) 7 headers in 292 bytes (1 switches on core 0)
Aug 24 15:26:58.491749 dv-cinder-805316-2-smb devstack@c-api.service[100739]: INFO cinder.api.openstack.wsgi [None req-69e3c297-f6ac-4053-ab7d-ae1e80e0838d tempest-VolumeRetypeWithoutMigrationTest-1636826550 tempest-VolumeRetypeWithoutMigrationTest-1636826550-project-admin] DELETE http://10.222.0.26/volume/v3/924dd5ad1c3e4bbf81049430956a8d6b/types/7842e1f6-565c-437c-8360-0b751f9eaf87
Aug 24 15:26:58.492204 dv-cinder-805316-2-smb devstack@c-api.service[100739]: DEBUG cinder.api.openstack.wsgi [None req-69e3c297-f6ac-4053-ab7d-ae1e80e0838d tempest-VolumeRetypeWithoutMigrationTest-1636826550 tempest-VolumeRetypeWithoutMigrationTest-1636826550-project-admin] Empty body provided in request {{(pid=100739) get_body /opt/stack/cinder/cinder/api/openstack/wsgi.py:703}}
Aug 24 15:26:58.492845 dv-cinder-805316-2-smb devstack@c-api.service[100739]: DEBUG cinder.api.openstack.wsgi [None req-69e3c297-f6ac-4053-ab7d-ae1e80e0838d tempest-VolumeRetypeWithoutMigrationTest-1636826550 tempest-VolumeRetypeWithoutMigrationTest-1636826550-project-admin] Calling method '_delete' {{(pid=100739) _process_stack /opt/stack/cinder/cinder/api/openstack/wsgi.py:856}}
Aug 24 15:26:58.551108 dv-cinder-805316-2-smb devstack@c-api.service[100739]: INFO cinder.api.openstack.wsgi [None req-69e3c297-f6ac-4053-ab7d-ae1e80e0838d tempest-VolumeRetypeWithoutMigrationTest-1636826550 tempest-VolumeRetypeWithoutMigrationTest-1636826550-project-admin] http://10.222.0.26/volume/v3/924dd5ad1c3e4bbf81049430956a8d6b/types/7842e1f6-565c-437c-8360-0b751f9eaf87 returned with HTTP 202
Aug 24 15:26:58.552104 dv-cinder-805316-2-smb devstack@c-api.service[100739]: [pid: 100739|app: 0|req: 187/398] 10.222.0.26 () {58 vars in 1322 bytes} [Tue Aug 24 15:26:58 2021] DELETE /volume/v3/924dd5ad1c3e4bbf81049430956a8d6b/types/7842e1f6-565c-437c-8360-0b751f9eaf87 => generated 0 bytes in 64 msecs (HTTP/1.1 202) 6 headers in 233 bytes (1 switches on core 0)
Aug 24 15:26:58.561337 dv-cinder-805316-2-smb devstack@c-api.service[100738]: INFO cinder.api.openstack.wsgi [None req-10587a4b-572d-4ebf-8bb5-6bcf2826c823 tempest-VolumeRetypeWithoutMigrationTest-1636826550 tempest-VolumeRetypeWithoutMigrationTest-1636826550-project-admin] GET http://10.222.0.26/volume/v3/924dd5ad1c3e4bbf81049430956a8d6b/types/7842e1f6-565c-437c-8360-0b751f9eaf87
Aug 24 15:26:58.562516 dv-cinder-805316-2-smb devstack@c-api.service[100738]: DEBUG cinder.api.openstack.wsgi [None req-10587a4b-572d-4ebf-8bb5-6bcf2826c823 tempest-VolumeRetypeWithoutMigrationTest-1636826550 tempest-VolumeRetypeWithoutMigrationTest-1636826550-project-admin] Empty body provided in request {{(pid=100738) get_body /opt/stack/cinder/cinder/api/openstack/wsgi.py:703}}
Aug 24 15:26:58.562516 dv-cinder-805316-2-smb devstack@c-api.service[100738]: DEBUG cinder.api.openstack.wsgi [None req-10587a4b-572d-4ebf-8bb5-6bcf2826c823 tempest-VolumeRetypeWithoutMigrationTest-1636826550 tempest-VolumeRetypeWithoutMigrationTest-1636826550-project-admin] Calling method 'show' {{(pid=100738) _process_stack /opt/stack/cinder/cinder/api/openstack/wsgi.py:856}}
Aug 24 15:26:58.568894 dv-cinder-805316-2-smb devstack@c-api.service[100738]: INFO cinder.api.openstack.wsgi [None req-10587a4b-572d-4ebf-8bb5-6bcf2826c823 tempest-VolumeRetypeWithoutMigrationTest-1636826550 tempest-VolumeRetypeWithoutMigrationTest-1636826550-project-admin] http://10.222.0.26/volume/v3/924dd5ad1c3e4bbf81049430956a8d6b/types/7842e1f6-565c-437c-8360-0b751f9eaf87 returned with HTTP 404
Aug 24 15:26:58.570301 dv-cinder-805316-2-smb devstack@c-api.service[100738]: [pid: 100738|app: 0|req: 212/399] 10.222.0.26 () {58 vars in 1319 bytes} [Tue Aug 24 15:26:58 2021] GET /volume/v3/924dd5ad1c3e4bbf81049430956a8d6b/types/7842e1f6-565c-437c-8360-0b751f9eaf87 => generated 114 bytes in 14 msecs (HTTP/1.1 404) 7 headers in 292 bytes (2 switches on core 0)
Aug 24 15:26:58.766965 dv-cinder-805316-2-smb devstack@c-api.service[100739]: INFO cinder.api.openstack.wsgi [None req-82cef361-33e3-4c4b-a820-d3f98ac48201 tempest-DeleteServersTestJSON-2128276749 tempest-DeleteServersTestJSON-2128276749-project] GET http://10.222.0.26/volume/v3/2e58d13e321e4263afc4fd0ce767bf84/volumes/86735284-d74b-4603-bec7-b3affc98f800
Aug 24 15:26:58.767433 dv-cinder-805316-2-smb devstack@c-api.service[100739]: DEBUG cinder.api.openstack.wsgi [None req-82cef361-33e3-4c4b-a820-d3f98ac48201 tempest-DeleteServersTestJSON-2128276749 tempest-DeleteServersTestJSON-2128276749-project] Empty body provided in request {{(pid=100739) get_body /opt/stack/cinder/cinder/api/openstack/wsgi.py:703}}
Aug 24 15:26:58.767838 dv-cinder-805316-2-smb devstack@c-api.service[100739]: DEBUG cinder.api.openstack.wsgi [None req-82cef361-33e3-4c4b-a820-d3f98ac48201 tempest-DeleteServersTestJSON-2128276749 tempest-DeleteServersTestJSON-2128276749-project] Calling method 'show' {{(pid=100739) _process_stack /opt/stack/cinder/cinder/api/openstack/wsgi.py:856}}
Aug 24 15:26:58.787166 dv-cinder-805316-2-smb devstack@c-api.service[100739]: /usr/local/lib/python3.8/dist-packages/oslo_context/context.py:105: DeprecationWarning: Policy enforcement is depending on the value of is_admin. This key is deprecated. Please update your policy file to use the standard policy values.
Aug 24 15:26:58.787166 dv-cinder-805316-2-smb devstack@c-api.service[100739]: warnings.warn('Policy enforcement is depending on the value of '
Aug 24 15:26:58.793260 dv-cinder-805316-2-smb devstack@c-api.service[100738]: INFO cinder.api.openstack.wsgi [req-2d90e9bc-1f94-4c32-8765-0e24d6b8389b req-5bd9ed10-099c-4b64-a521-37aa0bbd5e33 tempest-AttachVolumeNegativeTest-391437053 tempest-AttachVolumeNegativeTest-391437053-project] POST http://10.222.0.26/volume/v3/d63d204d20a44d539a14384eedec980a/attachments/0867c64d-840a-4424-b470-fd1b0fcbf264/action
Aug 24 15:26:58.794121 dv-cinder-805316-2-smb devstack@c-api.service[100738]: DEBUG cinder.api.openstack.wsgi [req-2d90e9bc-1f94-4c32-8765-0e24d6b8389b req-5bd9ed10-099c-4b64-a521-37aa0bbd5e33 tempest-AttachVolumeNegativeTest-391437053 tempest-AttachVolumeNegativeTest-391437053-project] Action body: b'{"os-complete": null}' {{(pid=100738) get_method /opt/stack/cinder/cinder/api/openstack/wsgi.py:971}}
Aug 24 15:26:58.794514 dv-cinder-805316-2-smb devstack@c-api.service[100738]: DEBUG cinder.api.openstack.wsgi [req-2d90e9bc-1f94-4c32-8765-0e24d6b8389b req-5bd9ed10-099c-4b64-a521-37aa0bbd5e33 tempest-AttachVolumeNegativeTest-391437053 tempest-AttachVolumeNegativeTest-391437053-project] Action: 'action', calling method: version_select, body: {"os-complete": null} {{(pid=100738) _process_stack /opt/stack/cinder/cinder/api/openstack/wsgi.py:854}}
Aug 24 15:26:58.796136 dv-cinder-805316-2-smb devstack@c-api.service[100739]: INFO cinder.volume.api [None req-82cef361-33e3-4c4b-a820-d3f98ac48201 tempest-DeleteServersTestJSON-2128276749 tempest-DeleteServersTestJSON-2128276749-project] Volume info retrieved successfully.
Aug 24 15:26:58.808680 dv-cinder-805316-2-smb devstack@c-api.service[100739]: /usr/local/lib/python3.8/dist-packages/oslo_context/context.py:105: DeprecationWarning: Policy enforcement is depending on the value of is_admin. This key is deprecated. Please update your policy file to use the standard policy values.
Aug 24 15:26:58.808680 dv-cinder-805316-2-smb devstack@c-api.service[100739]: warnings.warn('Policy enforcement is depending on the value of '
Aug 24 15:26:58.819732 dv-cinder-805316-2-smb devstack@c-api.service[100739]: INFO cinder.api.openstack.wsgi [None req-82cef361-33e3-4c4b-a820-d3f98ac48201 tempest-DeleteServersTestJSON-2128276749 tempest-DeleteServersTestJSON-2128276749-project] http://10.222.0.26/volume/v3/2e58d13e321e4263afc4fd0ce767bf84/volumes/86735284-d74b-4603-bec7-b3affc98f800 returned with HTTP 200
Aug 24 15:26:58.830071 dv-cinder-805316-2-smb devstack@c-api.service[100739]: [pid: 100739|app: 0|req: 188/400] 10.222.0.26 () {58 vars in 1325 bytes} [Tue Aug 24 15:26:58 2021] GET /volume/v3/2e58d13e321e4263afc4fd0ce767bf84/volumes/86735284-d74b-4603-bec7-b3affc98f800 => generated 1206 bytes in 58 msecs (HTTP/1.1 200) 7 headers in 286 bytes (2 switches on core 0)
Aug 24 15:26:58.830294 dv-cinder-805316-2-smb devstack@c-api.service[100738]: /usr/local/lib/python3.8/dist-packages/oslo_context/context.py:105: DeprecationWarning: Policy enforcement is depending on the value of is_admin. This key is deprecated. Please update your policy file to use the standard policy values.
Aug 24 15:26:58.830294 dv-cinder-805316-2-smb devstack@c-api.service[100738]: warnings.warn('Policy enforcement is depending on the value of '
Aug 24 15:26:58.836441 dv-cinder-805316-2-smb devstack@c-api.service[100739]: INFO cinder.api.openstack.wsgi [None req-6c7fc8d4-d22f-44f1-89d5-b743235beedf tempest-DeleteServersTestJSON-2128276749 tempest-DeleteServersTestJSON-2128276749-project] GET http://10.222.0.26/volume/v3/2e58d13e321e4263afc4fd0ce767bf84/volumes/86735284-d74b-4603-bec7-b3affc98f800
Aug 24 15:26:58.837021 dv-cinder-805316-2-smb devstack@c-api.service[100739]: DEBUG cinder.api.openstack.wsgi [None req-6c7fc8d4-d22f-44f1-89d5-b743235beedf tempest-DeleteServersTestJSON-2128276749 tempest-DeleteServersTestJSON-2128276749-project] Empty body provided in request {{(pid=100739) get_body /opt/stack/cinder/cinder/api/openstack/wsgi.py:703}}
Aug 24 15:26:58.837456 dv-cinder-805316-2-smb devstack@c-api.service[100739]: /usr/local/lib/python3.8/dist-packages/webob/acceptparse.py:1047: DeprecationWarning: The behavior of AcceptValidHeader.best_match is currently being maintained for backward compatibility, but it will be deprecated in the future, as it does not conform to the RFC.
Aug 24 15:26:58.837456 dv-cinder-805316-2-smb devstack@c-api.service[100739]: warnings.warn(
Aug 24 15:26:58.837910 dv-cinder-805316-2-smb devstack@c-api.service[100739]: DEBUG cinder.api.openstack.wsgi [None req-6c7fc8d4-d22f-44f1-89d5-b743235beedf tempest-DeleteServersTestJSON-2128276749 tempest-DeleteServersTestJSON-2128276749-project] Calling method 'show' {{(pid=100739) _process_stack /opt/stack/cinder/cinder/api/openstack/wsgi.py:856}}
Aug 24 15:26:58.852083 dv-cinder-805316-2-smb devstack@c-api.service[100738]: INFO cinder.api.openstack.wsgi [req-2d90e9bc-1f94-4c32-8765-0e24d6b8389b req-5bd9ed10-099c-4b64-a521-37aa0bbd5e33 tempest-AttachVolumeNegativeTest-391437053 tempest-AttachVolumeNegativeTest-391437053-project] http://10.222.0.26/volume/v3/d63d204d20a44d539a14384eedec980a/attachments/0867c64d-840a-4424-b470-fd1b0fcbf264/action returned with HTTP 204
Aug 24 15:26:58.853666 dv-cinder-805316-2-smb devstack@c-api.service[100738]: [pid: 100738|app: 0|req: 213/401] 10.222.0.18 () {64 vars in 1499 bytes} [Tue Aug 24 15:26:58 2021] POST /volume/v3/d63d204d20a44d539a14384eedec980a/attachments/0867c64d-840a-4424-b470-fd1b0fcbf264/action => generated 0 bytes in 66 msecs (HTTP/1.1 204) 7 headers in 292 bytes (1 switches on core 0)
Aug 24 15:26:58.855672 dv-cinder-805316-2-smb devstack@c-api.service[100739]: /usr/local/lib/python3.8/dist-packages/oslo_context/context.py:105: DeprecationWarning: Policy enforcement is depending on the value of is_admin. This key is deprecated. Please update your policy file to use the standard policy values.
Aug 24 15:26:58.855672 dv-cinder-805316-2-smb devstack@c-api.service[100739]: warnings.warn('Policy enforcement is depending on the value of '
Aug 24 15:26:58.869456 dv-cinder-805316-2-smb devstack@c-api.service[100739]: INFO cinder.volume.api [None req-6c7fc8d4-d22f-44f1-89d5-b743235beedf tempest-DeleteServersTestJSON-2128276749 tempest-DeleteServersTestJSON-2128276749-project] Volume info retrieved successfully.
Aug 24 15:26:58.886888 dv-cinder-805316-2-smb devstack@c-api.service[100739]: /usr/local/lib/python3.8/dist-packages/oslo_context/context.py:105: DeprecationWarning: Policy enforcement is depending on the value of is_admin. This key is deprecated. Please update your policy file to use the standard policy values.
Aug 24 15:26:58.886888 dv-cinder-805316-2-smb devstack@c-api.service[100739]: warnings.warn('Policy enforcement is depending on the value of '
Aug 24 15:26:58.896033 dv-cinder-805316-2-smb devstack@c-api.service[100738]: INFO cinder.api.openstack.wsgi [None req-6f23250c-f013-4a45-a4cb-6158bcec6ad8 tempest-AttachVolumeNegativeTest-391437053 tempest-AttachVolumeNegativeTest-391437053-project] GET http://10.222.0.26/volume/v3/d63d204d20a44d539a14384eedec980a/volumes/74db96fb-910b-4d1e-ada1-457c2a3804ca
Aug 24 15:26:58.897029 dv-cinder-805316-2-smb devstack@c-api.service[100738]: DEBUG cinder.api.openstack.wsgi [None req-6f23250c-f013-4a45-a4cb-6158bcec6ad8 tempest-AttachVolumeNegativeTest-391437053 tempest-AttachVolumeNegativeTest-391437053-project] Empty body provided in request {{(pid=100738) get_body /opt/stack/cinder/cinder/api/openstack/wsgi.py:703}}
Aug 24 15:26:58.897199 dv-cinder-805316-2-smb devstack@c-api.service[100738]: /usr/local/lib/python3.8/dist-packages/webob/acceptparse.py:1047: DeprecationWarning: The behavior of AcceptValidHeader.best_match is currently being maintained for backward compatibility, but it will be deprecated in the future, as it does not conform to the RFC.
Aug 24 15:26:58.897199 dv-cinder-805316-2-smb devstack@c-api.service[100738]: warnings.warn(
Aug 24 15:26:58.898194 dv-cinder-805316-2-smb devstack@c-api.service[100738]: DEBUG cinder.api.openstack.wsgi [None req-6f23250c-f013-4a45-a4cb-6158bcec6ad8 tempest-AttachVolumeNegativeTest-391437053 tempest-AttachVolumeNegativeTest-391437053-project] Calling method 'show' {{(pid=100738) _process_stack /opt/stack/cinder/cinder/api/openstack/wsgi.py:856}}
Aug 24 15:26:58.915134 dv-cinder-805316-2-smb devstack@c-api.service[100739]: INFO cinder.api.openstack.wsgi [None req-6c7fc8d4-d22f-44f1-89d5-b743235beedf tempest-DeleteServersTestJSON-2128276749 tempest-DeleteServersTestJSON-2128276749-project] http://10.222.0.26/volume/v3/2e58d13e321e4263afc4fd0ce767bf84/volumes/86735284-d74b-4603-bec7-b3affc98f800 returned with HTTP 200
Aug 24 15:26:58.916396 dv-cinder-805316-2-smb devstack@c-api.service[100739]: [pid: 100739|app: 0|req: 189/402] 10.222.0.26 () {58 vars in 1325 bytes} [Tue Aug 24 15:26:58 2021] GET /volume/v3/2e58d13e321e4263afc4fd0ce767bf84/volumes/86735284-d74b-4603-bec7-b3affc98f800 => generated 1206 bytes in 84 msecs (HTTP/1.1 200) 7 headers in 286 bytes (2 switches on core 0)
Aug 24 15:26:58.956233 dv-cinder-805316-2-smb devstack@c-api.service[100738]: /usr/local/lib/python3.8/dist-packages/oslo_context/context.py:105: DeprecationWarning: Policy enforcement is depending on the value of is_admin. This key is deprecated. Please update your policy file to use the standard policy values.
Aug 24 15:26:58.956233 dv-cinder-805316-2-smb devstack@c-api.service[100738]: warnings.warn('Policy enforcement is depending on the value of '
Aug 24 15:26:58.963964 dv-cinder-805316-2-smb devstack@c-api.service[100738]: INFO cinder.volume.api [None req-6f23250c-f013-4a45-a4cb-6158bcec6ad8 tempest-AttachVolumeNegativeTest-391437053 tempest-AttachVolumeNegativeTest-391437053-project] Volume info retrieved successfully.
Aug 24 15:26:58.979076 dv-cinder-805316-2-smb devstack@c-api.service[100738]: /usr/local/lib/python3.8/dist-packages/oslo_context/context.py:105: DeprecationWarning: Policy enforcement is depending on the value of is_admin. This key is deprecated. Please update your policy file to use the standard policy values.
Aug 24 15:26:58.979076 dv-cinder-805316-2-smb devstack@c-api.service[100738]: warnings.warn('Policy enforcement is depending on the value of '
Aug 24 15:26:58.991241 dv-cinder-805316-2-smb devstack@c-api.service[100738]: INFO cinder.api.openstack.wsgi [None req-6f23250c-f013-4a45-a4cb-6158bcec6ad8 tempest-AttachVolumeNegativeTest-391437053 tempest-AttachVolumeNegativeTest-391437053-project] http://10.222.0.26/volume/v3/d63d204d20a44d539a14384eedec980a/volumes/74db96fb-910b-4d1e-ada1-457c2a3804ca returned with HTTP 200
Aug 24 15:26:58.992753 dv-cinder-805316-2-smb devstack@c-api.service[100738]: [pid: 100738|app: 0|req: 214/403] 10.222.0.26 () {58 vars in 1325 bytes} [Tue Aug 24 15:26:58 2021] GET /volume/v3/d63d204d20a44d539a14384eedec980a/volumes/74db96fb-910b-4d1e-ada1-457c2a3804ca => generated 1208 bytes in 102 msecs (HTTP/1.1 200) 7 headers in 286 bytes (1 switches on core 0)
Aug 24 15:26:59.010495 dv-cinder-805316-2-smb devstack@c-api.service[100739]: INFO cinder.api.openstack.wsgi [None req-430a7cd8-1731-4cf3-955e-b1ce39b8f53d tempest-AttachVolumeNegativeTest-391437053 tempest-AttachVolumeNegativeTest-391437053-project] GET http://10.222.0.26/volume/v3/d63d204d20a44d539a14384eedec980a/volumes/74db96fb-910b-4d1e-ada1-457c2a3804ca
Aug 24 15:26:59.011121 dv-cinder-805316-2-smb devstack@c-api.service[100739]: DEBUG cinder.api.openstack.wsgi [None req-430a7cd8-1731-4cf3-955e-b1ce39b8f53d tempest-AttachVolumeNegativeTest-391437053 tempest-AttachVolumeNegativeTest-391437053-project] Empty body provided in request {{(pid=100739) get_body /opt/stack/cinder/cinder/api/openstack/wsgi.py:703}}
Aug 24 15:26:59.011650 dv-cinder-805316-2-smb devstack@c-api.service[100739]: /usr/local/lib/python3.8/dist-packages/webob/acceptparse.py:1047: DeprecationWarning: The behavior of AcceptValidHeader.best_match is currently being maintained for backward compatibility, but it will be deprecated in the future, as it does not conform to the RFC.
Aug 24 15:26:59.011650 dv-cinder-805316-2-smb devstack@c-api.service[100739]: warnings.warn(
Aug 24 15:26:59.012789 dv-cinder-805316-2-smb devstack@c-api.service[100739]: DEBUG cinder.api.openstack.wsgi [None req-430a7cd8-1731-4cf3-955e-b1ce39b8f53d tempest-AttachVolumeNegativeTest-391437053 tempest-AttachVolumeNegativeTest-391437053-project] Calling method 'show' {{(pid=100739) _process_stack /opt/stack/cinder/cinder/api/openstack/wsgi.py:856}}
Aug 24 15:26:59.016164 dv-cinder-805316-2-smb devstack@c-api.service[100738]: INFO cinder.api.openstack.wsgi [None req-a20e0a04-12e9-4e57-94f7-a34c514a8740 tempest-VolumesTransfersTest-338011498 tempest-VolumesTransfersTest-338011498-project-admin] GET http://10.222.0.26/volume/v3/85090c371e8a41f99c0de0784e232c26/volumes/4346f3e3-62c6-455e-ac36-52e57f2f66df
Aug 24 15:26:59.016629 dv-cinder-805316-2-smb devstack@c-api.service[100738]: DEBUG cinder.api.openstack.wsgi [None req-a20e0a04-12e9-4e57-94f7-a34c514a8740 tempest-VolumesTransfersTest-338011498 tempest-VolumesTransfersTest-338011498-project-admin] Empty body provided in request {{(pid=100738) get_body /opt/stack/cinder/cinder/api/openstack/wsgi.py:703}}
Aug 24 15:26:59.016774 dv-cinder-805316-2-smb devstack@c-api.service[100738]: /usr/local/lib/python3.8/dist-packages/webob/acceptparse.py:1047: DeprecationWarning: The behavior of AcceptValidHeader.best_match is currently being maintained for backward compatibility, but it will be deprecated in the future, as it does not conform to the RFC.
Aug 24 15:26:59.016774 dv-cinder-805316-2-smb devstack@c-api.service[100738]: warnings.warn(
Aug 24 15:26:59.017299 dv-cinder-805316-2-smb devstack@c-api.service[100738]: DEBUG cinder.api.openstack.wsgi [None req-a20e0a04-12e9-4e57-94f7-a34c514a8740 tempest-VolumesTransfersTest-338011498 tempest-VolumesTransfersTest-338011498-project-admin] Calling method 'show' {{(pid=100738) _process_stack /opt/stack/cinder/cinder/api/openstack/wsgi.py:856}}
Aug 24 15:26:59.040067 dv-cinder-805316-2-smb devstack@c-api.service[100739]: /usr/local/lib/python3.8/dist-packages/oslo_context/context.py:105: DeprecationWarning: Policy enforcement is depending on the value of is_admin. This key is deprecated. Please update your policy file to use the standard policy values.
Aug 24 15:26:59.040067 dv-cinder-805316-2-smb devstack@c-api.service[100739]: warnings.warn('Policy enforcement is depending on the value of '
Aug 24 15:26:59.040452 dv-cinder-805316-2-smb devstack@c-api.service[100738]: INFO cinder.api.openstack.wsgi [None req-a20e0a04-12e9-4e57-94f7-a34c514a8740 tempest-VolumesTransfersTest-338011498 tempest-VolumesTransfersTest-338011498-project-admin] http://10.222.0.26/volume/v3/85090c371e8a41f99c0de0784e232c26/volumes/4346f3e3-62c6-455e-ac36-52e57f2f66df returned with HTTP 404
Aug 24 15:26:59.041803 dv-cinder-805316-2-smb devstack@c-api.service[100738]: [pid: 100738|app: 0|req: 215/404] 10.222.0.26 () {58 vars in 1325 bytes} [Tue Aug 24 15:26:59 2021] GET /volume/v3/85090c371e8a41f99c0de0784e232c26/volumes/4346f3e3-62c6-455e-ac36-52e57f2f66df => generated 109 bytes in 29 msecs (HTTP/1.1 404) 7 headers in 292 bytes (1 switches on core 0)
Aug 24 15:26:59.057348 dv-cinder-805316-2-smb devstack@c-api.service[100739]: INFO cinder.volume.api [None req-430a7cd8-1731-4cf3-955e-b1ce39b8f53d tempest-AttachVolumeNegativeTest-391437053 tempest-AttachVolumeNegativeTest-391437053-project] Volume info retrieved successfully.
Aug 24 15:26:59.072151 dv-cinder-805316-2-smb devstack@c-api.service[100739]: /usr/local/lib/python3.8/dist-packages/oslo_context/context.py:105: DeprecationWarning: Policy enforcement is depending on the value of is_admin. This key is deprecated. Please update your policy file to use the standard policy values.
Aug 24 15:26:59.072151 dv-cinder-805316-2-smb devstack@c-api.service[100739]: warnings.warn('Policy enforcement is depending on the value of '
Aug 24 15:26:59.087960 dv-cinder-805316-2-smb devstack@c-api.service[100739]: INFO cinder.api.openstack.wsgi [None req-430a7cd8-1731-4cf3-955e-b1ce39b8f53d tempest-AttachVolumeNegativeTest-391437053 tempest-AttachVolumeNegativeTest-391437053-project] http://10.222.0.26/volume/v3/d63d204d20a44d539a14384eedec980a/volumes/74db96fb-910b-4d1e-ada1-457c2a3804ca returned with HTTP 200
Aug 24 15:26:59.089688 dv-cinder-805316-2-smb devstack@c-api.service[100739]: [pid: 100739|app: 0|req: 190/405] 10.222.0.26 () {58 vars in 1325 bytes} [Tue Aug 24 15:26:59 2021] GET /volume/v3/d63d204d20a44d539a14384eedec980a/volumes/74db96fb-910b-4d1e-ada1-457c2a3804ca => generated 1208 bytes in 83 msecs (HTTP/1.1 200) 7 headers in 286 bytes (1 switches on core 0)
Aug 24 15:26:59.094910 dv-cinder-805316-2-smb devstack@c-api.service[100739]: INFO cinder.api.openstack.wsgi [None req-d95bfd4d-e1b5-4857-b505-960e21a44dd6 tempest-VolumesTransfersTest-480439228 tempest-VolumesTransfersTest-480439228-project] POST http://10.222.0.26/volume/v3/013cf144ffe34f0bb52d7877687b8b14/volumes
Aug 24 15:26:59.096060 dv-cinder-805316-2-smb devstack@c-api.service[100739]: /usr/local/lib/python3.8/dist-packages/webob/acceptparse.py:1047: DeprecationWarning: The behavior of AcceptValidHeader.best_match is currently being maintained for backward compatibility, but it will be deprecated in the future, as it does not conform to the RFC.
Aug 24 15:26:59.096060 dv-cinder-805316-2-smb devstack@c-api.service[100739]: warnings.warn(
Aug 24 15:26:59.096697 dv-cinder-805316-2-smb devstack@c-api.service[100739]: DEBUG cinder.api.openstack.wsgi [None req-d95bfd4d-e1b5-4857-b505-960e21a44dd6 tempest-VolumesTransfersTest-480439228 tempest-VolumesTransfersTest-480439228-project] Action: 'create', calling method: create, body: {"volume": {"size": 1, "name": "tempest-VolumesTransfersTest-Volume-1838615817"}} {{(pid=100739) _process_stack /opt/stack/cinder/cinder/api/openstack/wsgi.py:854}}
Aug 24 15:26:59.097862 dv-cinder-805316-2-smb devstack@c-api.service[100739]: DEBUG cinder.api.v3.volumes [None req-d95bfd4d-e1b5-4857-b505-960e21a44dd6 tempest-VolumesTransfersTest-480439228 tempest-VolumesTransfersTest-480439228-project] Create volume request body: {'volume': {'size': 1, 'name': 'tempest-VolumesTransfersTest-Volume-1838615817'}} {{(pid=100739) create /opt/stack/cinder/cinder/api/v3/volumes.py:290}}
Aug 24 15:26:59.098430 dv-cinder-805316-2-smb devstack@c-api.service[100739]: INFO cinder.api.v3.volumes [None req-d95bfd4d-e1b5-4857-b505-960e21a44dd6 tempest-VolumesTransfersTest-480439228 tempest-VolumesTransfersTest-480439228-project] Create volume of 1 GB
Aug 24 15:26:59.104607 dv-cinder-805316-2-smb devstack@c-api.service[100739]: INFO cinder.volume.api [None req-d95bfd4d-e1b5-4857-b505-960e21a44dd6 tempest-VolumesTransfersTest-480439228 tempest-VolumesTransfersTest-480439228-project] Availability Zones retrieved successfully.
Aug 24 15:26:59.122209 dv-cinder-805316-2-smb devstack@c-api.service[100739]: DEBUG cinder.volume.api [None req-d95bfd4d-e1b5-4857-b505-960e21a44dd6 tempest-VolumesTransfersTest-480439228 tempest-VolumesTransfersTest-480439228-project] Flow 'volume_create_api' (b70ef422-43eb-4d38-83f2-1ddecc3c1168) transitioned into state 'RUNNING' from state 'PENDING' {{(pid=100739) _flow_receiver /usr/local/lib/python3.8/dist-packages/taskflow/listeners/logging.py:141}}
Aug 24 15:26:59.125849 dv-cinder-805316-2-smb devstack@c-api.service[100739]: DEBUG cinder.volume.api [None req-d95bfd4d-e1b5-4857-b505-960e21a44dd6 tempest-VolumesTransfersTest-480439228 tempest-VolumesTransfersTest-480439228-project] Task 'cinder.volume.flows.api.create_volume.ExtractVolumeRequestTask;volume:create' (9cde7122-06da-44fc-93b7-2e023617435b) transitioned into state 'RUNNING' from state 'PENDING' {{(pid=100739) _task_receiver /usr/local/lib/python3.8/dist-packages/taskflow/listeners/logging.py:190}}
Aug 24 15:26:59.128725 dv-cinder-805316-2-smb devstack@c-api.service[100739]: DEBUG cinder.volume.flows.api.create_volume [None req-d95bfd4d-e1b5-4857-b505-960e21a44dd6 tempest-VolumesTransfersTest-480439228 tempest-VolumesTransfersTest-480439228-project] Validating volume size '1' using validate_int {{(pid=100739) _extract_size /opt/stack/cinder/cinder/volume/flows/api/create_volume.py:225}}
Aug 24 15:26:59.207899 dv-cinder-805316-2-smb devstack@c-api.service[100739]: DEBUG cinder.volume.api [None req-d95bfd4d-e1b5-4857-b505-960e21a44dd6 tempest-VolumesTransfersTest-480439228 tempest-VolumesTransfersTest-480439228-project] Task 'cinder.volume.flows.api.create_volume.ExtractVolumeRequestTask;volume:create' (9cde7122-06da-44fc-93b7-2e023617435b) transitioned into state 'SUCCESS' from state 'RUNNING' with result '{'size': 1, 'snapshot_id': None, 'source_volid': None, 'volume_type': VolumeType(created_at=2021-08-24T15:16:02Z,deleted=False,deleted_at=None,description='Default Volume Type',extra_specs={},id=009954f0-5d97-4474-a97d-b1cada023f02,is_public=True,name='__DEFAULT__',projects=[],qos_specs=,qos_specs_id=None,updated_at=2021-08-24T15:16:02Z), 'volume_type_id': '009954f0-5d97-4474-a97d-b1cada023f02', 'encryption_key_id': None, 'qos_specs': None, 'consistencygroup_id': None, 'cgsnapshot_id': None, 'group_id': None, 'replication_status': 'disabled', 'refresh_az': False, 'backup_id': None, 'multiattach': False, 'availability_zones': ['nova']}' {{(pid=100739) _task_receiver /usr/local/lib/python3.8/dist-packages/taskflow/listeners/logging.py:178}}
Aug 24 15:26:59.213085 dv-cinder-805316-2-smb devstack@c-api.service[100739]: DEBUG cinder.volume.api [None req-d95bfd4d-e1b5-4857-b505-960e21a44dd6 tempest-VolumesTransfersTest-480439228 tempest-VolumesTransfersTest-480439228-project] Task 'cinder.volume.flows.api.create_volume.QuotaReserveTask;volume:create' (d822728f-8055-4921-a781-252b2a563a5a) transitioned into state 'RUNNING' from state 'PENDING' {{(pid=100739) _task_receiver /usr/local/lib/python3.8/dist-packages/taskflow/listeners/logging.py:190}}
Aug 24 15:26:59.318499 dv-cinder-805316-2-smb devstack@c-api.service[100738]: INFO cinder.api.openstack.wsgi [None req-6be8623f-34f0-4bdf-856c-fbc42a3fca76 tempest-GroupsV314Test-1717048343 tempest-GroupsV314Test-1717048343-project-admin] POST http://10.222.0.26/volume/v3/1033e3ce005b4ebd8c03a840572e56c1/types
Aug 24 15:26:59.319706 dv-cinder-805316-2-smb devstack@c-api.service[100738]: DEBUG cinder.api.openstack.wsgi [None req-6be8623f-34f0-4bdf-856c-fbc42a3fca76 tempest-GroupsV314Test-1717048343 tempest-GroupsV314Test-1717048343-project-admin] Action: 'create', calling method: _create, body: {"volume_type": {"name": "tempest-GroupsV314Test-volume-type-1998231378"}} {{(pid=100738) _process_stack /opt/stack/cinder/cinder/api/openstack/wsgi.py:854}}
Aug 24 15:26:59.320033 dv-cinder-805316-2-smb devstack@c-api.service[100739]: DEBUG cinder.quota [None req-d95bfd4d-e1b5-4857-b505-960e21a44dd6 tempest-VolumesTransfersTest-480439228 tempest-VolumesTransfersTest-480439228-project] Created reservations ['6d9bbbd1-cc23-403c-bd8d-750c9c4c3a7c', '6ae4d21c-f991-4929-a4cb-cbc42f9e0616', '76840235-d858-492d-a0b8-d691d6157d73', '51f4e16a-52c7-48dc-a377-62d0454d5f4a'] {{(pid=100739) reserve /opt/stack/cinder/cinder/quota.py:755}}
Aug 24 15:26:59.321967 dv-cinder-805316-2-smb devstack@c-api.service[100739]: DEBUG cinder.volume.api [None req-d95bfd4d-e1b5-4857-b505-960e21a44dd6 tempest-VolumesTransfersTest-480439228 tempest-VolumesTransfersTest-480439228-project] Task 'cinder.volume.flows.api.create_volume.QuotaReserveTask;volume:create' (d822728f-8055-4921-a781-252b2a563a5a) transitioned into state 'SUCCESS' from state 'RUNNING' with result '{'reservations': ['6d9bbbd1-cc23-403c-bd8d-750c9c4c3a7c', '6ae4d21c-f991-4929-a4cb-cbc42f9e0616', '76840235-d858-492d-a0b8-d691d6157d73', '51f4e16a-52c7-48dc-a377-62d0454d5f4a']}' {{(pid=100739) _task_receiver /usr/local/lib/python3.8/dist-packages/taskflow/listeners/logging.py:178}}
Aug 24 15:26:59.324055 dv-cinder-805316-2-smb devstack@c-api.service[100739]: DEBUG cinder.volume.api [None req-d95bfd4d-e1b5-4857-b505-960e21a44dd6 tempest-VolumesTransfersTest-480439228 tempest-VolumesTransfersTest-480439228-project] Task 'cinder.volume.flows.api.create_volume.EntryCreateTask;volume:create' (7ca9ef88-aa32-41d3-8602-3b2a40e74cfe) transitioned into state 'RUNNING' from state 'PENDING' {{(pid=100739) _task_receiver /usr/local/lib/python3.8/dist-packages/taskflow/listeners/logging.py:190}}
Aug 24 15:26:59.362076 dv-cinder-805316-2-smb devstack@c-api.service[100739]: DEBUG cinder.volume.api [None req-d95bfd4d-e1b5-4857-b505-960e21a44dd6 tempest-VolumesTransfersTest-480439228 tempest-VolumesTransfersTest-480439228-project] Task 'cinder.volume.flows.api.create_volume.EntryCreateTask;volume:create' (7ca9ef88-aa32-41d3-8602-3b2a40e74cfe) transitioned into state 'SUCCESS' from state 'RUNNING' with result '{'volume_id': 'e05a11c1-c9bb-4a66-847e-683a4894744f', 'volume_properties': VolumeProperties(attach_status='detached',availability_zone='nova',cgsnapshot_id=None,consistencygroup_id=None,display_description=None,display_name='tempest-VolumesTransfersTest-Volume-1838615817',encryption_key_id=None,group_id=None,group_type_id=,metadata={},multiattach=False,project_id='013cf144ffe34f0bb52d7877687b8b14',qos_specs=None,replication_status=,reservations=['6d9bbbd1-cc23-403c-bd8d-750c9c4c3a7c','6ae4d21c-f991-4929-a4cb-cbc42f9e0616','76840235-d858-492d-a0b8-d691d6157d73','51f4e16a-52c7-48dc-a377-62d0454d5f4a'],size=1,snapshot_id=None,source_replicaid=,source_volid=None,status='creating',user_id='642d2e4f46d348b3b4831ff497b59460',volume_type_id=009954f0-5d97-4474-a97d-b1cada023f02), 'volume': Volume(_name_id=None,admin_metadata=,attach_status='detached',availability_zone='nova',bootable=False,cluster=,cluster_name=None,consistencygroup=,consistencygroup_id=None,created_at=2021-08-24T15:26:59Z,deleted=False,deleted_at=None,display_description=None,display_name='tempest-VolumesTransfersTest-Volume-1838615817',ec2_id=None,encryption_key_id=None,glance_metadata=,group=,group_id=None,host=None,id=e05a11c1-c9bb-4a66-847e-683a4894744f,launched_at=None,metadata={},migration_status=None,multiattach=False,previous_status=None,project_id='013cf144ffe34f0bb52d7877687b8b14',provider_auth=None,provider_geometry=None,provider_id=None,provider_location=None,replication_driver_data=None,replication_extended_status=None,replication_status=None,scheduled_at=None,service_uuid=None,shared_targets=True,size=1,snapshot_id=None,snapshots=,source_volid=None,status='creating',terminated_at=None,updated_at=None,user_id='642d2e4f46d348b3b4831ff497b59460',volume_attachment=,volume_type=VolumeType(009954f0-5d97-4474-a97d-b1cada023f02),volume_type_id=009954f0-5d97-4474-a97d-b1cada023f02)}' {{(pid=100739) _task_receiver /usr/local/lib/python3.8/dist-packages/taskflow/listeners/logging.py:178}}
Aug 24 15:26:59.367570 dv-cinder-805316-2-smb devstack@c-api.service[100738]: INFO cinder.api.openstack.wsgi [None req-6be8623f-34f0-4bdf-856c-fbc42a3fca76 tempest-GroupsV314Test-1717048343 tempest-GroupsV314Test-1717048343-project-admin] http://10.222.0.26/volume/v3/1033e3ce005b4ebd8c03a840572e56c1/types returned with HTTP 200
Aug 24 15:26:59.368254 dv-cinder-805316-2-smb devstack@c-api.service[100738]: [pid: 100738|app: 0|req: 216/406] 10.222.0.26 () {60 vars in 1229 bytes} [Tue Aug 24 15:26:59 2021] POST /volume/v3/1033e3ce005b4ebd8c03a840572e56c1/types => generated 220 bytes in 326 msecs (HTTP/1.1 200) 7 headers in 285 bytes (1 switches on core 0)
Aug 24 15:26:59.369863 dv-cinder-805316-2-smb devstack@c-api.service[100739]: DEBUG cinder.volume.api [None req-d95bfd4d-e1b5-4857-b505-960e21a44dd6 tempest-VolumesTransfersTest-480439228 tempest-VolumesTransfersTest-480439228-project] Task 'cinder.volume.flows.api.create_volume.QuotaCommitTask;volume:create' (e7f9632c-678f-4beb-ad6f-0165f932124d) transitioned into state 'RUNNING' from state 'PENDING' {{(pid=100739) _task_receiver /usr/local/lib/python3.8/dist-packages/taskflow/listeners/logging.py:190}}
Aug 24 15:26:59.379592 dv-cinder-805316-2-smb devstack@c-api.service[100738]: INFO cinder.api.openstack.wsgi [None req-33048128-976b-41d8-8844-d1e47ce95e3b tempest-GroupsV314Test-1717048343 tempest-GroupsV314Test-1717048343-project-admin] POST http://10.222.0.26/volume/v3/1033e3ce005b4ebd8c03a840572e56c1/group_types
Aug 24 15:26:59.380532 dv-cinder-805316-2-smb devstack@c-api.service[100738]: DEBUG cinder.api.openstack.wsgi [None req-33048128-976b-41d8-8844-d1e47ce95e3b tempest-GroupsV314Test-1717048343 tempest-GroupsV314Test-1717048343-project-admin] Action: 'create', calling method: version_select, body: {"group_type": {"name": "tempest-GroupsV314Test-group-type-198519969"}} {{(pid=100738) _process_stack /opt/stack/cinder/cinder/api/openstack/wsgi.py:854}}
Aug 24 15:26:59.417405 dv-cinder-805316-2-smb devstack@c-api.service[100739]: DEBUG cinder.volume.api [None req-d95bfd4d-e1b5-4857-b505-960e21a44dd6 tempest-VolumesTransfersTest-480439228 tempest-VolumesTransfersTest-480439228-project] Task 'cinder.volume.flows.api.create_volume.QuotaCommitTask;volume:create' (e7f9632c-678f-4beb-ad6f-0165f932124d) transitioned into state 'SUCCESS' from state 'RUNNING' with result '{'volume_properties': VolumeProperties(attach_status='detached',availability_zone='nova',cgsnapshot_id=None,consistencygroup_id=None,display_description=None,display_name='tempest-VolumesTransfersTest-Volume-1838615817',encryption_key_id=None,group_id=None,group_type_id=,metadata={},multiattach=False,project_id='013cf144ffe34f0bb52d7877687b8b14',qos_specs=None,replication_status=,reservations=['6d9bbbd1-cc23-403c-bd8d-750c9c4c3a7c','6ae4d21c-f991-4929-a4cb-cbc42f9e0616','76840235-d858-492d-a0b8-d691d6157d73','51f4e16a-52c7-48dc-a377-62d0454d5f4a'],size=1,snapshot_id=None,source_replicaid=,source_volid=None,status='creating',user_id='642d2e4f46d348b3b4831ff497b59460',volume_type_id=009954f0-5d97-4474-a97d-b1cada023f02)}' {{(pid=100739) _task_receiver /usr/local/lib/python3.8/dist-packages/taskflow/listeners/logging.py:178}}
Aug 24 15:26:59.420238 dv-cinder-805316-2-smb devstack@c-api.service[100739]: DEBUG cinder.volume.api [None req-d95bfd4d-e1b5-4857-b505-960e21a44dd6 tempest-VolumesTransfersTest-480439228 tempest-VolumesTransfersTest-480439228-project] Task 'cinder.volume.flows.api.create_volume.VolumeCastTask;volume:create' (cdc78d56-2ed7-4c22-9eb8-eb9c62e9c530) transitioned into state 'RUNNING' from state 'PENDING' {{(pid=100739) _task_receiver /usr/local/lib/python3.8/dist-packages/taskflow/listeners/logging.py:190}}
Aug 24 15:26:59.430958 dv-cinder-805316-2-smb devstack@c-api.service[100738]: INFO cinder.api.openstack.wsgi [None req-33048128-976b-41d8-8844-d1e47ce95e3b tempest-GroupsV314Test-1717048343 tempest-GroupsV314Test-1717048343-project-admin] http://10.222.0.26/volume/v3/1033e3ce005b4ebd8c03a840572e56c1/group_types returned with HTTP 202
Aug 24 15:26:59.432951 dv-cinder-805316-2-smb devstack@c-api.service[100738]: [pid: 100738|app: 0|req: 217/407] 10.222.0.26 () {62 vars in 1288 bytes} [Tue Aug 24 15:26:59 2021] POST /volume/v3/1033e3ce005b4ebd8c03a840572e56c1/group_types => generated 176 bytes in 58 msecs (HTTP/1.1 202) 7 headers in 292 bytes (1 switches on core 0)
Aug 24 15:26:59.452377 dv-cinder-805316-2-smb devstack@c-api.service[100739]: DEBUG cinder.volume.api [None req-d95bfd4d-e1b5-4857-b505-960e21a44dd6 tempest-VolumesTransfersTest-480439228 tempest-VolumesTransfersTest-480439228-project] Task 'cinder.volume.flows.api.create_volume.VolumeCastTask;volume:create' (cdc78d56-2ed7-4c22-9eb8-eb9c62e9c530) transitioned into state 'SUCCESS' from state 'RUNNING' with result 'None' {{(pid=100739) _task_receiver /usr/local/lib/python3.8/dist-packages/taskflow/listeners/logging.py:178}}
Aug 24 15:26:59.459042 dv-cinder-805316-2-smb devstack@c-api.service[100739]: DEBUG cinder.volume.api [None req-d95bfd4d-e1b5-4857-b505-960e21a44dd6 tempest-VolumesTransfersTest-480439228 tempest-VolumesTransfersTest-480439228-project] Flow 'volume_create_api' (b70ef422-43eb-4d38-83f2-1ddecc3c1168) transitioned into state 'SUCCESS' from state 'RUNNING' {{(pid=100739) _flow_receiver /usr/local/lib/python3.8/dist-packages/taskflow/listeners/logging.py:141}}
Aug 24 15:26:59.459806 dv-cinder-805316-2-smb devstack@c-api.service[100739]: INFO cinder.volume.api [None req-d95bfd4d-e1b5-4857-b505-960e21a44dd6 tempest-VolumesTransfersTest-480439228 tempest-VolumesTransfersTest-480439228-project] Create volume request issued successfully.
Aug 24 15:26:59.480192 dv-cinder-805316-2-smb devstack@c-api.service[100739]: INFO cinder.api.openstack.wsgi [None req-d95bfd4d-e1b5-4857-b505-960e21a44dd6 tempest-VolumesTransfersTest-480439228 tempest-VolumesTransfersTest-480439228-project] http://10.222.0.26/volume/v3/013cf144ffe34f0bb52d7877687b8b14/volumes returned with HTTP 202
Aug 24 15:26:59.481035 dv-cinder-805316-2-smb devstack@c-api.service[100739]: [pid: 100739|app: 0|req: 191/408] 10.222.0.26 () {60 vars in 1235 bytes} [Tue Aug 24 15:26:59 2021] POST /volume/v3/013cf144ffe34f0bb52d7877687b8b14/volumes => generated 820 bytes in 391 msecs (HTTP/1.1 202) 7 headers in 291 bytes (1 switches on core 0)
Aug 24 15:26:59.498143 dv-cinder-805316-2-smb devstack@c-api.service[100739]: INFO cinder.api.openstack.wsgi [None req-3f3602cd-63e4-42d2-aa15-8e21762d0bb1 tempest-VolumesTransfersTest-480439228 tempest-VolumesTransfersTest-480439228-project] GET http://10.222.0.26/volume/v3/013cf144ffe34f0bb52d7877687b8b14/volumes/e05a11c1-c9bb-4a66-847e-683a4894744f
Aug 24 15:26:59.498633 dv-cinder-805316-2-smb devstack@c-api.service[100739]: DEBUG cinder.api.openstack.wsgi [None req-3f3602cd-63e4-42d2-aa15-8e21762d0bb1 tempest-VolumesTransfersTest-480439228 tempest-VolumesTransfersTest-480439228-project] Empty body provided in request {{(pid=100739) get_body /opt/stack/cinder/cinder/api/openstack/wsgi.py:703}}
Aug 24 15:26:59.498803 dv-cinder-805316-2-smb devstack@c-api.service[100739]: /usr/local/lib/python3.8/dist-packages/webob/acceptparse.py:1047: DeprecationWarning: The behavior of AcceptValidHeader.best_match is currently being maintained for backward compatibility, but it will be deprecated in the future, as it does not conform to the RFC.
Aug 24 15:26:59.498803 dv-cinder-805316-2-smb devstack@c-api.service[100739]: warnings.warn(
Aug 24 15:26:59.499345 dv-cinder-805316-2-smb devstack@c-api.service[100739]: DEBUG cinder.api.openstack.wsgi [None req-3f3602cd-63e4-42d2-aa15-8e21762d0bb1 tempest-VolumesTransfersTest-480439228 tempest-VolumesTransfersTest-480439228-project] Calling method 'show' {{(pid=100739) _process_stack /opt/stack/cinder/cinder/api/openstack/wsgi.py:856}}
Aug 24 15:26:59.549762 dv-cinder-805316-2-smb devstack@c-api.service[100739]: /usr/local/lib/python3.8/dist-packages/oslo_context/context.py:105: DeprecationWarning: Policy enforcement is depending on the value of is_admin. This key is deprecated. Please update your policy file to use the standard policy values.
Aug 24 15:26:59.549762 dv-cinder-805316-2-smb devstack@c-api.service[100739]: warnings.warn('Policy enforcement is depending on the value of '
Aug 24 15:26:59.583024 dv-cinder-805316-2-smb devstack@c-api.service[100739]: INFO cinder.volume.api [None req-3f3602cd-63e4-42d2-aa15-8e21762d0bb1 tempest-VolumesTransfersTest-480439228 tempest-VolumesTransfersTest-480439228-project] Volume info retrieved successfully.
Aug 24 15:26:59.615416 dv-cinder-805316-2-smb devstack@c-api.service[100739]: INFO cinder.api.openstack.wsgi [None req-3f3602cd-63e4-42d2-aa15-8e21762d0bb1 tempest-VolumesTransfersTest-480439228 tempest-VolumesTransfersTest-480439228-project] http://10.222.0.26/volume/v3/013cf144ffe34f0bb52d7877687b8b14/volumes/e05a11c1-c9bb-4a66-847e-683a4894744f returned with HTTP 200
Aug 24 15:26:59.641628 dv-cinder-805316-2-smb devstack@c-api.service[100739]: [pid: 100739|app: 0|req: 192/409] 10.222.0.26 () {58 vars in 1325 bytes} [Tue Aug 24 15:26:59 2021] GET /volume/v3/013cf144ffe34f0bb52d7877687b8b14/volumes/e05a11c1-c9bb-4a66-847e-683a4894744f => generated 888 bytes in 147 msecs (HTTP/1.1 200) 7 headers in 285 bytes (2 switches on core 0)
Aug 24 15:26:59.681402 dv-cinder-805316-2-smb devstack@c-api.service[100738]: INFO cinder.api.openstack.wsgi [None req-ba154b70-1cb8-495a-903a-902637cc4368 tempest-GroupsV314Test-1567793499 tempest-GroupsV314Test-1567793499-project] POST http://10.222.0.26/volume/v3/529ffd0d47704d299255a31abe91f03f/groups
Aug 24 15:26:59.682312 dv-cinder-805316-2-smb devstack@c-api.service[100738]: DEBUG cinder.api.openstack.wsgi [None req-ba154b70-1cb8-495a-903a-902637cc4368 tempest-GroupsV314Test-1567793499 tempest-GroupsV314Test-1567793499-project] Action: 'create', calling method: version_select, body: {"group": {"group_type": "00aff4e8-144a-4370-86fc-5e9d012d9131", "volume_types": ["1e0aa539-2e50-447a-bd18-86e6db23623d"], "name": "tempest-GroupsV314Test-Group-784811367"}} {{(pid=100738) _process_stack /opt/stack/cinder/cinder/api/openstack/wsgi.py:854}}
Aug 24 15:26:59.683570 dv-cinder-805316-2-smb devstack@c-api.service[100738]: DEBUG cinder.api.v3.groups [None req-ba154b70-1cb8-495a-903a-902637cc4368 tempest-GroupsV314Test-1567793499 tempest-GroupsV314Test-1567793499-project] Creating new group {'group': {'group_type': '00aff4e8-144a-4370-86fc-5e9d012d9131', 'volume_types': ['1e0aa539-2e50-447a-bd18-86e6db23623d'], 'name': 'tempest-GroupsV314Test-Group-784811367'}} {{(pid=100738) create /opt/stack/cinder/cinder/api/v3/groups.py:190}}
Aug 24 15:26:59.690843 dv-cinder-805316-2-smb devstack@c-api.service[100738]: INFO cinder.api.v3.groups [None req-ba154b70-1cb8-495a-903a-902637cc4368 tempest-GroupsV314Test-1567793499 tempest-GroupsV314Test-1567793499-project] Creating group tempest-GroupsV314Test-Group-784811367.
Aug 24 15:26:59.709451 dv-cinder-805316-2-smb devstack@c-api.service[100738]: INFO cinder.volume.api [None req-ba154b70-1cb8-495a-903a-902637cc4368 tempest-GroupsV314Test-1567793499 tempest-GroupsV314Test-1567793499-project] Availability Zones retrieved successfully.
Aug 24 15:26:59.768184 dv-cinder-805316-2-smb devstack@c-api.service[100738]: DEBUG cinder.quota [None req-ba154b70-1cb8-495a-903a-902637cc4368 tempest-GroupsV314Test-1567793499 tempest-GroupsV314Test-1567793499-project] Created reservations ['8892b6dd-c4bb-4783-953a-438ffa23d91a'] {{(pid=100738) reserve /opt/stack/cinder/cinder/quota.py:755}}
Aug 24 15:26:59.855042 dv-cinder-805316-2-smb devstack@c-api.service[100738]: INFO cinder.api.openstack.wsgi [None req-ba154b70-1cb8-495a-903a-902637cc4368 tempest-GroupsV314Test-1567793499 tempest-GroupsV314Test-1567793499-project] http://10.222.0.26/volume/v3/529ffd0d47704d299255a31abe91f03f/groups returned with HTTP 202
Aug 24 15:26:59.859033 dv-cinder-805316-2-smb devstack@c-api.service[100738]: [pid: 100738|app: 0|req: 218/410] 10.222.0.26 () {62 vars in 1274 bytes} [Tue Aug 24 15:26:59 2021] POST /volume/v3/529ffd0d47704d299255a31abe91f03f/groups => generated 107 bytes in 421 msecs (HTTP/1.1 202) 7 headers in 292 bytes (1 switches on core 0)
Aug 24 15:26:59.875989 dv-cinder-805316-2-smb devstack@c-api.service[100739]: INFO cinder.api.openstack.wsgi [None req-0ed6cad1-ae83-49b9-a7b4-b2c0f0f77c65 tempest-GroupsV314Test-1567793499 tempest-GroupsV314Test-1567793499-project] GET http://10.222.0.26/volume/v3/529ffd0d47704d299255a31abe91f03f/groups/076bfde9-cbaf-4bd5-962e-f9312154036d
Aug 24 15:26:59.888185 dv-cinder-805316-2-smb devstack@c-api.service[100739]: DEBUG cinder.api.openstack.wsgi [None req-0ed6cad1-ae83-49b9-a7b4-b2c0f0f77c65 tempest-GroupsV314Test-1567793499 tempest-GroupsV314Test-1567793499-project] Empty body provided in request {{(pid=100739) get_body /opt/stack/cinder/cinder/api/openstack/wsgi.py:703}}
Aug 24 15:26:59.894762 dv-cinder-805316-2-smb devstack@c-api.service[100739]: /usr/local/lib/python3.8/dist-packages/webob/acceptparse.py:1047: DeprecationWarning: The behavior of AcceptValidHeader.best_match is currently being maintained for backward compatibility, but it will be deprecated in the future, as it does not conform to the RFC.
Aug 24 15:26:59.894762 dv-cinder-805316-2-smb devstack@c-api.service[100739]: warnings.warn(
Aug 24 15:26:59.895264 dv-cinder-805316-2-smb devstack@c-api.service[100739]: DEBUG cinder.api.openstack.wsgi [None req-0ed6cad1-ae83-49b9-a7b4-b2c0f0f77c65 tempest-GroupsV314Test-1567793499 tempest-GroupsV314Test-1567793499-project] Calling method 'version_select' {{(pid=100739) _process_stack /opt/stack/cinder/cinder/api/openstack/wsgi.py:856}}
Aug 24 15:26:59.895552 dv-cinder-805316-2-smb devstack@c-api.service[100739]: DEBUG cinder.api.v3.groups [None req-0ed6cad1-ae83-49b9-a7b4-b2c0f0f77c65 tempest-GroupsV314Test-1567793499 tempest-GroupsV314Test-1567793499-project] show called for member 076bfde9-cbaf-4bd5-962e-f9312154036d {{(pid=100739) show /opt/stack/cinder/cinder/api/v3/groups.py:58}}
Aug 24 15:26:59.904809 dv-cinder-805316-2-smb devstack@c-api.service[100739]: /usr/local/lib/python3.8/dist-packages/oslo_context/context.py:105: DeprecationWarning: Policy enforcement is depending on the value of is_admin. This key is deprecated. Please update your policy file to use the standard policy values.
