Sep 15 17:56:10.821461 dv-cinder-805228-2-iscsi devstack@c-api.service[112935]: /usr/local/lib/python3.8/dist-packages/webob/acceptparse.py:1047: DeprecationWarning: The behavior of AcceptValidHeader.best_match is currently being maintained for backward compatibility, but it will be deprecated in the future, as it does not conform to the RFC.
Sep 15 17:56:10.821461 dv-cinder-805228-2-iscsi devstack@c-api.service[112935]: warnings.warn(
Sep 15 17:56:10.822166 dv-cinder-805228-2-iscsi devstack@c-api.service[112935]: DEBUG cinder.api.openstack.wsgi [None req-0fd158ce-a01d-4967-82ac-f00f1cb105c2 tempest-VolumesActionsTest-1466562777 tempest-VolumesActionsTest-1466562777-project] Action: 'create', calling method: create, body: {"volume": {"size": 1, "name": "tempest-VolumesActionsTest-Volume-1933777724"}} {{(pid=112935) _process_stack /opt/stack/cinder/cinder/api/openstack/wsgi.py:854}}
Sep 15 17:56:10.823662 dv-cinder-805228-2-iscsi devstack@c-api.service[112935]: DEBUG cinder.api.v3.volumes [None req-0fd158ce-a01d-4967-82ac-f00f1cb105c2 tempest-VolumesActionsTest-1466562777 tempest-VolumesActionsTest-1466562777-project] Create volume request body: {'volume': {'size': 1, 'name': 'tempest-VolumesActionsTest-Volume-1933777724'}} {{(pid=112935) create /opt/stack/cinder/cinder/api/v3/volumes.py:298}}
Sep 15 17:56:10.824979 dv-cinder-805228-2-iscsi devstack@c-api.service[112935]: INFO cinder.api.v3.volumes [None req-0fd158ce-a01d-4967-82ac-f00f1cb105c2 tempest-VolumesActionsTest-1466562777 tempest-VolumesActionsTest-1466562777-project] Create volume of 1 GB
Sep 15 17:56:10.833268 dv-cinder-805228-2-iscsi devstack@c-api.service[112935]: INFO cinder.volume.api [None req-0fd158ce-a01d-4967-82ac-f00f1cb105c2 tempest-VolumesActionsTest-1466562777 tempest-VolumesActionsTest-1466562777-project] Availability Zones retrieved successfully.
Sep 15 17:56:10.849183 dv-cinder-805228-2-iscsi devstack@c-api.service[112935]: DEBUG cinder.volume.api [None req-0fd158ce-a01d-4967-82ac-f00f1cb105c2 tempest-VolumesActionsTest-1466562777 tempest-VolumesActionsTest-1466562777-project] Flow 'volume_create_api' (3fe349a0-acfe-4ba0-a028-f8abca94eb14) transitioned into state 'RUNNING' from state 'PENDING' {{(pid=112935) _flow_receiver /usr/local/lib/python3.8/dist-packages/taskflow/listeners/logging.py:141}}
Sep 15 17:56:10.860597 dv-cinder-805228-2-iscsi devstack@c-api.service[112935]: DEBUG cinder.volume.api [None req-0fd158ce-a01d-4967-82ac-f00f1cb105c2 tempest-VolumesActionsTest-1466562777 tempest-VolumesActionsTest-1466562777-project] Task 'cinder.volume.flows.api.create_volume.ExtractVolumeRequestTask;volume:create' (85ee3dae-220d-46fb-92ee-87f57d1332b2) transitioned into state 'RUNNING' from state 'PENDING' {{(pid=112935) _task_receiver /usr/local/lib/python3.8/dist-packages/taskflow/listeners/logging.py:190}}
Sep 15 17:56:10.860597 dv-cinder-805228-2-iscsi devstack@c-api.service[112935]: DEBUG cinder.volume.flows.api.create_volume [None req-0fd158ce-a01d-4967-82ac-f00f1cb105c2 tempest-VolumesActionsTest-1466562777 tempest-VolumesActionsTest-1466562777-project] Validating volume size '1' using validate_int {{(pid=112935) _extract_size /opt/stack/cinder/cinder/volume/flows/api/create_volume.py:225}}
Sep 15 17:56:10.901802 dv-cinder-805228-2-iscsi devstack@c-api.service[112935]: DEBUG cinder.volume.api [None req-0fd158ce-a01d-4967-82ac-f00f1cb105c2 tempest-VolumesActionsTest-1466562777 tempest-VolumesActionsTest-1466562777-project] Task 'cinder.volume.flows.api.create_volume.ExtractVolumeRequestTask;volume:create' (85ee3dae-220d-46fb-92ee-87f57d1332b2) transitioned into state 'SUCCESS' from state 'RUNNING' with result '{'size': 1, 'snapshot_id': None, 'source_volid': None, 'volume_type': VolumeType(created_at=2021-09-15T17:41:30Z,deleted=False,deleted_at=None,description='Default Volume Type',extra_specs={},id=7dc85ec7-4ade-4e78-94f4-ef0287d3fdd0,is_public=True,name='__DEFAULT__',projects=[],qos_specs=,qos_specs_id=None,updated_at=2021-09-15T17:41:30Z), 'volume_type_id': '7dc85ec7-4ade-4e78-94f4-ef0287d3fdd0', 'encryption_key_id': None, 'qos_specs': None, 'consistencygroup_id': None, 'cgsnapshot_id': None, 'group_id': None, 'replication_status': 'disabled', 'refresh_az': False, 'backup_id': None, 'multiattach': False, 'availability_zones': ['nova']}' {{(pid=112935) _task_receiver /usr/local/lib/python3.8/dist-packages/taskflow/listeners/logging.py:178}}
Sep 15 17:56:10.906041 dv-cinder-805228-2-iscsi devstack@c-api.service[112935]: DEBUG cinder.volume.api [None req-0fd158ce-a01d-4967-82ac-f00f1cb105c2 tempest-VolumesActionsTest-1466562777 tempest-VolumesActionsTest-1466562777-project] Task 'cinder.volume.flows.api.create_volume.QuotaReserveTask;volume:create' (0dbd05e3-8c73-43f5-8e03-bf90c382ba11) transitioned into state 'RUNNING' from state 'PENDING' {{(pid=112935) _task_receiver /usr/local/lib/python3.8/dist-packages/taskflow/listeners/logging.py:190}}
Sep 15 17:56:10.944435 dv-cinder-805228-2-iscsi devstack@c-api.service[112936]: INFO cinder.api.openstack.wsgi [None req-b0a21479-c3e4-4744-92f0-f1361bc1d3b3 tempest-VolumesActionsTest-1466562777 tempest-VolumesActionsTest-1466562777-project] GET http://10.222.0.20/volume//
Sep 15 17:56:10.945104 dv-cinder-805228-2-iscsi devstack@c-api.service[112936]: DEBUG cinder.api.openstack.wsgi [None req-b0a21479-c3e4-4744-92f0-f1361bc1d3b3 tempest-VolumesActionsTest-1466562777 tempest-VolumesActionsTest-1466562777-project] Empty body provided in request {{(pid=112936) get_body /opt/stack/cinder/cinder/api/openstack/wsgi.py:703}}
Sep 15 17:56:10.945663 dv-cinder-805228-2-iscsi devstack@c-api.service[112936]: DEBUG cinder.api.openstack.wsgi [None req-b0a21479-c3e4-4744-92f0-f1361bc1d3b3 tempest-VolumesActionsTest-1466562777 tempest-VolumesActionsTest-1466562777-project] Calling method 'all' {{(pid=112936) _process_stack /opt/stack/cinder/cinder/api/openstack/wsgi.py:856}}
Sep 15 17:56:10.946618 dv-cinder-805228-2-iscsi devstack@c-api.service[112936]: INFO cinder.api.openstack.wsgi [None req-b0a21479-c3e4-4744-92f0-f1361bc1d3b3 tempest-VolumesActionsTest-1466562777 tempest-VolumesActionsTest-1466562777-project] http://10.222.0.20/volume// returned with HTTP 300
Sep 15 17:56:10.947139 dv-cinder-805228-2-iscsi devstack@c-api.service[112936]: [pid: 112936|app: 0|req: 127/240] 10.222.0.20 () {58 vars in 1300 bytes} [Wed Sep 15 17:56:10 2021] GET /volume/ => generated 386 bytes in 3 msecs (HTTP/1.1 300) 5 headers in 169 bytes (2 switches on core 0)
Sep 15 17:56:10.965792 dv-cinder-805228-2-iscsi devstack@c-api.service[112936]: INFO cinder.api.openstack.wsgi [req-86f7f41d-425a-41d6-a683-3e609a20328c req-bf7d1292-bdb4-43ad-8a33-b67874e1e513 tempest-AttachVolumeNegativeTest-548744671 tempest-AttachVolumeNegativeTest-548744671-project] POST http://10.222.0.20/volume/v3/c16830a0d09c47d390ee6bbfa6435793/attachments
Sep 15 17:56:10.970737 dv-cinder-805228-2-iscsi devstack@c-api.service[112936]: DEBUG cinder.api.openstack.wsgi [req-86f7f41d-425a-41d6-a683-3e609a20328c req-bf7d1292-bdb4-43ad-8a33-b67874e1e513 tempest-AttachVolumeNegativeTest-548744671 tempest-AttachVolumeNegativeTest-548744671-project] Action: 'create', calling method: version_select, body: {"attachment": {"volume_uuid": "4c84b917-9ead-4d81-a4d0-7bfb8d1ef86f", "connector": null, "instance_uuid": "99554549-cecc-4e20-9c4d-9bdb22ae6472"}} {{(pid=112936) _process_stack /opt/stack/cinder/cinder/api/openstack/wsgi.py:854}}
Sep 15 17:56:10.989276 dv-cinder-805228-2-iscsi devstack@c-api.service[112936]: /usr/local/lib/python3.8/dist-packages/oslo_context/context.py:105: DeprecationWarning: Policy enforcement is depending on the value of is_admin. This key is deprecated. Please update your policy file to use the standard policy values.
Sep 15 17:56:10.989276 dv-cinder-805228-2-iscsi devstack@c-api.service[112936]: warnings.warn('Policy enforcement is depending on the value of '
Sep 15 17:56:11.156059 dv-cinder-805228-2-iscsi devstack@c-api.service[112935]: DEBUG cinder.quota [None req-0fd158ce-a01d-4967-82ac-f00f1cb105c2 tempest-VolumesActionsTest-1466562777 tempest-VolumesActionsTest-1466562777-project] Created reservations ['0c806f6f-5e44-43c6-976d-aee14b265c33', 'a31e29e2-a29a-40ab-b113-3540461f4560', '7760f228-4dc7-428e-8eef-8a46ed00567a', '745366c1-a610-4fc8-8059-5c39f7a25aa3'] {{(pid=112935) reserve /opt/stack/cinder/cinder/quota.py:755}}
Sep 15 17:56:11.158742 dv-cinder-805228-2-iscsi devstack@c-api.service[112935]: DEBUG cinder.volume.api [None req-0fd158ce-a01d-4967-82ac-f00f1cb105c2 tempest-VolumesActionsTest-1466562777 tempest-VolumesActionsTest-1466562777-project] Task 'cinder.volume.flows.api.create_volume.QuotaReserveTask;volume:create' (0dbd05e3-8c73-43f5-8e03-bf90c382ba11) transitioned into state 'SUCCESS' from state 'RUNNING' with result '{'reservations': ['0c806f6f-5e44-43c6-976d-aee14b265c33', 'a31e29e2-a29a-40ab-b113-3540461f4560', '7760f228-4dc7-428e-8eef-8a46ed00567a', '745366c1-a610-4fc8-8059-5c39f7a25aa3']}' {{(pid=112935) _task_receiver /usr/local/lib/python3.8/dist-packages/taskflow/listeners/logging.py:178}}
Sep 15 17:56:11.160933 dv-cinder-805228-2-iscsi devstack@c-api.service[112935]: DEBUG cinder.volume.api [None req-0fd158ce-a01d-4967-82ac-f00f1cb105c2 tempest-VolumesActionsTest-1466562777 tempest-VolumesActionsTest-1466562777-project] Task 'cinder.volume.flows.api.create_volume.EntryCreateTask;volume:create' (a3ed7dbe-7664-4798-b40c-67f9a654a110) transitioned into state 'RUNNING' from state 'PENDING' {{(pid=112935) _task_receiver /usr/local/lib/python3.8/dist-packages/taskflow/listeners/logging.py:190}}
Sep 15 17:56:11.260639 dv-cinder-805228-2-iscsi devstack@c-api.service[112935]: DEBUG cinder.volume.api [None req-0fd158ce-a01d-4967-82ac-f00f1cb105c2 tempest-VolumesActionsTest-1466562777 tempest-VolumesActionsTest-1466562777-project] Task 'cinder.volume.flows.api.create_volume.EntryCreateTask;volume:create' (a3ed7dbe-7664-4798-b40c-67f9a654a110) transitioned into state 'SUCCESS' from state 'RUNNING' with result '{'volume_id': '40b96dbc-6884-4281-bb3d-e695a8d925e3', 'volume_properties': VolumeProperties(attach_status='detached',availability_zone='nova',cgsnapshot_id=None,consistencygroup_id=None,display_description=None,display_name='tempest-VolumesActionsTest-Volume-1933777724',encryption_key_id=None,group_id=None,group_type_id=,metadata={},multiattach=False,project_id='eb79219265e44e25bfe64b4d8a0bae03',qos_specs=None,replication_status=,reservations=['0c806f6f-5e44-43c6-976d-aee14b265c33','a31e29e2-a29a-40ab-b113-3540461f4560','7760f228-4dc7-428e-8eef-8a46ed00567a','745366c1-a610-4fc8-8059-5c39f7a25aa3'],size=1,snapshot_id=None,source_replicaid=,source_volid=None,status='creating',user_id='17a7e797bd4a42469b750a41fa095a52',volume_type_id=7dc85ec7-4ade-4e78-94f4-ef0287d3fdd0), 'volume': Volume(_name_id=None,admin_metadata=,attach_status='detached',availability_zone='nova',bootable=False,cluster=,cluster_name=None,consistencygroup=,consistencygroup_id=None,created_at=2021-09-15T17:56:11Z,deleted=False,deleted_at=None,display_description=None,display_name='tempest-VolumesActionsTest-Volume-1933777724',ec2_id=None,encryption_key_id=None,glance_metadata=,group=,group_id=None,host=None,id=40b96dbc-6884-4281-bb3d-e695a8d925e3,launched_at=None,metadata={},migration_status=None,multiattach=False,previous_status=None,project_id='eb79219265e44e25bfe64b4d8a0bae03',provider_auth=None,provider_geometry=None,provider_id=None,provider_location=None,replication_driver_data=None,replication_extended_status=None,replication_status=None,scheduled_at=None,service_uuid=None,shared_targets=True,size=1,snapshot_id=None,snapshots=,source_volid=None,status='creating',terminated_at=None,updated_at=None,use_quota=True,user_id='17a7e797bd4a42469b750a41fa095a52',volume_attachment=,volume_type=VolumeType(7dc85ec7-4ade-4e78-94f4-ef0287d3fdd0),volume_type_id=7dc85ec7-4ade-4e78-94f4-ef0287d3fdd0)}' {{(pid=112935) _task_receiver /usr/local/lib/python3.8/dist-packages/taskflow/listeners/logging.py:178}}
Sep 15 17:56:11.266588 dv-cinder-805228-2-iscsi devstack@c-api.service[112935]: DEBUG cinder.volume.api [None req-0fd158ce-a01d-4967-82ac-f00f1cb105c2 tempest-VolumesActionsTest-1466562777 tempest-VolumesActionsTest-1466562777-project] Task 'cinder.volume.flows.api.create_volume.QuotaCommitTask;volume:create' (acb3381e-2199-44e0-83a0-7bde1c9850cb) transitioned into state 'RUNNING' from state 'PENDING' {{(pid=112935) _task_receiver /usr/local/lib/python3.8/dist-packages/taskflow/listeners/logging.py:190}}
Sep 15 17:56:11.371106 dv-cinder-805228-2-iscsi devstack@c-api.service[112936]: INFO cinder.api.openstack.wsgi [req-86f7f41d-425a-41d6-a683-3e609a20328c req-bf7d1292-bdb4-43ad-8a33-b67874e1e513 tempest-AttachVolumeNegativeTest-548744671 tempest-AttachVolumeNegativeTest-548744671-project] http://10.222.0.20/volume/v3/c16830a0d09c47d390ee6bbfa6435793/attachments returned with HTTP 200
Sep 15 17:56:11.376101 dv-cinder-805228-2-iscsi devstack@c-api.service[112936]: [pid: 112936|app: 0|req: 128/241] 10.222.0.20 () {66 vars in 1575 bytes} [Wed Sep 15 17:56:10 2021] POST /volume/v3/c16830a0d09c47d390ee6bbfa6435793/attachments => generated 273 bytes in 412 msecs (HTTP/1.1 200) 7 headers in 286 bytes (3 switches on core 0)
Sep 15 17:56:11.376230 dv-cinder-805228-2-iscsi devstack@c-api.service[112935]: DEBUG cinder.volume.api [None req-0fd158ce-a01d-4967-82ac-f00f1cb105c2 tempest-VolumesActionsTest-1466562777 tempest-VolumesActionsTest-1466562777-project] Task 'cinder.volume.flows.api.create_volume.QuotaCommitTask;volume:create' (acb3381e-2199-44e0-83a0-7bde1c9850cb) transitioned into state 'SUCCESS' from state 'RUNNING' with result '{'volume_properties': VolumeProperties(attach_status='detached',availability_zone='nova',cgsnapshot_id=None,consistencygroup_id=None,display_description=None,display_name='tempest-VolumesActionsTest-Volume-1933777724',encryption_key_id=None,group_id=None,group_type_id=,metadata={},multiattach=False,project_id='eb79219265e44e25bfe64b4d8a0bae03',qos_specs=None,replication_status=,reservations=['0c806f6f-5e44-43c6-976d-aee14b265c33','a31e29e2-a29a-40ab-b113-3540461f4560','7760f228-4dc7-428e-8eef-8a46ed00567a','745366c1-a610-4fc8-8059-5c39f7a25aa3'],size=1,snapshot_id=None,source_replicaid=,source_volid=None,status='creating',user_id='17a7e797bd4a42469b750a41fa095a52',volume_type_id=7dc85ec7-4ade-4e78-94f4-ef0287d3fdd0)}' {{(pid=112935) _task_receiver /usr/local/lib/python3.8/dist-packages/taskflow/listeners/logging.py:178}}
Sep 15 17:56:11.378335 dv-cinder-805228-2-iscsi devstack@c-api.service[112935]: DEBUG cinder.volume.api [None req-0fd158ce-a01d-4967-82ac-f00f1cb105c2 tempest-VolumesActionsTest-1466562777 tempest-VolumesActionsTest-1466562777-project] Task 'cinder.volume.flows.api.create_volume.VolumeCastTask;volume:create' (c62de2c1-8a3f-49e5-8418-a01c6c8df3d4) transitioned into state 'RUNNING' from state 'PENDING' {{(pid=112935) _task_receiver /usr/local/lib/python3.8/dist-packages/taskflow/listeners/logging.py:190}}
Sep 15 17:56:11.380325 dv-cinder-805228-2-iscsi devstack@c-api.service[112936]: INFO cinder.api.openstack.wsgi [None req-fe354a05-8187-4929-a0e2-f89165015309 tempest-VolumesDeleteCascade-1929803928 tempest-VolumesDeleteCascade-1929803928-project] GET http://10.222.0.20/volume/v3/b59d82f1329c4be69cb306040d032504/volumes/e6979f70-1287-4de8-b893-b35f506a4a3d
Sep 15 17:56:11.380817 dv-cinder-805228-2-iscsi devstack@c-api.service[112936]: DEBUG cinder.api.openstack.wsgi [None req-fe354a05-8187-4929-a0e2-f89165015309 tempest-VolumesDeleteCascade-1929803928 tempest-VolumesDeleteCascade-1929803928-project] Empty body provided in request {{(pid=112936) get_body /opt/stack/cinder/cinder/api/openstack/wsgi.py:703}}
Sep 15 17:56:11.380991 dv-cinder-805228-2-iscsi devstack@c-api.service[112936]: /usr/local/lib/python3.8/dist-packages/webob/acceptparse.py:1047: DeprecationWarning: The behavior of AcceptValidHeader.best_match is currently being maintained for backward compatibility, but it will be deprecated in the future, as it does not conform to the RFC.
Sep 15 17:56:11.380991 dv-cinder-805228-2-iscsi devstack@c-api.service[112936]: warnings.warn(
Sep 15 17:56:11.382081 dv-cinder-805228-2-iscsi devstack@c-api.service[112936]: DEBUG cinder.api.openstack.wsgi [None req-fe354a05-8187-4929-a0e2-f89165015309 tempest-VolumesDeleteCascade-1929803928 tempest-VolumesDeleteCascade-1929803928-project] Calling method 'show' {{(pid=112936) _process_stack /opt/stack/cinder/cinder/api/openstack/wsgi.py:856}}
Sep 15 17:56:11.396442 dv-cinder-805228-2-iscsi devstack@c-api.service[112936]: INFO cinder.api.openstack.wsgi [None req-fe354a05-8187-4929-a0e2-f89165015309 tempest-VolumesDeleteCascade-1929803928 tempest-VolumesDeleteCascade-1929803928-project] http://10.222.0.20/volume/v3/b59d82f1329c4be69cb306040d032504/volumes/e6979f70-1287-4de8-b893-b35f506a4a3d returned with HTTP 404
Sep 15 17:56:11.398580 dv-cinder-805228-2-iscsi devstack@c-api.service[112936]: [pid: 112936|app: 0|req: 129/242] 10.222.0.20 () {58 vars in 1325 bytes} [Wed Sep 15 17:56:11 2021] GET /volume/v3/b59d82f1329c4be69cb306040d032504/volumes/e6979f70-1287-4de8-b893-b35f506a4a3d => generated 109 bytes in 25 msecs (HTTP/1.1 404) 7 headers in 292 bytes (1 switches on core 0)
Sep 15 17:56:11.406963 dv-cinder-805228-2-iscsi devstack@c-api.service[112936]: INFO cinder.api.openstack.wsgi [None req-eea5c142-305c-4e0b-9793-91bcab184e70 tempest-VolumesCloneTest-1628202792 tempest-VolumesCloneTest-1628202792-project] GET http://10.222.0.20/volume/v3/bbf04168ab53445e8d42737e82532945/volumes/42877aed-b7ab-4cab-ac73-035b97c2238c
Sep 15 17:56:11.407945 dv-cinder-805228-2-iscsi devstack@c-api.service[112936]: DEBUG cinder.api.openstack.wsgi [None req-eea5c142-305c-4e0b-9793-91bcab184e70 tempest-VolumesCloneTest-1628202792 tempest-VolumesCloneTest-1628202792-project] Empty body provided in request {{(pid=112936) get_body /opt/stack/cinder/cinder/api/openstack/wsgi.py:703}}
Sep 15 17:56:11.408613 dv-cinder-805228-2-iscsi devstack@c-api.service[112936]: DEBUG cinder.api.openstack.wsgi [None req-eea5c142-305c-4e0b-9793-91bcab184e70 tempest-VolumesCloneTest-1628202792 tempest-VolumesCloneTest-1628202792-project] Calling method 'show' {{(pid=112936) _process_stack /opt/stack/cinder/cinder/api/openstack/wsgi.py:856}}
Sep 15 17:56:11.422505 dv-cinder-805228-2-iscsi devstack@c-api.service[112936]: /usr/local/lib/python3.8/dist-packages/oslo_context/context.py:105: DeprecationWarning: Policy enforcement is depending on the value of is_admin. This key is deprecated. Please update your policy file to use the standard policy values.
Sep 15 17:56:11.422505 dv-cinder-805228-2-iscsi devstack@c-api.service[112936]: warnings.warn('Policy enforcement is depending on the value of '
Sep 15 17:56:11.431808 dv-cinder-805228-2-iscsi devstack@c-api.service[112936]: INFO cinder.volume.api [None req-eea5c142-305c-4e0b-9793-91bcab184e70 tempest-VolumesCloneTest-1628202792 tempest-VolumesCloneTest-1628202792-project] Volume info retrieved successfully.
Sep 15 17:56:11.454819 dv-cinder-805228-2-iscsi devstack@c-api.service[112936]: INFO cinder.api.openstack.wsgi [None req-eea5c142-305c-4e0b-9793-91bcab184e70 tempest-VolumesCloneTest-1628202792 tempest-VolumesCloneTest-1628202792-project] http://10.222.0.20/volume/v3/bbf04168ab53445e8d42737e82532945/volumes/42877aed-b7ab-4cab-ac73-035b97c2238c returned with HTTP 200
Sep 15 17:56:11.455876 dv-cinder-805228-2-iscsi devstack@c-api.service[112936]: [pid: 112936|app: 0|req: 130/243] 10.222.0.20 () {58 vars in 1325 bytes} [Wed Sep 15 17:56:11 2021] GET /volume/v3/bbf04168ab53445e8d42737e82532945/volumes/42877aed-b7ab-4cab-ac73-035b97c2238c => generated 908 bytes in 55 msecs (HTTP/1.1 200) 7 headers in 285 bytes (2 switches on core 0)
Sep 15 17:56:11.462963 dv-cinder-805228-2-iscsi devstack@c-api.service[112936]: INFO cinder.api.openstack.wsgi [None req-f3ffff59-e5eb-47f0-9cc1-69a56db6e0cd tempest-VolumesDeleteCascade-1929803928 tempest-VolumesDeleteCascade-1929803928-project] DELETE http://10.222.0.20/volume/v3/b59d82f1329c4be69cb306040d032504/snapshots/c85d6b7c-24a1-4d57-98d7-516bdf7cd17d
Sep 15 17:56:11.463625 dv-cinder-805228-2-iscsi devstack@c-api.service[112936]: DEBUG cinder.api.openstack.wsgi [None req-f3ffff59-e5eb-47f0-9cc1-69a56db6e0cd tempest-VolumesDeleteCascade-1929803928 tempest-VolumesDeleteCascade-1929803928-project] Empty body provided in request {{(pid=112936) get_body /opt/stack/cinder/cinder/api/openstack/wsgi.py:703}}
Sep 15 17:56:11.463945 dv-cinder-805228-2-iscsi devstack@c-api.service[112936]: /usr/local/lib/python3.8/dist-packages/webob/acceptparse.py:1047: DeprecationWarning: The behavior of AcceptValidHeader.best_match is currently being maintained for backward compatibility, but it will be deprecated in the future, as it does not conform to the RFC.
Sep 15 17:56:11.463945 dv-cinder-805228-2-iscsi devstack@c-api.service[112936]: warnings.warn(
Sep 15 17:56:11.464559 dv-cinder-805228-2-iscsi devstack@c-api.service[112936]: DEBUG cinder.api.openstack.wsgi [None req-f3ffff59-e5eb-47f0-9cc1-69a56db6e0cd tempest-VolumesDeleteCascade-1929803928 tempest-VolumesDeleteCascade-1929803928-project] Calling method 'delete' {{(pid=112936) _process_stack /opt/stack/cinder/cinder/api/openstack/wsgi.py:856}}
Sep 15 17:56:11.464835 dv-cinder-805228-2-iscsi devstack@c-api.service[112936]: INFO cinder.api.v2.snapshots [None req-f3ffff59-e5eb-47f0-9cc1-69a56db6e0cd tempest-VolumesDeleteCascade-1929803928 tempest-VolumesDeleteCascade-1929803928-project] Delete snapshot with id: c85d6b7c-24a1-4d57-98d7-516bdf7cd17d
Sep 15 17:56:11.472430 dv-cinder-805228-2-iscsi devstack@c-api.service[112936]: INFO cinder.api.openstack.wsgi [None req-f3ffff59-e5eb-47f0-9cc1-69a56db6e0cd tempest-VolumesDeleteCascade-1929803928 tempest-VolumesDeleteCascade-1929803928-project] http://10.222.0.20/volume/v3/b59d82f1329c4be69cb306040d032504/snapshots/c85d6b7c-24a1-4d57-98d7-516bdf7cd17d returned with HTTP 404
Sep 15 17:56:11.476426 dv-cinder-805228-2-iscsi devstack@c-api.service[112936]: [pid: 112936|app: 0|req: 131/244] 10.222.0.20 () {58 vars in 1334 bytes} [Wed Sep 15 17:56:11 2021] DELETE /volume/v3/b59d82f1329c4be69cb306040d032504/snapshots/c85d6b7c-24a1-4d57-98d7-516bdf7cd17d => generated 111 bytes in 17 msecs (HTTP/1.1 404) 7 headers in 292 bytes (1 switches on core 0)
Sep 15 17:56:11.477445 dv-cinder-805228-2-iscsi devstack@c-api.service[112936]: INFO cinder.api.openstack.wsgi [None req-5c85d857-2c65-4a57-8b2b-335584e9c592 tempest-DeleteServersTestJSON-992257339 tempest-DeleteServersTestJSON-992257339-project] GET http://10.222.0.20/volume/v3/991d427b76d8438ea032d21e3d7a1fc9/volumes/77147aea-593f-4b92-ae19-29f8b76d5193
Sep 15 17:56:11.478135 dv-cinder-805228-2-iscsi devstack@c-api.service[112936]: DEBUG cinder.api.openstack.wsgi [None req-5c85d857-2c65-4a57-8b2b-335584e9c592 tempest-DeleteServersTestJSON-992257339 tempest-DeleteServersTestJSON-992257339-project] Empty body provided in request {{(pid=112936) get_body /opt/stack/cinder/cinder/api/openstack/wsgi.py:703}}
Sep 15 17:56:11.478823 dv-cinder-805228-2-iscsi devstack@c-api.service[112936]: DEBUG cinder.api.openstack.wsgi [None req-5c85d857-2c65-4a57-8b2b-335584e9c592 tempest-DeleteServersTestJSON-992257339 tempest-DeleteServersTestJSON-992257339-project] Calling method 'show' {{(pid=112936) _process_stack /opt/stack/cinder/cinder/api/openstack/wsgi.py:856}}
Sep 15 17:56:11.489395 dv-cinder-805228-2-iscsi devstack@c-api.service[112935]: DEBUG cinder.volume.api [None req-0fd158ce-a01d-4967-82ac-f00f1cb105c2 tempest-VolumesActionsTest-1466562777 tempest-VolumesActionsTest-1466562777-project] Task 'cinder.volume.flows.api.create_volume.VolumeCastTask;volume:create' (c62de2c1-8a3f-49e5-8418-a01c6c8df3d4) transitioned into state 'SUCCESS' from state 'RUNNING' with result 'None' {{(pid=112935) _task_receiver /usr/local/lib/python3.8/dist-packages/taskflow/listeners/logging.py:178}}
Sep 15 17:56:11.493399 dv-cinder-805228-2-iscsi devstack@c-api.service[112935]: DEBUG cinder.volume.api [None req-0fd158ce-a01d-4967-82ac-f00f1cb105c2 tempest-VolumesActionsTest-1466562777 tempest-VolumesActionsTest-1466562777-project] Flow 'volume_create_api' (3fe349a0-acfe-4ba0-a028-f8abca94eb14) transitioned into state 'SUCCESS' from state 'RUNNING' {{(pid=112935) _flow_receiver /usr/local/lib/python3.8/dist-packages/taskflow/listeners/logging.py:141}}
Sep 15 17:56:11.494999 dv-cinder-805228-2-iscsi devstack@c-api.service[112935]: INFO cinder.volume.api [None req-0fd158ce-a01d-4967-82ac-f00f1cb105c2 tempest-VolumesActionsTest-1466562777 tempest-VolumesActionsTest-1466562777-project] Create volume request issued successfully.
Sep 15 17:56:11.503435 dv-cinder-805228-2-iscsi devstack@c-api.service[112936]: /usr/local/lib/python3.8/dist-packages/oslo_context/context.py:105: DeprecationWarning: Policy enforcement is depending on the value of is_admin. This key is deprecated. Please update your policy file to use the standard policy values.
Sep 15 17:56:11.503435 dv-cinder-805228-2-iscsi devstack@c-api.service[112936]: warnings.warn('Policy enforcement is depending on the value of '
Sep 15 17:56:11.505823 dv-cinder-805228-2-iscsi devstack@c-api.service[112935]: INFO cinder.api.openstack.wsgi [None req-0fd158ce-a01d-4967-82ac-f00f1cb105c2 tempest-VolumesActionsTest-1466562777 tempest-VolumesActionsTest-1466562777-project] http://10.222.0.20/volume/v3/eb79219265e44e25bfe64b4d8a0bae03/volumes returned with HTTP 202
Sep 15 17:56:11.514781 dv-cinder-805228-2-iscsi devstack@c-api.service[112936]: INFO cinder.volume.api [None req-5c85d857-2c65-4a57-8b2b-335584e9c592 tempest-DeleteServersTestJSON-992257339 tempest-DeleteServersTestJSON-992257339-project] Volume info retrieved successfully.
Sep 15 17:56:11.519755 dv-cinder-805228-2-iscsi devstack@c-api.service[112935]: [pid: 112935|app: 0|req: 114/245] 10.222.0.20 () {60 vars in 1235 bytes} [Wed Sep 15 17:56:10 2021] POST /volume/v3/eb79219265e44e25bfe64b4d8a0bae03/volumes => generated 818 bytes in 700 msecs (HTTP/1.1 202) 7 headers in 291 bytes (1 switches on core 0)
Sep 15 17:56:11.523342 dv-cinder-805228-2-iscsi devstack@c-api.service[112935]: INFO cinder.api.openstack.wsgi [None req-5b095a13-e550-4a5a-844c-4efca818c0d4 tempest-VolumesDeleteCascade-1929803928 tempest-VolumesDeleteCascade-1929803928-project] DELETE http://10.222.0.20/volume/v3/b59d82f1329c4be69cb306040d032504/volumes/716a314f-dbae-4475-9d28-426eaa684d24
Sep 15 17:56:11.523971 dv-cinder-805228-2-iscsi devstack@c-api.service[112935]: DEBUG cinder.api.openstack.wsgi [None req-5b095a13-e550-4a5a-844c-4efca818c0d4 tempest-VolumesDeleteCascade-1929803928 tempest-VolumesDeleteCascade-1929803928-project] Empty body provided in request {{(pid=112935) get_body /opt/stack/cinder/cinder/api/openstack/wsgi.py:703}}
Sep 15 17:56:11.524144 dv-cinder-805228-2-iscsi devstack@c-api.service[112935]: /usr/local/lib/python3.8/dist-packages/webob/acceptparse.py:1047: DeprecationWarning: The behavior of AcceptValidHeader.best_match is currently being maintained for backward compatibility, but it will be deprecated in the future, as it does not conform to the RFC.
Sep 15 17:56:11.524144 dv-cinder-805228-2-iscsi devstack@c-api.service[112935]: warnings.warn(
Sep 15 17:56:11.524508 dv-cinder-805228-2-iscsi devstack@c-api.service[112935]: DEBUG cinder.api.openstack.wsgi [None req-5b095a13-e550-4a5a-844c-4efca818c0d4 tempest-VolumesDeleteCascade-1929803928 tempest-VolumesDeleteCascade-1929803928-project] Calling method 'delete' {{(pid=112935) _process_stack /opt/stack/cinder/cinder/api/openstack/wsgi.py:856}}
Sep 15 17:56:11.524887 dv-cinder-805228-2-iscsi devstack@c-api.service[112935]: INFO cinder.api.v3.volumes [None req-5b095a13-e550-4a5a-844c-4efca818c0d4 tempest-VolumesDeleteCascade-1929803928 tempest-VolumesDeleteCascade-1929803928-project] Delete volume with id: 716a314f-dbae-4475-9d28-426eaa684d24
Sep 15 17:56:11.529905 dv-cinder-805228-2-iscsi devstack@c-api.service[112936]: INFO cinder.api.openstack.wsgi [None req-5c85d857-2c65-4a57-8b2b-335584e9c592 tempest-DeleteServersTestJSON-992257339 tempest-DeleteServersTestJSON-992257339-project] http://10.222.0.20/volume/v3/991d427b76d8438ea032d21e3d7a1fc9/volumes/77147aea-593f-4b92-ae19-29f8b76d5193 returned with HTTP 200
Sep 15 17:56:11.541252 dv-cinder-805228-2-iscsi devstack@c-api.service[112936]: [pid: 112936|app: 0|req: 132/246] 10.222.0.20 () {58 vars in 1325 bytes} [Wed Sep 15 17:56:11 2021] GET /volume/v3/991d427b76d8438ea032d21e3d7a1fc9/volumes/77147aea-593f-4b92-ae19-29f8b76d5193 => generated 913 bytes in 57 msecs (HTTP/1.1 200) 7 headers in 285 bytes (1 switches on core 0)
Sep 15 17:56:11.541252 dv-cinder-805228-2-iscsi devstack@c-api.service[112936]: INFO cinder.api.openstack.wsgi [None req-eb379c99-7258-4ec2-9711-08bbe9198ff7 tempest-VolumesActionsTest-1466562777 tempest-VolumesActionsTest-1466562777-project] GET http://10.222.0.20/volume/v3/eb79219265e44e25bfe64b4d8a0bae03/volumes/40b96dbc-6884-4281-bb3d-e695a8d925e3
Sep 15 17:56:11.541252 dv-cinder-805228-2-iscsi devstack@c-api.service[112936]: DEBUG cinder.api.openstack.wsgi [None req-eb379c99-7258-4ec2-9711-08bbe9198ff7 tempest-VolumesActionsTest-1466562777 tempest-VolumesActionsTest-1466562777-project] Empty body provided in request {{(pid=112936) get_body /opt/stack/cinder/cinder/api/openstack/wsgi.py:703}}
Sep 15 17:56:11.541252 dv-cinder-805228-2-iscsi devstack@c-api.service[112936]: /usr/local/lib/python3.8/dist-packages/webob/acceptparse.py:1047: DeprecationWarning: The behavior of AcceptValidHeader.best_match is currently being maintained for backward compatibility, but it will be deprecated in the future, as it does not conform to the RFC.
Sep 15 17:56:11.541252 dv-cinder-805228-2-iscsi devstack@c-api.service[112936]: warnings.warn(
Sep 15 17:56:11.541252 dv-cinder-805228-2-iscsi devstack@c-api.service[112936]: DEBUG cinder.api.openstack.wsgi [None req-eb379c99-7258-4ec2-9711-08bbe9198ff7 tempest-VolumesActionsTest-1466562777 tempest-VolumesActionsTest-1466562777-project] Calling method 'show' {{(pid=112936) _process_stack /opt/stack/cinder/cinder/api/openstack/wsgi.py:856}}
Sep 15 17:56:11.554974 dv-cinder-805228-2-iscsi devstack@c-api.service[112936]: /usr/local/lib/python3.8/dist-packages/oslo_context/context.py:105: DeprecationWarning: Policy enforcement is depending on the value of is_admin. This key is deprecated. Please update your policy file to use the standard policy values.
Sep 15 17:56:11.554974 dv-cinder-805228-2-iscsi devstack@c-api.service[112936]: warnings.warn('Policy enforcement is depending on the value of '
Sep 15 17:56:11.565314 dv-cinder-805228-2-iscsi devstack@c-api.service[112936]: INFO cinder.volume.api [None req-eb379c99-7258-4ec2-9711-08bbe9198ff7 tempest-VolumesActionsTest-1466562777 tempest-VolumesActionsTest-1466562777-project] Volume info retrieved successfully.
Sep 15 17:56:11.569518 dv-cinder-805228-2-iscsi devstack@c-api.service[112935]: INFO cinder.api.openstack.wsgi [None req-5b095a13-e550-4a5a-844c-4efca818c0d4 tempest-VolumesDeleteCascade-1929803928 tempest-VolumesDeleteCascade-1929803928-project] http://10.222.0.20/volume/v3/b59d82f1329c4be69cb306040d032504/volumes/716a314f-dbae-4475-9d28-426eaa684d24 returned with HTTP 404
Sep 15 17:56:11.570437 dv-cinder-805228-2-iscsi devstack@c-api.service[112935]: [pid: 112935|app: 0|req: 115/247] 10.222.0.20 () {58 vars in 1328 bytes} [Wed Sep 15 17:56:11 2021] DELETE /volume/v3/b59d82f1329c4be69cb306040d032504/volumes/716a314f-dbae-4475-9d28-426eaa684d24 => generated 109 bytes in 52 msecs (HTTP/1.1 404) 7 headers in 292 bytes (1 switches on core 0)
Sep 15 17:56:11.586944 dv-cinder-805228-2-iscsi devstack@c-api.service[112936]: INFO cinder.api.openstack.wsgi [None req-eb379c99-7258-4ec2-9711-08bbe9198ff7 tempest-VolumesActionsTest-1466562777 tempest-VolumesActionsTest-1466562777-project] http://10.222.0.20/volume/v3/eb79219265e44e25bfe64b4d8a0bae03/volumes/40b96dbc-6884-4281-bb3d-e695a8d925e3 returned with HTTP 200
Sep 15 17:56:11.588541 dv-cinder-805228-2-iscsi devstack@c-api.service[112936]: [pid: 112936|app: 0|req: 133/248] 10.222.0.20 () {58 vars in 1325 bytes} [Wed Sep 15 17:56:11 2021] GET /volume/v3/eb79219265e44e25bfe64b4d8a0bae03/volumes/40b96dbc-6884-4281-bb3d-e695a8d925e3 => generated 886 bytes in 57 msecs (HTTP/1.1 200) 7 headers in 285 bytes (1 switches on core 0)
Sep 15 17:56:11.593735 dv-cinder-805228-2-iscsi devstack@c-api.service[112935]: INFO cinder.api.openstack.wsgi [None req-37ae8f73-3ef7-496e-ab92-58237f3059af tempest-AttachVolumeNegativeTest-548744671 tempest-AttachVolumeNegativeTest-548744671-project] GET http://10.222.0.20/volume/v3/c16830a0d09c47d390ee6bbfa6435793/volumes/4c84b917-9ead-4d81-a4d0-7bfb8d1ef86f
Sep 15 17:56:11.593914 dv-cinder-805228-2-iscsi devstack@c-api.service[112936]: INFO cinder.api.openstack.wsgi [None req-568aabf7-1344-4ffb-9606-e2186c21c980 tempest-VolumesDeleteCascade-1929803928 tempest-VolumesDeleteCascade-1929803928-project] DELETE http://10.222.0.20/volume/v3/b59d82f1329c4be69cb306040d032504/snapshots/e233c24c-c29b-4857-89cc-315acd085b67
Sep 15 17:56:11.594239 dv-cinder-805228-2-iscsi devstack@c-api.service[112935]: DEBUG cinder.api.openstack.wsgi [None req-37ae8f73-3ef7-496e-ab92-58237f3059af tempest-AttachVolumeNegativeTest-548744671 tempest-AttachVolumeNegativeTest-548744671-project] Empty body provided in request {{(pid=112935) get_body /opt/stack/cinder/cinder/api/openstack/wsgi.py:703}}
Sep 15 17:56:11.594654 dv-cinder-805228-2-iscsi devstack@c-api.service[112935]: DEBUG cinder.api.openstack.wsgi [None req-37ae8f73-3ef7-496e-ab92-58237f3059af tempest-AttachVolumeNegativeTest-548744671 tempest-AttachVolumeNegativeTest-548744671-project] Calling method 'show' {{(pid=112935) _process_stack /opt/stack/cinder/cinder/api/openstack/wsgi.py:856}}
Sep 15 17:56:11.594797 dv-cinder-805228-2-iscsi devstack@c-api.service[112936]: DEBUG cinder.api.openstack.wsgi [None req-568aabf7-1344-4ffb-9606-e2186c21c980 tempest-VolumesDeleteCascade-1929803928 tempest-VolumesDeleteCascade-1929803928-project] Empty body provided in request {{(pid=112936) get_body /opt/stack/cinder/cinder/api/openstack/wsgi.py:703}}
Sep 15 17:56:11.595155 dv-cinder-805228-2-iscsi devstack@c-api.service[112936]: /usr/local/lib/python3.8/dist-packages/webob/acceptparse.py:1047: DeprecationWarning: The behavior of AcceptValidHeader.best_match is currently being maintained for backward compatibility, but it will be deprecated in the future, as it does not conform to the RFC.
Sep 15 17:56:11.595155 dv-cinder-805228-2-iscsi devstack@c-api.service[112936]: warnings.warn(
Sep 15 17:56:11.595653 dv-cinder-805228-2-iscsi devstack@c-api.service[112936]: DEBUG cinder.api.openstack.wsgi [None req-568aabf7-1344-4ffb-9606-e2186c21c980 tempest-VolumesDeleteCascade-1929803928 tempest-VolumesDeleteCascade-1929803928-project] Calling method 'delete' {{(pid=112936) _process_stack /opt/stack/cinder/cinder/api/openstack/wsgi.py:856}}
Sep 15 17:56:11.596072 dv-cinder-805228-2-iscsi devstack@c-api.service[112936]: INFO cinder.api.v2.snapshots [None req-568aabf7-1344-4ffb-9606-e2186c21c980 tempest-VolumesDeleteCascade-1929803928 tempest-VolumesDeleteCascade-1929803928-project] Delete snapshot with id: e233c24c-c29b-4857-89cc-315acd085b67
Sep 15 17:56:11.612896 dv-cinder-805228-2-iscsi devstack@c-api.service[112936]: INFO cinder.api.openstack.wsgi [None req-568aabf7-1344-4ffb-9606-e2186c21c980 tempest-VolumesDeleteCascade-1929803928 tempest-VolumesDeleteCascade-1929803928-project] http://10.222.0.20/volume/v3/b59d82f1329c4be69cb306040d032504/snapshots/e233c24c-c29b-4857-89cc-315acd085b67 returned with HTTP 404
Sep 15 17:56:11.614258 dv-cinder-805228-2-iscsi devstack@c-api.service[112936]: [pid: 112936|app: 0|req: 134/249] 10.222.0.20 () {58 vars in 1334 bytes} [Wed Sep 15 17:56:11 2021] DELETE /volume/v3/b59d82f1329c4be69cb306040d032504/snapshots/e233c24c-c29b-4857-89cc-315acd085b67 => generated 111 bytes in 25 msecs (HTTP/1.1 404) 7 headers in 292 bytes (1 switches on core 0)
Sep 15 17:56:11.620922 dv-cinder-805228-2-iscsi devstack@c-api.service[112935]: /usr/local/lib/python3.8/dist-packages/oslo_context/context.py:105: DeprecationWarning: Policy enforcement is depending on the value of is_admin. This key is deprecated. Please update your policy file to use the standard policy values.
Sep 15 17:56:11.620922 dv-cinder-805228-2-iscsi devstack@c-api.service[112935]: warnings.warn('Policy enforcement is depending on the value of '
Sep 15 17:56:11.626571 dv-cinder-805228-2-iscsi devstack@c-api.service[112936]: INFO cinder.api.openstack.wsgi [None req-0bd75fbd-5e17-4225-b4a8-51bfca3c013a tempest-VolumesDeleteCascade-1929803928 tempest-VolumesDeleteCascade-1929803928-project] DELETE http://10.222.0.20/volume/v3/b59d82f1329c4be69cb306040d032504/snapshots/633761a2-6f70-4ada-bd8d-4ce3cf36be39
Sep 15 17:56:11.628545 dv-cinder-805228-2-iscsi devstack@c-api.service[112936]: DEBUG cinder.api.openstack.wsgi [None req-0bd75fbd-5e17-4225-b4a8-51bfca3c013a tempest-VolumesDeleteCascade-1929803928 tempest-VolumesDeleteCascade-1929803928-project] Empty body provided in request {{(pid=112936) get_body /opt/stack/cinder/cinder/api/openstack/wsgi.py:703}}
Sep 15 17:56:11.629019 dv-cinder-805228-2-iscsi devstack@c-api.service[112935]: INFO cinder.volume.api [None req-37ae8f73-3ef7-496e-ab92-58237f3059af tempest-AttachVolumeNegativeTest-548744671 tempest-AttachVolumeNegativeTest-548744671-project] Volume info retrieved successfully.
Sep 15 17:56:11.629639 dv-cinder-805228-2-iscsi devstack@c-api.service[112936]: DEBUG cinder.api.openstack.wsgi [None req-0bd75fbd-5e17-4225-b4a8-51bfca3c013a tempest-VolumesDeleteCascade-1929803928 tempest-VolumesDeleteCascade-1929803928-project] Calling method 'delete' {{(pid=112936) _process_stack /opt/stack/cinder/cinder/api/openstack/wsgi.py:856}}
Sep 15 17:56:11.629945 dv-cinder-805228-2-iscsi devstack@c-api.service[112936]: INFO cinder.api.v2.snapshots [None req-0bd75fbd-5e17-4225-b4a8-51bfca3c013a tempest-VolumesDeleteCascade-1929803928 tempest-VolumesDeleteCascade-1929803928-project] Delete snapshot with id: 633761a2-6f70-4ada-bd8d-4ce3cf36be39
Sep 15 17:56:11.647824 dv-cinder-805228-2-iscsi devstack@c-api.service[112936]: INFO cinder.api.openstack.wsgi [None req-0bd75fbd-5e17-4225-b4a8-51bfca3c013a tempest-VolumesDeleteCascade-1929803928 tempest-VolumesDeleteCascade-1929803928-project] http://10.222.0.20/volume/v3/b59d82f1329c4be69cb306040d032504/snapshots/633761a2-6f70-4ada-bd8d-4ce3cf36be39 returned with HTTP 404
Sep 15 17:56:11.649282 dv-cinder-805228-2-iscsi devstack@c-api.service[112936]: [pid: 112936|app: 0|req: 135/250] 10.222.0.20 () {58 vars in 1334 bytes} [Wed Sep 15 17:56:11 2021] DELETE /volume/v3/b59d82f1329c4be69cb306040d032504/snapshots/633761a2-6f70-4ada-bd8d-4ce3cf36be39 => generated 111 bytes in 31 msecs (HTTP/1.1 404) 7 headers in 292 bytes (2 switches on core 0)
Sep 15 17:56:11.653654 dv-cinder-805228-2-iscsi devstack@c-api.service[112935]: /usr/local/lib/python3.8/dist-packages/oslo_context/context.py:105: DeprecationWarning: Policy enforcement is depending on the value of is_admin. This key is deprecated. Please update your policy file to use the standard policy values.
Sep 15 17:56:11.653654 dv-cinder-805228-2-iscsi devstack@c-api.service[112935]: warnings.warn('Policy enforcement is depending on the value of '
Sep 15 17:56:11.663716 dv-cinder-805228-2-iscsi devstack@c-api.service[112936]: INFO cinder.api.openstack.wsgi [req-effc073b-f9aa-408a-94f9-9eb49255f5a7 req-ce36e375-a993-4a1a-a72a-cad60324f563 tempest-DeleteServersTestJSON-992257339 tempest-DeleteServersTestJSON-992257339-project] GET http://10.222.0.20/volume/v3/991d427b76d8438ea032d21e3d7a1fc9/volumes/77147aea-593f-4b92-ae19-29f8b76d5193
Sep 15 17:56:11.664184 dv-cinder-805228-2-iscsi devstack@c-api.service[112936]: DEBUG cinder.api.openstack.wsgi [req-effc073b-f9aa-408a-94f9-9eb49255f5a7 req-ce36e375-a993-4a1a-a72a-cad60324f563 tempest-DeleteServersTestJSON-992257339 tempest-DeleteServersTestJSON-992257339-project] Empty body provided in request {{(pid=112936) get_body /opt/stack/cinder/cinder/api/openstack/wsgi.py:703}}
Sep 15 17:56:11.664777 dv-cinder-805228-2-iscsi devstack@c-api.service[112936]: DEBUG cinder.api.openstack.wsgi [req-effc073b-f9aa-408a-94f9-9eb49255f5a7 req-ce36e375-a993-4a1a-a72a-cad60324f563 tempest-DeleteServersTestJSON-992257339 tempest-DeleteServersTestJSON-992257339-project] Calling method 'show' {{(pid=112936) _process_stack /opt/stack/cinder/cinder/api/openstack/wsgi.py:856}}
Sep 15 17:56:11.668149 dv-cinder-805228-2-iscsi devstack@c-api.service[112935]: INFO cinder.api.openstack.wsgi [None req-37ae8f73-3ef7-496e-ab92-58237f3059af tempest-AttachVolumeNegativeTest-548744671 tempest-AttachVolumeNegativeTest-548744671-project] http://10.222.0.20/volume/v3/c16830a0d09c47d390ee6bbfa6435793/volumes/4c84b917-9ead-4d81-a4d0-7bfb8d1ef86f returned with HTTP 200
Sep 15 17:56:11.669274 dv-cinder-805228-2-iscsi devstack@c-api.service[112935]: [pid: 112935|app: 0|req: 116/251] 10.222.0.20 () {58 vars in 1325 bytes} [Wed Sep 15 17:56:11 2021] GET /volume/v3/c16830a0d09c47d390ee6bbfa6435793/volumes/4c84b917-9ead-4d81-a4d0-7bfb8d1ef86f => generated 916 bytes in 98 msecs (HTTP/1.1 200) 7 headers in 285 bytes (1 switches on core 0)
Sep 15 17:56:11.673181 dv-cinder-805228-2-iscsi devstack@c-api.service[112935]: INFO cinder.api.openstack.wsgi [None req-fe1c0c3d-fde8-4d66-b20d-29a8c3f54034 tempest-VolumesDeleteCascade-1929803928 tempest-VolumesDeleteCascade-1929803928-project] DELETE http://10.222.0.20/volume/v3/b59d82f1329c4be69cb306040d032504/volumes/41b1bdb9-b17a-4827-9467-d82926d0716b
Sep 15 17:56:11.673622 dv-cinder-805228-2-iscsi devstack@c-api.service[112935]: DEBUG cinder.api.openstack.wsgi [None req-fe1c0c3d-fde8-4d66-b20d-29a8c3f54034 tempest-VolumesDeleteCascade-1929803928 tempest-VolumesDeleteCascade-1929803928-project] Empty body provided in request {{(pid=112935) get_body /opt/stack/cinder/cinder/api/openstack/wsgi.py:703}}
Sep 15 17:56:11.673792 dv-cinder-805228-2-iscsi devstack@c-api.service[112935]: /usr/local/lib/python3.8/dist-packages/webob/acceptparse.py:1047: DeprecationWarning: The behavior of AcceptValidHeader.best_match is currently being maintained for backward compatibility, but it will be deprecated in the future, as it does not conform to the RFC.
Sep 15 17:56:11.673792 dv-cinder-805228-2-iscsi devstack@c-api.service[112935]: warnings.warn(
Sep 15 17:56:11.674101 dv-cinder-805228-2-iscsi devstack@c-api.service[112935]: DEBUG cinder.api.openstack.wsgi [None req-fe1c0c3d-fde8-4d66-b20d-29a8c3f54034 tempest-VolumesDeleteCascade-1929803928 tempest-VolumesDeleteCascade-1929803928-project] Calling method 'delete' {{(pid=112935) _process_stack /opt/stack/cinder/cinder/api/openstack/wsgi.py:856}}
Sep 15 17:56:11.674499 dv-cinder-805228-2-iscsi devstack@c-api.service[112935]: INFO cinder.api.v3.volumes [None req-fe1c0c3d-fde8-4d66-b20d-29a8c3f54034 tempest-VolumesDeleteCascade-1929803928 tempest-VolumesDeleteCascade-1929803928-project] Delete volume with id: 41b1bdb9-b17a-4827-9467-d82926d0716b
Sep 15 17:56:11.687155 dv-cinder-805228-2-iscsi devstack@c-api.service[112936]: /usr/local/lib/python3.8/dist-packages/oslo_context/context.py:105: DeprecationWarning: Policy enforcement is depending on the value of is_admin. This key is deprecated. Please update your policy file to use the standard policy values.
Sep 15 17:56:11.687155 dv-cinder-805228-2-iscsi devstack@c-api.service[112936]: warnings.warn('Policy enforcement is depending on the value of '
Sep 15 17:56:11.689744 dv-cinder-805228-2-iscsi devstack@c-api.service[112935]: INFO cinder.api.openstack.wsgi [None req-fe1c0c3d-fde8-4d66-b20d-29a8c3f54034 tempest-VolumesDeleteCascade-1929803928 tempest-VolumesDeleteCascade-1929803928-project] http://10.222.0.20/volume/v3/b59d82f1329c4be69cb306040d032504/volumes/41b1bdb9-b17a-4827-9467-d82926d0716b returned with HTTP 404
Sep 15 17:56:11.690649 dv-cinder-805228-2-iscsi devstack@c-api.service[112935]: [pid: 112935|app: 0|req: 117/252] 10.222.0.20 () {58 vars in 1328 bytes} [Wed Sep 15 17:56:11 2021] DELETE /volume/v3/b59d82f1329c4be69cb306040d032504/volumes/41b1bdb9-b17a-4827-9467-d82926d0716b => generated 109 bytes in 21 msecs (HTTP/1.1 404) 7 headers in 292 bytes (1 switches on core 0)
Sep 15 17:56:11.691974 dv-cinder-805228-2-iscsi devstack@c-api.service[112935]: INFO cinder.api.openstack.wsgi [None req-fe1c0c3d-fde8-4d66-b20d-29a8c3f54034 tempest-VolumesDeleteCascade-1929803928 tempest-VolumesDeleteCascade-1929803928-project] GET http://10.222.0.20/volume//
Sep 15 17:56:11.692367 dv-cinder-805228-2-iscsi devstack@c-api.service[112935]: DEBUG cinder.api.openstack.wsgi [None req-fe1c0c3d-fde8-4d66-b20d-29a8c3f54034 tempest-VolumesDeleteCascade-1929803928 tempest-VolumesDeleteCascade-1929803928-project] Empty body provided in request {{(pid=112935) get_body /opt/stack/cinder/cinder/api/openstack/wsgi.py:703}}
Sep 15 17:56:11.692907 dv-cinder-805228-2-iscsi devstack@c-api.service[112935]: DEBUG cinder.api.openstack.wsgi [None req-fe1c0c3d-fde8-4d66-b20d-29a8c3f54034 tempest-VolumesDeleteCascade-1929803928 tempest-VolumesDeleteCascade-1929803928-project] Calling method 'all' {{(pid=112935) _process_stack /opt/stack/cinder/cinder/api/openstack/wsgi.py:856}}
Sep 15 17:56:11.694860 dv-cinder-805228-2-iscsi devstack@c-api.service[112935]: INFO cinder.api.openstack.wsgi [None req-fe1c0c3d-fde8-4d66-b20d-29a8c3f54034 tempest-VolumesDeleteCascade-1929803928 tempest-VolumesDeleteCascade-1929803928-project] http://10.222.0.20/volume// returned with HTTP 300
Sep 15 17:56:11.696338 dv-cinder-805228-2-iscsi devstack@c-api.service[112935]: [pid: 112935|app: 0|req: 118/253] 10.222.0.37 () {56 vars in 1099 bytes} [Wed Sep 15 17:56:11 2021] GET /volume/ => generated 386 bytes in 4 msecs (HTTP/1.1 300) 5 headers in 169 bytes (1 switches on core 0)
Sep 15 17:56:11.701216 dv-cinder-805228-2-iscsi devstack@c-api.service[112936]: INFO cinder.volume.api [req-effc073b-f9aa-408a-94f9-9eb49255f5a7 req-ce36e375-a993-4a1a-a72a-cad60324f563 tempest-DeleteServersTestJSON-992257339 tempest-DeleteServersTestJSON-992257339-project] Volume info retrieved successfully.
Sep 15 17:56:11.718299 dv-cinder-805228-2-iscsi devstack@c-api.service[112936]: INFO cinder.api.openstack.wsgi [req-effc073b-f9aa-408a-94f9-9eb49255f5a7 req-ce36e375-a993-4a1a-a72a-cad60324f563 tempest-DeleteServersTestJSON-992257339 tempest-DeleteServersTestJSON-992257339-project] http://10.222.0.20/volume/v3/991d427b76d8438ea032d21e3d7a1fc9/volumes/77147aea-593f-4b92-ae19-29f8b76d5193 returned with HTTP 200
Sep 15 17:56:11.719217 dv-cinder-805228-2-iscsi devstack@c-api.service[112936]: [pid: 112936|app: 0|req: 136/254] 10.222.0.20 () {60 vars in 1579 bytes} [Wed Sep 15 17:56:11 2021] GET /volume/v3/991d427b76d8438ea032d21e3d7a1fc9/volumes/77147aea-593f-4b92-ae19-29f8b76d5193 => generated 913 bytes in 69 msecs (HTTP/1.1 200) 7 headers in 285 bytes (1 switches on core 0)
Sep 15 17:56:11.782682 dv-cinder-805228-2-iscsi devstack@c-api.service[112935]: INFO cinder.api.openstack.wsgi [req-86f7f41d-425a-41d6-a683-3e609a20328c req-ab1d5ab0-5cf0-47e3-acfd-5d63b15ff2a6 tempest-AttachVolumeNegativeTest-548744671 tempest-AttachVolumeNegativeTest-548744671-project] GET http://10.222.0.20/volume/v3/c16830a0d09c47d390ee6bbfa6435793/volumes/4c84b917-9ead-4d81-a4d0-7bfb8d1ef86f
Sep 15 17:56:11.783549 dv-cinder-805228-2-iscsi devstack@c-api.service[112935]: DEBUG cinder.api.openstack.wsgi [req-86f7f41d-425a-41d6-a683-3e609a20328c req-ab1d5ab0-5cf0-47e3-acfd-5d63b15ff2a6 tempest-AttachVolumeNegativeTest-548744671 tempest-AttachVolumeNegativeTest-548744671-project] Empty body provided in request {{(pid=112935) get_body /opt/stack/cinder/cinder/api/openstack/wsgi.py:703}}
Sep 15 17:56:11.784047 dv-cinder-805228-2-iscsi devstack@c-api.service[112935]: DEBUG cinder.api.openstack.wsgi [req-86f7f41d-425a-41d6-a683-3e609a20328c req-ab1d5ab0-5cf0-47e3-acfd-5d63b15ff2a6 tempest-AttachVolumeNegativeTest-548744671 tempest-AttachVolumeNegativeTest-548744671-project] Calling method 'show' {{(pid=112935) _process_stack /opt/stack/cinder/cinder/api/openstack/wsgi.py:856}}
Sep 15 17:56:11.808043 dv-cinder-805228-2-iscsi devstack@c-api.service[112935]: /usr/local/lib/python3.8/dist-packages/oslo_context/context.py:105: DeprecationWarning: Policy enforcement is depending on the value of is_admin. This key is deprecated. Please update your policy file to use the standard policy values.
Sep 15 17:56:11.808043 dv-cinder-805228-2-iscsi devstack@c-api.service[112935]: warnings.warn('Policy enforcement is depending on the value of '
Sep 15 17:56:11.818377 dv-cinder-805228-2-iscsi devstack@c-api.service[112935]: INFO cinder.volume.api [req-86f7f41d-425a-41d6-a683-3e609a20328c req-ab1d5ab0-5cf0-47e3-acfd-5d63b15ff2a6 tempest-AttachVolumeNegativeTest-548744671 tempest-AttachVolumeNegativeTest-548744671-project] Volume info retrieved successfully.
Sep 15 17:56:11.836111 dv-cinder-805228-2-iscsi devstack@c-api.service[112935]: /usr/local/lib/python3.8/dist-packages/oslo_context/context.py:105: DeprecationWarning: Policy enforcement is depending on the value of is_admin. This key is deprecated. Please update your policy file to use the standard policy values.
Sep 15 17:56:11.836111 dv-cinder-805228-2-iscsi devstack@c-api.service[112935]: warnings.warn('Policy enforcement is depending on the value of '
Sep 15 17:56:11.844556 dv-cinder-805228-2-iscsi devstack@c-api.service[112935]: INFO cinder.api.openstack.wsgi [req-86f7f41d-425a-41d6-a683-3e609a20328c req-ab1d5ab0-5cf0-47e3-acfd-5d63b15ff2a6 tempest-AttachVolumeNegativeTest-548744671 tempest-AttachVolumeNegativeTest-548744671-project] http://10.222.0.20/volume/v3/c16830a0d09c47d390ee6bbfa6435793/volumes/4c84b917-9ead-4d81-a4d0-7bfb8d1ef86f returned with HTTP 200
