Sep 14 20:21:46.254262 dv-cinder-805083-3-smb devstack@c-api.service[100754]: DEBUG cinder.volume.api [None req-ba4d9d56-5b76-4b35-aa11-4e263573706f tempest-DeleteServersTestJSON-1712169686 tempest-DeleteServersTestJSON-1712169686-project] Task 'cinder.volume.flows.api.create_volume.EntryCreateTask;volume:create' (76c0875e-5696-4f0b-8aac-ce58b288ea04) transitioned into state 'SUCCESS' from state 'RUNNING' with result '{'volume_id': '6c7b4c79-8ae9-46dd-af22-c4b827b8ef3a', 'volume_properties': VolumeProperties(attach_status='detached',availability_zone='nova',cgsnapshot_id=None,consistencygroup_id=None,display_description=None,display_name='tempest-DeleteServersTestJSON-volume-1514347435',encryption_key_id=None,group_id=None,group_type_id=,metadata={},multiattach=False,project_id='d6b6c6fabd6449c69e3110bb962f2c34',qos_specs=None,replication_status=,reservations=['091b3854-140a-40b5-95db-621954ea579f','3fe38cd9-ff8e-45e4-a76b-f1247ba5451c','650e6b90-26c6-4e95-b7cd-f00f5951d485','f40c18ce-d9da-4edd-9987-6a9b4d91cea4'],size=1,snapshot_id=None,source_replicaid=,source_volid=None,status='creating',user_id='00731d7932484c0d842447db9d75f7bb',volume_type_id=f6143edd-8c85-4d78-98c1-1d572c0f3089), 'volume': Volume(_name_id=None,admin_metadata=,attach_status='detached',availability_zone='nova',bootable=False,cluster=,cluster_name=None,consistencygroup=,consistencygroup_id=None,created_at=2021-09-14T20:21:46Z,deleted=False,deleted_at=None,display_description=None,display_name='tempest-DeleteServersTestJSON-volume-1514347435',ec2_id=None,encryption_key_id=None,glance_metadata=,group=,group_id=None,host=None,id=6c7b4c79-8ae9-46dd-af22-c4b827b8ef3a,launched_at=None,metadata={},migration_status=None,multiattach=False,previous_status=None,project_id='d6b6c6fabd6449c69e3110bb962f2c34',provider_auth=None,provider_geometry=None,provider_id=None,provider_location=None,replication_driver_data=None,replication_extended_status=None,replication_status=None,scheduled_at=None,service_uuid=None,shared_targets=True,size=1,snapshot_id=None,snapshots=,source_volid=None,status='creating',terminated_at=None,updated_at=None,use_quota=True,user_id='00731d7932484c0d842447db9d75f7bb',volume_attachment=,volume_type=VolumeType(f6143edd-8c85-4d78-98c1-1d572c0f3089),volume_type_id=f6143edd-8c85-4d78-98c1-1d572c0f3089)}' {{(pid=100754) _task_receiver /usr/local/lib/python3.8/dist-packages/taskflow/listeners/logging.py:178}}
Sep 14 20:21:46.256428 dv-cinder-805083-3-smb devstack@c-api.service[100754]: DEBUG cinder.volume.api [None req-ba4d9d56-5b76-4b35-aa11-4e263573706f tempest-DeleteServersTestJSON-1712169686 tempest-DeleteServersTestJSON-1712169686-project] Task 'cinder.volume.flows.api.create_volume.QuotaCommitTask;volume:create' (982bc36b-8032-49c6-9499-8ce6991bea92) transitioned into state 'RUNNING' from state 'PENDING' {{(pid=100754) _task_receiver /usr/local/lib/python3.8/dist-packages/taskflow/listeners/logging.py:190}}
Sep 14 20:21:46.287882 dv-cinder-805083-3-smb devstack@c-api.service[100754]: DEBUG cinder.volume.api [None req-ba4d9d56-5b76-4b35-aa11-4e263573706f tempest-DeleteServersTestJSON-1712169686 tempest-DeleteServersTestJSON-1712169686-project] Task 'cinder.volume.flows.api.create_volume.QuotaCommitTask;volume:create' (982bc36b-8032-49c6-9499-8ce6991bea92) transitioned into state 'SUCCESS' from state 'RUNNING' with result '{'volume_properties': VolumeProperties(attach_status='detached',availability_zone='nova',cgsnapshot_id=None,consistencygroup_id=None,display_description=None,display_name='tempest-DeleteServersTestJSON-volume-1514347435',encryption_key_id=None,group_id=None,group_type_id=,metadata={},multiattach=False,project_id='d6b6c6fabd6449c69e3110bb962f2c34',qos_specs=None,replication_status=,reservations=['091b3854-140a-40b5-95db-621954ea579f','3fe38cd9-ff8e-45e4-a76b-f1247ba5451c','650e6b90-26c6-4e95-b7cd-f00f5951d485','f40c18ce-d9da-4edd-9987-6a9b4d91cea4'],size=1,snapshot_id=None,source_replicaid=,source_volid=None,status='creating',user_id='00731d7932484c0d842447db9d75f7bb',volume_type_id=f6143edd-8c85-4d78-98c1-1d572c0f3089)}' {{(pid=100754) _task_receiver /usr/local/lib/python3.8/dist-packages/taskflow/listeners/logging.py:178}}
Sep 14 20:21:46.289951 dv-cinder-805083-3-smb devstack@c-api.service[100754]: DEBUG cinder.volume.api [None req-ba4d9d56-5b76-4b35-aa11-4e263573706f tempest-DeleteServersTestJSON-1712169686 tempest-DeleteServersTestJSON-1712169686-project] Task 'cinder.volume.flows.api.create_volume.VolumeCastTask;volume:create' (e873abba-7662-48f7-8ffe-149224965c60) transitioned into state 'RUNNING' from state 'PENDING' {{(pid=100754) _task_receiver /usr/local/lib/python3.8/dist-packages/taskflow/listeners/logging.py:190}}
Sep 14 20:21:46.308949 dv-cinder-805083-3-smb devstack@c-api.service[100754]: DEBUG cinder.volume.api [None req-ba4d9d56-5b76-4b35-aa11-4e263573706f tempest-DeleteServersTestJSON-1712169686 tempest-DeleteServersTestJSON-1712169686-project] Task 'cinder.volume.flows.api.create_volume.VolumeCastTask;volume:create' (e873abba-7662-48f7-8ffe-149224965c60) transitioned into state 'SUCCESS' from state 'RUNNING' with result 'None' {{(pid=100754) _task_receiver /usr/local/lib/python3.8/dist-packages/taskflow/listeners/logging.py:178}}
Sep 14 20:21:46.311624 dv-cinder-805083-3-smb devstack@c-api.service[100754]: DEBUG cinder.volume.api [None req-ba4d9d56-5b76-4b35-aa11-4e263573706f tempest-DeleteServersTestJSON-1712169686 tempest-DeleteServersTestJSON-1712169686-project] Flow 'volume_create_api' (746ce8da-73c8-4544-a69e-c10098d91354) transitioned into state 'SUCCESS' from state 'RUNNING' {{(pid=100754) _flow_receiver /usr/local/lib/python3.8/dist-packages/taskflow/listeners/logging.py:141}}
Sep 14 20:21:46.312866 dv-cinder-805083-3-smb devstack@c-api.service[100754]: INFO cinder.volume.api [None req-ba4d9d56-5b76-4b35-aa11-4e263573706f tempest-DeleteServersTestJSON-1712169686 tempest-DeleteServersTestJSON-1712169686-project] Create volume request issued successfully.
Sep 14 20:21:46.320767 dv-cinder-805083-3-smb devstack@c-api.service[100754]: INFO cinder.api.openstack.wsgi [None req-ba4d9d56-5b76-4b35-aa11-4e263573706f tempest-DeleteServersTestJSON-1712169686 tempest-DeleteServersTestJSON-1712169686-project] http://10.222.0.37/volume/v3/d6b6c6fabd6449c69e3110bb962f2c34/volumes returned with HTTP 202
Sep 14 20:21:46.322005 dv-cinder-805083-3-smb devstack@c-api.service[100754]: [pid: 100754|app: 0|req: 122/228] 10.222.0.37 () {60 vars in 1235 bytes} [Tue Sep 14 20:21:46 2021] POST /volume/v3/d6b6c6fabd6449c69e3110bb962f2c34/volumes => generated 821 bytes in 287 msecs (HTTP/1.1 202) 7 headers in 291 bytes (1 switches on core 0)
Sep 14 20:21:46.334739 dv-cinder-805083-3-smb devstack@c-api.service[100755]: INFO cinder.api.openstack.wsgi [None req-4ee636dc-3da4-444a-9a79-ce1c618e4923 tempest-DeleteServersTestJSON-1712169686 tempest-DeleteServersTestJSON-1712169686-project] GET http://10.222.0.37/volume/v3/d6b6c6fabd6449c69e3110bb962f2c34/volumes/6c7b4c79-8ae9-46dd-af22-c4b827b8ef3a
Sep 14 20:21:46.335231 dv-cinder-805083-3-smb devstack@c-api.service[100755]: DEBUG cinder.api.openstack.wsgi [None req-4ee636dc-3da4-444a-9a79-ce1c618e4923 tempest-DeleteServersTestJSON-1712169686 tempest-DeleteServersTestJSON-1712169686-project] Empty body provided in request {{(pid=100755) get_body /opt/stack/cinder/cinder/api/openstack/wsgi.py:703}}
Sep 14 20:21:46.335342 dv-cinder-805083-3-smb devstack@c-api.service[100755]: /usr/local/lib/python3.8/dist-packages/webob/acceptparse.py:1047: DeprecationWarning: The behavior of AcceptValidHeader.best_match is currently being maintained for backward compatibility, but it will be deprecated in the future, as it does not conform to the RFC.
Sep 14 20:21:46.335342 dv-cinder-805083-3-smb devstack@c-api.service[100755]: warnings.warn(
Sep 14 20:21:46.335652 dv-cinder-805083-3-smb devstack@c-api.service[100755]: DEBUG cinder.api.openstack.wsgi [None req-4ee636dc-3da4-444a-9a79-ce1c618e4923 tempest-DeleteServersTestJSON-1712169686 tempest-DeleteServersTestJSON-1712169686-project] Calling method 'show' {{(pid=100755) _process_stack /opt/stack/cinder/cinder/api/openstack/wsgi.py:856}}
Sep 14 20:21:46.354322 dv-cinder-805083-3-smb devstack@c-api.service[100755]: /usr/local/lib/python3.8/dist-packages/oslo_context/context.py:105: DeprecationWarning: Policy enforcement is depending on the value of is_admin. This key is deprecated. Please update your policy file to use the standard policy values.
Sep 14 20:21:46.354322 dv-cinder-805083-3-smb devstack@c-api.service[100755]: warnings.warn('Policy enforcement is depending on the value of '
Sep 14 20:21:46.365038 dv-cinder-805083-3-smb devstack@c-api.service[100755]: INFO cinder.volume.api [None req-4ee636dc-3da4-444a-9a79-ce1c618e4923 tempest-DeleteServersTestJSON-1712169686 tempest-DeleteServersTestJSON-1712169686-project] Volume info retrieved successfully.
Sep 14 20:21:46.384838 dv-cinder-805083-3-smb devstack@c-api.service[100755]: INFO cinder.api.openstack.wsgi [None req-4ee636dc-3da4-444a-9a79-ce1c618e4923 tempest-DeleteServersTestJSON-1712169686 tempest-DeleteServersTestJSON-1712169686-project] http://10.222.0.37/volume/v3/d6b6c6fabd6449c69e3110bb962f2c34/volumes/6c7b4c79-8ae9-46dd-af22-c4b827b8ef3a returned with HTTP 200
Sep 14 20:21:46.385899 dv-cinder-805083-3-smb devstack@c-api.service[100755]: [pid: 100755|app: 0|req: 107/229] 10.222.0.37 () {58 vars in 1325 bytes} [Tue Sep 14 20:21:46 2021] GET /volume/v3/d6b6c6fabd6449c69e3110bb962f2c34/volumes/6c7b4c79-8ae9-46dd-af22-c4b827b8ef3a => generated 889 bytes in 55 msecs (HTTP/1.1 200) 7 headers in 285 bytes (1 switches on core 0)
Sep 14 20:21:46.450470 dv-cinder-805083-3-smb devstack@c-api.service[100754]: INFO cinder.api.openstack.wsgi [None req-7d5e861c-62cc-4ed8-98c9-4f706ca5e11f tempest-VolumesListAdminTestJSON-172058637 tempest-VolumesListAdminTestJSON-172058637-project] GET http://10.222.0.37/volume/v3/49b784d78b83441fa88351d9735e54e6/volumes/ac72415e-fe40-4f90-bcac-388b56e7ce8a
Sep 14 20:21:46.450928 dv-cinder-805083-3-smb devstack@c-api.service[100754]: DEBUG cinder.api.openstack.wsgi [None req-7d5e861c-62cc-4ed8-98c9-4f706ca5e11f tempest-VolumesListAdminTestJSON-172058637 tempest-VolumesListAdminTestJSON-172058637-project] Empty body provided in request {{(pid=100754) get_body /opt/stack/cinder/cinder/api/openstack/wsgi.py:703}}
Sep 14 20:21:46.451099 dv-cinder-805083-3-smb devstack@c-api.service[100754]: /usr/local/lib/python3.8/dist-packages/webob/acceptparse.py:1047: DeprecationWarning: The behavior of AcceptValidHeader.best_match is currently being maintained for backward compatibility, but it will be deprecated in the future, as it does not conform to the RFC.
Sep 14 20:21:46.451099 dv-cinder-805083-3-smb devstack@c-api.service[100754]: warnings.warn(
Sep 14 20:21:46.451417 dv-cinder-805083-3-smb devstack@c-api.service[100754]: DEBUG cinder.api.openstack.wsgi [None req-7d5e861c-62cc-4ed8-98c9-4f706ca5e11f tempest-VolumesListAdminTestJSON-172058637 tempest-VolumesListAdminTestJSON-172058637-project] Calling method 'show' {{(pid=100754) _process_stack /opt/stack/cinder/cinder/api/openstack/wsgi.py:856}}
Sep 14 20:21:46.473862 dv-cinder-805083-3-smb devstack@c-api.service[100754]: /usr/local/lib/python3.8/dist-packages/oslo_context/context.py:105: DeprecationWarning: Policy enforcement is depending on the value of is_admin. This key is deprecated. Please update your policy file to use the standard policy values.
Sep 14 20:21:46.473862 dv-cinder-805083-3-smb devstack@c-api.service[100754]: warnings.warn('Policy enforcement is depending on the value of '
Sep 14 20:21:46.491801 dv-cinder-805083-3-smb devstack@c-api.service[100754]: INFO cinder.volume.api [None req-7d5e861c-62cc-4ed8-98c9-4f706ca5e11f tempest-VolumesListAdminTestJSON-172058637 tempest-VolumesListAdminTestJSON-172058637-project] Volume info retrieved successfully.
Sep 14 20:21:46.510579 dv-cinder-805083-3-smb devstack@c-api.service[100754]: INFO cinder.api.openstack.wsgi [None req-7d5e861c-62cc-4ed8-98c9-4f706ca5e11f tempest-VolumesListAdminTestJSON-172058637 tempest-VolumesListAdminTestJSON-172058637-project] http://10.222.0.37/volume/v3/49b784d78b83441fa88351d9735e54e6/volumes/ac72415e-fe40-4f90-bcac-388b56e7ce8a returned with HTTP 200
Sep 14 20:21:46.512488 dv-cinder-805083-3-smb devstack@c-api.service[100754]: [pid: 100754|app: 0|req: 123/230] 10.222.0.37 () {58 vars in 1325 bytes} [Tue Sep 14 20:21:46 2021] GET /volume/v3/49b784d78b83441fa88351d9735e54e6/volumes/ac72415e-fe40-4f90-bcac-388b56e7ce8a => generated 916 bytes in 66 msecs (HTTP/1.1 200) 7 headers in 285 bytes (1 switches on core 0)
Sep 14 20:21:46.524517 dv-cinder-805083-3-smb devstack@c-api.service[100755]: INFO cinder.api.openstack.wsgi [None req-6988022d-e5b7-431e-9bd0-b278ce51b2e5 tempest-VolumesListAdminTestJSON-172058637 tempest-VolumesListAdminTestJSON-172058637-project] GET http://10.222.0.37/volume/v3/49b784d78b83441fa88351d9735e54e6/volumes/ac72415e-fe40-4f90-bcac-388b56e7ce8a
Sep 14 20:21:46.525167 dv-cinder-805083-3-smb devstack@c-api.service[100755]: DEBUG cinder.api.openstack.wsgi [None req-6988022d-e5b7-431e-9bd0-b278ce51b2e5 tempest-VolumesListAdminTestJSON-172058637 tempest-VolumesListAdminTestJSON-172058637-project] Empty body provided in request {{(pid=100755) get_body /opt/stack/cinder/cinder/api/openstack/wsgi.py:703}}
Sep 14 20:21:46.525481 dv-cinder-805083-3-smb devstack@c-api.service[100755]: /usr/local/lib/python3.8/dist-packages/webob/acceptparse.py:1047: DeprecationWarning: The behavior of AcceptValidHeader.best_match is currently being maintained for backward compatibility, but it will be deprecated in the future, as it does not conform to the RFC.
Sep 14 20:21:46.525481 dv-cinder-805083-3-smb devstack@c-api.service[100755]: warnings.warn(
Sep 14 20:21:46.526559 dv-cinder-805083-3-smb devstack@c-api.service[100755]: DEBUG cinder.api.openstack.wsgi [None req-6988022d-e5b7-431e-9bd0-b278ce51b2e5 tempest-VolumesListAdminTestJSON-172058637 tempest-VolumesListAdminTestJSON-172058637-project] Calling method 'show' {{(pid=100755) _process_stack /opt/stack/cinder/cinder/api/openstack/wsgi.py:856}}
Sep 14 20:21:46.542368 dv-cinder-805083-3-smb devstack@c-api.service[100755]: /usr/local/lib/python3.8/dist-packages/oslo_context/context.py:105: DeprecationWarning: Policy enforcement is depending on the value of is_admin. This key is deprecated. Please update your policy file to use the standard policy values.
Sep 14 20:21:46.542368 dv-cinder-805083-3-smb devstack@c-api.service[100755]: warnings.warn('Policy enforcement is depending on the value of '
Sep 14 20:21:46.552836 dv-cinder-805083-3-smb devstack@c-api.service[100755]: INFO cinder.volume.api [None req-6988022d-e5b7-431e-9bd0-b278ce51b2e5 tempest-VolumesListAdminTestJSON-172058637 tempest-VolumesListAdminTestJSON-172058637-project] Volume info retrieved successfully.
Sep 14 20:21:46.568081 dv-cinder-805083-3-smb devstack@c-api.service[100755]: INFO cinder.api.openstack.wsgi [None req-6988022d-e5b7-431e-9bd0-b278ce51b2e5 tempest-VolumesListAdminTestJSON-172058637 tempest-VolumesListAdminTestJSON-172058637-project] http://10.222.0.37/volume/v3/49b784d78b83441fa88351d9735e54e6/volumes/ac72415e-fe40-4f90-bcac-388b56e7ce8a returned with HTTP 200
Sep 14 20:21:46.569083 dv-cinder-805083-3-smb devstack@c-api.service[100755]: [pid: 100755|app: 0|req: 108/231] 10.222.0.37 () {58 vars in 1325 bytes} [Tue Sep 14 20:21:46 2021] GET /volume/v3/49b784d78b83441fa88351d9735e54e6/volumes/ac72415e-fe40-4f90-bcac-388b56e7ce8a => generated 916 bytes in 48 msecs (HTTP/1.1 200) 7 headers in 285 bytes (1 switches on core 0)
Sep 14 20:21:46.775152 dv-cinder-805083-3-smb devstack@c-api.service[100754]: INFO cinder.api.openstack.wsgi [None req-d68fde4c-f12a-4f4f-8945-3700d03e60d2 tempest-VolumesListAdminTestJSON-77539809 tempest-VolumesListAdminTestJSON-77539809-project-admin] POST http://10.222.0.37/volume/v3/42da714f68d9485c968ba181c19e4a69/volumes
Sep 14 20:21:46.775774 dv-cinder-805083-3-smb devstack@c-api.service[100754]: /usr/local/lib/python3.8/dist-packages/webob/acceptparse.py:1047: DeprecationWarning: The behavior of AcceptValidHeader.best_match is currently being maintained for backward compatibility, but it will be deprecated in the future, as it does not conform to the RFC.
Sep 14 20:21:46.775774 dv-cinder-805083-3-smb devstack@c-api.service[100754]: warnings.warn(
Sep 14 20:21:46.776369 dv-cinder-805083-3-smb devstack@c-api.service[100754]: DEBUG cinder.api.openstack.wsgi [None req-d68fde4c-f12a-4f4f-8945-3700d03e60d2 tempest-VolumesListAdminTestJSON-77539809 tempest-VolumesListAdminTestJSON-77539809-project-admin] Action: 'create', calling method: create, body: {"volume": {"size": 1}} {{(pid=100754) _process_stack /opt/stack/cinder/cinder/api/openstack/wsgi.py:854}}
Sep 14 20:21:46.777461 dv-cinder-805083-3-smb devstack@c-api.service[100754]: DEBUG cinder.api.v3.volumes [None req-d68fde4c-f12a-4f4f-8945-3700d03e60d2 tempest-VolumesListAdminTestJSON-77539809 tempest-VolumesListAdminTestJSON-77539809-project-admin] Create volume request body: {'volume': {'size': 1}} {{(pid=100754) create /opt/stack/cinder/cinder/api/v3/volumes.py:298}}
Sep 14 20:21:46.777764 dv-cinder-805083-3-smb devstack@c-api.service[100754]: INFO cinder.api.v3.volumes [None req-d68fde4c-f12a-4f4f-8945-3700d03e60d2 tempest-VolumesListAdminTestJSON-77539809 tempest-VolumesListAdminTestJSON-77539809-project-admin] Create volume of 1 GB
Sep 14 20:21:46.784044 dv-cinder-805083-3-smb devstack@c-api.service[100754]: INFO cinder.volume.api [None req-d68fde4c-f12a-4f4f-8945-3700d03e60d2 tempest-VolumesListAdminTestJSON-77539809 tempest-VolumesListAdminTestJSON-77539809-project-admin] Availability Zones retrieved successfully.
Sep 14 20:21:46.799468 dv-cinder-805083-3-smb devstack@c-api.service[100754]: DEBUG cinder.volume.api [None req-d68fde4c-f12a-4f4f-8945-3700d03e60d2 tempest-VolumesListAdminTestJSON-77539809 tempest-VolumesListAdminTestJSON-77539809-project-admin] Flow 'volume_create_api' (672c544a-1e64-4ba4-b605-55ea34c071d1) transitioned into state 'RUNNING' from state 'PENDING' {{(pid=100754) _flow_receiver /usr/local/lib/python3.8/dist-packages/taskflow/listeners/logging.py:141}}
Sep 14 20:21:46.802298 dv-cinder-805083-3-smb devstack@c-api.service[100754]: DEBUG cinder.volume.api [None req-d68fde4c-f12a-4f4f-8945-3700d03e60d2 tempest-VolumesListAdminTestJSON-77539809 tempest-VolumesListAdminTestJSON-77539809-project-admin] Task 'cinder.volume.flows.api.create_volume.ExtractVolumeRequestTask;volume:create' (22edbab7-5cb7-463d-899e-0f6266b45c59) transitioned into state 'RUNNING' from state 'PENDING' {{(pid=100754) _task_receiver /usr/local/lib/python3.8/dist-packages/taskflow/listeners/logging.py:190}}
Sep 14 20:21:46.804457 dv-cinder-805083-3-smb devstack@c-api.service[100754]: DEBUG cinder.volume.flows.api.create_volume [None req-d68fde4c-f12a-4f4f-8945-3700d03e60d2 tempest-VolumesListAdminTestJSON-77539809 tempest-VolumesListAdminTestJSON-77539809-project-admin] Validating volume size '1' using validate_int {{(pid=100754) _extract_size /opt/stack/cinder/cinder/volume/flows/api/create_volume.py:225}}
Sep 14 20:21:46.840048 dv-cinder-805083-3-smb devstack@c-api.service[100754]: DEBUG cinder.volume.api [None req-d68fde4c-f12a-4f4f-8945-3700d03e60d2 tempest-VolumesListAdminTestJSON-77539809 tempest-VolumesListAdminTestJSON-77539809-project-admin] Task 'cinder.volume.flows.api.create_volume.ExtractVolumeRequestTask;volume:create' (22edbab7-5cb7-463d-899e-0f6266b45c59) transitioned into state 'SUCCESS' from state 'RUNNING' with result '{'size': 1, 'snapshot_id': None, 'source_volid': None, 'volume_type': VolumeType(created_at=2021-09-14T20:11:44Z,deleted=False,deleted_at=None,description='Default Volume Type',extra_specs={},id=f6143edd-8c85-4d78-98c1-1d572c0f3089,is_public=True,name='__DEFAULT__',projects=[],qos_specs=,qos_specs_id=None,updated_at=2021-09-14T20:11:44Z), 'volume_type_id': 'f6143edd-8c85-4d78-98c1-1d572c0f3089', 'encryption_key_id': None, 'qos_specs': None, 'consistencygroup_id': None, 'cgsnapshot_id': None, 'group_id': None, 'replication_status': 'disabled', 'refresh_az': False, 'backup_id': None, 'multiattach': False, 'availability_zones': ['nova']}' {{(pid=100754) _task_receiver /usr/local/lib/python3.8/dist-packages/taskflow/listeners/logging.py:178}}
Sep 14 20:21:46.842690 dv-cinder-805083-3-smb devstack@c-api.service[100754]: DEBUG cinder.volume.api [None req-d68fde4c-f12a-4f4f-8945-3700d03e60d2 tempest-VolumesListAdminTestJSON-77539809 tempest-VolumesListAdminTestJSON-77539809-project-admin] Task 'cinder.volume.flows.api.create_volume.QuotaReserveTask;volume:create' (43ef7f92-e234-4b44-89ab-7ac175cb790d) transitioned into state 'RUNNING' from state 'PENDING' {{(pid=100754) _task_receiver /usr/local/lib/python3.8/dist-packages/taskflow/listeners/logging.py:190}}
Sep 14 20:21:46.861510 dv-cinder-805083-3-smb devstack@c-api.service[100755]: INFO cinder.api.openstack.wsgi [None req-38fb296d-3b1b-415d-b683-392fb4576c34 tempest-AttachVolumeNegativeTest-1787774673 tempest-AttachVolumeNegativeTest-1787774673-project] GET http://10.222.0.37/volume/v3/4f1dda2936904edd8349fd0b92ddf46a/volumes/83d456a2-c241-4620-a58e-eefa898a741f
Sep 14 20:21:46.861510 dv-cinder-805083-3-smb devstack@c-api.service[100755]: DEBUG cinder.api.openstack.wsgi [None req-38fb296d-3b1b-415d-b683-392fb4576c34 tempest-AttachVolumeNegativeTest-1787774673 tempest-AttachVolumeNegativeTest-1787774673-project] Empty body provided in request {{(pid=100755) get_body /opt/stack/cinder/cinder/api/openstack/wsgi.py:703}}
Sep 14 20:21:46.861510 dv-cinder-805083-3-smb devstack@c-api.service[100755]: /usr/local/lib/python3.8/dist-packages/webob/acceptparse.py:1047: DeprecationWarning: The behavior of AcceptValidHeader.best_match is currently being maintained for backward compatibility, but it will be deprecated in the future, as it does not conform to the RFC.
Sep 14 20:21:46.861510 dv-cinder-805083-3-smb devstack@c-api.service[100755]: warnings.warn(
Sep 14 20:21:46.861510 dv-cinder-805083-3-smb devstack@c-api.service[100755]: DEBUG cinder.api.openstack.wsgi [None req-38fb296d-3b1b-415d-b683-392fb4576c34 tempest-AttachVolumeNegativeTest-1787774673 tempest-AttachVolumeNegativeTest-1787774673-project] Calling method 'show' {{(pid=100755) _process_stack /opt/stack/cinder/cinder/api/openstack/wsgi.py:856}}
Sep 14 20:21:46.900803 dv-cinder-805083-3-smb devstack@c-api.service[100755]: /usr/local/lib/python3.8/dist-packages/oslo_context/context.py:105: DeprecationWarning: Policy enforcement is depending on the value of is_admin. This key is deprecated. Please update your policy file to use the standard policy values.
Sep 14 20:21:46.900803 dv-cinder-805083-3-smb devstack@c-api.service[100755]: warnings.warn('Policy enforcement is depending on the value of '
Sep 14 20:21:46.907998 dv-cinder-805083-3-smb devstack@c-api.service[100755]: INFO cinder.volume.api [None req-38fb296d-3b1b-415d-b683-392fb4576c34 tempest-AttachVolumeNegativeTest-1787774673 tempest-AttachVolumeNegativeTest-1787774673-project] Volume info retrieved successfully.
Sep 14 20:21:46.928864 dv-cinder-805083-3-smb devstack@c-api.service[100755]: INFO cinder.api.openstack.wsgi [None req-38fb296d-3b1b-415d-b683-392fb4576c34 tempest-AttachVolumeNegativeTest-1787774673 tempest-AttachVolumeNegativeTest-1787774673-project] http://10.222.0.37/volume/v3/4f1dda2936904edd8349fd0b92ddf46a/volumes/83d456a2-c241-4620-a58e-eefa898a741f returned with HTTP 200
Sep 14 20:21:46.941050 dv-cinder-805083-3-smb devstack@c-api.service[100755]: [pid: 100755|app: 0|req: 109/232] 10.222.0.37 () {58 vars in 1325 bytes} [Tue Sep 14 20:21:46 2021] GET /volume/v3/4f1dda2936904edd8349fd0b92ddf46a/volumes/83d456a2-c241-4620-a58e-eefa898a741f => generated 916 bytes in 87 msecs (HTTP/1.1 200) 7 headers in 285 bytes (2 switches on core 0)
Sep 14 20:21:46.954899 dv-cinder-805083-3-smb devstack@c-api.service[100754]: DEBUG cinder.quota [None req-d68fde4c-f12a-4f4f-8945-3700d03e60d2 tempest-VolumesListAdminTestJSON-77539809 tempest-VolumesListAdminTestJSON-77539809-project-admin] Created reservations ['593ffaab-1fe4-443b-9299-b38d68e5c7eb', '6db88028-d2cc-4e7b-8904-4cd410da833f', 'dc6f858a-92f0-4be4-8002-2027e85a53ff', 'ef35cd83-a173-49e6-89ad-78eaced95965'] {{(pid=100754) reserve /opt/stack/cinder/cinder/quota.py:755}}
Sep 14 20:21:46.957125 dv-cinder-805083-3-smb devstack@c-api.service[100754]: DEBUG cinder.volume.api [None req-d68fde4c-f12a-4f4f-8945-3700d03e60d2 tempest-VolumesListAdminTestJSON-77539809 tempest-VolumesListAdminTestJSON-77539809-project-admin] Task 'cinder.volume.flows.api.create_volume.QuotaReserveTask;volume:create' (43ef7f92-e234-4b44-89ab-7ac175cb790d) transitioned into state 'SUCCESS' from state 'RUNNING' with result '{'reservations': ['593ffaab-1fe4-443b-9299-b38d68e5c7eb', '6db88028-d2cc-4e7b-8904-4cd410da833f', 'dc6f858a-92f0-4be4-8002-2027e85a53ff', 'ef35cd83-a173-49e6-89ad-78eaced95965']}' {{(pid=100754) _task_receiver /usr/local/lib/python3.8/dist-packages/taskflow/listeners/logging.py:178}}
Sep 14 20:21:46.959913 dv-cinder-805083-3-smb devstack@c-api.service[100754]: DEBUG cinder.volume.api [None req-d68fde4c-f12a-4f4f-8945-3700d03e60d2 tempest-VolumesListAdminTestJSON-77539809 tempest-VolumesListAdminTestJSON-77539809-project-admin] Task 'cinder.volume.flows.api.create_volume.EntryCreateTask;volume:create' (59e36763-c028-43b2-92ef-e453575ac696) transitioned into state 'RUNNING' from state 'PENDING' {{(pid=100754) _task_receiver /usr/local/lib/python3.8/dist-packages/taskflow/listeners/logging.py:190}}
Sep 14 20:21:47.008260 dv-cinder-805083-3-smb devstack@c-api.service[100754]: DEBUG cinder.volume.api [None req-d68fde4c-f12a-4f4f-8945-3700d03e60d2 tempest-VolumesListAdminTestJSON-77539809 tempest-VolumesListAdminTestJSON-77539809-project-admin] Task 'cinder.volume.flows.api.create_volume.EntryCreateTask;volume:create' (59e36763-c028-43b2-92ef-e453575ac696) transitioned into state 'SUCCESS' from state 'RUNNING' with result '{'volume_id': 'ce7d3f9c-d08d-43e7-9058-a984e20a2d6a', 'volume_properties': VolumeProperties(attach_status='detached',availability_zone='nova',cgsnapshot_id=None,consistencygroup_id=None,display_description=None,display_name=None,encryption_key_id=None,group_id=None,group_type_id=,metadata={},multiattach=False,project_id='42da714f68d9485c968ba181c19e4a69',qos_specs=None,replication_status=,reservations=['593ffaab-1fe4-443b-9299-b38d68e5c7eb','6db88028-d2cc-4e7b-8904-4cd410da833f','dc6f858a-92f0-4be4-8002-2027e85a53ff','ef35cd83-a173-49e6-89ad-78eaced95965'],size=1,snapshot_id=None,source_replicaid=,source_volid=None,status='creating',user_id='c21d7e4453214562bee1a553deda7d6a',volume_type_id=f6143edd-8c85-4d78-98c1-1d572c0f3089), 'volume': Volume(_name_id=None,admin_metadata={},attach_status='detached',availability_zone='nova',bootable=False,cluster=,cluster_name=None,consistencygroup=,consistencygroup_id=None,created_at=2021-09-14T20:21:46Z,deleted=False,deleted_at=None,display_description=None,display_name=None,ec2_id=None,encryption_key_id=None,glance_metadata=,group=,group_id=None,host=None,id=ce7d3f9c-d08d-43e7-9058-a984e20a2d6a,launched_at=None,metadata={},migration_status=None,multiattach=False,previous_status=None,project_id='42da714f68d9485c968ba181c19e4a69',provider_auth=None,provider_geometry=None,provider_id=None,provider_location=None,replication_driver_data=None,replication_extended_status=None,replication_status=None,scheduled_at=None,service_uuid=None,shared_targets=True,size=1,snapshot_id=None,snapshots=,source_volid=None,status='creating',terminated_at=None,updated_at=None,use_quota=True,user_id='c21d7e4453214562bee1a553deda7d6a',volume_attachment=,volume_type=VolumeType(f6143edd-8c85-4d78-98c1-1d572c0f3089),volume_type_id=f6143edd-8c85-4d78-98c1-1d572c0f3089)}' {{(pid=100754) _task_receiver /usr/local/lib/python3.8/dist-packages/taskflow/listeners/logging.py:178}}
Sep 14 20:21:47.011004 dv-cinder-805083-3-smb devstack@c-api.service[100754]: DEBUG cinder.volume.api [None req-d68fde4c-f12a-4f4f-8945-3700d03e60d2 tempest-VolumesListAdminTestJSON-77539809 tempest-VolumesListAdminTestJSON-77539809-project-admin] Task 'cinder.volume.flows.api.create_volume.QuotaCommitTask;volume:create' (5fe35b98-88d9-4626-bdd7-70f96f34d0a1) transitioned into state 'RUNNING' from state 'PENDING' {{(pid=100754) _task_receiver /usr/local/lib/python3.8/dist-packages/taskflow/listeners/logging.py:190}}
Sep 14 20:21:47.047352 dv-cinder-805083-3-smb devstack@c-api.service[100754]: DEBUG cinder.volume.api [None req-d68fde4c-f12a-4f4f-8945-3700d03e60d2 tempest-VolumesListAdminTestJSON-77539809 tempest-VolumesListAdminTestJSON-77539809-project-admin] Task 'cinder.volume.flows.api.create_volume.QuotaCommitTask;volume:create' (5fe35b98-88d9-4626-bdd7-70f96f34d0a1) transitioned into state 'SUCCESS' from state 'RUNNING' with result '{'volume_properties': VolumeProperties(attach_status='detached',availability_zone='nova',cgsnapshot_id=None,consistencygroup_id=None,display_description=None,display_name=None,encryption_key_id=None,group_id=None,group_type_id=,metadata={},multiattach=False,project_id='42da714f68d9485c968ba181c19e4a69',qos_specs=None,replication_status=,reservations=['593ffaab-1fe4-443b-9299-b38d68e5c7eb','6db88028-d2cc-4e7b-8904-4cd410da833f','dc6f858a-92f0-4be4-8002-2027e85a53ff','ef35cd83-a173-49e6-89ad-78eaced95965'],size=1,snapshot_id=None,source_replicaid=,source_volid=None,status='creating',user_id='c21d7e4453214562bee1a553deda7d6a',volume_type_id=f6143edd-8c85-4d78-98c1-1d572c0f3089)}' {{(pid=100754) _task_receiver /usr/local/lib/python3.8/dist-packages/taskflow/listeners/logging.py:178}}
Sep 14 20:21:47.051118 dv-cinder-805083-3-smb devstack@c-api.service[100754]: DEBUG cinder.volume.api [None req-d68fde4c-f12a-4f4f-8945-3700d03e60d2 tempest-VolumesListAdminTestJSON-77539809 tempest-VolumesListAdminTestJSON-77539809-project-admin] Task 'cinder.volume.flows.api.create_volume.VolumeCastTask;volume:create' (da512332-bd67-4e3a-b380-8d7cdabee504) transitioned into state 'RUNNING' from state 'PENDING' {{(pid=100754) _task_receiver /usr/local/lib/python3.8/dist-packages/taskflow/listeners/logging.py:190}}
Sep 14 20:21:47.076237 dv-cinder-805083-3-smb devstack@c-api.service[100755]: WARNING keystonemiddleware.auth_token [None req-38fb296d-3b1b-415d-b683-392fb4576c34 tempest-AttachVolumeNegativeTest-1787774673 tempest-AttachVolumeNegativeTest-1787774673-project] A valid token was submitted as a service token, but it was not a valid service token. This is incorrect but backwards compatible behaviour. This will be removed in future releases.
Sep 14 20:21:47.079715 dv-cinder-805083-3-smb devstack@c-api.service[100755]: INFO cinder.api.openstack.wsgi [req-1bea53a6-431b-4262-9c0f-e2c14784aa1b req-5ce5a5ce-586a-43bf-8fa5-549420d828ac tempest-AttachVolumeNegativeTest-1787774673 tempest-AttachVolumeNegativeTest-1787774673-project] GET http://10.222.0.37/volume/v3/4f1dda2936904edd8349fd0b92ddf46a/volumes/83d456a2-c241-4620-a58e-eefa898a741f
Sep 14 20:21:47.080192 dv-cinder-805083-3-smb devstack@c-api.service[100755]: DEBUG cinder.api.openstack.wsgi [req-1bea53a6-431b-4262-9c0f-e2c14784aa1b req-5ce5a5ce-586a-43bf-8fa5-549420d828ac tempest-AttachVolumeNegativeTest-1787774673 tempest-AttachVolumeNegativeTest-1787774673-project] Empty body provided in request {{(pid=100755) get_body /opt/stack/cinder/cinder/api/openstack/wsgi.py:703}}
Sep 14 20:21:47.080363 dv-cinder-805083-3-smb devstack@c-api.service[100755]: /usr/local/lib/python3.8/dist-packages/webob/acceptparse.py:1047: DeprecationWarning: The behavior of AcceptValidHeader.best_match is currently being maintained for backward compatibility, but it will be deprecated in the future, as it does not conform to the RFC.
Sep 14 20:21:47.080363 dv-cinder-805083-3-smb devstack@c-api.service[100755]: warnings.warn(
Sep 14 20:21:47.080674 dv-cinder-805083-3-smb devstack@c-api.service[100755]: DEBUG cinder.api.openstack.wsgi [req-1bea53a6-431b-4262-9c0f-e2c14784aa1b req-5ce5a5ce-586a-43bf-8fa5-549420d828ac tempest-AttachVolumeNegativeTest-1787774673 tempest-AttachVolumeNegativeTest-1787774673-project] Calling method 'show' {{(pid=100755) _process_stack /opt/stack/cinder/cinder/api/openstack/wsgi.py:856}}
Sep 14 20:21:47.083026 dv-cinder-805083-3-smb devstack@c-api.service[100754]: DEBUG cinder.volume.api [None req-d68fde4c-f12a-4f4f-8945-3700d03e60d2 tempest-VolumesListAdminTestJSON-77539809 tempest-VolumesListAdminTestJSON-77539809-project-admin] Task 'cinder.volume.flows.api.create_volume.VolumeCastTask;volume:create' (da512332-bd67-4e3a-b380-8d7cdabee504) transitioned into state 'SUCCESS' from state 'RUNNING' with result 'None' {{(pid=100754) _task_receiver /usr/local/lib/python3.8/dist-packages/taskflow/listeners/logging.py:178}}
Sep 14 20:21:47.087968 dv-cinder-805083-3-smb devstack@c-api.service[100754]: DEBUG cinder.volume.api [None req-d68fde4c-f12a-4f4f-8945-3700d03e60d2 tempest-VolumesListAdminTestJSON-77539809 tempest-VolumesListAdminTestJSON-77539809-project-admin] Flow 'volume_create_api' (672c544a-1e64-4ba4-b605-55ea34c071d1) transitioned into state 'SUCCESS' from state 'RUNNING' {{(pid=100754) _flow_receiver /usr/local/lib/python3.8/dist-packages/taskflow/listeners/logging.py:141}}
Sep 14 20:21:47.097003 dv-cinder-805083-3-smb devstack@c-api.service[100754]: INFO cinder.volume.api [None req-d68fde4c-f12a-4f4f-8945-3700d03e60d2 tempest-VolumesListAdminTestJSON-77539809 tempest-VolumesListAdminTestJSON-77539809-project-admin] Create volume request issued successfully.
Sep 14 20:21:47.099869 dv-cinder-805083-3-smb devstack@c-api.service[100755]: /usr/local/lib/python3.8/dist-packages/oslo_context/context.py:105: DeprecationWarning: Policy enforcement is depending on the value of is_admin. This key is deprecated. Please update your policy file to use the standard policy values.
Sep 14 20:21:47.099869 dv-cinder-805083-3-smb devstack@c-api.service[100755]: warnings.warn('Policy enforcement is depending on the value of '
Sep 14 20:21:47.109881 dv-cinder-805083-3-smb devstack@c-api.service[100754]: INFO cinder.api.openstack.wsgi [None req-d68fde4c-f12a-4f4f-8945-3700d03e60d2 tempest-VolumesListAdminTestJSON-77539809 tempest-VolumesListAdminTestJSON-77539809-project-admin] http://10.222.0.37/volume/v3/42da714f68d9485c968ba181c19e4a69/volumes returned with HTTP 202
Sep 14 20:21:47.113175 dv-cinder-805083-3-smb devstack@c-api.service[100754]: [pid: 100754|app: 0|req: 124/233] 10.222.0.37 () {60 vars in 1235 bytes} [Tue Sep 14 20:21:46 2021] POST /volume/v3/42da714f68d9485c968ba181c19e4a69/volumes => generated 802 bytes in 533 msecs (HTTP/1.1 202) 7 headers in 291 bytes (1 switches on core 0)
Sep 14 20:21:47.130441 dv-cinder-805083-3-smb devstack@c-api.service[100755]: INFO cinder.volume.api [req-1bea53a6-431b-4262-9c0f-e2c14784aa1b req-5ce5a5ce-586a-43bf-8fa5-549420d828ac tempest-AttachVolumeNegativeTest-1787774673 tempest-AttachVolumeNegativeTest-1787774673-project] Volume info retrieved successfully.
Sep 14 20:21:47.131911 dv-cinder-805083-3-smb devstack@c-api.service[100754]: INFO cinder.api.openstack.wsgi [None req-eb7be083-3eb3-464d-8fd5-f8e5f47ec0f4 tempest-VolumesListAdminTestJSON-77539809 tempest-VolumesListAdminTestJSON-77539809-project-admin] GET http://10.222.0.37/volume/v3/42da714f68d9485c968ba181c19e4a69/volumes/ce7d3f9c-d08d-43e7-9058-a984e20a2d6a
Sep 14 20:21:47.132473 dv-cinder-805083-3-smb devstack@c-api.service[100754]: DEBUG cinder.api.openstack.wsgi [None req-eb7be083-3eb3-464d-8fd5-f8e5f47ec0f4 tempest-VolumesListAdminTestJSON-77539809 tempest-VolumesListAdminTestJSON-77539809-project-admin] Empty body provided in request {{(pid=100754) get_body /opt/stack/cinder/cinder/api/openstack/wsgi.py:703}}
Sep 14 20:21:47.132759 dv-cinder-805083-3-smb devstack@c-api.service[100754]: /usr/local/lib/python3.8/dist-packages/webob/acceptparse.py:1047: DeprecationWarning: The behavior of AcceptValidHeader.best_match is currently being maintained for backward compatibility, but it will be deprecated in the future, as it does not conform to the RFC.
Sep 14 20:21:47.132759 dv-cinder-805083-3-smb devstack@c-api.service[100754]: warnings.warn(
Sep 14 20:21:47.133505 dv-cinder-805083-3-smb devstack@c-api.service[100754]: DEBUG cinder.api.openstack.wsgi [None req-eb7be083-3eb3-464d-8fd5-f8e5f47ec0f4 tempest-VolumesListAdminTestJSON-77539809 tempest-VolumesListAdminTestJSON-77539809-project-admin] Calling method 'show' {{(pid=100754) _process_stack /opt/stack/cinder/cinder/api/openstack/wsgi.py:856}}
Sep 14 20:21:47.152472 dv-cinder-805083-3-smb devstack@c-api.service[100754]: /usr/local/lib/python3.8/dist-packages/oslo_context/context.py:105: DeprecationWarning: Policy enforcement is depending on the value of is_admin. This key is deprecated. Please update your policy file to use the standard policy values.
Sep 14 20:21:47.152472 dv-cinder-805083-3-smb devstack@c-api.service[100754]: warnings.warn('Policy enforcement is depending on the value of '
Sep 14 20:21:47.156802 dv-cinder-805083-3-smb devstack@c-api.service[100754]: INFO cinder.volume.api [None req-eb7be083-3eb3-464d-8fd5-f8e5f47ec0f4 tempest-VolumesListAdminTestJSON-77539809 tempest-VolumesListAdminTestJSON-77539809-project-admin] Volume info retrieved successfully.
Sep 14 20:21:47.170890 dv-cinder-805083-3-smb devstack@c-api.service[100755]: INFO cinder.api.openstack.wsgi [req-1bea53a6-431b-4262-9c0f-e2c14784aa1b req-5ce5a5ce-586a-43bf-8fa5-549420d828ac tempest-AttachVolumeNegativeTest-1787774673 tempest-AttachVolumeNegativeTest-1787774673-project] http://10.222.0.37/volume/v3/4f1dda2936904edd8349fd0b92ddf46a/volumes/83d456a2-c241-4620-a58e-eefa898a741f returned with HTTP 200
Sep 14 20:21:47.171916 dv-cinder-805083-3-smb devstack@c-api.service[100754]: INFO cinder.api.openstack.wsgi [None req-eb7be083-3eb3-464d-8fd5-f8e5f47ec0f4 tempest-VolumesListAdminTestJSON-77539809 tempest-VolumesListAdminTestJSON-77539809-project-admin] http://10.222.0.37/volume/v3/42da714f68d9485c968ba181c19e4a69/volumes/ce7d3f9c-d08d-43e7-9058-a984e20a2d6a returned with HTTP 200
Sep 14 20:21:47.172595 dv-cinder-805083-3-smb devstack@c-api.service[100755]: [pid: 100755|app: 0|req: 110/234] 10.222.0.37 () {60 vars in 1579 bytes} [Tue Sep 14 20:21:47 2021] GET /volume/v3/4f1dda2936904edd8349fd0b92ddf46a/volumes/83d456a2-c241-4620-a58e-eefa898a741f => generated 916 bytes in 98 msecs (HTTP/1.1 200) 7 headers in 285 bytes (2 switches on core 0)
Sep 14 20:21:47.173082 dv-cinder-805083-3-smb devstack@c-api.service[100754]: [pid: 100754|app: 0|req: 125/235] 10.222.0.37 () {58 vars in 1325 bytes} [Tue Sep 14 20:21:47 2021] GET /volume/v3/42da714f68d9485c968ba181c19e4a69/volumes/ce7d3f9c-d08d-43e7-9058-a984e20a2d6a => generated 981 bytes in 52 msecs (HTTP/1.1 200) 7 headers in 285 bytes (2 switches on core 0)
Sep 14 20:21:47.304507 dv-cinder-805083-3-smb devstack@c-api.service[100755]: INFO cinder.api.openstack.wsgi [req-1bea53a6-431b-4262-9c0f-e2c14784aa1b req-5ce5a5ce-586a-43bf-8fa5-549420d828ac tempest-AttachVolumeNegativeTest-1787774673 tempest-AttachVolumeNegativeTest-1787774673-project] GET http://10.222.0.37/volume//
Sep 14 20:21:47.304911 dv-cinder-805083-3-smb devstack@c-api.service[100755]: DEBUG cinder.api.openstack.wsgi [req-1bea53a6-431b-4262-9c0f-e2c14784aa1b req-5ce5a5ce-586a-43bf-8fa5-549420d828ac tempest-AttachVolumeNegativeTest-1787774673 tempest-AttachVolumeNegativeTest-1787774673-project] Empty body provided in request {{(pid=100755) get_body /opt/stack/cinder/cinder/api/openstack/wsgi.py:703}}
Sep 14 20:21:47.305091 dv-cinder-805083-3-smb devstack@c-api.service[100755]: /usr/local/lib/python3.8/dist-packages/webob/acceptparse.py:1047: DeprecationWarning: The behavior of AcceptValidHeader.best_match is currently being maintained for backward compatibility, but it will be deprecated in the future, as it does not conform to the RFC.
Sep 14 20:21:47.305091 dv-cinder-805083-3-smb devstack@c-api.service[100755]: warnings.warn(
Sep 14 20:21:47.305397 dv-cinder-805083-3-smb devstack@c-api.service[100755]: DEBUG cinder.api.openstack.wsgi [req-1bea53a6-431b-4262-9c0f-e2c14784aa1b req-5ce5a5ce-586a-43bf-8fa5-549420d828ac tempest-AttachVolumeNegativeTest-1787774673 tempest-AttachVolumeNegativeTest-1787774673-project] Calling method 'all' {{(pid=100755) _process_stack /opt/stack/cinder/cinder/api/openstack/wsgi.py:856}}
Sep 14 20:21:47.306348 dv-cinder-805083-3-smb devstack@c-api.service[100755]: INFO cinder.api.openstack.wsgi [req-1bea53a6-431b-4262-9c0f-e2c14784aa1b req-5ce5a5ce-586a-43bf-8fa5-549420d828ac tempest-AttachVolumeNegativeTest-1787774673 tempest-AttachVolumeNegativeTest-1787774673-project] http://10.222.0.37/volume// returned with HTTP 300
Sep 14 20:21:47.306860 dv-cinder-805083-3-smb devstack@c-api.service[100755]: [pid: 100755|app: 0|req: 111/236] 10.222.0.37 () {58 vars in 1300 bytes} [Tue Sep 14 20:21:47 2021] GET /volume/ => generated 386 bytes in 3 msecs (HTTP/1.1 300) 5 headers in 169 bytes (1 switches on core 0)
Sep 14 20:21:47.316515 dv-cinder-805083-3-smb devstack@c-api.service[100754]: WARNING keystonemiddleware.auth_token [None req-eb7be083-3eb3-464d-8fd5-f8e5f47ec0f4 tempest-VolumesListAdminTestJSON-77539809 tempest-VolumesListAdminTestJSON-77539809-project-admin] A valid token was submitted as a service token, but it was not a valid service token. This is incorrect but backwards compatible behaviour. This will be removed in future releases.
Sep 14 20:21:47.320638 dv-cinder-805083-3-smb devstack@c-api.service[100754]: INFO cinder.api.openstack.wsgi [req-1bea53a6-431b-4262-9c0f-e2c14784aa1b req-097e48f1-7241-4d9c-bf73-e67a138f7d17 tempest-AttachVolumeNegativeTest-1787774673 tempest-AttachVolumeNegativeTest-1787774673-project] POST http://10.222.0.37/volume/v3/4f1dda2936904edd8349fd0b92ddf46a/attachments
Sep 14 20:21:47.321161 dv-cinder-805083-3-smb devstack@c-api.service[100754]: /usr/local/lib/python3.8/dist-packages/webob/acceptparse.py:1047: DeprecationWarning: The behavior of AcceptValidHeader.best_match is currently being maintained for backward compatibility, but it will be deprecated in the future, as it does not conform to the RFC.
Sep 14 20:21:47.321161 dv-cinder-805083-3-smb devstack@c-api.service[100754]: warnings.warn(
Sep 14 20:21:47.321517 dv-cinder-805083-3-smb devstack@c-api.service[100754]: DEBUG cinder.api.openstack.wsgi [req-1bea53a6-431b-4262-9c0f-e2c14784aa1b req-097e48f1-7241-4d9c-bf73-e67a138f7d17 tempest-AttachVolumeNegativeTest-1787774673 tempest-AttachVolumeNegativeTest-1787774673-project] Action: 'create', calling method: version_select, body: {"attachment": {"volume_uuid": "83d456a2-c241-4620-a58e-eefa898a741f", "connector": null, "instance_uuid": "e108f9da-9193-4b99-a0d3-65ba0a0393d1"}} {{(pid=100754) _process_stack /opt/stack/cinder/cinder/api/openstack/wsgi.py:854}}
Sep 14 20:21:47.337492 dv-cinder-805083-3-smb devstack@c-api.service[100754]: /usr/local/lib/python3.8/dist-packages/oslo_context/context.py:105: DeprecationWarning: Policy enforcement is depending on the value of is_admin. This key is deprecated. Please update your policy file to use the standard policy values.
Sep 14 20:21:47.337492 dv-cinder-805083-3-smb devstack@c-api.service[100754]: warnings.warn('Policy enforcement is depending on the value of '
Sep 14 20:21:47.397579 dv-cinder-805083-3-smb devstack@c-api.service[100754]: INFO cinder.api.openstack.wsgi [req-1bea53a6-431b-4262-9c0f-e2c14784aa1b req-097e48f1-7241-4d9c-bf73-e67a138f7d17 tempest-AttachVolumeNegativeTest-1787774673 tempest-AttachVolumeNegativeTest-1787774673-project] http://10.222.0.37/volume/v3/4f1dda2936904edd8349fd0b92ddf46a/attachments returned with HTTP 200
Sep 14 20:21:47.398397 dv-cinder-805083-3-smb devstack@c-api.service[100754]: [pid: 100754|app: 0|req: 126/237] 10.222.0.37 () {66 vars in 1575 bytes} [Tue Sep 14 20:21:47 2021] POST /volume/v3/4f1dda2936904edd8349fd0b92ddf46a/attachments => generated 273 bytes in 83 msecs (HTTP/1.1 200) 7 headers in 286 bytes (1 switches on core 0)
Sep 14 20:21:47.401887 dv-cinder-805083-3-smb devstack@c-api.service[100755]: INFO cinder.api.openstack.wsgi [None req-385dc516-224b-4576-bbbe-54a45e564c4f tempest-DeleteServersTestJSON-1712169686 tempest-DeleteServersTestJSON-1712169686-project] GET http://10.222.0.37/volume/v3/d6b6c6fabd6449c69e3110bb962f2c34/volumes/6c7b4c79-8ae9-46dd-af22-c4b827b8ef3a
Sep 14 20:21:47.402336 dv-cinder-805083-3-smb devstack@c-api.service[100755]: DEBUG cinder.api.openstack.wsgi [None req-385dc516-224b-4576-bbbe-54a45e564c4f tempest-DeleteServersTestJSON-1712169686 tempest-DeleteServersTestJSON-1712169686-project] Empty body provided in request {{(pid=100755) get_body /opt/stack/cinder/cinder/api/openstack/wsgi.py:703}}
Sep 14 20:21:47.402908 dv-cinder-805083-3-smb devstack@c-api.service[100755]: DEBUG cinder.api.openstack.wsgi [None req-385dc516-224b-4576-bbbe-54a45e564c4f tempest-DeleteServersTestJSON-1712169686 tempest-DeleteServersTestJSON-1712169686-project] Calling method 'show' {{(pid=100755) _process_stack /opt/stack/cinder/cinder/api/openstack/wsgi.py:856}}
Sep 14 20:21:47.434388 dv-cinder-805083-3-smb devstack@c-api.service[100755]: /usr/local/lib/python3.8/dist-packages/oslo_context/context.py:105: DeprecationWarning: Policy enforcement is depending on the value of is_admin. This key is deprecated. Please update your policy file to use the standard policy values.
Sep 14 20:21:47.434388 dv-cinder-805083-3-smb devstack@c-api.service[100755]: warnings.warn('Policy enforcement is depending on the value of '
Sep 14 20:21:47.442857 dv-cinder-805083-3-smb devstack@c-api.service[100754]: INFO cinder.api.openstack.wsgi [None req-5bb6c366-1d7a-437d-99c0-432a2d5380d2 tempest-AttachVolumeNegativeTest-1787774673 tempest-AttachVolumeNegativeTest-1787774673-project] GET http://10.222.0.37/volume/v3/4f1dda2936904edd8349fd0b92ddf46a/volumes/83d456a2-c241-4620-a58e-eefa898a741f
Sep 14 20:21:47.443310 dv-cinder-805083-3-smb devstack@c-api.service[100754]: DEBUG cinder.api.openstack.wsgi [None req-5bb6c366-1d7a-437d-99c0-432a2d5380d2 tempest-AttachVolumeNegativeTest-1787774673 tempest-AttachVolumeNegativeTest-1787774673-project] Empty body provided in request {{(pid=100754) get_body /opt/stack/cinder/cinder/api/openstack/wsgi.py:703}}
Sep 14 20:21:47.443415 dv-cinder-805083-3-smb devstack@c-api.service[100755]: INFO cinder.volume.api [None req-385dc516-224b-4576-bbbe-54a45e564c4f tempest-DeleteServersTestJSON-1712169686 tempest-DeleteServersTestJSON-1712169686-project] Volume info retrieved successfully.
Sep 14 20:21:47.443492 dv-cinder-805083-3-smb devstack@c-api.service[100754]: /usr/local/lib/python3.8/dist-packages/webob/acceptparse.py:1047: DeprecationWarning: The behavior of AcceptValidHeader.best_match is currently being maintained for backward compatibility, but it will be deprecated in the future, as it does not conform to the RFC.
Sep 14 20:21:47.443492 dv-cinder-805083-3-smb devstack@c-api.service[100754]: warnings.warn(
Sep 14 20:21:47.443791 dv-cinder-805083-3-smb devstack@c-api.service[100754]: DEBUG cinder.api.openstack.wsgi [None req-5bb6c366-1d7a-437d-99c0-432a2d5380d2 tempest-AttachVolumeNegativeTest-1787774673 tempest-AttachVolumeNegativeTest-1787774673-project] Calling method 'show' {{(pid=100754) _process_stack /opt/stack/cinder/cinder/api/openstack/wsgi.py:856}}
Sep 14 20:21:47.459781 dv-cinder-805083-3-smb devstack@c-api.service[100754]: /usr/local/lib/python3.8/dist-packages/oslo_context/context.py:105: DeprecationWarning: Policy enforcement is depending on the value of is_admin. This key is deprecated. Please update your policy file to use the standard policy values.
Sep 14 20:21:47.459781 dv-cinder-805083-3-smb devstack@c-api.service[100754]: warnings.warn('Policy enforcement is depending on the value of '
Sep 14 20:21:47.464419 dv-cinder-805083-3-smb devstack@c-api.service[100755]: INFO cinder.api.openstack.wsgi [None req-385dc516-224b-4576-bbbe-54a45e564c4f tempest-DeleteServersTestJSON-1712169686 tempest-DeleteServersTestJSON-1712169686-project] http://10.222.0.37/volume/v3/d6b6c6fabd6449c69e3110bb962f2c34/volumes/6c7b4c79-8ae9-46dd-af22-c4b827b8ef3a returned with HTTP 200
Sep 14 20:21:47.465380 dv-cinder-805083-3-smb devstack@c-api.service[100755]: [pid: 100755|app: 0|req: 112/238] 10.222.0.37 () {58 vars in 1325 bytes} [Tue Sep 14 20:21:47 2021] GET /volume/v3/d6b6c6fabd6449c69e3110bb962f2c34/volumes/6c7b4c79-8ae9-46dd-af22-c4b827b8ef3a => generated 914 bytes in 68 msecs (HTTP/1.1 200) 7 headers in 285 bytes (2 switches on core 0)
Sep 14 20:21:47.486798 dv-cinder-805083-3-smb devstack@c-api.service[100754]: INFO cinder.volume.api [None req-5bb6c366-1d7a-437d-99c0-432a2d5380d2 tempest-AttachVolumeNegativeTest-1787774673 tempest-AttachVolumeNegativeTest-1787774673-project] Volume info retrieved successfully.
Sep 14 20:21:47.504055 dv-cinder-805083-3-smb devstack@c-api.service[100754]: /usr/local/lib/python3.8/dist-packages/oslo_context/context.py:105: DeprecationWarning: Policy enforcement is depending on the value of is_admin. This key is deprecated. Please update your policy file to use the standard policy values.
Sep 14 20:21:47.504055 dv-cinder-805083-3-smb devstack@c-api.service[100754]: warnings.warn('Policy enforcement is depending on the value of '
Sep 14 20:21:47.513160 dv-cinder-805083-3-smb devstack@c-api.service[100754]: INFO cinder.api.openstack.wsgi [None req-5bb6c366-1d7a-437d-99c0-432a2d5380d2 tempest-AttachVolumeNegativeTest-1787774673 tempest-AttachVolumeNegativeTest-1787774673-project] http://10.222.0.37/volume/v3/4f1dda2936904edd8349fd0b92ddf46a/volumes/83d456a2-c241-4620-a58e-eefa898a741f returned with HTTP 200
