Aug 19 18:19:59.299606 dv-cinder-805072-3-smb neutron-server[93896]: DEBUG novaclient.v2.client [-] RESP BODY: {"events": [{"name": "network-changed", "server_uuid": "082eabc8-a98a-4558-9d23-c8e4c35eeb3c", "tag": "6b1228e3-b6eb-4024-bd01-0aa1bdecdd38", "status": "completed", "code": 200}]} {{(pid=93896) _http_log_response /usr/local/lib/python3.8/dist-packages/keystoneauth1/session.py:582}}
Aug 19 18:19:59.299606 dv-cinder-805072-3-smb neutron-server[93896]: DEBUG novaclient.v2.client [-] POST call to compute for http://10.222.0.60/compute/v2.1/os-server-external-events used request id req-c6d276ea-8850-46aa-8089-2ee776b804f3 {{(pid=93896) request /usr/local/lib/python3.8/dist-packages/keystoneauth1/session.py:954}}
Aug 19 18:19:59.301249 dv-cinder-805072-3-smb neutron-server[93896]: INFO neutron.notifiers.nova [-] Nova event response: {'name': 'network-changed', 'server_uuid': '082eabc8-a98a-4558-9d23-c8e4c35eeb3c', 'tag': '6b1228e3-b6eb-4024-bd01-0aa1bdecdd38', 'status': 'completed', 'code': 200}
Aug 19 18:19:59.361115 dv-cinder-805072-3-smb neutron-server[93896]: DEBUG neutron_lib.callbacks.manager [None req-b8b01df0-0f0f-4c3e-8656-34d1649c989b admin admin] Notify callbacks [] for security_group, before_delete {{(pid=93896) _notify_loop /usr/local/lib/python3.8/dist-packages/neutron_lib/callbacks/manager.py:192}}
Aug 19 18:19:59.378588 dv-cinder-805072-3-smb neutron-server[93896]: DEBUG neutron.pecan_wsgi.hooks.quota_enforcement [req-d22592ff-01af-4068-8505-59a5a091f80c req-c44e1473-2633-4b66-b917-661801c4fae9 tempest-ServerRescueNegativeTestJSON-1769173611 tempest-ServerRescueNegativeTestJSON-1769173611-project] Made reservation on behalf of a9d8ea9a89414e4d80afb3edcc535539 for: {'port': 1} {{(pid=93896) before /opt/stack/neutron/neutron/pecan_wsgi/hooks/quota_enforcement.py:53}}
Aug 19 18:19:59.382534 dv-cinder-805072-3-smb neutron-server[93897]: INFO neutron.wsgi [req-168099dd-979e-46be-816e-cb112c967568 req-0b05f2df-8013-4ee9-a3b3-8fd792c2b910 tempest-ServerRescueNegativeTestJSON-1769173611 tempest-ServerRescueNegativeTestJSON-1769173611-project] 10.222.0.65 "POST /v2.0/ports HTTP/1.1" status: 201 len: 933 time: 4.6858165
Aug 19 18:19:59.385810 dv-cinder-805072-3-smb neutron-server[93896]: DEBUG neutron_lib.callbacks.manager [req-d22592ff-01af-4068-8505-59a5a091f80c req-c44e1473-2633-4b66-b917-661801c4fae9 tempest-ServerRescueNegativeTestJSON-1769173611 tempest-ServerRescueNegativeTestJSON-1769173611-project] Notify callbacks ['neutron.plugins.ml2.plugin.SecurityGroupDbMixin._ensure_default_security_group_handler-1428385'] for port, before_create {{(pid=93896) _notify_loop /usr/local/lib/python3.8/dist-packages/neutron_lib/callbacks/manager.py:192}}
Aug 19 18:19:59.422944 dv-cinder-805072-3-smb neutron-server[93896]: DEBUG neutron_lib.callbacks.manager [None req-ee44fa71-aa8d-4cd0-967a-71fc73fa8550 tempest-AttachVolumeShelveTestJSON-1232157465 tempest-AttachVolumeShelveTestJSON-1232157465-project] Notify callbacks [] for security_group, before_response {{(pid=93896) _notify_loop /usr/local/lib/python3.8/dist-packages/neutron_lib/callbacks/manager.py:192}}
Aug 19 18:19:59.424265 dv-cinder-805072-3-smb neutron-server[93896]: INFO neutron.wsgi [None req-ee44fa71-aa8d-4cd0-967a-71fc73fa8550 tempest-AttachVolumeShelveTestJSON-1232157465 tempest-AttachVolumeShelveTestJSON-1232157465-project] 10.222.0.60 "POST /v2.0/security-groups HTTP/1.1" status: 201 len: 1780 time: 4.3635161
Aug 19 18:19:59.438349 dv-cinder-805072-3-smb neutron-server[93896]: DEBUG neutron.api.rpc.handlers.resources_rpc [None req-ee44fa71-aa8d-4cd0-967a-71fc73fa8550 tempest-AttachVolumeShelveTestJSON-1232157465 tempest-AttachVolumeShelveTestJSON-1232157465-project] Pushing event updated for resources: {'SecurityGroup': ['ID=20e2778a-e876-4bb0-8677-7d85cb5c8928,revision_number=1']} {{(pid=93896) push /opt/stack/neutron/neutron/api/rpc/handlers/resources_rpc.py:237}}
Aug 19 18:19:59.445056 dv-cinder-805072-3-smb neutron-server[93896]: DEBUG neutron.wsgi [-] (93896) accepted ('10.222.0.60', 60434) {{(pid=93896) server /usr/local/lib/python3.8/dist-packages/eventlet/wsgi.py:982}}
Aug 19 18:19:59.465780 dv-cinder-805072-3-smb neutron-server[93896]: DEBUG neutron.api.v2.base [None req-1bcb75f2-bcc6-4fd2-b685-25807cae1b6f tempest-AttachVolumeShelveTestJSON-1232157465 tempest-AttachVolumeShelveTestJSON-1232157465-project] Request body: {'security_group_rule': {'security_group_id': '20e2778a-e876-4bb0-8677-7d85cb5c8928', 'protocol': 'tcp', 'ethertype': 'IPv4', 'port_range_min': 22, 'port_range_max': 22, 'direction': 'ingress'}} {{(pid=93896) prepare_request_body /opt/stack/neutron/neutron/api/v2/base.py:730}}
Aug 19 18:19:59.493469 dv-cinder-805072-3-smb neutron-server[93897]: DEBUG neutron.pecan_wsgi.hooks.policy_enforcement [req-0269a3b7-4e63-4d53-abfb-8d78287ee45e req-38b7d0f9-c681-4f39-8912-4b2824d50a8e tempest-DeleteServersTestJSON-907222318 tempest-DeleteServersTestJSON-907222318-project] Attributes excluded by policy engine: ['standard_attr_id', 'binding:profile', 'binding:host_id', 'binding:vif_type', 'binding:vif_details'] {{(pid=93897) _exclude_attributes_by_policy /opt/stack/neutron/neutron/pecan_wsgi/hooks/policy_enforcement.py:255}}
Aug 19 18:19:59.501011 dv-cinder-805072-3-smb neutron-server[93896]: DEBUG neutron_lib.callbacks.manager [None req-b8b01df0-0f0f-4c3e-8656-34d1649c989b admin admin] Notify callbacks [] for security_group, precommit_delete {{(pid=93896) _notify_loop /usr/local/lib/python3.8/dist-packages/neutron_lib/callbacks/manager.py:192}}
Aug 19 18:19:59.511683 dv-cinder-805072-3-smb neutron-server[93897]: INFO neutron.wsgi [req-0269a3b7-4e63-4d53-abfb-8d78287ee45e req-38b7d0f9-c681-4f39-8912-4b2824d50a8e tempest-DeleteServersTestJSON-907222318 tempest-DeleteServersTestJSON-907222318-project] 10.222.0.60 "GET /v2.0/ports?device_id=6a1ad795-422a-4adc-8104-0148624a7e17 HTTP/1.1" status: 200 len: 944 time: 0.1225038
Aug 19 18:19:59.588815 dv-cinder-805072-3-smb neutron-server[93897]: INFO neutron.wsgi [req-0269a3b7-4e63-4d53-abfb-8d78287ee45e req-195315ac-3c2e-40e9-8a0d-c855d395f888 tempest-DeleteServersTestJSON-907222318 tempest-DeleteServersTestJSON-907222318-project] 10.222.0.60 "GET /v2.0/security-groups?id=a30ec8d6-43dd-4c26-b9f3-6001077bdb58&fields=id&fields=name HTTP/1.1" status: 200 len: 286 time: 0.0773101
Aug 19 18:19:59.590859 dv-cinder-805072-3-smb neutron-server[93896]: DEBUG neutron_lib.callbacks.manager [None req-1bcb75f2-bcc6-4fd2-b685-25807cae1b6f tempest-AttachVolumeShelveTestJSON-1232157465 tempest-AttachVolumeShelveTestJSON-1232157465-project] Notify callbacks [] for security_group_rule, before_create {{(pid=93896) _notify_loop /usr/local/lib/python3.8/dist-packages/neutron_lib/callbacks/manager.py:192}}
Aug 19 18:19:59.716381 dv-cinder-805072-3-smb neutron-server[93896]: DEBUG neutron.db.db_base_plugin_common [req-d22592ff-01af-4068-8505-59a5a091f80c req-c44e1473-2633-4b66-b917-661801c4fae9 tempest-ServerRescueNegativeTestJSON-1769173611 tempest-ServerRescueNegativeTestJSON-1769173611-project] Allocated IP 172.20.0.5 (482d39a3-62fa-488e-95ef-e394765083c3/df07a299-026a-4994-998d-439c39163615/4c63b5fe-f3d3-4890-a698-6173b6e0e323) {{(pid=93896) _store_ip_allocation /opt/stack/neutron/neutron/db/db_base_plugin_common.py:131}}
Aug 19 18:20:00.158837 dv-cinder-805072-3-smb neutron-server[93896]: DEBUG neutron_lib.callbacks.manager [None req-b8b01df0-0f0f-4c3e-8656-34d1649c989b admin admin] Notify callbacks ['neutron.plugins.ml2.ovo_rpc._ObjectChangeHandler.handle_event-620529'] for security_group, after_delete {{(pid=93896) _notify_loop /usr/local/lib/python3.8/dist-packages/neutron_lib/callbacks/manager.py:192}}
Aug 19 18:20:00.166746 dv-cinder-805072-3-smb neutron-server[93896]: DEBUG neutron_lib.callbacks.manager [None req-b8b01df0-0f0f-4c3e-8656-34d1649c989b admin admin] Notify callbacks [] for security_group, before_response {{(pid=93896) _notify_loop /usr/local/lib/python3.8/dist-packages/neutron_lib/callbacks/manager.py:192}}
Aug 19 18:20:00.168012 dv-cinder-805072-3-smb neutron-server[93896]: INFO neutron.wsgi [None req-b8b01df0-0f0f-4c3e-8656-34d1649c989b admin admin] 10.222.0.60 "DELETE /v2.0/security-groups/08a7e23c-d21d-4869-b254-1b2a22113d08 HTTP/1.1" status: 204 len: 168 time: 1.1377268
Aug 19 18:20:00.182086 dv-cinder-805072-3-smb neutron-server[93896]: DEBUG neutron_lib.callbacks.manager [None req-1bcb75f2-bcc6-4fd2-b685-25807cae1b6f tempest-AttachVolumeShelveTestJSON-1232157465 tempest-AttachVolumeShelveTestJSON-1232157465-project] Notify callbacks [] for security_group_rule, precommit_create {{(pid=93896) _notify_loop /usr/local/lib/python3.8/dist-packages/neutron_lib/callbacks/manager.py:192}}
Aug 19 18:20:00.200402 dv-cinder-805072-3-smb neutron-server[93896]: DEBUG neutron_lib.callbacks.manager [None req-1bcb75f2-bcc6-4fd2-b685-25807cae1b6f tempest-AttachVolumeShelveTestJSON-1232157465 tempest-AttachVolumeShelveTestJSON-1232157465-project] Notify callbacks ['neutron.plugins.ml2.ovo_rpc._ObjectChangeHandler.handle_event-615263'] for security_group_rule, after_create {{(pid=93896) _notify_loop /usr/local/lib/python3.8/dist-packages/neutron_lib/callbacks/manager.py:192}}
Aug 19 18:20:00.245217 dv-cinder-805072-3-smb neutron-server[93896]: DEBUG neutron.api.rpc.handlers.resources_rpc [None req-1bcb75f2-bcc6-4fd2-b685-25807cae1b6f tempest-AttachVolumeShelveTestJSON-1232157465 tempest-AttachVolumeShelveTestJSON-1232157465-project] Pushing event updated for resources: {'SecurityGroupRule': ['ID=070c8c1c-3e8d-47e0-8709-98cb6f844b91,revision_number=0']} {{(pid=93896) push /opt/stack/neutron/neutron/api/rpc/handlers/resources_rpc.py:237}}
Aug 19 18:20:00.249697 dv-cinder-805072-3-smb neutron-server[93896]: DEBUG neutron.api.rpc.handlers.resources_rpc [None req-b8b01df0-0f0f-4c3e-8656-34d1649c989b admin admin] Pushing event deleted for resources: {'SecurityGroup': ['ID=08a7e23c-d21d-4869-b254-1b2a22113d08,revision_number=None']} {{(pid=93896) push /opt/stack/neutron/neutron/api/rpc/handlers/resources_rpc.py:237}}
Aug 19 18:20:00.380124 dv-cinder-805072-3-smb neutron-server[93897]: INFO neutron.wsgi [req-d96a1528-2eee-4ee5-9b01-65f44157e26c req-3b32eed6-9abf-4a22-a1c6-e8e459de9690 tempest-ServerRescueNegativeTestJSON-1769173611 tempest-ServerRescueNegativeTestJSON-1769173611-project] 10.222.0.60 "GET /v2.0/ports?device_id=e453ad9a-c565-4d07-a5ca-97604c4ab55d HTTP/1.1" status: 200 len: 210 time: 0.1174207
Aug 19 18:20:00.381564 dv-cinder-805072-3-smb neutron-server[93896]: DEBUG neutron_lib.callbacks.manager [req-d22592ff-01af-4068-8505-59a5a091f80c req-c44e1473-2633-4b66-b917-661801c4fae9 tempest-ServerRescueNegativeTestJSON-1769173611 tempest-ServerRescueNegativeTestJSON-1769173611-project] Notify callbacks [] for port, precommit_create {{(pid=93896) _notify_loop /usr/local/lib/python3.8/dist-packages/neutron_lib/callbacks/manager.py:192}}
Aug 19 18:20:00.393427 dv-cinder-805072-3-smb neutron-server[93896]: DEBUG neutron_lib.callbacks.manager [None req-1bcb75f2-bcc6-4fd2-b685-25807cae1b6f tempest-AttachVolumeShelveTestJSON-1232157465 tempest-AttachVolumeShelveTestJSON-1232157465-project] Notify callbacks [] for security_group_rule, before_response {{(pid=93896) _notify_loop /usr/local/lib/python3.8/dist-packages/neutron_lib/callbacks/manager.py:192}}
Aug 19 18:20:00.395611 dv-cinder-805072-3-smb neutron-server[93896]: INFO neutron.wsgi [None req-1bcb75f2-bcc6-4fd2-b685-25807cae1b6f tempest-AttachVolumeShelveTestJSON-1232157465 tempest-AttachVolumeShelveTestJSON-1232157465-project] 10.222.0.60 "POST /v2.0/security-group-rules HTTP/1.1" status: 201 len: 764 time: 0.9327779
Aug 19 18:20:00.398571 dv-cinder-805072-3-smb neutron-server[93897]: DEBUG neutron.wsgi [-] (93897) accepted ('10.222.0.60', 60468) {{(pid=93897) server /usr/local/lib/python3.8/dist-packages/eventlet/wsgi.py:982}}
Aug 19 18:20:00.406065 dv-cinder-805072-3-smb neutron-server[93897]: DEBUG neutron.api.v2.base [None req-9ee393c5-4144-4066-962c-c7fd54c3a2e9 tempest-AttachVolumeShelveTestJSON-1232157465 tempest-AttachVolumeShelveTestJSON-1232157465-project] Request body: {'security_group_rule': {'security_group_id': '20e2778a-e876-4bb0-8677-7d85cb5c8928', 'protocol': 'icmp', 'ethertype': 'IPv4', 'direction': 'ingress'}} {{(pid=93897) prepare_request_body /opt/stack/neutron/neutron/api/v2/base.py:730}}
Aug 19 18:20:00.465976 dv-cinder-805072-3-smb neutron-server[93897]: DEBUG neutron.api.v2.base [req-168099dd-979e-46be-816e-cb112c967568 req-a9134f5b-16f4-4a33-b10b-cb9bc539a955 service neutron] Request body: {'port': {'device_id': '919d9311-a7f5-4bcd-93c8-4434c7b93146', 'device_owner': 'compute:nova', 'binding:host_id': 'hv-cinder-80507'}} {{(pid=93897) prepare_request_body /opt/stack/neutron/neutron/api/v2/base.py:730}}
Aug 19 18:20:00.539591 dv-cinder-805072-3-smb neutron-server[93896]: DEBUG neutron_lib.callbacks.manager [req-d22592ff-01af-4068-8505-59a5a091f80c req-c44e1473-2633-4b66-b917-661801c4fae9 tempest-ServerRescueNegativeTestJSON-1769173611 tempest-ServerRescueNegativeTestJSON-1769173611-project] Notify callbacks ['neutron.plugins.ml2.plugin.SecurityGroupServerNotifierRpcMixin._notify_sg_on_port_change-1428448', 'neutron.plugins.ml2.ovo_rpc._ObjectChangeHandler.handle_event-72865', 'neutron.api.rpc.agentnotifiers.dhcp_rpc_agent_api.DhcpAgentNotifyAPI._native_event_send_dhcp_notification-539440', 'neutron.db.l3_dvrscheduler_db._notify_l3_agent_new_port-8769077988163', 'neutron.services.segments.plugin.NovaSegmentNotifier._notify_port_created_or_deleted-7112319'] for port, after_create {{(pid=93896) _notify_loop /usr/local/lib/python3.8/dist-packages/neutron_lib/callbacks/manager.py:192}}
Aug 19 18:20:00.809640 dv-cinder-805072-3-smb neutron-server[93896]: DEBUG neutron.pecan_wsgi.hooks.policy_enforcement [req-38843696-0919-4cb1-b943-da257ec03809 req-cd597cb6-7ac2-43ad-be2d-f0b82ad26f06 service neutron] Attributes excluded by policy engine: ['standard_attr_id', 'shared', 'segment_id'] {{(pid=93896) _exclude_attributes_by_policy /opt/stack/neutron/neutron/pecan_wsgi/hooks/policy_enforcement.py:255}}
Aug 19 18:20:00.812472 dv-cinder-805072-3-smb neutron-server[93896]: INFO neutron.wsgi [req-38843696-0919-4cb1-b943-da257ec03809 req-cd597cb6-7ac2-43ad-be2d-f0b82ad26f06 service neutron] 10.222.0.65 "GET /v2.0/subnets?id=70b060d3-cc1e-48eb-a5e2-564f5fbe4ad1 HTTP/1.1" status: 200 len: 854 time: 0.3008831
Aug 19 18:20:00.813785 dv-cinder-805072-3-smb neutron-server[93896]: DEBUG neutron.scheduler.dhcp_agent_scheduler [req-d22592ff-01af-4068-8505-59a5a091f80c req-c44e1473-2633-4b66-b917-661801c4fae9 tempest-ServerRescueNegativeTestJSON-1769173611 tempest-ServerRescueNegativeTestJSON-1769173611-project] Network 482d39a3-62fa-488e-95ef-e394765083c3 is already hosted by enough agents. {{(pid=93896) _get_dhcp_agents_hosting_network /opt/stack/neutron/neutron/scheduler/dhcp_agent_scheduler.py:275}}
Aug 19 18:20:00.832394 dv-cinder-805072-3-smb neutron-server[93896]: DEBUG neutron.api.rpc.handlers.resources_rpc [None req-c44e1473-2633-4b66-b917-661801c4fae9 tempest-ServerRescueNegativeTestJSON-1769173611 tempest-ServerRescueNegativeTestJSON-1769173611-project] Pushing event updated for resources: {'Port': ['ID=4c63b5fe-f3d3-4890-a698-6173b6e0e323,revision_number=1']} {{(pid=93896) push /opt/stack/neutron/neutron/api/rpc/handlers/resources_rpc.py:237}}
Aug 19 18:20:00.833639 dv-cinder-805072-3-smb neutron-server[93896]: DEBUG neutron.pecan_wsgi.hooks.policy_enforcement [req-a7ecd406-6625-4658-b351-8fda3da8cf3f req-6004f03b-5a50-4be7-bdd3-e69eddcdacb3 service neutron] Attributes excluded by policy engine: ['standard_attr_id'] {{(pid=93896) _exclude_attributes_by_policy /opt/stack/neutron/neutron/pecan_wsgi/hooks/policy_enforcement.py:255}}
Aug 19 18:20:00.837847 dv-cinder-805072-3-smb neutron-server[93896]: INFO neutron.wsgi [req-a7ecd406-6625-4658-b351-8fda3da8cf3f req-6004f03b-5a50-4be7-bdd3-e69eddcdacb3 service neutron] 10.222.0.65 "GET /v2.0/ports?tenant_id=7db5d458e07640e2b8d2c98adff28ca6&device_id=6a1ad795-422a-4adc-8104-0148624a7e17 HTTP/1.1" status: 200 len: 1097 time: 0.3099947
Aug 19 18:20:00.837847 dv-cinder-805072-3-smb neutron-server[93896]: DEBUG neutron.scheduler.base_scheduler [req-d22592ff-01af-4068-8505-59a5a091f80c req-c44e1473-2633-4b66-b917-661801c4fae9 tempest-ServerRescueNegativeTestJSON-1769173611 tempest-ServerRescueNegativeTestJSON-1769173611-project] Resources bound (agent type, host, resource id): {{(pid=93896) schedule /opt/stack/neutron/neutron/scheduler/base_scheduler.py:57}}
Aug 19 18:20:00.844195 dv-cinder-805072-3-smb neutron-server[93896]: DEBUG neutron.db.l3_dvrscheduler_db [req-d22592ff-01af-4068-8505-59a5a091f80c req-c44e1473-2633-4b66-b917-661801c4fae9 tempest-ServerRescueNegativeTestJSON-1769173611 tempest-ServerRescueNegativeTestJSON-1769173611-project] Received port after_create {{(pid=93896) _notify_l3_agent_new_port /opt/stack/neutron/neutron/db/l3_dvrscheduler_db.py:535}}
Aug 19 18:20:00.891006 dv-cinder-805072-3-smb neutron-server[93897]: DEBUG neutron_lib.callbacks.manager [None req-9ee393c5-4144-4066-962c-c7fd54c3a2e9 tempest-AttachVolumeShelveTestJSON-1232157465 tempest-AttachVolumeShelveTestJSON-1232157465-project] Notify callbacks [] for security_group_rule, before_create {{(pid=93897) _notify_loop /usr/local/lib/python3.8/dist-packages/neutron_lib/callbacks/manager.py:192}}
Aug 19 18:20:00.939021 dv-cinder-805072-3-smb neutron-server[93896]: DEBUG neutron.pecan_wsgi.hooks.policy_enforcement [req-d22592ff-01af-4068-8505-59a5a091f80c req-c44e1473-2633-4b66-b917-661801c4fae9 tempest-ServerRescueNegativeTestJSON-1769173611 tempest-ServerRescueNegativeTestJSON-1769173611-project] Attributes excluded by policy engine: ['standard_attr_id', 'binding:profile', 'binding:host_id', 'binding:vif_type', 'binding:vif_details', 'network'] {{(pid=93896) _exclude_attributes_by_policy /opt/stack/neutron/neutron/pecan_wsgi/hooks/policy_enforcement.py:255}}
Aug 19 18:20:00.946973 dv-cinder-805072-3-smb neutron-server[93896]: DEBUG neutron_lib.callbacks.manager [req-d22592ff-01af-4068-8505-59a5a091f80c req-c44e1473-2633-4b66-b917-661801c4fae9 tempest-ServerRescueNegativeTestJSON-1769173611 tempest-ServerRescueNegativeTestJSON-1769173611-project] Notify callbacks ['neutron.notifiers.nova.Notifier._send_nova_notification-58876', 'neutron.api.rpc.agentnotifiers.dhcp_rpc_agent_api.DhcpAgentNotifyAPI._send_dhcp_notification-539430'] for port, before_response {{(pid=93896) _notify_loop /usr/local/lib/python3.8/dist-packages/neutron_lib/callbacks/manager.py:192}}
Aug 19 18:20:00.990268 dv-cinder-805072-3-smb neutron-server[93897]: DEBUG neutron_lib.callbacks.manager [req-168099dd-979e-46be-816e-cb112c967568 req-a9134f5b-16f4-4a33-b10b-cb9bc539a955 service neutron] Notify callbacks ['neutron.plugins.ml2.plugin.SecurityGroupDbMixin._ensure_default_security_group_handler-1428385'] for port, before_update {{(pid=93897) _notify_loop /usr/local/lib/python3.8/dist-packages/neutron_lib/callbacks/manager.py:192}}
Aug 19 18:20:01.028806 dv-cinder-805072-3-smb neutron-server[93897]: DEBUG neutron.pecan_wsgi.hooks.policy_enforcement [req-58d2462f-bb63-4e59-b94b-3d1ac346dd5d req-e4561321-fc58-4092-938f-e3e1675724be tempest-AttachVolumeNegativeTest-1587077616 tempest-AttachVolumeNegativeTest-1587077616-project] Attributes excluded by policy engine: ['standard_attr_id', 'binding:profile', 'binding:host_id', 'binding:vif_type', 'binding:vif_details'] {{(pid=93897) _exclude_attributes_by_policy /opt/stack/neutron/neutron/pecan_wsgi/hooks/policy_enforcement.py:255}}
Aug 19 18:20:01.030668 dv-cinder-805072-3-smb neutron-server[93897]: INFO neutron.wsgi [req-58d2462f-bb63-4e59-b94b-3d1ac346dd5d req-e4561321-fc58-4092-938f-e3e1675724be tempest-AttachVolumeNegativeTest-1587077616 tempest-AttachVolumeNegativeTest-1587077616-project] 10.222.0.60 "GET /v2.0/ports?device_id=082eabc8-a98a-4558-9d23-c8e4c35eeb3c HTTP/1.1" status: 200 len: 943 time: 0.3970006
Aug 19 18:20:01.045096 dv-cinder-805072-3-smb neutron-server[93896]: INFO neutron.wsgi [req-38843696-0919-4cb1-b943-da257ec03809 req-63f25556-610d-467c-b7c6-5f9dea094416 service neutron] 10.222.0.65 "GET /v2.0/ports?network_id=7f9be4d3-7bff-4cd0-9731-c256c9ea9bd6&device_owner=network%3Adhcp HTTP/1.1" status: 200 len: 210 time: 0.0809071
Aug 19 18:20:01.069079 dv-cinder-805072-3-smb neutron-server[93896]: INFO neutron.wsgi [req-d22592ff-01af-4068-8505-59a5a091f80c req-c44e1473-2633-4b66-b917-661801c4fae9 tempest-ServerRescueNegativeTestJSON-1769173611 tempest-ServerRescueNegativeTestJSON-1769173611-project] 10.222.0.65 "POST /v2.0/ports HTTP/1.1" status: 201 len: 933 time: 2.8044667
Aug 19 18:20:01.167321 dv-cinder-805072-3-smb neutron-server[93896]: DEBUG neutron.api.v2.base [req-d22592ff-01af-4068-8505-59a5a091f80c req-ad73929b-ac68-4449-ba47-2d78a53ddb5d service neutron] Request body: {'port': {'device_id': 'e453ad9a-c565-4d07-a5ca-97604c4ab55d', 'device_owner': 'compute:nova', 'binding:host_id': 'hv-cinder-80507'}} {{(pid=93896) prepare_request_body /opt/stack/neutron/neutron/api/v2/base.py:730}}
Aug 19 18:20:01.307977 dv-cinder-805072-3-smb neutron-server[93897]: INFO neutron.wsgi [req-58d2462f-bb63-4e59-b94b-3d1ac346dd5d req-92b0a48d-365c-430d-8d92-94b2cee9f735 tempest-AttachVolumeNegativeTest-1587077616 tempest-AttachVolumeNegativeTest-1587077616-project] 10.222.0.60 "GET /v2.0/security-groups?id=af67c545-b7b6-420f-9260-d69f2fcf8642&fields=id&fields=name HTTP/1.1" status: 200 len: 286 time: 0.2460985
Aug 19 18:20:01.434567 dv-cinder-805072-3-smb neutron-server[93897]: DEBUG neutron_lib.callbacks.manager [None req-9ee393c5-4144-4066-962c-c7fd54c3a2e9 tempest-AttachVolumeShelveTestJSON-1232157465 tempest-AttachVolumeShelveTestJSON-1232157465-project] Notify callbacks [] for security_group_rule, precommit_create {{(pid=93897) _notify_loop /usr/local/lib/python3.8/dist-packages/neutron_lib/callbacks/manager.py:192}}
Aug 19 18:20:01.448821 dv-cinder-805072-3-smb neutron-server[93896]: DEBUG neutron_lib.callbacks.manager [req-d22592ff-01af-4068-8505-59a5a091f80c req-ad73929b-ac68-4449-ba47-2d78a53ddb5d service neutron] Notify callbacks ['neutron.plugins.ml2.plugin.SecurityGroupDbMixin._ensure_default_security_group_handler-1428385'] for port, before_update {{(pid=93896) _notify_loop /usr/local/lib/python3.8/dist-packages/neutron_lib/callbacks/manager.py:192}}
Aug 19 18:20:01.454830 dv-cinder-805072-3-smb neutron-server[93897]: DEBUG neutron.pecan_wsgi.hooks.policy_enforcement [req-8d01d610-41f1-4b01-b964-d794ae6cbb78 req-adfad082-35b4-4c5d-90d6-f552a7562bb7 tempest-DeleteServersTestJSON-907222318 tempest-DeleteServersTestJSON-907222318-project] Attributes excluded by policy engine: ['standard_attr_id', 'binding:profile', 'binding:host_id', 'binding:vif_type', 'binding:vif_details'] {{(pid=93897) _exclude_attributes_by_policy /opt/stack/neutron/neutron/pecan_wsgi/hooks/policy_enforcement.py:255}}
Aug 19 18:20:01.458703 dv-cinder-805072-3-smb neutron-server[93897]: INFO neutron.wsgi [req-8d01d610-41f1-4b01-b964-d794ae6cbb78 req-adfad082-35b4-4c5d-90d6-f552a7562bb7 tempest-DeleteServersTestJSON-907222318 tempest-DeleteServersTestJSON-907222318-project] 10.222.0.60 "GET /v2.0/ports?device_id=6a1ad795-422a-4adc-8104-0148624a7e17 HTTP/1.1" status: 200 len: 944 time: 0.5704203
Aug 19 18:20:01.469754 dv-cinder-805072-3-smb neutron-server[93897]: DEBUG neutron_lib.callbacks.manager [None req-9ee393c5-4144-4066-962c-c7fd54c3a2e9 tempest-AttachVolumeShelveTestJSON-1232157465 tempest-AttachVolumeShelveTestJSON-1232157465-project] Notify callbacks ['neutron.plugins.ml2.ovo_rpc._ObjectChangeHandler.handle_event-615263'] for security_group_rule, after_create {{(pid=93897) _notify_loop /usr/local/lib/python3.8/dist-packages/neutron_lib/callbacks/manager.py:192}}
Aug 19 18:20:01.502224 dv-cinder-805072-3-smb neutron-server[93896]: DEBUG neutron.pecan_wsgi.hooks.policy_enforcement [req-a7ecd406-6625-4658-b351-8fda3da8cf3f req-83c72ecd-c7c0-4caf-ae2c-5d9c906ebeb5 service neutron] Attributes excluded by policy engine: ['standard_attr_id', 'vlan_transparent'] {{(pid=93896) _exclude_attributes_by_policy /opt/stack/neutron/neutron/pecan_wsgi/hooks/policy_enforcement.py:255}}
Aug 19 18:20:01.521322 dv-cinder-805072-3-smb neutron-server[93896]: INFO neutron.wsgi [req-a7ecd406-6625-4658-b351-8fda3da8cf3f req-83c72ecd-c7c0-4caf-ae2c-5d9c906ebeb5 service neutron] 10.222.0.65 "GET /v2.0/networks?id=c3c264f2-cc58-4370-9629-f1ff028dca7d HTTP/1.1" status: 200 len: 913 time: 0.5354125
Aug 19 18:20:01.530169 dv-cinder-805072-3-smb neutron-server[93896]: INFO neutron.wsgi [req-38843696-0919-4cb1-b943-da257ec03809 req-3ff390c2-f0b9-4ee3-8ac9-6f51fe515ec5 service neutron] 10.222.0.65 "GET /v2.0/networks/7f9be4d3-7bff-4cd0-9731-c256c9ea9bd6?fields=segments HTTP/1.1" status: 200 len: 212 time: 0.4593520
Aug 19 18:20:01.595028 dv-cinder-805072-3-smb neutron-server[93897]: DEBUG neutron_lib.callbacks.manager [None req-9ee393c5-4144-4066-962c-c7fd54c3a2e9 tempest-AttachVolumeShelveTestJSON-1232157465 tempest-AttachVolumeShelveTestJSON-1232157465-project] Notify callbacks [] for security_group_rule, before_response {{(pid=93897) _notify_loop /usr/local/lib/python3.8/dist-packages/neutron_lib/callbacks/manager.py:192}}
Aug 19 18:20:01.602568 dv-cinder-805072-3-smb neutron-server[93897]: INFO neutron.wsgi [None req-9ee393c5-4144-4066-962c-c7fd54c3a2e9 tempest-AttachVolumeShelveTestJSON-1232157465 tempest-AttachVolumeShelveTestJSON-1232157465-project] 10.222.0.60 "POST /v2.0/security-group-rules HTTP/1.1" status: 201 len: 769 time: 1.2006083
Aug 19 18:20:01.602568 dv-cinder-805072-3-smb neutron-server[93897]: DEBUG neutron.api.rpc.handlers.resources_rpc [None req-9ee393c5-4144-4066-962c-c7fd54c3a2e9 tempest-AttachVolumeShelveTestJSON-1232157465 tempest-AttachVolumeShelveTestJSON-1232157465-project] Pushing event updated for resources: {'SecurityGroupRule': ['ID=bb560fb8-ba6d-4976-bcb6-183c422dcba6,revision_number=0']} {{(pid=93897) push /opt/stack/neutron/neutron/api/rpc/handlers/resources_rpc.py:237}}
Aug 19 18:20:01.603550 dv-cinder-805072-3-smb neutron-server[93896]: DEBUG neutron.wsgi [-] (93896) accepted ('10.222.0.60', 60506) {{(pid=93896) server /usr/local/lib/python3.8/dist-packages/eventlet/wsgi.py:982}}
Aug 19 18:20:01.618771 dv-cinder-805072-3-smb neutron-server[93896]: DEBUG neutron.api.v2.base [None req-e11b69fb-a750-42ec-b39b-d694e5f41de2 tempest-AttachVolumeShelveTestJSON-1232157465 tempest-AttachVolumeShelveTestJSON-1232157465-project] Request body: {'floatingip': {'floating_network_id': 'a903b41a-2920-44f9-af12-e83a6a41f7d4'}} {{(pid=93896) prepare_request_body /opt/stack/neutron/neutron/api/v2/base.py:730}}
Aug 19 18:20:01.656490 dv-cinder-805072-3-smb neutron-server[93897]: INFO neutron.wsgi [req-8d01d610-41f1-4b01-b964-d794ae6cbb78 req-768fc27d-6a2e-43cd-852c-7a0392eea239 tempest-DeleteServersTestJSON-907222318 tempest-DeleteServersTestJSON-907222318-project] 10.222.0.60 "GET /v2.0/security-groups?id=a30ec8d6-43dd-4c26-b9f3-6001077bdb58&fields=id&fields=name HTTP/1.1" status: 200 len: 286 time: 0.1525776
Aug 19 18:20:01.712570 dv-cinder-805072-3-smb neutron-server[93897]: DEBUG neutron.pecan_wsgi.hooks.policy_enforcement [req-02b1e490-19a5-483c-9c28-237c0f9aa3a0 req-ed1f2bf1-e110-4255-bd2c-5cd23f2cbcc9 tempest-ServerRescueNegativeTestJSON-1769173611 tempest-ServerRescueNegativeTestJSON-1769173611-project] Attributes excluded by policy engine: ['standard_attr_id', 'binding:profile', 'binding:host_id', 'binding:vif_type', 'binding:vif_details'] {{(pid=93897) _exclude_attributes_by_policy /opt/stack/neutron/neutron/pecan_wsgi/hooks/policy_enforcement.py:255}}
Aug 19 18:20:01.722339 dv-cinder-805072-3-smb neutron-server[93897]: INFO neutron.wsgi [req-02b1e490-19a5-483c-9c28-237c0f9aa3a0 req-ed1f2bf1-e110-4255-bd2c-5cd23f2cbcc9 tempest-ServerRescueNegativeTestJSON-1769173611 tempest-ServerRescueNegativeTestJSON-1769173611-project] 10.222.0.60 "GET /v2.0/ports?device_id=e453ad9a-c565-4d07-a5ca-97604c4ab55d HTTP/1.1" status: 200 len: 931 time: 0.2145965
Aug 19 18:20:01.812616 dv-cinder-805072-3-smb neutron-server[93897]: INFO neutron.wsgi [req-02b1e490-19a5-483c-9c28-237c0f9aa3a0 req-3bc95444-4819-4cd9-b2d4-9626bd743f5e tempest-ServerRescueNegativeTestJSON-1769173611 tempest-ServerRescueNegativeTestJSON-1769173611-project] 10.222.0.60 "GET /v2.0/security-groups?id=9edfca08-1702-437d-bdde-11038ab5e41b&fields=id&fields=name HTTP/1.1" status: 200 len: 286 time: 0.0892134
Aug 19 18:20:01.872340 dv-cinder-805072-3-smb neutron-server[93897]: DEBUG neutron.notifiers.nova [req-168099dd-979e-46be-816e-cb112c967568 req-a9134f5b-16f4-4a33-b10b-cb9bc539a955 service neutron] Ignoring state change previous_port_status: DOWN current_port_status: DOWN port_id 15369e70-5d73-44e9-a37b-9f4e30a4c0c2 {{(pid=93897) record_port_status_changed /opt/stack/neutron/neutron/notifiers/nova.py:224}}
Aug 19 18:20:01.880811 dv-cinder-805072-3-smb neutron-server[93897]: DEBUG neutron_lib.callbacks.manager [req-168099dd-979e-46be-816e-cb112c967568 req-a9134f5b-16f4-4a33-b10b-cb9bc539a955 service neutron] Notify callbacks [] for port, precommit_update {{(pid=93897) _notify_loop /usr/local/lib/python3.8/dist-packages/neutron_lib/callbacks/manager.py:192}}
Aug 19 18:20:01.896114 dv-cinder-805072-3-smb neutron-server[93897]: DEBUG neutron.db.provisioning_blocks [req-168099dd-979e-46be-816e-cb112c967568 req-a9134f5b-16f4-4a33-b10b-cb9bc539a955 service neutron] Transition to ACTIVE for port object 15369e70-5d73-44e9-a37b-9f4e30a4c0c2 will not be triggered until provisioned by entity L2. {{(pid=93897) add_provisioning_component /opt/stack/neutron/neutron/db/provisioning_blocks.py:73}}
Aug 19 18:20:01.901474 dv-cinder-805072-3-smb neutron-server[93897]: DEBUG neutron_lib.callbacks.manager [req-168099dd-979e-46be-816e-cb112c967568 req-a9134f5b-16f4-4a33-b10b-cb9bc539a955 service neutron] Notify callbacks ['neutron.plugins.ml2.plugin.SecurityGroupServerNotifierRpcMixin._notify_sg_on_port_change-1428448', 'neutron.plugins.ml2.ovo_rpc._ObjectChangeHandler.handle_event-72865', 'neutron.api.rpc.agentnotifiers.dhcp_rpc_agent_api.DhcpAgentNotifyAPI._native_event_send_dhcp_notification-539440', 'neutron.db.l3_db.L3RpcNotifierMixin._notify_gateway_port_ip_changed-8769078427248', 'neutron.db.l3_dvrscheduler_db._notify_l3_agent_port_update-8769077988181', 'neutron.db.l3_hascheduler_db._notify_l3_agent_ha_port_update-8769077988199', 'neutron.services.segments.plugin.NovaSegmentNotifier._notify_port_updated-6826198'] for port, after_update {{(pid=93897) _notify_loop /usr/local/lib/python3.8/dist-packages/neutron_lib/callbacks/manager.py:192}}
Aug 19 18:20:01.978489 dv-cinder-805072-3-smb neutron-server[93896]: INFO neutron.wsgi [req-a7ecd406-6625-4658-b351-8fda3da8cf3f req-e5229222-a7c9-4db0-9ef9-9525f72bfd4f service neutron] 10.222.0.65 "GET /v2.0/floatingips?fixed_ip_address=172.20.0.12&port_id=f46bfccb-c734-460a-be07-b779bb0b9522 HTTP/1.1" status: 200 len: 217 time: 0.3407488
Aug 19 18:20:01.983572 dv-cinder-805072-3-smb neutron-server[93897]: DEBUG neutron.wsgi [-] (93897) accepted ('10.222.0.60', 60522) {{(pid=93897) server /usr/local/lib/python3.8/dist-packages/eventlet/wsgi.py:982}}
Aug 19 18:20:02.045018 dv-cinder-805072-3-smb neutron-server[93897]: DEBUG neutron.api.rpc.handlers.resources_rpc [None req-a9134f5b-16f4-4a33-b10b-cb9bc539a955 service neutron] Pushing event updated for resources: {'Port': ['ID=15369e70-5d73-44e9-a37b-9f4e30a4c0c2,revision_number=2']} {{(pid=93897) push /opt/stack/neutron/neutron/api/rpc/handlers/resources_rpc.py:237}}
Aug 19 18:20:02.055539 dv-cinder-805072-3-smb neutron-server[93896]: DEBUG neutron_lib.callbacks.manager [None req-e11b69fb-a750-42ec-b39b-d694e5f41de2 tempest-AttachVolumeShelveTestJSON-1232157465 tempest-AttachVolumeShelveTestJSON-1232157465-project] Notify callbacks [] for floatingip, before_create {{(pid=93896) _notify_loop /usr/local/lib/python3.8/dist-packages/neutron_lib/callbacks/manager.py:192}}
Aug 19 18:20:02.093296 dv-cinder-805072-3-smb neutron-server[93897]: DEBUG neutron.plugins.ml2.managers [req-168099dd-979e-46be-816e-cb112c967568 req-a9134f5b-16f4-4a33-b10b-cb9bc539a955 service neutron] Attempting to bind port 15369e70-5d73-44e9-a37b-9f4e30a4c0c2 on host hv-cinder-80507 for vnic_type normal with profile {{(pid=93897) bind_port /opt/stack/neutron/neutron/plugins/ml2/managers.py:790}}
Aug 19 18:20:02.093661 dv-cinder-805072-3-smb neutron-server[93897]: DEBUG neutron.plugins.ml2.managers [req-168099dd-979e-46be-816e-cb112c967568 req-a9134f5b-16f4-4a33-b10b-cb9bc539a955 service neutron] Attempting to bind port 15369e70-5d73-44e9-a37b-9f4e30a4c0c2 by drivers openvswitch,hyperv on host hv-cinder-80507 at level 0 using segments [{'id': '9dab59ff-2173-4700-983e-edd06df76ffa', 'network_type': 'vlan', 'physical_network': 'physnet1', 'segmentation_id': 940, 'network_id': '482d39a3-62fa-488e-95ef-e394765083c3'}] {{(pid=93897) _bind_port_level /opt/stack/neutron/neutron/plugins/ml2/managers.py:815}}
Aug 19 18:20:02.094161 dv-cinder-805072-3-smb neutron-server[93897]: DEBUG neutron.plugins.ml2.drivers.mech_agent [req-168099dd-979e-46be-816e-cb112c967568 req-a9134f5b-16f4-4a33-b10b-cb9bc539a955 service neutron] Attempting to bind port 15369e70-5d73-44e9-a37b-9f4e30a4c0c2 on network 482d39a3-62fa-488e-95ef-e394765083c3 {{(pid=93897) bind_port /opt/stack/neutron/neutron/plugins/ml2/drivers/mech_agent.py:85}}
Aug 19 18:20:02.101493 dv-cinder-805072-3-smb neutron-server[93897]: DEBUG neutron.plugins.ml2.drivers.mech_agent [req-168099dd-979e-46be-816e-cb112c967568 req-a9134f5b-16f4-4a33-b10b-cb9bc539a955 service neutron] Port 15369e70-5d73-44e9-a37b-9f4e30a4c0c2 on network 482d39a3-62fa-488e-95ef-e394765083c3 not bound, no agent of type Open vSwitch agent registered on host hv-cinder-80507 {{(pid=93897) bind_port /opt/stack/neutron/neutron/plugins/ml2/drivers/mech_agent.py:97}}
Aug 19 18:20:02.101978 dv-cinder-805072-3-smb neutron-server[93897]: DEBUG neutron.plugins.ml2.drivers.mech_agent [req-168099dd-979e-46be-816e-cb112c967568 req-a9134f5b-16f4-4a33-b10b-cb9bc539a955 service neutron] Attempting to bind port 15369e70-5d73-44e9-a37b-9f4e30a4c0c2 on network 482d39a3-62fa-488e-95ef-e394765083c3 {{(pid=93897) bind_port /opt/stack/neutron/neutron/plugins/ml2/drivers/mech_agent.py:85}}
Aug 19 18:20:02.114812 dv-cinder-805072-3-smb neutron-server[93897]: DEBUG neutron.plugins.ml2.drivers.mech_agent [req-168099dd-979e-46be-816e-cb112c967568 req-a9134f5b-16f4-4a33-b10b-cb9bc539a955 service neutron] Checking agent: {'id': 'c1af1af1-47cf-4b57-b489-33222aa08cc6', 'agent_type': 'HyperV agent', 'binary': 'neutron-hyperv-agent', 'topic': 'N/A', 'host': 'hv-cinder-80507', 'admin_state_up': True, 'created_at': datetime.datetime(2021, 8, 19, 18, 17, 41), 'started_at': datetime.datetime(2021, 8, 19, 18, 17, 41), 'heartbeat_timestamp': datetime.datetime(2021, 8, 19, 18, 19, 41), 'description': None, 'resources_synced': None, 'availability_zone': None, 'alive': True, 'configurations': {'vswitch_mappings': {'physnet1$': 'br-data'}}, 'resource_versions': {}} {{(pid=93897) bind_port /opt/stack/neutron/neutron/plugins/ml2/drivers/mech_agent.py:104}}
Aug 19 18:20:02.115486 dv-cinder-805072-3-smb neutron-server[93897]: DEBUG neutron.plugins.ml2.drivers.mech_agent [req-168099dd-979e-46be-816e-cb112c967568 req-a9134f5b-16f4-4a33-b10b-cb9bc539a955 service neutron] Checking segment: {'id': '9dab59ff-2173-4700-983e-edd06df76ffa', 'network_type': 'vlan', 'physical_network': 'physnet1', 'segmentation_id': 940, 'network_id': '482d39a3-62fa-488e-95ef-e394765083c3'} for mappings: {'physnet1$': 'br-data'} with network types: ['local', 'flat', 'vlan'] {{(pid=93897) check_segment_for_agent /opt/stack/neutron/neutron/plugins/ml2/drivers/mech_agent.py:352}}
Aug 19 18:20:02.116860 dv-cinder-805072-3-smb neutron-server[93897]: DEBUG neutron.plugins.ml2.drivers.mech_agent [req-168099dd-979e-46be-816e-cb112c967568 req-a9134f5b-16f4-4a33-b10b-cb9bc539a955 service neutron] Bound using segment: {'id': '9dab59ff-2173-4700-983e-edd06df76ffa', 'network_type': 'vlan', 'physical_network': 'physnet1', 'segmentation_id': 940, 'network_id': '482d39a3-62fa-488e-95ef-e394765083c3'} {{(pid=93897) bind_port /opt/stack/neutron/neutron/plugins/ml2/drivers/mech_agent.py:114}}
Aug 19 18:20:02.117542 dv-cinder-805072-3-smb neutron-server[93897]: DEBUG neutron.plugins.ml2.managers [req-168099dd-979e-46be-816e-cb112c967568 req-a9134f5b-16f4-4a33-b10b-cb9bc539a955 service neutron] Bound port: 15369e70-5d73-44e9-a37b-9f4e30a4c0c2, host: hv-cinder-80507, vif_type: hyperv, vif_details: {"connectivity": "legacy", "port_filter": false}, binding_levels: [{'bound_driver': 'hyperv', 'bound_segment': {'id': '9dab59ff-2173-4700-983e-edd06df76ffa', 'network_type': 'vlan', 'physical_network': 'physnet1', 'segmentation_id': 940, 'network_id': '482d39a3-62fa-488e-95ef-e394765083c3'}}] {{(pid=93897) _bind_port_level /opt/stack/neutron/neutron/plugins/ml2/managers.py:928}}
Aug 19 18:20:02.118463 dv-cinder-805072-3-smb neutron-server[93897]: DEBUG neutron_lib.callbacks.manager [req-168099dd-979e-46be-816e-cb112c967568 req-a9134f5b-16f4-4a33-b10b-cb9bc539a955 service neutron] Notify callbacks ['neutron.plugins.ml2.plugin.SecurityGroupDbMixin._ensure_default_security_group_handler-1428385'] for port, before_update {{(pid=93897) _notify_loop /usr/local/lib/python3.8/dist-packages/neutron_lib/callbacks/manager.py:192}}
Aug 19 18:20:02.136338 dv-cinder-805072-3-smb neutron-server[93897]: DEBUG neutron.api.v2.base [None req-5401cb80-8fcb-4073-a0b1-57314d97e8d8 admin admin] Request body: {'network': {'name': 'tempest-VolumesActionsTest-1392203505-network', 'tenant_id': '76872be1890343fa8045f4c44649cb77'}} {{(pid=93897) prepare_request_body /opt/stack/neutron/neutron/api/v2/base.py:730}}
Aug 19 18:20:02.180774 dv-cinder-805072-3-smb neutron-server[93896]: DEBUG neutron.pecan_wsgi.hooks.policy_enforcement [req-a7ecd406-6625-4658-b351-8fda3da8cf3f req-595a8816-c673-46b2-985c-3a48ef42bb17 service neutron] Attributes excluded by policy engine: ['standard_attr_id', 'shared', 'segment_id'] {{(pid=93896) _exclude_attributes_by_policy /opt/stack/neutron/neutron/pecan_wsgi/hooks/policy_enforcement.py:255}}
Aug 19 18:20:02.182706 dv-cinder-805072-3-smb neutron-server[93896]: INFO neutron.wsgi [req-a7ecd406-6625-4658-b351-8fda3da8cf3f req-595a8816-c673-46b2-985c-3a48ef42bb17 service neutron] 10.222.0.65 "GET /v2.0/subnets?id=e5ee9f54-b1b8-4456-8ec2-bf838f0d9f7f HTTP/1.1" status: 200 len: 852 time: 0.1758389
Aug 19 18:20:02.194623 dv-cinder-805072-3-smb neutron-server[93897]: DEBUG neutron.pecan_wsgi.hooks.quota_enforcement [None req-5401cb80-8fcb-4073-a0b1-57314d97e8d8 admin admin] Made reservation on behalf of 76872be1890343fa8045f4c44649cb77 for: {'network': 1} {{(pid=93897) before /opt/stack/neutron/neutron/pecan_wsgi/hooks/quota_enforcement.py:53}}
Aug 19 18:20:02.197217 dv-cinder-805072-3-smb neutron-server[93897]: DEBUG neutron_lib.callbacks.manager [None req-5401cb80-8fcb-4073-a0b1-57314d97e8d8 admin admin] Notify callbacks ['neutron.plugins.ml2.plugin.SecurityGroupDbMixin._ensure_default_security_group_handler-1428385'] for network, before_create {{(pid=93897) _notify_loop /usr/local/lib/python3.8/dist-packages/neutron_lib/callbacks/manager.py:192}}
Aug 19 18:20:02.209546 dv-cinder-805072-3-smb neutron-server[93897]: DEBUG neutron_lib.callbacks.manager [None req-5401cb80-8fcb-4073-a0b1-57314d97e8d8 admin admin] Notify callbacks [] for security_group, before_create {{(pid=93897) _notify_loop /usr/local/lib/python3.8/dist-packages/neutron_lib/callbacks/manager.py:192}}
Aug 19 18:20:02.239332 dv-cinder-805072-3-smb neutron-server[93896]: INFO neutron.wsgi [req-a7ecd406-6625-4658-b351-8fda3da8cf3f req-d6f8bd44-5f49-46ab-a850-dee623805cf3 service neutron] 10.222.0.65 "GET /v2.0/ports?network_id=c3c264f2-cc58-4370-9629-f1ff028dca7d&device_owner=network%3Adhcp HTTP/1.1" status: 200 len: 210 time: 0.0442991
Aug 19 18:20:02.246818 dv-cinder-805072-3-smb neutron-server[93896]: INFO neutron.wsgi [req-38843696-0919-4cb1-b943-da257ec03809 req-78f55920-f3ff-4adb-8fef-43bc53fe2b68 service neutron] 10.222.0.65 "GET /v2.0/networks/7f9be4d3-7bff-4cd0-9731-c256c9ea9bd6?fields=provider%3Aphysical_network&fields=provider%3Anetwork_type HTTP/1.1" status: 200 len: 281 time: 0.6115100
Aug 19 18:20:02.258004 dv-cinder-805072-3-smb neutron-server[93897]: DEBUG neutron.plugins.ml2.db [req-168099dd-979e-46be-816e-cb112c967568 req-a9134f5b-16f4-4a33-b10b-cb9bc539a955 service neutron] For port 15369e70-5d73-44e9-a37b-9f4e30a4c0c2, host hv-cinder-80507, cleared binding levels {{(pid=93897) clear_binding_levels /opt/stack/neutron/neutron/plugins/ml2/db.py:87}}
Aug 19 18:20:02.266526 dv-cinder-805072-3-smb neutron-server[93897]: DEBUG neutron.plugins.ml2.db [req-168099dd-979e-46be-816e-cb112c967568 req-a9134f5b-16f4-4a33-b10b-cb9bc539a955 service neutron] For port 15369e70-5d73-44e9-a37b-9f4e30a4c0c2, host hv-cinder-80507, set binding levels [PortBindingLevel(driver='hyperv',host='hv-cinder-80507',level=0,port_id=15369e70-5d73-44e9-a37b-9f4e30a4c0c2,segment=NetworkSegment(9dab59ff-2173-4700-983e-edd06df76ffa),segment_id=9dab59ff-2173-4700-983e-edd06df76ffa)] {{(pid=93897) set_binding_levels /opt/stack/neutron/neutron/plugins/ml2/db.py:59}}
Aug 19 18:20:02.276071 dv-cinder-805072-3-smb neutron-server[93897]: DEBUG neutron_lib.callbacks.manager [req-168099dd-979e-46be-816e-cb112c967568 req-a9134f5b-16f4-4a33-b10b-cb9bc539a955 service neutron] Notify callbacks ['neutron.plugins.ml2.plugin.SecurityGroupServerNotifierRpcMixin._notify_sg_on_port_change-1428448', 'neutron.plugins.ml2.ovo_rpc._ObjectChangeHandler.handle_event-72865', 'neutron.api.rpc.agentnotifiers.dhcp_rpc_agent_api.DhcpAgentNotifyAPI._native_event_send_dhcp_notification-539440', 'neutron.db.l3_db.L3RpcNotifierMixin._notify_gateway_port_ip_changed-8769078427248', 'neutron.db.l3_dvrscheduler_db._notify_l3_agent_port_update-8769077988181', 'neutron.db.l3_hascheduler_db._notify_l3_agent_ha_port_update-8769077988199', 'neutron.services.segments.plugin.NovaSegmentNotifier._notify_port_updated-6826198'] for port, after_update {{(pid=93897) _notify_loop /usr/local/lib/python3.8/dist-packages/neutron_lib/callbacks/manager.py:192}}
Aug 19 18:20:02.351562 dv-cinder-805072-3-smb neutron-server[93897]: DEBUG neutron.pecan_wsgi.hooks.policy_enforcement [req-168099dd-979e-46be-816e-cb112c967568 req-a9134f5b-16f4-4a33-b10b-cb9bc539a955 service neutron] Attributes excluded by policy engine: ['standard_attr_id'] {{(pid=93897) _exclude_attributes_by_policy /opt/stack/neutron/neutron/pecan_wsgi/hooks/policy_enforcement.py:255}}
Aug 19 18:20:02.352188 dv-cinder-805072-3-smb neutron-server[93897]: DEBUG neutron_lib.callbacks.manager [req-168099dd-979e-46be-816e-cb112c967568 req-a9134f5b-16f4-4a33-b10b-cb9bc539a955 service neutron] Notify callbacks ['neutron.notifiers.nova.Notifier._send_nova_notification-58876', 'neutron.api.rpc.agentnotifiers.dhcp_rpc_agent_api.DhcpAgentNotifyAPI._send_dhcp_notification-539430'] for port, before_response {{(pid=93897) _notify_loop /usr/local/lib/python3.8/dist-packages/neutron_lib/callbacks/manager.py:192}}
Aug 19 18:20:02.353613 dv-cinder-805072-3-smb neutron-server[93897]: INFO neutron.wsgi [req-168099dd-979e-46be-816e-cb112c967568 req-a9134f5b-16f4-4a33-b10b-cb9bc539a955 service neutron] 10.222.0.65 "PUT /v2.0/ports/15369e70-5d73-44e9-a37b-9f4e30a4c0c2 HTTP/1.1" status: 200 len: 1093 time: 1.9072042
Aug 19 18:20:02.357608 dv-cinder-805072-3-smb neutron-server[93897]: DEBUG neutron.notifiers.nova [-] Sending events: [{'name': 'network-changed', 'server_uuid': '919d9311-a7f5-4bcd-93c8-4434c7b93146', 'tag': '15369e70-5d73-44e9-a37b-9f4e30a4c0c2'}] {{(pid=93897) send_events /opt/stack/neutron/neutron/notifiers/nova.py:262}}
Aug 19 18:20:02.486868 dv-cinder-805072-3-smb neutron-server[93896]: DEBUG neutron.pecan_wsgi.hooks.policy_enforcement [req-44748235-b70f-4b5e-b14b-1bf5ad284976 req-4cac77e0-4427-487c-b9f9-cf80c6e542d9 service neutron] Attributes excluded by policy engine: ['standard_attr_id'] {{(pid=93896) _exclude_attributes_by_policy /opt/stack/neutron/neutron/pecan_wsgi/hooks/policy_enforcement.py:255}}
Aug 19 18:20:02.488526 dv-cinder-805072-3-smb neutron-server[93896]: INFO neutron.wsgi [req-44748235-b70f-4b5e-b14b-1bf5ad284976 req-4cac77e0-4427-487c-b9f9-cf80c6e542d9 service neutron] 10.222.0.65 "GET /v2.0/ports?tenant_id=859c64280f5a489ba3e11171a58cd4e9&device_id=082eabc8-a98a-4558-9d23-c8e4c35eeb3c HTTP/1.1" status: 200 len: 1096 time: 0.1627924
Aug 19 18:20:02.491049 dv-cinder-805072-3-smb neutron-server[93897]: DEBUG neutron.api.rpc.handlers.resources_rpc [None req-a9134f5b-16f4-4a33-b10b-cb9bc539a955 service neutron] Pushing event updated for resources: {'Port': ['ID=15369e70-5d73-44e9-a37b-9f4e30a4c0c2,revision_number=3']} {{(pid=93897) push /opt/stack/neutron/neutron/api/rpc/handlers/resources_rpc.py:237}}
Aug 19 18:20:02.500575 dv-cinder-805072-3-smb neutron-server[93896]: INFO neutron.wsgi [req-a7ecd406-6625-4658-b351-8fda3da8cf3f req-264f7e55-e43b-4f1e-bd3c-94b7a30411bb service neutron] 10.222.0.65 "GET /v2.0/networks/c3c264f2-cc58-4370-9629-f1ff028dca7d?fields=segments HTTP/1.1" status: 200 len: 212 time: 0.2525561
Aug 19 18:20:02.542265 dv-cinder-805072-3-smb neutron-server[93896]: DEBUG neutron.notifiers.nova [req-d22592ff-01af-4068-8505-59a5a091f80c req-ad73929b-ac68-4449-ba47-2d78a53ddb5d service neutron] Ignoring state change previous_port_status: DOWN current_port_status: DOWN port_id 4c63b5fe-f3d3-4890-a698-6173b6e0e323 {{(pid=93896) record_port_status_changed /opt/stack/neutron/neutron/notifiers/nova.py:224}}
Aug 19 18:20:02.596953 dv-cinder-805072-3-smb neutron-server[93897]: DEBUG neutron.pecan_wsgi.hooks.policy_enforcement [req-168099dd-979e-46be-816e-cb112c967568 req-00f7cb3a-a925-4ddd-b7dd-daae3938541f service neutron] Attributes excluded by policy engine: ['standard_attr_id'] {{(pid=93897) _exclude_attributes_by_policy /opt/stack/neutron/neutron/pecan_wsgi/hooks/policy_enforcement.py:255}}
Aug 19 18:20:02.598498 dv-cinder-805072-3-smb neutron-server[93897]: INFO neutron.wsgi [req-168099dd-979e-46be-816e-cb112c967568 req-00f7cb3a-a925-4ddd-b7dd-daae3938541f service neutron] 10.222.0.65 "GET /v2.0/ports?tenant_id=a9d8ea9a89414e4d80afb3edcc535539&device_id=919d9311-a7f5-4bcd-93c8-4434c7b93146 HTTP/1.1" status: 200 len: 1096 time: 0.1720374
Aug 19 18:20:02.602786 dv-cinder-805072-3-smb neutron-server[93896]: DEBUG neutron_lib.callbacks.manager [req-d22592ff-01af-4068-8505-59a5a091f80c req-ad73929b-ac68-4449-ba47-2d78a53ddb5d service neutron] Notify callbacks [] for port, precommit_update {{(pid=93896) _notify_loop /usr/local/lib/python3.8/dist-packages/neutron_lib/callbacks/manager.py:192}}
Aug 19 18:20:02.670196 dv-cinder-805072-3-smb neutron-server[93896]: DEBUG neutron_lib.callbacks.manager [None req-e11b69fb-a750-42ec-b39b-d694e5f41de2 tempest-AttachVolumeShelveTestJSON-1232157465 tempest-AttachVolumeShelveTestJSON-1232157465-project] Notify callbacks ['neutron.plugins.ml2.plugin.SecurityGroupDbMixin._ensure_default_security_group_handler-1428385'] for port, before_create {{(pid=93896) _notify_loop /usr/local/lib/python3.8/dist-packages/neutron_lib/callbacks/manager.py:192}}
Aug 19 18:20:02.677176 dv-cinder-805072-3-smb neutron-server[93896]: DEBUG neutron.db.provisioning_blocks [req-d22592ff-01af-4068-8505-59a5a091f80c req-ad73929b-ac68-4449-ba47-2d78a53ddb5d service neutron] Transition to ACTIVE for port object 4c63b5fe-f3d3-4890-a698-6173b6e0e323 will not be triggered until provisioned by entity L2. {{(pid=93896) add_provisioning_component /opt/stack/neutron/neutron/db/provisioning_blocks.py:73}}
Aug 19 18:20:02.690821 dv-cinder-805072-3-smb neutron-server[93896]: DEBUG neutron_lib.callbacks.manager [req-d22592ff-01af-4068-8505-59a5a091f80c req-ad73929b-ac68-4449-ba47-2d78a53ddb5d service neutron] Notify callbacks ['neutron.plugins.ml2.plugin.SecurityGroupServerNotifierRpcMixin._notify_sg_on_port_change-1428448', 'neutron.plugins.ml2.ovo_rpc._ObjectChangeHandler.handle_event-72865', 'neutron.api.rpc.agentnotifiers.dhcp_rpc_agent_api.DhcpAgentNotifyAPI._native_event_send_dhcp_notification-539440', 'neutron.db.l3_db.L3RpcNotifierMixin._notify_gateway_port_ip_changed-8769078427248', 'neutron.db.l3_dvrscheduler_db._notify_l3_agent_port_update-8769077988181', 'neutron.db.l3_hascheduler_db._notify_l3_agent_ha_port_update-8769077988199', 'neutron.services.segments.plugin.NovaSegmentNotifier._notify_port_updated-7112304'] for port, after_update {{(pid=93896) _notify_loop /usr/local/lib/python3.8/dist-packages/neutron_lib/callbacks/manager.py:192}}
Aug 19 18:20:02.708405 dv-cinder-805072-3-smb neutron-server[93897]: INFO neutron.wsgi [req-168099dd-979e-46be-816e-cb112c967568 req-bd4cdf6f-14ce-4126-9f36-58825119b24c service neutron] 10.222.0.65 "GET /v2.0/floatingips?fixed_ip_address=172.20.0.9&port_id=15369e70-5d73-44e9-a37b-9f4e30a4c0c2 HTTP/1.1" status: 200 len: 217 time: 0.0985820
Aug 19 18:20:02.727930 dv-cinder-805072-3-smb neutron-server[93897]: DEBUG neutron.pecan_wsgi.hooks.policy_enforcement [req-ff41abeb-9c65-4693-afa0-3bb5d73d1735 req-e639d38e-ff5f-40cf-86dd-2d0b84923771 tempest-AttachVolumeNegativeTest-1587077616 tempest-AttachVolumeNegativeTest-1587077616-project] Attributes excluded by policy engine: ['standard_attr_id', 'binding:profile', 'binding:host_id', 'binding:vif_type', 'binding:vif_details'] {{(pid=93897) _exclude_attributes_by_policy /opt/stack/neutron/neutron/pecan_wsgi/hooks/policy_enforcement.py:255}}
Aug 19 18:20:02.729539 dv-cinder-805072-3-smb neutron-server[93897]: INFO neutron.wsgi [req-ff41abeb-9c65-4693-afa0-3bb5d73d1735 req-e639d38e-ff5f-40cf-86dd-2d0b84923771 tempest-AttachVolumeNegativeTest-1587077616 tempest-AttachVolumeNegativeTest-1587077616-project] 10.222.0.60 "GET /v2.0/ports?device_id=082eabc8-a98a-4558-9d23-c8e4c35eeb3c HTTP/1.1" status: 200 len: 943 time: 0.2306085
