Aug 19 18:20:05.005829 dv-cinder-805072-3-smb neutron-server[93898]: DEBUG neutron.api.rpc.handlers.dhcp_rpc [None req-270b9eaa-4628-4ec3-9432-b3ec54d55302 None None] Network 77e926dd-1a7a-4daa-ab49-5736e5c114cd requested from dv-cinder-805072-3-smb {{(pid=93898) get_network_info /opt/stack/neutron/neutron/api/rpc/handlers/dhcp_rpc.py:218}}
Aug 19 18:20:05.031465 dv-cinder-805072-3-smb neutron-server[93896]: DEBUG neutron.pecan_wsgi.hooks.policy_enforcement [None req-b08a2c81-d15d-44cd-9c95-4921e8b92d63 admin admin] Attributes excluded by policy engine: ['standard_attr_id', 'shared', 'segment_id', 'network'] {{(pid=93896) _exclude_attributes_by_policy /opt/stack/neutron/neutron/pecan_wsgi/hooks/policy_enforcement.py:255}}
Aug 19 18:20:05.032548 dv-cinder-805072-3-smb neutron-server[93896]: DEBUG neutron_lib.callbacks.manager [None req-b08a2c81-d15d-44cd-9c95-4921e8b92d63 admin admin] Notify callbacks ['neutron.api.rpc.agentnotifiers.dhcp_rpc_agent_api.DhcpAgentNotifyAPI._send_dhcp_notification-539430'] for subnet, before_response {{(pid=93896) _notify_loop /usr/local/lib/python3.8/dist-packages/neutron_lib/callbacks/manager.py:192}}
Aug 19 18:20:05.070934 dv-cinder-805072-3-smb neutron-server[93897]: INFO neutron.wsgi [req-40aadf23-8409-4d1d-9c6e-c6dc003e2f2a req-ec68e0a4-2b3e-44b7-9034-2148d3f35dd2 tempest-ServerRescueNegativeTestJSON-1769173611 tempest-ServerRescueNegativeTestJSON-1769173611-project] 10.222.0.60 "GET /v2.0/security-groups?id=9edfca08-1702-437d-bdde-11038ab5e41b&fields=id&fields=name HTTP/1.1" status: 200 len: 286 time: 0.0894101
Aug 19 18:20:05.158311 dv-cinder-805072-3-smb neutron-server[93896]: DEBUG neutron_lib.callbacks.manager [None req-5e01239c-141a-4fe0-99d0-3416994eff91 admin admin] Notify callbacks [] for security_group, before_delete {{(pid=93896) _notify_loop /usr/local/lib/python3.8/dist-packages/neutron_lib/callbacks/manager.py:192}}
Aug 19 18:20:05.168079 dv-cinder-805072-3-smb neutron-server[93896]: DEBUG neutron.api.rpc.handlers.resources_rpc [None req-e11b69fb-a750-42ec-b39b-d694e5f41de2 tempest-AttachVolumeShelveTestJSON-1232157465 tempest-AttachVolumeShelveTestJSON-1232157465-project] Pushing event updated for resources: {'Port': ['ID=83811096-2806-4e1a-9e9a-7823fd6e30f2,revision_number=2']} {{(pid=93896) push /opt/stack/neutron/neutron/api/rpc/handlers/resources_rpc.py:237}}
Aug 19 18:20:05.193191 dv-cinder-805072-3-smb neutron-server[93896]: INFO neutron.wsgi [None req-b08a2c81-d15d-44cd-9c95-4921e8b92d63 admin admin] 10.222.0.60 "POST /v2.0/subnets HTTP/1.1" status: 201 len: 846 time: 1.6039822
Aug 19 18:20:05.213138 dv-cinder-805072-3-smb neutron-server[93896]: DEBUG neutron_lib.callbacks.manager [None req-e11b69fb-a750-42ec-b39b-d694e5f41de2 tempest-AttachVolumeShelveTestJSON-1232157465 tempest-AttachVolumeShelveTestJSON-1232157465-project] Notify callbacks ['neutron.services.l3_router.l3_router_plugin.DVRResourceOperationHandler._create_dvr_floating_gw_port-669945'] for floatingip, after_create {{(pid=93896) _notify_loop /usr/local/lib/python3.8/dist-packages/neutron_lib/callbacks/manager.py:192}}
Aug 19 18:20:05.224994 dv-cinder-805072-3-smb neutron-server[93896]: DEBUG neutron_lib.callbacks.manager [None req-5e01239c-141a-4fe0-99d0-3416994eff91 admin admin] Notify callbacks [] for security_group, precommit_delete {{(pid=93896) _notify_loop /usr/local/lib/python3.8/dist-packages/neutron_lib/callbacks/manager.py:192}}
Aug 19 18:20:05.252193 dv-cinder-805072-3-smb neutron-server[93896]: DEBUG neutron.pecan_wsgi.hooks.policy_enforcement [req-b3de9c2a-9ce5-4c36-ac5a-b1d26e09bea3 req-3ddcb9e2-8171-40e5-91ec-7b27cb89cdb0 service neutron] Attributes excluded by policy engine: ['standard_attr_id'] {{(pid=93896) _exclude_attributes_by_policy /opt/stack/neutron/neutron/pecan_wsgi/hooks/policy_enforcement.py:255}}
Aug 19 18:20:05.253775 dv-cinder-805072-3-smb neutron-server[93896]: INFO neutron.wsgi [req-b3de9c2a-9ce5-4c36-ac5a-b1d26e09bea3 req-3ddcb9e2-8171-40e5-91ec-7b27cb89cdb0 service neutron] 10.222.0.65 "GET /v2.0/ports?tenant_id=a9d8ea9a89414e4d80afb3edcc535539&device_id=e453ad9a-c565-4d07-a5ca-97604c4ab55d HTTP/1.1" status: 200 len: 1096 time: 0.2636781
Aug 19 18:20:05.267549 dv-cinder-805072-3-smb neutron-server[93896]: DEBUG neutron_lib.callbacks.manager [None req-e11b69fb-a750-42ec-b39b-d694e5f41de2 tempest-AttachVolumeShelveTestJSON-1232157465 tempest-AttachVolumeShelveTestJSON-1232157465-project] Notify callbacks ['neutron.notifiers.nova.Notifier._send_nova_notification-58876'] for floatingip, before_response {{(pid=93896) _notify_loop /usr/local/lib/python3.8/dist-packages/neutron_lib/callbacks/manager.py:192}}
Aug 19 18:20:05.269748 dv-cinder-805072-3-smb neutron-server[93896]: INFO neutron.wsgi [None req-e11b69fb-a750-42ec-b39b-d694e5f41de2 tempest-AttachVolumeShelveTestJSON-1232157465 tempest-AttachVolumeShelveTestJSON-1232157465-project] 10.222.0.60 "POST /v2.0/floatingips HTTP/1.1" status: 201 len: 693 time: 3.6651690
Aug 19 18:20:05.418022 dv-cinder-805072-3-smb neutron-server[93898]: DEBUG neutron.api.rpc.handlers.dhcp_rpc [None req-5a346d0a-72ff-4f64-aabf-4020e1b7afa1 None None] Network 77e926dd-1a7a-4daa-ab49-5736e5c114cd requested from dv-cinder-805072-3-smb {{(pid=93898) get_network_info /opt/stack/neutron/neutron/api/rpc/handlers/dhcp_rpc.py:218}}
Aug 19 18:20:05.445420 dv-cinder-805072-3-smb neutron-server[93896]: DEBUG neutron.pecan_wsgi.hooks.policy_enforcement [req-b3de9c2a-9ce5-4c36-ac5a-b1d26e09bea3 req-c254c9d0-0918-44be-8a86-c4811959b636 service neutron] Attributes excluded by policy engine: ['standard_attr_id', 'vlan_transparent'] {{(pid=93896) _exclude_attributes_by_policy /opt/stack/neutron/neutron/pecan_wsgi/hooks/policy_enforcement.py:255}}
Aug 19 18:20:05.447315 dv-cinder-805072-3-smb neutron-server[93896]: INFO neutron.wsgi [req-b3de9c2a-9ce5-4c36-ac5a-b1d26e09bea3 req-c254c9d0-0918-44be-8a86-c4811959b636 service neutron] 10.222.0.65 "GET /v2.0/networks?id=482d39a3-62fa-488e-95ef-e394765083c3 HTTP/1.1" status: 200 len: 920 time: 0.1652138
Aug 19 18:20:05.545789 dv-cinder-805072-3-smb neutron-server[93896]: INFO neutron.wsgi [req-b3de9c2a-9ce5-4c36-ac5a-b1d26e09bea3 req-474b1a49-6199-49fc-995e-9018949cbe13 service neutron] 10.222.0.65 "GET /v2.0/floatingips?fixed_ip_address=172.20.0.5&port_id=4c63b5fe-f3d3-4890-a698-6173b6e0e323 HTTP/1.1" status: 200 len: 217 time: 0.0867319
Aug 19 18:20:05.550951 dv-cinder-805072-3-smb neutron-server[93896]: DEBUG neutron_lib.callbacks.manager [None req-5e01239c-141a-4fe0-99d0-3416994eff91 admin admin] Notify callbacks ['neutron.plugins.ml2.ovo_rpc._ObjectChangeHandler.handle_event-620529'] for security_group, after_delete {{(pid=93896) _notify_loop /usr/local/lib/python3.8/dist-packages/neutron_lib/callbacks/manager.py:192}}
Aug 19 18:20:05.558860 dv-cinder-805072-3-smb neutron-server[93896]: DEBUG neutron_lib.callbacks.manager [None req-5e01239c-141a-4fe0-99d0-3416994eff91 admin admin] Notify callbacks [] for security_group, before_response {{(pid=93896) _notify_loop /usr/local/lib/python3.8/dist-packages/neutron_lib/callbacks/manager.py:192}}
Aug 19 18:20:05.558860 dv-cinder-805072-3-smb neutron-server[93896]: INFO neutron.wsgi [None req-5e01239c-141a-4fe0-99d0-3416994eff91 admin admin] 10.222.0.60 "DELETE /v2.0/security-groups/e7e1e808-e3ab-400a-983f-1acf94e9745e HTTP/1.1" status: 204 len: 168 time: 0.7933578
Aug 19 18:20:05.570244 dv-cinder-805072-3-smb neutron-server[93896]: DEBUG neutron.wsgi [-] (93896) accepted ('10.222.0.60', 60650) {{(pid=93896) server /usr/local/lib/python3.8/dist-packages/eventlet/wsgi.py:982}}
Aug 19 18:20:05.627448 dv-cinder-805072-3-smb neutron-server[93897]: INFO neutron.wsgi [req-d582f904-b994-416c-a904-efd0de1b51c0 req-a15d6095-fff6-4e51-825f-b17973c5c8cd tempest-AttachVolumeShelveTestJSON-1232157465 tempest-AttachVolumeShelveTestJSON-1232157465-project] 10.222.0.60 "GET /v2.0/security-groups?name=tempest-securitygroup--1369418201&fields=id&tenant_id=cf7dc241807441059f527a67e1d801d3 HTTP/1.1" status: 200 len: 267 time: 0.1281149
Aug 19 18:20:05.678370 dv-cinder-805072-3-smb neutron-server[93896]: DEBUG neutron.api.rpc.handlers.resources_rpc [None req-5e01239c-141a-4fe0-99d0-3416994eff91 admin admin] Pushing event deleted for resources: {'SecurityGroup': ['ID=e7e1e808-e3ab-400a-983f-1acf94e9745e,revision_number=None']} {{(pid=93896) push /opt/stack/neutron/neutron/api/rpc/handlers/resources_rpc.py:237}}
Aug 19 18:20:05.730249 dv-cinder-805072-3-smb neutron-server[93896]: DEBUG neutron.pecan_wsgi.hooks.policy_enforcement [req-b3de9c2a-9ce5-4c36-ac5a-b1d26e09bea3 req-19b83d55-7626-454e-8416-20ec2f33950a service neutron] Attributes excluded by policy engine: ['standard_attr_id', 'shared', 'segment_id'] {{(pid=93896) _exclude_attributes_by_policy /opt/stack/neutron/neutron/pecan_wsgi/hooks/policy_enforcement.py:255}}
Aug 19 18:20:05.731739 dv-cinder-805072-3-smb neutron-server[93896]: INFO neutron.wsgi [req-b3de9c2a-9ce5-4c36-ac5a-b1d26e09bea3 req-19b83d55-7626-454e-8416-20ec2f33950a service neutron] 10.222.0.65 "GET /v2.0/subnets?id=df07a299-026a-4994-998d-439c39163615 HTTP/1.1" status: 200 len: 859 time: 0.1705265
Aug 19 18:20:05.795494 dv-cinder-805072-3-smb neutron-server[93896]: INFO neutron.wsgi [req-b3de9c2a-9ce5-4c36-ac5a-b1d26e09bea3 req-d324c63c-8777-49f5-94f7-57fa9c12726c service neutron] 10.222.0.65 "GET /v2.0/ports?network_id=482d39a3-62fa-488e-95ef-e394765083c3&device_owner=network%3Adhcp HTTP/1.1" status: 200 len: 210 time: 0.0564542
Aug 19 18:20:05.824654 dv-cinder-805072-3-smb neutron-server[93897]: DEBUG neutron.pecan_wsgi.hooks.policy_enforcement [req-852c9990-a75a-404d-ae96-d845491bb91d req-f50d3436-6300-409b-ad8a-a390427eade9 tempest-AttachVolumeNegativeTest-1587077616 tempest-AttachVolumeNegativeTest-1587077616-project] Attributes excluded by policy engine: ['standard_attr_id', 'binding:profile', 'binding:host_id', 'binding:vif_type', 'binding:vif_details'] {{(pid=93897) _exclude_attributes_by_policy /opt/stack/neutron/neutron/pecan_wsgi/hooks/policy_enforcement.py:255}}
Aug 19 18:20:05.826302 dv-cinder-805072-3-smb neutron-server[93897]: INFO neutron.wsgi [req-852c9990-a75a-404d-ae96-d845491bb91d req-f50d3436-6300-409b-ad8a-a390427eade9 tempest-AttachVolumeNegativeTest-1587077616 tempest-AttachVolumeNegativeTest-1587077616-project] 10.222.0.60 "GET /v2.0/ports?device_id=082eabc8-a98a-4558-9d23-c8e4c35eeb3c HTTP/1.1" status: 200 len: 943 time: 0.1245594
Aug 19 18:20:05.838078 dv-cinder-805072-3-smb neutron-server[93897]: DEBUG neutron.pecan_wsgi.hooks.policy_enforcement [req-d582f904-b994-416c-a904-efd0de1b51c0 req-c7a90f57-0663-4084-b165-6c96c95e73d2 tempest-AttachVolumeShelveTestJSON-1232157465 tempest-AttachVolumeShelveTestJSON-1232157465-project] Attributes excluded by policy engine: ['standard_attr_id', 'vlan_transparent', 'provider:network_type', 'provider:physical_network', 'provider:segmentation_id'] {{(pid=93897) _exclude_attributes_by_policy /opt/stack/neutron/neutron/pecan_wsgi/hooks/policy_enforcement.py:255}}
Aug 19 18:20:05.845167 dv-cinder-805072-3-smb neutron-server[93897]: INFO neutron.wsgi [req-d582f904-b994-416c-a904-efd0de1b51c0 req-c7a90f57-0663-4084-b165-6c96c95e73d2 tempest-AttachVolumeShelveTestJSON-1232157465 tempest-AttachVolumeShelveTestJSON-1232157465-project] 10.222.0.60 "GET /v2.0/networks?id=433705c8-07ab-46dd-b6ea-a5adb8e0f1c2 HTTP/1.1" status: 200 len: 816 time: 0.2169631
Aug 19 18:20:05.923309 dv-cinder-805072-3-smb neutron-server[93896]: INFO neutron.wsgi [req-b3de9c2a-9ce5-4c36-ac5a-b1d26e09bea3 req-b0899546-bbd0-40b1-980b-75a877a73e51 service neutron] 10.222.0.65 "GET /v2.0/networks/482d39a3-62fa-488e-95ef-e394765083c3?fields=segments HTTP/1.1" status: 200 len: 212 time: 0.1198673
Aug 19 18:20:06.056451 dv-cinder-805072-3-smb neutron-server[93897]: INFO neutron.wsgi [req-d582f904-b994-416c-a904-efd0de1b51c0 req-288afe4a-682c-4789-a5d0-76505e1723bc tempest-AttachVolumeShelveTestJSON-1232157465 tempest-AttachVolumeShelveTestJSON-1232157465-project] 10.222.0.60 "GET /v2.0/quotas/cf7dc241807441059f527a67e1d801d3 HTTP/1.1" status: 200 len: 375 time: 0.2100604
Aug 19 18:20:06.069945 dv-cinder-805072-3-smb neutron-server[93896]: INFO neutron.wsgi [req-b3de9c2a-9ce5-4c36-ac5a-b1d26e09bea3 req-65e490a6-f751-436d-84ac-a960c5de55c6 service neutron] 10.222.0.65 "GET /v2.0/networks/482d39a3-62fa-488e-95ef-e394765083c3?fields=provider%3Aphysical_network&fields=provider%3Anetwork_type HTTP/1.1" status: 200 len: 281 time: 0.1387527
Aug 19 18:20:06.073015 dv-cinder-805072-3-smb neutron-server[93897]: INFO neutron.wsgi [req-852c9990-a75a-404d-ae96-d845491bb91d req-bce9bed9-8d43-49f7-87e1-85d5f1b12269 tempest-AttachVolumeNegativeTest-1587077616 tempest-AttachVolumeNegativeTest-1587077616-project] 10.222.0.60 "GET /v2.0/security-groups?id=af67c545-b7b6-420f-9260-d69f2fcf8642&fields=id&fields=name HTTP/1.1" status: 200 len: 286 time: 0.2251918
Aug 19 18:20:06.088781 dv-cinder-805072-3-smb neutron-server[93898]: DEBUG neutron.plugins.ml2.rpc [None req-4602c92a-cd40-4190-8b50-b9ad4ddc9558 None None] Device 6b1228e3-b6eb-4024-bd01-0aa1bdecdd38 details requested by agent hyperv_hv-cinder-80507 with host hv-cinder-80507 {{(pid=93898) get_device_details /opt/stack/neutron/neutron/plugins/ml2/rpc.py:102}}
Aug 19 18:20:06.118151 dv-cinder-805072-3-smb neutron-server[93896]: DEBUG neutron_lib.callbacks.manager [None req-f81ba888-46e5-48b1-b341-825b361af75a admin admin] Notify callbacks [] for security_group, before_create {{(pid=93896) _notify_loop /usr/local/lib/python3.8/dist-packages/neutron_lib/callbacks/manager.py:192}}
Aug 19 18:20:06.137690 dv-cinder-805072-3-smb neutron-server[93897]: INFO neutron.wsgi [req-d582f904-b994-416c-a904-efd0de1b51c0 req-217c422f-f19c-4e0c-99f8-3554ec456a87 tempest-AttachVolumeShelveTestJSON-1232157465 tempest-AttachVolumeShelveTestJSON-1232157465-project] 10.222.0.60 "GET /v2.0/ports?tenant_id=cf7dc241807441059f527a67e1d801d3&fields=id HTTP/1.1" status: 200 len: 348 time: 0.0805333
Aug 19 18:20:06.281432 dv-cinder-805072-3-smb neutron-server[93896]: DEBUG neutron_lib.callbacks.manager [None req-f81ba888-46e5-48b1-b341-825b361af75a admin admin] Notify callbacks [] for security_group, precommit_create {{(pid=93896) _notify_loop /usr/local/lib/python3.8/dist-packages/neutron_lib/callbacks/manager.py:192}}
Aug 19 18:20:06.288683 dv-cinder-805072-3-smb neutron-server[93896]: DEBUG neutron_lib.callbacks.manager [None req-f81ba888-46e5-48b1-b341-825b361af75a admin admin] Notify callbacks ['neutron.plugins.ml2.ovo_rpc._ObjectChangeHandler.handle_event-620529'] for security_group, after_create {{(pid=93896) _notify_loop /usr/local/lib/python3.8/dist-packages/neutron_lib/callbacks/manager.py:192}}
Aug 19 18:20:06.342882 dv-cinder-805072-3-smb neutron-server[93898]: DEBUG neutron.plugins.ml2.db [None req-4602c92a-cd40-4190-8b50-b9ad4ddc9558 None None] For port 6b1228e3-b6eb-4024-bd01-0aa1bdecdd38, host hv-cinder-80507, got binding levels [PortBindingLevel(driver='hyperv',host='hv-cinder-80507',level=0,port_id=6b1228e3-b6eb-4024-bd01-0aa1bdecdd38,segment=NetworkSegment(43d8a597-f4f7-40ac-98ef-f80858d43cd8),segment_id=43d8a597-f4f7-40ac-98ef-f80858d43cd8)] {{(pid=93898) get_binding_level_objs /opt/stack/neutron/neutron/plugins/ml2/db.py:74}}
Aug 19 18:20:06.347112 dv-cinder-805072-3-smb neutron-server[93896]: INFO neutron.wsgi [None req-f81ba888-46e5-48b1-b341-825b361af75a admin admin] 10.222.0.60 "GET /v2.0/security-groups?tenant_id=4353a0b78912459887cd4aa2355b3e35&name=default HTTP/1.1" status: 200 len: 2979 time: 0.7538176
Aug 19 18:20:06.348097 dv-cinder-805072-3-smb neutron-server[93896]: DEBUG neutron.wsgi [-] (93896) accepted ('10.222.0.60', 60676) {{(pid=93896) server /usr/local/lib/python3.8/dist-packages/eventlet/wsgi.py:982}}
Aug 19 18:20:06.351446 dv-cinder-805072-3-smb neutron-server[93897]: INFO neutron.wsgi [req-d582f904-b994-416c-a904-efd0de1b51c0 req-f312dfd0-a559-4462-aea6-65474c6a47a8 service neutron] 10.222.0.60 "GET /v2.0/networks/433705c8-07ab-46dd-b6ea-a5adb8e0f1c2?fields=segments HTTP/1.1" status: 200 len: 212 time: 0.2047958
Aug 19 18:20:06.359273 dv-cinder-805072-3-smb neutron-server[93896]: DEBUG neutron.api.rpc.handlers.resources_rpc [None req-f81ba888-46e5-48b1-b341-825b361af75a admin admin] Pushing event updated for resources: {'SecurityGroup': ['ID=0710b0a5-a828-41da-99f1-34c46890c175,revision_number=1']} {{(pid=93896) push /opt/stack/neutron/neutron/api/rpc/handlers/resources_rpc.py:237}}
Aug 19 18:20:06.373966 dv-cinder-805072-3-smb neutron-server[93898]: DEBUG neutron.plugins.ml2.rpc [None req-4602c92a-cd40-4190-8b50-b9ad4ddc9558 None None] Returning: {'device': '6b1228e3-b6eb-4024-bd01-0aa1bdecdd38', 'network_id': '7f9be4d3-7bff-4cd0-9731-c256c9ea9bd6', 'port_id': '6b1228e3-b6eb-4024-bd01-0aa1bdecdd38', 'mac_address': 'fa:16:3e:d6:15:41', 'admin_state_up': True, 'network_type': 'vlan', 'segmentation_id': 920, 'physical_network': 'physnet1', 'mtu': 1500, 'fixed_ips': [{'subnet_id': '70b060d3-cc1e-48eb-a5e2-564f5fbe4ad1', 'ip_address': '172.20.0.4'}], 'device_owner': 'compute:nova', 'allowed_address_pairs': [], 'port_security_enabled': True, 'qos_policy_id': None, 'network_qos_policy_id': None, 'profile': {}, 'propagate_uplink_status': False} {{(pid=93898) _get_device_details /opt/stack/neutron/neutron/plugins/ml2/rpc.py:184}}
Aug 19 18:20:06.430587 dv-cinder-805072-3-smb neutron-server[93896]: DEBUG neutron_lib.callbacks.manager [None req-06ec3cc0-c2b0-43cb-b088-e73c4a8b884b admin admin] Notify callbacks [] for security_group, before_delete {{(pid=93896) _notify_loop /usr/local/lib/python3.8/dist-packages/neutron_lib/callbacks/manager.py:192}}
Aug 19 18:20:06.470163 dv-cinder-805072-3-smb neutron-server[93896]: DEBUG neutron_lib.callbacks.manager [None req-06ec3cc0-c2b0-43cb-b088-e73c4a8b884b admin admin] Notify callbacks [] for security_group, precommit_delete {{(pid=93896) _notify_loop /usr/local/lib/python3.8/dist-packages/neutron_lib/callbacks/manager.py:192}}
Aug 19 18:20:06.502579 dv-cinder-805072-3-smb neutron-server[93898]: DEBUG neutron_lib.callbacks.manager [None req-4602c92a-cd40-4190-8b50-b9ad4ddc9558 None None] Notify callbacks ['neutron.plugins.ml2.plugin.SecurityGroupDbMixin._ensure_default_security_group_handler-1428385'] for port, before_update {{(pid=93898) _notify_loop /usr/local/lib/python3.8/dist-packages/neutron_lib/callbacks/manager.py:192}}
Aug 19 18:20:06.506458 dv-cinder-805072-3-smb neutron-server[93897]: DEBUG neutron.pecan_wsgi.hooks.policy_enforcement [req-96f8f607-cfc0-4e47-b58e-1562620dbcf0 req-a8139fd3-c746-43e2-8304-3a45e9855972 tempest-DeleteServersTestJSON-907222318 tempest-DeleteServersTestJSON-907222318-project] Attributes excluded by policy engine: ['standard_attr_id', 'binding:profile', 'binding:host_id', 'binding:vif_type', 'binding:vif_details'] {{(pid=93897) _exclude_attributes_by_policy /opt/stack/neutron/neutron/pecan_wsgi/hooks/policy_enforcement.py:255}}
Aug 19 18:20:06.509302 dv-cinder-805072-3-smb neutron-server[93897]: INFO neutron.wsgi [req-96f8f607-cfc0-4e47-b58e-1562620dbcf0 req-a8139fd3-c746-43e2-8304-3a45e9855972 tempest-DeleteServersTestJSON-907222318 tempest-DeleteServersTestJSON-907222318-project] 10.222.0.60 "GET /v2.0/ports?device_id=6a1ad795-422a-4adc-8104-0148624a7e17 HTTP/1.1" status: 200 len: 944 time: 0.1616132
Aug 19 18:20:06.529817 dv-cinder-805072-3-smb neutron-server[93896]: DEBUG neutron.wsgi [-] (93896) accepted ('10.222.0.60', 60688) {{(pid=93896) server /usr/local/lib/python3.8/dist-packages/eventlet/wsgi.py:982}}
Aug 19 18:20:06.536555 dv-cinder-805072-3-smb neutron-server[93898]: DEBUG neutron.notifiers.nova [None req-4602c92a-cd40-4190-8b50-b9ad4ddc9558 None None] Ignoring state change previous_port_status: DOWN current_port_status: BUILD port_id 6b1228e3-b6eb-4024-bd01-0aa1bdecdd38 {{(pid=93898) record_port_status_changed /opt/stack/neutron/neutron/notifiers/nova.py:224}}
Aug 19 18:20:06.545439 dv-cinder-805072-3-smb neutron-server[93896]: DEBUG neutron.api.v2.base [None req-ffed36ad-0a5b-4b5f-8873-f5409fa8ea5c admin admin] Request body: {'network': {'name': 'tempest-VolumesActionsTest-80101725-network', 'tenant_id': 'cd4fbd271a7648608868e47d942ee9b2'}} {{(pid=93896) prepare_request_body /opt/stack/neutron/neutron/api/v2/base.py:730}}
Aug 19 18:20:06.563200 dv-cinder-805072-3-smb neutron-server[93898]: DEBUG neutron.plugins.ml2.db [None req-4602c92a-cd40-4190-8b50-b9ad4ddc9558 None None] For port 6b1228e3-b6eb-4024-bd01-0aa1bdecdd38, host hv-cinder-80507, got binding levels [PortBindingLevel(driver='hyperv',host='hv-cinder-80507',level=0,port_id=6b1228e3-b6eb-4024-bd01-0aa1bdecdd38,segment=NetworkSegment(43d8a597-f4f7-40ac-98ef-f80858d43cd8),segment_id=43d8a597-f4f7-40ac-98ef-f80858d43cd8)] {{(pid=93898) get_binding_level_objs /opt/stack/neutron/neutron/plugins/ml2/db.py:74}}
Aug 19 18:20:06.566505 dv-cinder-805072-3-smb neutron-server[93898]: DEBUG neutron_lib.callbacks.manager [None req-4602c92a-cd40-4190-8b50-b9ad4ddc9558 None None] Notify callbacks ['neutron.plugins.ml2.plugin.SecurityGroupServerNotifierRpcMixin._notify_sg_on_port_change-1428448', 'neutron.plugins.ml2.ovo_rpc._ObjectChangeHandler.handle_event-72865', 'neutron.api.rpc.agentnotifiers.dhcp_rpc_agent_api.DhcpAgentNotifyAPI._native_event_send_dhcp_notification-539440', 'neutron.db.l3_db.L3RpcNotifierMixin._notify_gateway_port_ip_changed-8769078427248', 'neutron.db.l3_dvrscheduler_db._notify_l3_agent_port_update-8769077988181', 'neutron.db.l3_hascheduler_db._notify_l3_agent_ha_port_update-8769077988199'] for port, after_update {{(pid=93898) _notify_loop /usr/local/lib/python3.8/dist-packages/neutron_lib/callbacks/manager.py:192}}
Aug 19 18:20:06.567588 dv-cinder-805072-3-smb neutron-server[93898]: DEBUG neutron.plugins.ml2.rpc [None req-4602c92a-cd40-4190-8b50-b9ad4ddc9558 None None] Device f46bfccb-c734-460a-be07-b779bb0b9522 details requested by agent hyperv_hv-cinder-80507 with host hv-cinder-80507 {{(pid=93898) get_device_details /opt/stack/neutron/neutron/plugins/ml2/rpc.py:102}}
Aug 19 18:20:06.571161 dv-cinder-805072-3-smb neutron-server[93896]: DEBUG neutron.pecan_wsgi.hooks.quota_enforcement [None req-ffed36ad-0a5b-4b5f-8873-f5409fa8ea5c admin admin] Made reservation on behalf of cd4fbd271a7648608868e47d942ee9b2 for: {'network': 1} {{(pid=93896) before /opt/stack/neutron/neutron/pecan_wsgi/hooks/quota_enforcement.py:53}}
Aug 19 18:20:06.573633 dv-cinder-805072-3-smb neutron-server[93896]: DEBUG neutron_lib.callbacks.manager [None req-ffed36ad-0a5b-4b5f-8873-f5409fa8ea5c admin admin] Notify callbacks ['neutron.plugins.ml2.plugin.SecurityGroupDbMixin._ensure_default_security_group_handler-1428385'] for network, before_create {{(pid=93896) _notify_loop /usr/local/lib/python3.8/dist-packages/neutron_lib/callbacks/manager.py:192}}
Aug 19 18:20:06.583873 dv-cinder-805072-3-smb neutron-server[93896]: DEBUG neutron_lib.callbacks.manager [None req-ffed36ad-0a5b-4b5f-8873-f5409fa8ea5c admin admin] Notify callbacks [] for security_group, before_create {{(pid=93896) _notify_loop /usr/local/lib/python3.8/dist-packages/neutron_lib/callbacks/manager.py:192}}
Aug 19 18:20:06.621845 dv-cinder-805072-3-smb neutron-server[93897]: INFO neutron.wsgi [req-d582f904-b994-416c-a904-efd0de1b51c0 req-ca4a5346-badc-4746-90ca-e2866a21d4f1 service neutron] 10.222.0.60 "GET /v2.0/networks/433705c8-07ab-46dd-b6ea-a5adb8e0f1c2?fields=provider%3Aphysical_network&fields=provider%3Anetwork_type HTTP/1.1" status: 200 len: 281 time: 0.2059562
Aug 19 18:20:06.632545 dv-cinder-805072-3-smb neutron-server[93896]: DEBUG neutron_lib.callbacks.manager [None req-06ec3cc0-c2b0-43cb-b088-e73c4a8b884b admin admin] Notify callbacks ['neutron.plugins.ml2.ovo_rpc._ObjectChangeHandler.handle_event-620529'] for security_group, after_delete {{(pid=93896) _notify_loop /usr/local/lib/python3.8/dist-packages/neutron_lib/callbacks/manager.py:192}}
Aug 19 18:20:06.637280 dv-cinder-805072-3-smb neutron-server[93896]: DEBUG neutron_lib.callbacks.manager [None req-06ec3cc0-c2b0-43cb-b088-e73c4a8b884b admin admin] Notify callbacks [] for security_group, before_response {{(pid=93896) _notify_loop /usr/local/lib/python3.8/dist-packages/neutron_lib/callbacks/manager.py:192}}
Aug 19 18:20:06.640316 dv-cinder-805072-3-smb neutron-server[93896]: INFO neutron.wsgi [None req-06ec3cc0-c2b0-43cb-b088-e73c4a8b884b admin admin] 10.222.0.60 "DELETE /v2.0/security-groups/0710b0a5-a828-41da-99f1-34c46890c175 HTTP/1.1" status: 204 len: 168 time: 0.2801731
Aug 19 18:20:06.669949 dv-cinder-805072-3-smb neutron-server[93896]: DEBUG neutron.api.rpc.handlers.resources_rpc [None req-06ec3cc0-c2b0-43cb-b088-e73c4a8b884b admin admin] Pushing event deleted for resources: {'SecurityGroup': ['ID=0710b0a5-a828-41da-99f1-34c46890c175,revision_number=None']} {{(pid=93896) push /opt/stack/neutron/neutron/api/rpc/handlers/resources_rpc.py:237}}
Aug 19 18:20:06.692929 dv-cinder-805072-3-smb neutron-server[93898]: DEBUG neutron.api.rpc.handlers.resources_rpc [None req-4602c92a-cd40-4190-8b50-b9ad4ddc9558 None None] Pushing event updated for resources: {'Port': ['ID=6b1228e3-b6eb-4024-bd01-0aa1bdecdd38,revision_number=4']} {{(pid=93898) push /opt/stack/neutron/neutron/api/rpc/handlers/resources_rpc.py:237}}
Aug 19 18:20:06.731522 dv-cinder-805072-3-smb neutron-server[93897]: INFO neutron.wsgi [req-96f8f607-cfc0-4e47-b58e-1562620dbcf0 req-5333623c-12d4-4fd4-9334-700adc20f71c tempest-DeleteServersTestJSON-907222318 tempest-DeleteServersTestJSON-907222318-project] 10.222.0.60 "GET /v2.0/security-groups?id=a30ec8d6-43dd-4c26-b9f3-6001077bdb58&fields=id&fields=name HTTP/1.1" status: 200 len: 286 time: 0.1066105
Aug 19 18:20:06.800735 dv-cinder-805072-3-smb neutron-server[93898]: DEBUG neutron.plugins.ml2.db [None req-4602c92a-cd40-4190-8b50-b9ad4ddc9558 None None] For port f46bfccb-c734-460a-be07-b779bb0b9522, host hv-cinder-80507, got binding levels [PortBindingLevel(driver='hyperv',host='hv-cinder-80507',level=0,port_id=f46bfccb-c734-460a-be07-b779bb0b9522,segment=NetworkSegment(6e74653b-a2ce-470a-8e0d-8585b6710d15),segment_id=6e74653b-a2ce-470a-8e0d-8585b6710d15)] {{(pid=93898) get_binding_level_objs /opt/stack/neutron/neutron/plugins/ml2/db.py:74}}
Aug 19 18:20:06.823999 dv-cinder-805072-3-smb neutron-server[93898]: DEBUG neutron.plugins.ml2.rpc [None req-4602c92a-cd40-4190-8b50-b9ad4ddc9558 None None] Returning: {'device': 'f46bfccb-c734-460a-be07-b779bb0b9522', 'network_id': 'c3c264f2-cc58-4370-9629-f1ff028dca7d', 'port_id': 'f46bfccb-c734-460a-be07-b779bb0b9522', 'mac_address': 'fa:16:3e:22:64:f5', 'admin_state_up': True, 'network_type': 'vlan', 'segmentation_id': 921, 'physical_network': 'physnet1', 'mtu': 1500, 'fixed_ips': [{'subnet_id': 'e5ee9f54-b1b8-4456-8ec2-bf838f0d9f7f', 'ip_address': '172.20.0.12'}], 'device_owner': 'compute:nova', 'allowed_address_pairs': [], 'port_security_enabled': True, 'qos_policy_id': None, 'network_qos_policy_id': None, 'profile': {}, 'propagate_uplink_status': False} {{(pid=93898) _get_device_details /opt/stack/neutron/neutron/plugins/ml2/rpc.py:184}}
Aug 19 18:20:06.837292 dv-cinder-805072-3-smb neutron-server[93896]: DEBUG neutron_lib.callbacks.manager [None req-ffed36ad-0a5b-4b5f-8873-f5409fa8ea5c admin admin] Notify callbacks [] for security_group, precommit_create {{(pid=93896) _notify_loop /usr/local/lib/python3.8/dist-packages/neutron_lib/callbacks/manager.py:192}}
Aug 19 18:20:06.857829 dv-cinder-805072-3-smb neutron-server[93896]: DEBUG neutron_lib.callbacks.manager [None req-ffed36ad-0a5b-4b5f-8873-f5409fa8ea5c admin admin] Notify callbacks ['neutron.plugins.ml2.ovo_rpc._ObjectChangeHandler.handle_event-620529'] for security_group, after_create {{(pid=93896) _notify_loop /usr/local/lib/python3.8/dist-packages/neutron_lib/callbacks/manager.py:192}}
Aug 19 18:20:06.931664 dv-cinder-805072-3-smb neutron-server[93896]: DEBUG neutron.api.rpc.handlers.resources_rpc [None req-ffed36ad-0a5b-4b5f-8873-f5409fa8ea5c admin admin] Pushing event updated for resources: {'SecurityGroup': ['ID=9b184e5b-ef11-421c-be2d-66638e6c18e5,revision_number=1']} {{(pid=93896) push /opt/stack/neutron/neutron/api/rpc/handlers/resources_rpc.py:237}}
Aug 19 18:20:06.944804 dv-cinder-805072-3-smb neutron-server[93898]: DEBUG neutron_lib.callbacks.manager [None req-4602c92a-cd40-4190-8b50-b9ad4ddc9558 None None] Notify callbacks ['neutron.plugins.ml2.plugin.SecurityGroupDbMixin._ensure_default_security_group_handler-1428385'] for port, before_update {{(pid=93898) _notify_loop /usr/local/lib/python3.8/dist-packages/neutron_lib/callbacks/manager.py:192}}
Aug 19 18:20:06.949162 dv-cinder-805072-3-smb neutron-server[93897]: INFO neutron.wsgi [req-4f041cf9-c671-4039-8ae7-7fad91f27d77 req-4758cece-e684-4123-84f7-84d7ac3ddfa9 tempest-AttachVolumeShelveTestJSON-1232157465 tempest-AttachVolumeShelveTestJSON-1232157465-project] 10.222.0.60 "GET /v2.0/ports?device_id=c0cbc6bf-805d-4224-aeab-efff9c073ace HTTP/1.1" status: 200 len: 210 time: 0.0413103
Aug 19 18:20:06.952718 dv-cinder-805072-3-smb neutron-server[93896]: DEBUG neutron.plugins.ml2.drivers.helpers [None req-ffed36ad-0a5b-4b5f-8873-f5409fa8ea5c admin admin] vlan segment allocate from pool success with {'physical_network': 'physnet1', 'vlan_id': 928} {{(pid=93896) allocate_partially_specified_segment /opt/stack/neutron/neutron/plugins/ml2/drivers/helpers.py:153}}
Aug 19 18:20:06.970131 dv-cinder-805072-3-smb neutron-server[93897]: DEBUG neutron.pecan_wsgi.hooks.policy_enforcement [req-1dcae31a-e344-445e-b13e-45eabd026883 req-a74df889-dcf4-4054-b210-0bac7951c48a tempest-ServerRescueNegativeTestJSON-1769173611 tempest-ServerRescueNegativeTestJSON-1769173611-project] Attributes excluded by policy engine: ['standard_attr_id', 'binding:profile', 'binding:host_id', 'binding:vif_type', 'binding:vif_details'] {{(pid=93897) _exclude_attributes_by_policy /opt/stack/neutron/neutron/pecan_wsgi/hooks/policy_enforcement.py:255}}
Aug 19 18:20:06.974692 dv-cinder-805072-3-smb neutron-server[93896]: DEBUG neutron_lib.callbacks.manager [None req-ffed36ad-0a5b-4b5f-8873-f5409fa8ea5c admin admin] Notify callbacks ['neutron.plugins.ml2.plugin.Ml2Plugin._handle_segment_change-1471761'] for segment, precommit_create {{(pid=93896) _notify_loop /usr/local/lib/python3.8/dist-packages/neutron_lib/callbacks/manager.py:192}}
Aug 19 18:20:06.977207 dv-cinder-805072-3-smb neutron-server[93896]: INFO neutron.db.segments_db [None req-ffed36ad-0a5b-4b5f-8873-f5409fa8ea5c admin admin] Added segment 3ea463a1-af01-4457-9091-8ad3857dd179 of type vlan for network ed2c082d-90a7-4d46-8a89-b3d52aad9fba
Aug 19 18:20:06.978604 dv-cinder-805072-3-smb neutron-server[93897]: INFO neutron.wsgi [req-1dcae31a-e344-445e-b13e-45eabd026883 req-a74df889-dcf4-4054-b210-0bac7951c48a tempest-ServerRescueNegativeTestJSON-1769173611 tempest-ServerRescueNegativeTestJSON-1769173611-project] 10.222.0.60 "GET /v2.0/ports?device_id=e453ad9a-c565-4d07-a5ca-97604c4ab55d HTTP/1.1" status: 200 len: 943 time: 0.1351404
Aug 19 18:20:06.983354 dv-cinder-805072-3-smb neutron-server[93898]: DEBUG neutron.notifiers.nova [None req-4602c92a-cd40-4190-8b50-b9ad4ddc9558 None None] Ignoring state change previous_port_status: DOWN current_port_status: BUILD port_id f46bfccb-c734-460a-be07-b779bb0b9522 {{(pid=93898) record_port_status_changed /opt/stack/neutron/neutron/notifiers/nova.py:224}}
Aug 19 18:20:07.031317 dv-cinder-805072-3-smb neutron-server[93897]: INFO neutron.wsgi [req-1dcae31a-e344-445e-b13e-45eabd026883 req-f01f64c7-c71e-4d6b-8be5-8f400ca62944 tempest-ServerRescueNegativeTestJSON-1769173611 tempest-ServerRescueNegativeTestJSON-1769173611-project] 10.222.0.60 "GET /v2.0/security-groups?id=9edfca08-1702-437d-bdde-11038ab5e41b&fields=id&fields=name HTTP/1.1" status: 200 len: 286 time: 0.0512686
Aug 19 18:20:07.031522 dv-cinder-805072-3-smb neutron-server[93898]: DEBUG neutron.plugins.ml2.db [None req-4602c92a-cd40-4190-8b50-b9ad4ddc9558 None None] For port f46bfccb-c734-460a-be07-b779bb0b9522, host hv-cinder-80507, got binding levels [PortBindingLevel(driver='hyperv',host='hv-cinder-80507',level=0,port_id=f46bfccb-c734-460a-be07-b779bb0b9522,segment=NetworkSegment(6e74653b-a2ce-470a-8e0d-8585b6710d15),segment_id=6e74653b-a2ce-470a-8e0d-8585b6710d15)] {{(pid=93898) get_binding_level_objs /opt/stack/neutron/neutron/plugins/ml2/db.py:74}}
Aug 19 18:20:07.038434 dv-cinder-805072-3-smb neutron-server[93898]: DEBUG neutron_lib.callbacks.manager [None req-4602c92a-cd40-4190-8b50-b9ad4ddc9558 None None] Notify callbacks ['neutron.plugins.ml2.plugin.SecurityGroupServerNotifierRpcMixin._notify_sg_on_port_change-1428448', 'neutron.plugins.ml2.ovo_rpc._ObjectChangeHandler.handle_event-72865', 'neutron.api.rpc.agentnotifiers.dhcp_rpc_agent_api.DhcpAgentNotifyAPI._native_event_send_dhcp_notification-539440', 'neutron.db.l3_db.L3RpcNotifierMixin._notify_gateway_port_ip_changed-8769078427248', 'neutron.db.l3_dvrscheduler_db._notify_l3_agent_port_update-8769077988181', 'neutron.db.l3_hascheduler_db._notify_l3_agent_ha_port_update-8769077988199'] for port, after_update {{(pid=93898) _notify_loop /usr/local/lib/python3.8/dist-packages/neutron_lib/callbacks/manager.py:192}}
Aug 19 18:20:07.067429 dv-cinder-805072-3-smb neutron-server[93896]: DEBUG neutron_lib.callbacks.manager [None req-ffed36ad-0a5b-4b5f-8873-f5409fa8ea5c admin admin] Notify callbacks ['neutron.services.auto_allocate.db._ensure_external_network_default_value_callback-8769077977254'] for network, precommit_create {{(pid=93896) _notify_loop /usr/local/lib/python3.8/dist-packages/neutron_lib/callbacks/manager.py:192}}
Aug 19 18:20:07.098027 dv-cinder-805072-3-smb neutron-server[93896]: DEBUG neutron_lib.callbacks.manager [None req-ffed36ad-0a5b-4b5f-8873-f5409fa8ea5c admin admin] Notify callbacks ['neutron.plugins.ml2.ovo_rpc._ObjectChangeHandler.handle_event-620421', 'neutron.api.rpc.agentnotifiers.dhcp_rpc_agent_api.DhcpAgentNotifyAPI._native_event_send_dhcp_notification-539440'] for network, after_create {{(pid=93896) _notify_loop /usr/local/lib/python3.8/dist-packages/neutron_lib/callbacks/manager.py:192}}
Aug 19 18:20:07.099618 dv-cinder-805072-3-smb neutron-server[93896]: DEBUG neutron.pecan_wsgi.hooks.policy_enforcement [None req-ffed36ad-0a5b-4b5f-8873-f5409fa8ea5c admin admin] Attributes excluded by policy engine: ['standard_attr_id', 'vlan_transparent'] {{(pid=93896) _exclude_attributes_by_policy /opt/stack/neutron/neutron/pecan_wsgi/hooks/policy_enforcement.py:255}}
Aug 19 18:20:07.100550 dv-cinder-805072-3-smb neutron-server[93896]: DEBUG neutron_lib.callbacks.manager [None req-ffed36ad-0a5b-4b5f-8873-f5409fa8ea5c admin admin] Notify callbacks ['neutron.api.rpc.agentnotifiers.dhcp_rpc_agent_api.DhcpAgentNotifyAPI._send_dhcp_notification-539430'] for network, before_response {{(pid=93896) _notify_loop /usr/local/lib/python3.8/dist-packages/neutron_lib/callbacks/manager.py:192}}
Aug 19 18:20:07.123645 dv-cinder-805072-3-smb neutron-server[93898]: DEBUG neutron.api.rpc.handlers.resources_rpc [None req-4602c92a-cd40-4190-8b50-b9ad4ddc9558 None None] Pushing event updated for resources: {'Port': ['ID=f46bfccb-c734-460a-be07-b779bb0b9522,revision_number=4']} {{(pid=93898) push /opt/stack/neutron/neutron/api/rpc/handlers/resources_rpc.py:237}}
Aug 19 18:20:07.158022 dv-cinder-805072-3-smb neutron-server[93896]: INFO neutron.wsgi [None req-ffed36ad-0a5b-4b5f-8873-f5409fa8ea5c admin admin] 10.222.0.60 "POST /v2.0/networks HTTP/1.1" status: 201 len: 880 time: 0.6271214
Aug 19 18:20:07.161369 dv-cinder-805072-3-smb neutron-server[93897]: DEBUG neutron.wsgi [-] (93897) accepted ('10.222.0.60', 60710) {{(pid=93897) server /usr/local/lib/python3.8/dist-packages/eventlet/wsgi.py:982}}
Aug 19 18:20:07.170504 dv-cinder-805072-3-smb neutron-server[93897]: DEBUG neutron.api.v2.base [None req-dcbd393b-56fc-47e7-8976-8c787e7e8d4a admin admin] Request body: {'subnet': {'network_id': 'ed2c082d-90a7-4d46-8a89-b3d52aad9fba', 'cidr': '172.20.0.0/28', 'name': 'tempest-VolumesActionsTest-80101725-subnet', 'tenant_id': 'cd4fbd271a7648608868e47d942ee9b2', 'enable_dhcp': False, 'ip_version': 4}} {{(pid=93897) prepare_request_body /opt/stack/neutron/neutron/api/v2/base.py:730}}
Aug 19 18:20:07.171135 dv-cinder-805072-3-smb neutron-server[93896]: DEBUG neutron.api.rpc.handlers.resources_rpc [None req-ffed36ad-0a5b-4b5f-8873-f5409fa8ea5c admin admin] Pushing event updated for resources: {'Network': ['ID=ed2c082d-90a7-4d46-8a89-b3d52aad9fba,revision_number=1']} {{(pid=93896) push /opt/stack/neutron/neutron/api/rpc/handlers/resources_rpc.py:237}}
Aug 19 18:20:07.183063 dv-cinder-805072-3-smb neutron-server[93898]: DEBUG neutron.plugins.ml2.rpc [None req-216e6c19-bb80-4738-93c8-dbf05bf10f5a None None] Network ed2c082d-90a7-4d46-8a89-b3d52aad9fba details requested by agent ovs-agent-dv-cinder-805072-3-smb with host dv-cinder-805072-3-smb {{(pid=93898) get_network_details /opt/stack/neutron/neutron/plugins/ml2/rpc.py:248}}
Aug 19 18:20:07.219564 dv-cinder-805072-3-smb neutron-server[93897]: DEBUG neutron.pecan_wsgi.hooks.quota_enforcement [None req-dcbd393b-56fc-47e7-8976-8c787e7e8d4a admin admin] Made reservation on behalf of cd4fbd271a7648608868e47d942ee9b2 for: {'subnet': 1} {{(pid=93897) before /opt/stack/neutron/neutron/pecan_wsgi/hooks/quota_enforcement.py:53}}
Aug 19 18:20:07.224966 dv-cinder-805072-3-smb neutron-server[93897]: DEBUG neutron_lib.callbacks.manager [None req-dcbd393b-56fc-47e7-8976-8c787e7e8d4a admin admin] Notify callbacks ['neutron.services.segments.plugin.SegmentHostRoutes.host_routes_before_create-7041145'] for subnet, before_create {{(pid=93897) _notify_loop /usr/local/lib/python3.8/dist-packages/neutron_lib/callbacks/manager.py:192}}
Aug 19 18:20:07.385124 dv-cinder-805072-3-smb neutron-server[93898]: DEBUG neutron.plugins.ml2.db [None req-4602c92a-cd40-4190-8b50-b9ad4ddc9558 None None] get_ports_and_sgs() called for port_ids ['f46bfccb-c734-460a-be07-b779bb0b9522'] {{(pid=93898) get_ports_and_sgs /opt/stack/neutron/neutron/plugins/ml2/db.py:156}}
Aug 19 18:20:07.408943 dv-cinder-805072-3-smb neutron-server[93897]: DEBUG neutron.pecan_wsgi.hooks.policy_enforcement [req-a93e18a8-4e30-4d95-ab8b-b1b17cf2503d req-8352bf28-a268-41ab-a97c-b3ca4b42d9d0 tempest-AttachVolumeNegativeTest-1587077616 tempest-AttachVolumeNegativeTest-1587077616-project] Attributes excluded by policy engine: ['standard_attr_id', 'binding:profile', 'binding:host_id', 'binding:vif_type', 'binding:vif_details'] {{(pid=93897) _exclude_attributes_by_policy /opt/stack/neutron/neutron/pecan_wsgi/hooks/policy_enforcement.py:255}}
Aug 19 18:20:07.410680 dv-cinder-805072-3-smb neutron-server[93897]: INFO neutron.wsgi [req-a93e18a8-4e30-4d95-ab8b-b1b17cf2503d req-8352bf28-a268-41ab-a97c-b3ca4b42d9d0 tempest-AttachVolumeNegativeTest-1587077616 tempest-AttachVolumeNegativeTest-1587077616-project] 10.222.0.60 "GET /v2.0/ports?device_id=082eabc8-a98a-4558-9d23-c8e4c35eeb3c HTTP/1.1" status: 200 len: 944 time: 0.0835052
Aug 19 18:20:07.451585 dv-cinder-805072-3-smb neutron-server[93896]: DEBUG neutron.wsgi [-] (93896) accepted ('10.222.0.60', 60720) {{(pid=93896) server /usr/local/lib/python3.8/dist-packages/eventlet/wsgi.py:982}}
Aug 19 18:20:07.469410 dv-cinder-805072-3-smb neutron-server[93896]: DEBUG neutron_lib.callbacks.manager [None req-2516b31d-8a17-4f3a-90ee-71bd38dcbc0a admin admin] Notify callbacks [] for security_group, before_create {{(pid=93896) _notify_loop /usr/local/lib/python3.8/dist-packages/neutron_lib/callbacks/manager.py:192}}
Aug 19 18:20:07.518294 dv-cinder-805072-3-smb neutron-server[93898]: DEBUG neutron.plugins.ml2.db [None req-4602c92a-cd40-4190-8b50-b9ad4ddc9558 None None] get_ports_and_sgs() called for port_ids ['6b1228e3-b6eb-4024-bd01-0aa1bdecdd38'] {{(pid=93898) get_ports_and_sgs /opt/stack/neutron/neutron/plugins/ml2/db.py:156}}
Aug 19 18:20:07.550364 dv-cinder-805072-3-smb neutron-server[93897]: INFO neutron.wsgi [req-a93e18a8-4e30-4d95-ab8b-b1b17cf2503d req-adedaed0-554f-4c89-83f9-cbbc5e1243dc tempest-AttachVolumeNegativeTest-1587077616 tempest-AttachVolumeNegativeTest-1587077616-project] 10.222.0.60 "GET /v2.0/security-groups?id=af67c545-b7b6-420f-9260-d69f2fcf8642&fields=id&fields=name HTTP/1.1" status: 200 len: 286 time: 0.1261466
Aug 19 18:20:07.694782 dv-cinder-805072-3-smb neutron-server[93897]: DEBUG neutron_lib.callbacks.manager [None req-dcbd393b-56fc-47e7-8976-8c787e7e8d4a admin admin] Notify callbacks ['neutron.plugins.ml2.ovo_rpc._ObjectChangeHandler.handle_event-597458', 'neutron.api.rpc.agentnotifiers.dhcp_rpc_agent_api.DhcpAgentNotifyAPI._native_event_send_dhcp_notification-539440', 'neutron.services.segments.plugin.NovaSegmentNotifier._notify_subnet_created-6826093', 'neutron.services.segments.plugin.SegmentHostRoutes.host_routes_after_create-7041135'] for subnet, after_create {{(pid=93897) _notify_loop /usr/local/lib/python3.8/dist-packages/neutron_lib/callbacks/manager.py:192}}
Aug 19 18:20:07.739375 dv-cinder-805072-3-smb neutron-server[93896]: DEBUG neutron_lib.callbacks.manager [None req-2516b31d-8a17-4f3a-90ee-71bd38dcbc0a admin admin] Notify callbacks [] for security_group, precommit_create {{(pid=93896) _notify_loop /usr/local/lib/python3.8/dist-packages/neutron_lib/callbacks/manager.py:192}}
Aug 19 18:20:07.746997 dv-cinder-805072-3-smb neutron-server[93896]: DEBUG neutron_lib.callbacks.manager [None req-2516b31d-8a17-4f3a-90ee-71bd38dcbc0a admin admin] Notify callbacks ['neutron.plugins.ml2.ovo_rpc._ObjectChangeHandler.handle_event-620529'] for security_group, after_create {{(pid=93896) _notify_loop /usr/local/lib/python3.8/dist-packages/neutron_lib/callbacks/manager.py:192}}
Aug 19 18:20:07.847625 dv-cinder-805072-3-smb neutron-server[93897]: DEBUG neutron.api.rpc.handlers.resources_rpc [None req-dcbd393b-56fc-47e7-8976-8c787e7e8d4a admin admin] Pushing event updated for resources: {'Subnet': ['ID=dac9069d-92c3-4d68-aa02-e2d9b6c983d1,revision_number=0']} {{(pid=93897) push /opt/stack/neutron/neutron/api/rpc/handlers/resources_rpc.py:237}}
Aug 19 18:20:07.861809 dv-cinder-805072-3-smb neutron-server[93896]: DEBUG neutron.api.rpc.handlers.resources_rpc [None req-2516b31d-8a17-4f3a-90ee-71bd38dcbc0a admin admin] Pushing event updated for resources: {'SecurityGroup': ['ID=b9b0e2e4-f674-4025-b559-941875b1864d,revision_number=1']} {{(pid=93896) push /opt/stack/neutron/neutron/api/rpc/handlers/resources_rpc.py:237}}
Aug 19 18:20:07.872478 dv-cinder-805072-3-smb neutron-server[93897]: DEBUG neutron.plugins.ml2.drivers.mech_agent [None req-dcbd393b-56fc-47e7-8976-8c787e7e8d4a admin admin] Checking segment: {'id': '3ea463a1-af01-4457-9091-8ad3857dd179', 'network_type': 'vlan', 'physical_network': 'physnet1', 'segmentation_id': 928, 'network_id': 'ed2c082d-90a7-4d46-8a89-b3d52aad9fba'} for mappings: {'physnet1': 'br-data'} with network types: ['local', 'flat', 'vlan'] {{(pid=93897) check_segment_for_agent /opt/stack/neutron/neutron/plugins/ml2/drivers/mech_agent.py:352}}
Aug 19 18:20:07.873156 dv-cinder-805072-3-smb neutron-server[93897]: DEBUG neutron.scheduler.dhcp_agent_scheduler [None req-dcbd393b-56fc-47e7-8976-8c787e7e8d4a admin admin] Network hostable DHCP agents. Network: ed2c082d-90a7-4d46-8a89-b3d52aad9fba, hostable agents: ['1df98e51-f9d5-41ea-902e-af90a9b051b2'], hosted agents: [] {{(pid=93897) _get_network_hostable_dhcp_agents /opt/stack/neutron/neutron/scheduler/dhcp_agent_scheduler.py:329}}
Aug 19 18:20:07.896787 dv-cinder-805072-3-smb neutron-server[93897]: DEBUG neutron.wsgi [-] (93897) accepted ('10.222.0.60', 60740) {{(pid=93897) server /usr/local/lib/python3.8/dist-packages/eventlet/wsgi.py:982}}
Aug 19 18:20:07.898364 dv-cinder-805072-3-smb neutron-server[93896]: INFO neutron.wsgi [None req-2516b31d-8a17-4f3a-90ee-71bd38dcbc0a admin admin] 10.222.0.60 "GET /v2.0/security-groups?tenant_id=30bb6427be2149b285c1a63c6965fa75&name=default HTTP/1.1" status: 200 len: 2979 time: 0.4441140
Aug 19 18:20:07.951114 dv-cinder-805072-3-smb neutron-server[93897]: DEBUG neutron.scheduler.dhcp_agent_scheduler [None req-dcbd393b-56fc-47e7-8976-8c787e7e8d4a admin admin] Network ed2c082d-90a7-4d46-8a89-b3d52aad9fba is scheduled to be hosted by DHCP agent 1df98e51-f9d5-41ea-902e-af90a9b051b2 with binding_index 1 {{(pid=93897) bind /opt/stack/neutron/neutron/scheduler/dhcp_agent_scheduler.py:227}}
Aug 19 18:20:07.979680 dv-cinder-805072-3-smb neutron-server[93897]: DEBUG neutron.scheduler.base_scheduler [None req-dcbd393b-56fc-47e7-8976-8c787e7e8d4a admin admin] Resources bound (agent type, host, resource id): (DHCP agent, dv-cinder-805072-3-smb, ed2c082d-90a7-4d46-8a89-b3d52aad9fba) {{(pid=93897) schedule /opt/stack/neutron/neutron/scheduler/base_scheduler.py:57}}
Aug 19 18:20:07.987018 dv-cinder-805072-3-smb neutron-server[93897]: DEBUG neutron.pecan_wsgi.hooks.policy_enforcement [None req-dcbd393b-56fc-47e7-8976-8c787e7e8d4a admin admin] Attributes excluded by policy engine: ['standard_attr_id', 'shared', 'segment_id', 'network'] {{(pid=93897) _exclude_attributes_by_policy /opt/stack/neutron/neutron/pecan_wsgi/hooks/policy_enforcement.py:255}}
Aug 19 18:20:07.988728 dv-cinder-805072-3-smb neutron-server[93897]: DEBUG neutron_lib.callbacks.manager [None req-dcbd393b-56fc-47e7-8976-8c787e7e8d4a admin admin] Notify callbacks [] for subnet, before_response {{(pid=93897) _notify_loop /usr/local/lib/python3.8/dist-packages/neutron_lib/callbacks/manager.py:192}}
Aug 19 18:20:07.993333 dv-cinder-805072-3-smb neutron-server[93898]: DEBUG neutron.api.rpc.handlers.dhcp_rpc [None req-3052d971-a2ec-466a-bd05-8cdbcb3abd60 None None] Network ed2c082d-90a7-4d46-8a89-b3d52aad9fba requested from dv-cinder-805072-3-smb {{(pid=93898) get_network_info /opt/stack/neutron/neutron/api/rpc/handlers/dhcp_rpc.py:218}}
Aug 19 18:20:08.012974 dv-cinder-805072-3-smb neutron-server[93897]: DEBUG neutron.pecan_wsgi.hooks.policy_enforcement [req-bf7f7ea6-70b2-4fd5-b81a-b3395a1326c5 req-0ae3b94c-b2ab-4bb9-a8d9-5487d097bba8 tempest-DeleteServersTestJSON-907222318 tempest-DeleteServersTestJSON-907222318-project] Attributes excluded by policy engine: ['standard_attr_id', 'binding:profile', 'binding:host_id', 'binding:vif_type', 'binding:vif_details'] {{(pid=93897) _exclude_attributes_by_policy /opt/stack/neutron/neutron/pecan_wsgi/hooks/policy_enforcement.py:255}}
Aug 19 18:20:08.014495 dv-cinder-805072-3-smb neutron-server[93897]: INFO neutron.wsgi [req-bf7f7ea6-70b2-4fd5-b81a-b3395a1326c5 req-0ae3b94c-b2ab-4bb9-a8d9-5487d097bba8 tempest-DeleteServersTestJSON-907222318 tempest-DeleteServersTestJSON-907222318-project] 10.222.0.60 "GET /v2.0/ports?device_id=6a1ad795-422a-4adc-8104-0148624a7e17 HTTP/1.1" status: 200 len: 945 time: 0.1076288
Aug 19 18:20:08.031453 dv-cinder-805072-3-smb neutron-server[93897]: INFO neutron.wsgi [None req-dcbd393b-56fc-47e7-8976-8c787e7e8d4a admin admin] 10.222.0.60 "POST /v2.0/subnets HTTP/1.1" status: 201 len: 844 time: 0.8682051
Aug 19 18:20:08.042483 dv-cinder-805072-3-smb neutron-server[93897]: DEBUG neutron_lib.callbacks.manager [None req-b3d394cd-516b-4414-aad0-78bcfd7703d7 admin admin] Notify callbacks [] for security_group, before_delete {{(pid=93897) _notify_loop /usr/local/lib/python3.8/dist-packages/neutron_lib/callbacks/manager.py:192}}
Aug 19 18:20:08.074500 dv-cinder-805072-3-smb neutron-server[93898]: DEBUG neutron.plugins.ml2.rpc [None req-4602c92a-cd40-4190-8b50-b9ad4ddc9558 None None] Device 4c63b5fe-f3d3-4890-a698-6173b6e0e323 details requested by agent hyperv_hv-cinder-80507 with host hv-cinder-80507 {{(pid=93898) get_device_details /opt/stack/neutron/neutron/plugins/ml2/rpc.py:102}}
Aug 19 18:20:08.083365 dv-cinder-805072-3-smb neutron-server[93897]: DEBUG neutron_lib.callbacks.manager [None req-b3d394cd-516b-4414-aad0-78bcfd7703d7 admin admin] Notify callbacks [] for security_group, precommit_delete {{(pid=93897) _notify_loop /usr/local/lib/python3.8/dist-packages/neutron_lib/callbacks/manager.py:192}}
Aug 19 18:20:08.112154 dv-cinder-805072-3-smb neutron-server[93897]: INFO neutron.wsgi [req-bf7f7ea6-70b2-4fd5-b81a-b3395a1326c5 req-35cb0de1-08f0-41e4-bebd-b1b73c2f3849 tempest-DeleteServersTestJSON-907222318 tempest-DeleteServersTestJSON-907222318-project] 10.222.0.60 "GET /v2.0/security-groups?id=a30ec8d6-43dd-4c26-b9f3-6001077bdb58&fields=id&fields=name HTTP/1.1" status: 200 len: 286 time: 0.0874193
Aug 19 18:20:08.159722 dv-cinder-805072-3-smb neutron-server[93897]: INFO neutron.wsgi [req-dfe764f1-33a2-460f-a857-0f6950acd560 req-8bc5285e-e602-455f-bd6f-ced4cdf43dfb tempest-AttachVolumeShelveTestJSON-1232157465 tempest-AttachVolumeShelveTestJSON-1232157465-project] 10.222.0.60 "GET /v2.0/ports?device_id=c0cbc6bf-805d-4224-aeab-efff9c073ace HTTP/1.1" status: 200 len: 210 time: 0.0367658
Aug 19 18:20:08.190758 dv-cinder-805072-3-smb neutron-server[93897]: DEBUG neutron_lib.callbacks.manager [None req-b3d394cd-516b-4414-aad0-78bcfd7703d7 admin admin] Notify callbacks ['neutron.plugins.ml2.ovo_rpc._ObjectChangeHandler.handle_event-620529'] for security_group, after_delete {{(pid=93897) _notify_loop /usr/local/lib/python3.8/dist-packages/neutron_lib/callbacks/manager.py:192}}
Aug 19 18:20:08.195785 dv-cinder-805072-3-smb neutron-server[93897]: DEBUG neutron_lib.callbacks.manager [None req-b3d394cd-516b-4414-aad0-78bcfd7703d7 admin admin] Notify callbacks [] for security_group, before_response {{(pid=93897) _notify_loop /usr/local/lib/python3.8/dist-packages/neutron_lib/callbacks/manager.py:192}}
Aug 19 18:20:08.198955 dv-cinder-805072-3-smb neutron-server[93897]: INFO neutron.wsgi [None req-b3d394cd-516b-4414-aad0-78bcfd7703d7 admin admin] 10.222.0.60 "DELETE /v2.0/security-groups/b9b0e2e4-f674-4025-b559-941875b1864d HTTP/1.1" status: 204 len: 168 time: 0.3003304
Aug 19 18:20:08.217687 dv-cinder-805072-3-smb neutron-server[93897]: DEBUG neutron.api.rpc.handlers.resources_rpc [None req-b3d394cd-516b-4414-aad0-78bcfd7703d7 admin admin] Pushing event deleted for resources: {'SecurityGroup': ['ID=b9b0e2e4-f674-4025-b559-941875b1864d,revision_number=None']} {{(pid=93897) push /opt/stack/neutron/neutron/api/rpc/handlers/resources_rpc.py:237}}
