Mar 21 11:54:03.551747 dv-cinder-805072-11-smb neutron-server[115426]: DEBUG neutron.scheduler.base_scheduler [None req-0459a43f-3e8e-414e-b4a1-d75b4dafee16 admin admin] Resources bound (agent type, host, resource id): {{(pid=115426) schedule /opt/stack/neutron/neutron/scheduler/base_scheduler.py:57}}
Mar 21 11:54:03.556684 dv-cinder-805072-11-smb neutron-server[115426]: DEBUG neutron.db.l3_dvrscheduler_db [None req-0459a43f-3e8e-414e-b4a1-d75b4dafee16 admin admin] Received port after_create {{(pid=115426) _notify_l3_agent_new_port /opt/stack/neutron/neutron/db/l3_dvrscheduler_db.py:536}}
Mar 21 11:54:03.561408 dv-cinder-805072-11-smb neutron-server[115425]: DEBUG neutron_lib.callbacks.manager [None req-594ab666-62f5-43e6-859a-4c6797092d29 admin admin] Publish callbacks ['neutron.plugins.ml2.plugin.SecurityGroupDbMixin._ensure_default_security_group_handler-590328'] for port (None), before_create {{(pid=115425) _notify_loop /usr/local/lib/python3.8/dist-packages/neutron_lib/callbacks/manager.py:176}}
Mar 21 11:54:03.574103 dv-cinder-805072-11-smb neutron-server[115427]: DEBUG neutron_lib.callbacks.manager [None req-96efc93c-5c5e-452b-b511-c3ce3d85fbdd None None] Publish callbacks ['neutron.plugins.ml2.plugin.SecurityGroupServerNotifierRpcMixin._notify_sg_on_port_change-590267', 'neutron.plugins.ml2.ovo_rpc._ObjectChangeHandler.handle_event-386974', 'neutron.api.rpc.agentnotifiers.dhcp_rpc_agent_api.DhcpAgentNotifyAPI._native_event_send_dhcp_notification-1701972', 'neutron.db.l3_db.L3RpcNotifierMixin._notify_gateway_port_ip_changed-8788488000660', 'neutron.db.l3_dvrscheduler_db._notify_l3_agent_port_update-8788487478312', 'neutron.db.l3_hascheduler_db._notify_l3_agent_ha_port_update-8788487478330'] for port (1f19ae42-4f21-48a9-8bf9-4633047a4755), after_update {{(pid=115427) _notify_loop /usr/local/lib/python3.8/dist-packages/neutron_lib/callbacks/manager.py:176}}
Mar 21 11:54:03.647970 dv-cinder-805072-11-smb neutron-server[115427]: DEBUG neutron.api.rpc.handlers.resources_rpc [None req-d7f2212f-a3bd-4442-bb79-3bd637bb796f None None] Pushing event updated for resources: {'Port': ['ID=83ebeace-1a3a-4d4a-92b3-1b5eb4630425,revision_number=1']} {{(pid=115427) push /opt/stack/neutron/neutron/api/rpc/handlers/resources_rpc.py:237}}
Mar 21 11:54:03.672295 dv-cinder-805072-11-smb neutron-server[115427]: DEBUG neutron.plugins.ml2.plugin [None req-02d75458-4cc0-4fbc-ad38-7bc946a3c691 None None] Current status of the port 1f19ae42-4f21-48a9-8bf9-4633047a4755 is: DOWN; New status is: ACTIVE {{(pid=115427) _update_individual_port_db_status /opt/stack/neutron/neutron/plugins/ml2/plugin.py:2256}}
Mar 21 11:54:03.673002 dv-cinder-805072-11-smb neutron-server[115427]: DEBUG neutron_lib.callbacks.manager [None req-02d75458-4cc0-4fbc-ad38-7bc946a3c691 None None] Publish callbacks ['neutron.plugins.ml2.plugin.SecurityGroupDbMixin._ensure_default_security_group_handler-590328'] for port (1f19ae42-4f21-48a9-8bf9-4633047a4755), before_update {{(pid=115427) _notify_loop /usr/local/lib/python3.8/dist-packages/neutron_lib/callbacks/manager.py:176}}
Mar 21 11:54:03.710012 dv-cinder-805072-11-smb neutron-server[115425]: DEBUG neutron.db.db_base_plugin_common [None req-594ab666-62f5-43e6-859a-4c6797092d29 admin admin] Allocated IP 172.28.2.65 (f1c95be4-35f6-47cc-b146-bcb916883e76/277f33d1-66e7-4cac-9a2e-8bae900fd80b/f151289c-2166-41cf-a096-5b86c3fce002) {{(pid=115425) _store_ip_allocation /opt/stack/neutron/neutron/db/db_base_plugin_common.py:131}}
Mar 21 11:54:03.807994 dv-cinder-805072-11-smb neutron-server[115427]: DEBUG neutron.plugins.ml2.db [None req-81b05e30-471a-4f01-a7ad-2db35176e96b None None] For port c90c1d0f-30d4-4e1c-8ec5-62ec430bedfc, host dv-cinder-805072-11-smb, cleared binding levels {{(pid=115427) clear_binding_levels /opt/stack/neutron/neutron/plugins/ml2/db.py:87}}
Mar 21 11:54:03.827035 dv-cinder-805072-11-smb neutron-server[115427]: DEBUG neutron.plugins.ml2.db [None req-81b05e30-471a-4f01-a7ad-2db35176e96b None None] For port c90c1d0f-30d4-4e1c-8ec5-62ec430bedfc, host dv-cinder-805072-11-smb, set binding levels [PortBindingLevel(driver='openvswitch',host='dv-cinder-805072-11-smb',level=0,port_id=c90c1d0f-30d4-4e1c-8ec5-62ec430bedfc,segment=NetworkSegment(ef1d3231-ccdc-48db-9d01-b053796cd98a),segment_id=ef1d3231-ccdc-48db-9d01-b053796cd98a)] {{(pid=115427) set_binding_levels /opt/stack/neutron/neutron/plugins/ml2/db.py:59}}
Mar 21 11:54:03.831923 dv-cinder-805072-11-smb neutron-server[115427]: DEBUG neutron.plugins.ml2.managers [None req-d7f2212f-a3bd-4442-bb79-3bd637bb796f None None] Attempting to bind port 83ebeace-1a3a-4d4a-92b3-1b5eb4630425 on host dv-cinder-805072-11-smb for vnic_type normal with profile {{(pid=115427) bind_port /opt/stack/neutron/neutron/plugins/ml2/managers.py:795}}
Mar 21 11:54:03.832510 dv-cinder-805072-11-smb neutron-server[115427]: DEBUG neutron.plugins.ml2.managers [None req-d7f2212f-a3bd-4442-bb79-3bd637bb796f None None] Attempting to bind port 83ebeace-1a3a-4d4a-92b3-1b5eb4630425 by drivers openvswitch,hyperv on host dv-cinder-805072-11-smb at level 0 using segments [{'id': 'c39c42a5-857a-4643-bad3-62d7e9daf81c', 'network_type': 'vlan', 'physical_network': 'physnet1', 'segmentation_id': 597, 'network_id': '2706ebe9-6309-4411-b5fd-29d8cfa9843e'}] {{(pid=115427) _bind_port_level /opt/stack/neutron/neutron/plugins/ml2/managers.py:820}}
Mar 21 11:54:03.832663 dv-cinder-805072-11-smb neutron-server[115426]: DEBUG neutron.api.rpc.handlers.resources_rpc [None req-0459a43f-3e8e-414e-b4a1-d75b4dafee16 admin admin] Pushing event updated for resources: {'Port': ['ID=c55b3b6e-dd7d-4c20-a14b-d622d59ee6f4,revision_number=1']} {{(pid=115426) push /opt/stack/neutron/neutron/api/rpc/handlers/resources_rpc.py:237}}
Mar 21 11:54:03.833399 dv-cinder-805072-11-smb neutron-server[115427]: DEBUG neutron.plugins.ml2.drivers.mech_agent [None req-d7f2212f-a3bd-4442-bb79-3bd637bb796f None None] Attempting to bind port 83ebeace-1a3a-4d4a-92b3-1b5eb4630425 on network 2706ebe9-6309-4411-b5fd-29d8cfa9843e {{(pid=115427) bind_port /opt/stack/neutron/neutron/plugins/ml2/drivers/mech_agent.py:91}}
Mar 21 11:54:03.871814 dv-cinder-805072-11-smb neutron-server[115425]: DEBUG neutron_lib.callbacks.manager [None req-594ab666-62f5-43e6-859a-4c6797092d29 admin admin] Publish callbacks [] for port (f151289c-2166-41cf-a096-5b86c3fce002), precommit_create {{(pid=115425) _notify_loop /usr/local/lib/python3.8/dist-packages/neutron_lib/callbacks/manager.py:176}}
Mar 21 11:54:03.876022 dv-cinder-805072-11-smb neutron-server[115425]: DEBUG neutron.scheduler.l3_agent_scheduler [None req-887028cd-b72e-4ce3-8260-50143880f500 admin admin] Router 82fe435c-5f6f-4b6b-9ba2-c38ce078c1bb is scheduled to L3 agent e10d51e5-98c3-4dbb-8595-0e299355ebdc with binding_index 1 {{(pid=115425) bind_router /opt/stack/neutron/neutron/scheduler/l3_agent_scheduler.py:209}}
Mar 21 11:54:03.889559 dv-cinder-805072-11-smb neutron-server[115427]: DEBUG neutron.plugins.ml2.drivers.mech_agent [None req-d7f2212f-a3bd-4442-bb79-3bd637bb796f None None] Checking agent: {'id': '01ec70f8-bcb9-4bc3-8f48-791bc5b05ebd', 'agent_type': 'Open vSwitch agent', 'binary': 'neutron-openvswitch-agent', 'topic': 'N/A', 'host': 'dv-cinder-805072-11-smb', 'admin_state_up': True, 'created_at': datetime.datetime(2022, 3, 21, 11, 45, 11), 'started_at': datetime.datetime(2022, 3, 21, 11, 45, 41), 'heartbeat_timestamp': datetime.datetime(2022, 3, 21, 11, 53, 41), 'description': None, 'resources_synced': None, 'availability_zone': None, 'alive': True, 'configurations': {'arp_responder_enabled': False, 'baremetal_smartnic': False, 'bridge_mappings': {'physnet1': 'br-data'}, 'datapath_type': 'system', 'devices': 0, 'enable_distributed_routing': False, 'extensions': [], 'in_distributed_mode': False, 'integration_bridge': 'br-int', 'l2_population': False, 'log_agent_heartbeats': False, 'ovs_capabilities': {'datapath_types': ['netdev', 'system'], 'iface_types': ['erspan', 'geneve', 'gre', 'internal', 'ip6erspan', 'ip6gre', 'lisp', 'patch', 'stt', 'system', 'tap', 'vxlan']}, 'ovs_hybrid_plug': False, 'resource_provider_bandwidths': {}, 'resource_provider_hypervisors': {'br-data': 'dv-cinder-805072-11-smb'}, 'resource_provider_inventory_defaults': {'allocation_ratio': 1.0, 'min_unit': 1, 'step_size': 1, 'reserved': 0}, 'resource_provider_packet_processing_inventory_defaults': {'allocation_ratio': 1.0, 'min_unit': 1, 'step_size': 1, 'reserved': 0}, 'resource_provider_packet_processing_with_direction': {}, 'resource_provider_packet_processing_without_direction': {}, 'tunnel_types': [], 'tunneling_ip': None, 'vhostuser_socket_dir': '/var/run/openvswitch'}, 'resource_versions': {'AddressGroup': '1.2', 'Agent': '1.1', 'ConntrackHelper': '1.0', 'LocalIPAssociation': '1.0', 'Log': '1.0', 'NDPProxy': '1.0', 'Network': '1.1', 'Port': '1.7', 'PortForwarding': '1.3', 'QosPolicy': '1.10', 'SecurityGroup': '1.5', 'SecurityGroupRule': '1.2', 'SubPort': '1.0', 'Subnet': '1.1', 'Trunk': '1.1'}} {{(pid=115427) bind_port /opt/stack/neutron/neutron/plugins/ml2/drivers/mech_agent.py:110}}
Mar 21 11:54:03.890564 dv-cinder-805072-11-smb neutron-server[115427]: DEBUG neutron.plugins.ml2.drivers.mech_agent [None req-d7f2212f-a3bd-4442-bb79-3bd637bb796f None None] Checking segment: {'id': 'c39c42a5-857a-4643-bad3-62d7e9daf81c', 'network_type': 'vlan', 'physical_network': 'physnet1', 'segmentation_id': 597, 'network_id': '2706ebe9-6309-4411-b5fd-29d8cfa9843e'} for mappings: {'physnet1': 'br-data'} with network types: ['local', 'flat', 'vlan'] {{(pid=115427) check_segment_for_agent /opt/stack/neutron/neutron/plugins/ml2/drivers/mech_agent.py:373}}
Mar 21 11:54:03.892092 dv-cinder-805072-11-smb neutron-server[115427]: DEBUG neutron_lib.callbacks.manager [None req-d7f2212f-a3bd-4442-bb79-3bd637bb796f None None] Publish callbacks [] for ovs_bridge_name (None), before_read {{(pid=115427) _notify_loop /usr/local/lib/python3.8/dist-packages/neutron_lib/callbacks/manager.py:176}}
Mar 21 11:54:03.892092 dv-cinder-805072-11-smb neutron-server[115427]: DEBUG neutron.plugins.ml2.drivers.mech_agent [None req-d7f2212f-a3bd-4442-bb79-3bd637bb796f None None] Bound using segment: {'id': 'c39c42a5-857a-4643-bad3-62d7e9daf81c', 'network_type': 'vlan', 'physical_network': 'physnet1', 'segmentation_id': 597, 'network_id': '2706ebe9-6309-4411-b5fd-29d8cfa9843e'} {{(pid=115427) bind_port /opt/stack/neutron/neutron/plugins/ml2/drivers/mech_agent.py:120}}
Mar 21 11:54:03.892092 dv-cinder-805072-11-smb neutron-server[115427]: DEBUG neutron.plugins.ml2.managers [None req-d7f2212f-a3bd-4442-bb79-3bd637bb796f None None] Bound port: 83ebeace-1a3a-4d4a-92b3-1b5eb4630425, host: dv-cinder-805072-11-smb, vif_type: ovs, vif_details: {"connectivity": "l2", "port_filter": true, "ovs_hybrid_plug": false, "datapath_type": "system", "bridge_name": "br-int"}, binding_levels: [{'bound_driver': 'openvswitch', 'bound_segment': {'id': 'c39c42a5-857a-4643-bad3-62d7e9daf81c', 'network_type': 'vlan', 'physical_network': 'physnet1', 'segmentation_id': 597, 'network_id': '2706ebe9-6309-4411-b5fd-29d8cfa9843e'}}] {{(pid=115427) _bind_port_level /opt/stack/neutron/neutron/plugins/ml2/managers.py:932}}
Mar 21 11:54:03.893682 dv-cinder-805072-11-smb neutron-server[115427]: DEBUG neutron_lib.callbacks.manager [None req-d7f2212f-a3bd-4442-bb79-3bd637bb796f None None] Publish callbacks ['neutron.plugins.ml2.plugin.SecurityGroupDbMixin._ensure_default_security_group_handler-590328'] for port (83ebeace-1a3a-4d4a-92b3-1b5eb4630425), before_update {{(pid=115427) _notify_loop /usr/local/lib/python3.8/dist-packages/neutron_lib/callbacks/manager.py:176}}
Mar 21 11:54:03.896893 dv-cinder-805072-11-smb neutron-server[115426]: INFO neutron.wsgi [req-bdda782c-571c-43ce-9dd0-1fcf20637281 req-53c134b0-0215-4d9b-9a31-c2bf1a20d17b service neutron] 10.222.0.57 "GET /v2.0/networks/ab433b64-89e0-47f2-9c73-82bb78eb54c8?fields=provider%3Aphysical_network&fields=provider%3Anetwork_type HTTP/1.1" status: 200 len: 281 time: 0.5138912
Mar 21 11:54:03.906713 dv-cinder-805072-11-smb neutron-server[115427]: DEBUG neutron.api.rpc.handlers.resources_rpc [None req-96efc93c-5c5e-452b-b511-c3ce3d85fbdd None None] Pushing event updated for resources: {'Port': ['ID=1f19ae42-4f21-48a9-8bf9-4633047a4755,revision_number=3']} {{(pid=115427) push /opt/stack/neutron/neutron/api/rpc/handlers/resources_rpc.py:237}}
Mar 21 11:54:03.946773 dv-cinder-805072-11-smb neutron-server[115427]: DEBUG neutron_lib.callbacks.manager [None req-81b05e30-471a-4f01-a7ad-2db35176e96b None None] Publish callbacks ['neutron.plugins.ml2.plugin.SecurityGroupServerNotifierRpcMixin._notify_sg_on_port_change-590267', 'neutron.plugins.ml2.ovo_rpc._ObjectChangeHandler.handle_event-386974', 'neutron.api.rpc.agentnotifiers.dhcp_rpc_agent_api.DhcpAgentNotifyAPI._native_event_send_dhcp_notification-1701972', 'neutron.db.l3_db.L3RpcNotifierMixin._notify_gateway_port_ip_changed-8788488000660', 'neutron.db.l3_dvrscheduler_db._notify_l3_agent_port_update-8788487478312', 'neutron.db.l3_hascheduler_db._notify_l3_agent_ha_port_update-8788487478330'] for port (c90c1d0f-30d4-4e1c-8ec5-62ec430bedfc), after_update {{(pid=115427) _notify_loop /usr/local/lib/python3.8/dist-packages/neutron_lib/callbacks/manager.py:176}}
Mar 21 11:54:04.072652 dv-cinder-805072-11-smb neutron-server[115425]: DEBUG neutron.api.rpc.agentnotifiers.l3_rpc_agent_api [None req-887028cd-b72e-4ce3-8260-50143880f500 admin admin] Notify agent at l3_agent.dv-cinder-805072-11-smb the message routers_updated {{(pid=115425) _agent_notification /opt/stack/neutron/neutron/api/rpc/agentnotifiers/l3_rpc_agent_api.py:65}}
Mar 21 11:54:04.094390 dv-cinder-805072-11-smb neutron-server[115428]: DEBUG neutron.api.rpc.handlers.l3_rpc [None req-84ae589b-c5ad-440f-b3dd-316816e2348e None None] Sync routers for ids ['82fe435c-5f6f-4b6b-9ba2-c38ce078c1bb'] in dv-cinder-805072-11-smb {{(pid=115428) sync_routers /opt/stack/neutron/neutron/api/rpc/handlers/l3_rpc.py:125}}
Mar 21 11:54:04.110226 dv-cinder-805072-11-smb neutron-server[115428]: DEBUG neutron.db.l3_dvrscheduler_db [None req-84ae589b-c5ad-440f-b3dd-316816e2348e None None] Routers {'82fe435c-5f6f-4b6b-9ba2-c38ce078c1bb'} bound to L3 agent in host dv-cinder-805072-11-smb {{(pid=115428) _get_router_ids_for_agent /opt/stack/neutron/neutron/db/l3_dvrscheduler_db.py:421}}
Mar 21 11:54:04.116456 dv-cinder-805072-11-smb neutron-server[115428]: DEBUG neutron.db.l3_hamode_db [None req-84ae589b-c5ad-440f-b3dd-316816e2348e None None] neutron.services.l3_router.l3_router_plugin.L3RouterPlugin method get_ha_sync_data_for_host called with arguments (, 'dv-cinder-805072-11-smb', Agent(admin_state_up=True,agent_type='L3 agent',availability_zone='nova',binary='neutron-l3-agent',configurations={"agent_mode": "legacy", "ex_gw_ports": 1, "extensions": [], "floating_ips": 0, "handle_internal_only_routers": true, "interface_driver": "openvswitch", "interfaces": 1, "log_agent_heartbeats": false, "routers": 1},created_at=2022-03-21T11:45:07Z,description=,heartbeat_timestamp=2022-03-21T11:53:37Z,host='dv-cinder-805072-11-smb',id=e10d51e5-98c3-4dbb-8595-0e299355ebdc,load=0,resource_versions=,resources_synced=,started_at=2022-03-21T11:45:07Z,topic='l3_agent')) {'router_ids': ['82fe435c-5f6f-4b6b-9ba2-c38ce078c1bb'], 'active': True} {{(pid=115428) wrapper /usr/local/lib/python3.8/dist-packages/oslo_log/helpers.py:65}}
Mar 21 11:54:04.175941 dv-cinder-805072-11-smb neutron-server[115427]: DEBUG neutron.plugins.ml2.db [None req-d7f2212f-a3bd-4442-bb79-3bd637bb796f None None] For port 83ebeace-1a3a-4d4a-92b3-1b5eb4630425, host dv-cinder-805072-11-smb, cleared binding levels {{(pid=115427) clear_binding_levels /opt/stack/neutron/neutron/plugins/ml2/db.py:87}}
Mar 21 11:54:04.189029 dv-cinder-805072-11-smb neutron-server[115426]: DEBUG neutron_lib.callbacks.manager [None req-0459a43f-3e8e-414e-b4a1-d75b4dafee16 admin admin] Publish callbacks [] for router_gateway (d2eb5ad3-dea6-4061-af69-9cf48a6bbf25), after_create {{(pid=115426) _notify_loop /usr/local/lib/python3.8/dist-packages/neutron_lib/callbacks/manager.py:176}}
Mar 21 11:54:04.461566 dv-cinder-805072-11-smb neutron-server[115427]: DEBUG neutron_lib.db.api [None req-02d75458-4cc0-4fbc-ad38-7bc946a3c691 None None] Retry wrapper got retriable exception: UPDATE statement on table 'standardattributes' expected to update 1 row(s); 0 were matched. {{(pid=115427) wrapped /usr/local/lib/python3.8/dist-packages/neutron_lib/db/api.py:183}}
Mar 21 11:54:04.461566 dv-cinder-805072-11-smb neutron-server[115427]: DEBUG oslo_db.api [None req-02d75458-4cc0-4fbc-ad38-7bc946a3c691 None None] Performing DB retry for function neutron.plugins.ml2.plugin.Ml2Plugin.update_port_statuses {{(pid=115427) wrapper /usr/local/lib/python3.8/dist-packages/oslo_db/api.py:155}}
Mar 21 11:54:04.461566 dv-cinder-805072-11-smb neutron-server[115427]: DEBUG neutron.plugins.ml2.db [None req-d7f2212f-a3bd-4442-bb79-3bd637bb796f None None] For port 83ebeace-1a3a-4d4a-92b3-1b5eb4630425, host dv-cinder-805072-11-smb, set binding levels [PortBindingLevel(driver='openvswitch',host='dv-cinder-805072-11-smb',level=0,port_id=83ebeace-1a3a-4d4a-92b3-1b5eb4630425,segment=NetworkSegment(c39c42a5-857a-4643-bad3-62d7e9daf81c),segment_id=c39c42a5-857a-4643-bad3-62d7e9daf81c)] {{(pid=115427) set_binding_levels /opt/stack/neutron/neutron/plugins/ml2/db.py:59}}
Mar 21 11:54:04.461566 dv-cinder-805072-11-smb neutron-server[115427]: DEBUG neutron.api.rpc.handlers.resources_rpc [None req-81b05e30-471a-4f01-a7ad-2db35176e96b None None] Pushing event updated for resources: {'Port': ['ID=c90c1d0f-30d4-4e1c-8ec5-62ec430bedfc,revision_number=2']} {{(pid=115427) push /opt/stack/neutron/neutron/api/rpc/handlers/resources_rpc.py:237}}
Mar 21 11:54:04.472995 dv-cinder-805072-11-smb neutron-server[115428]: DEBUG neutron.db.l3_dvr_db [None req-84ae589b-c5ad-440f-b3dd-316816e2348e None None] Set router 82fe435c-5f6f-4b6b-9ba2-c38ce078c1bb gateway port host: dv-cinder-805072-11-smb {{(pid=115428) _build_routers_list /opt/stack/neutron/neutron/db/l3_dvr_db.py:906}}
Mar 21 11:54:04.474114 dv-cinder-805072-11-smb neutron-server[115425]: DEBUG neutron_lib.callbacks.manager [None req-887028cd-b72e-4ce3-8260-50143880f500 admin admin] Publish callbacks [] for router (None), before_response {{(pid=115425) _notify_loop /usr/local/lib/python3.8/dist-packages/neutron_lib/callbacks/manager.py:176}}
Mar 21 11:54:04.474114 dv-cinder-805072-11-smb neutron-server[115425]: INFO neutron.wsgi [None req-887028cd-b72e-4ce3-8260-50143880f500 admin admin] 10.222.0.57 "POST /v2.0/routers HTTP/1.1" status: 201 len: 930 time: 4.5388207
Mar 21 11:54:04.474114 dv-cinder-805072-11-smb neutron-server[115425]: DEBUG neutron_lib.callbacks.manager [None req-594ab666-62f5-43e6-859a-4c6797092d29 admin admin] Publish callbacks ['neutron.plugins.ml2.plugin.SecurityGroupServerNotifierRpcMixin._notify_sg_on_port_change-590267', 'neutron.plugins.ml2.ovo_rpc._ObjectChangeHandler.handle_event-386974', 'neutron.api.rpc.agentnotifiers.dhcp_rpc_agent_api.DhcpAgentNotifyAPI._native_event_send_dhcp_notification-1701972', 'neutron.db.l3_dvrscheduler_db._notify_l3_agent_new_port-8788487478294'] for port (f151289c-2166-41cf-a096-5b86c3fce002), after_create {{(pid=115425) _notify_loop /usr/local/lib/python3.8/dist-packages/neutron_lib/callbacks/manager.py:176}}
Mar 21 11:54:04.474606 dv-cinder-805072-11-smb neutron-server[115426]: DEBUG neutron.wsgi [-] (115426) accepted ('10.222.0.57', 48740) {{(pid=115426) server /usr/local/lib/python3.8/dist-packages/eventlet/wsgi.py:1004}}
Mar 21 11:54:04.474724 dv-cinder-805072-11-smb neutron-server[115427]: DEBUG neutron_lib.callbacks.manager [None req-309a6f5b-078d-41c1-84d2-799f19818b23 None None] Publish callbacks ['neutron.services.segments.db._update_segment_host_mapping_for_agent-8788487807793', 'neutron.plugins.ml2.plugin.Ml2Plugin._retry_binding_revived_agents-586672'] for agent (8181606e-df29-4946-8696-64f6478e7223), after_update {{(pid=115427) _notify_loop /usr/local/lib/python3.8/dist-packages/neutron_lib/callbacks/manager.py:176}}
Mar 21 11:54:04.474724 dv-cinder-805072-11-smb neutron-server[115427]: DEBUG neutron_lib.callbacks.manager [None req-d7f2212f-a3bd-4442-bb79-3bd637bb796f None None] Publish callbacks ['neutron.plugins.ml2.plugin.SecurityGroupServerNotifierRpcMixin._notify_sg_on_port_change-590267', 'neutron.plugins.ml2.ovo_rpc._ObjectChangeHandler.handle_event-386974', 'neutron.api.rpc.agentnotifiers.dhcp_rpc_agent_api.DhcpAgentNotifyAPI._native_event_send_dhcp_notification-1701972', 'neutron.db.l3_db.L3RpcNotifierMixin._notify_gateway_port_ip_changed-8788488000660', 'neutron.db.l3_dvrscheduler_db._notify_l3_agent_port_update-8788487478312', 'neutron.db.l3_hascheduler_db._notify_l3_agent_ha_port_update-8788487478330'] for port (83ebeace-1a3a-4d4a-92b3-1b5eb4630425), after_update {{(pid=115427) _notify_loop /usr/local/lib/python3.8/dist-packages/neutron_lib/callbacks/manager.py:176}}
Mar 21 11:54:04.474956 dv-cinder-805072-11-smb neutron-server[115425]: DEBUG neutron.scheduler.dhcp_agent_scheduler [None req-594ab666-62f5-43e6-859a-4c6797092d29 admin admin] Network f1c95be4-35f6-47cc-b146-bcb916883e76 is already hosted by enough agents. {{(pid=115425) _get_dhcp_agents_hosting_network /opt/stack/neutron/neutron/scheduler/dhcp_agent_scheduler.py:275}}
Mar 21 11:54:04.474956 dv-cinder-805072-11-smb neutron-server[115425]: DEBUG neutron.scheduler.base_scheduler [None req-594ab666-62f5-43e6-859a-4c6797092d29 admin admin] Resources bound (agent type, host, resource id): {{(pid=115425) schedule /opt/stack/neutron/neutron/scheduler/base_scheduler.py:57}}
Mar 21 11:54:04.474956 dv-cinder-805072-11-smb neutron-server[115425]: DEBUG neutron.api.rpc.handlers.resources_rpc [None req-594ab666-62f5-43e6-859a-4c6797092d29 admin admin] Pushing event updated for resources: {'Port': ['ID=f151289c-2166-41cf-a096-5b86c3fce002,revision_number=1']} {{(pid=115425) push /opt/stack/neutron/neutron/api/rpc/handlers/resources_rpc.py:237}}
Mar 21 11:54:04.474956 dv-cinder-805072-11-smb neutron-server[115425]: DEBUG neutron.db.l3_dvrscheduler_db [None req-594ab666-62f5-43e6-859a-4c6797092d29 admin admin] Received port after_create {{(pid=115425) _notify_l3_agent_new_port /opt/stack/neutron/neutron/db/l3_dvrscheduler_db.py:536}}
Mar 21 11:54:04.625822 dv-cinder-805072-11-smb neutron-server[115425]: DEBUG neutron.wsgi [-] (115425) accepted ('10.222.0.57', 48760) {{(pid=115425) server /usr/local/lib/python3.8/dist-packages/eventlet/wsgi.py:1004}}
Mar 21 11:54:04.641150 dv-cinder-805072-11-smb neutron-server[115427]: DEBUG neutron.api.rpc.handlers.resources_rpc [None req-d7f2212f-a3bd-4442-bb79-3bd637bb796f None None] Pushing event updated for resources: {'Port': ['ID=83ebeace-1a3a-4d4a-92b3-1b5eb4630425,revision_number=2']} {{(pid=115427) push /opt/stack/neutron/neutron/api/rpc/handlers/resources_rpc.py:237}}
Mar 21 11:54:04.663074 dv-cinder-805072-11-smb neutron-server[115426]: DEBUG neutron_lib.callbacks.manager [None req-0459a43f-3e8e-414e-b4a1-d75b4dafee16 admin admin] Publish callbacks ['neutron.services.l3_router.l3_router_plugin.L3_HA_NAT_db_mixin._after_router_create-1602433', 'neutron.services.l3_router.l3_router_plugin.DVRResourceOperationHandler._create_snat_interfaces_after_change-1589532'] for router (d2eb5ad3-dea6-4061-af69-9cf48a6bbf25), after_create {{(pid=115426) _notify_loop /usr/local/lib/python3.8/dist-packages/neutron_lib/callbacks/manager.py:176}}
Mar 21 11:54:04.690139 dv-cinder-805072-11-smb neutron-server[115425]: WARNING keystonemiddleware.auth_token [-] A valid token was submitted as a service token, but it was not a valid service token. This is incorrect but backwards compatible behaviour. This will be removed in future releases.
Mar 21 11:54:04.806771 dv-cinder-805072-11-smb neutron-server[115427]: DEBUG neutron.plugins.ml2.plugin [None req-02d75458-4cc0-4fbc-ad38-7bc946a3c691 None None] Current status of the port 1f19ae42-4f21-48a9-8bf9-4633047a4755 is: ACTIVE; New status is: ACTIVE {{(pid=115427) _update_individual_port_db_status /opt/stack/neutron/neutron/plugins/ml2/plugin.py:2256}}
Mar 21 11:54:04.810310 dv-cinder-805072-11-smb neutron-server[115425]: INFO neutron.wsgi [req-84feef8b-4ebb-4ec7-8db4-adeaf18e43f5 req-3228fabe-4806-45c6-a5e3-b3f63db1a648 tempest-DeleteServersTestJSON-467123328 tempest-DeleteServersTestJSON-467123328-project] 10.222.0.57 "GET /v2.0/ports?device_id=a97e8666-6e87-44f3-b2db-38d823593dc6 HTTP/1.1" status: 200 len: 210 time: 0.1188798
Mar 21 11:54:04.827929 dv-cinder-805072-11-smb neutron-server[115428]: DEBUG neutron.db.l3_hamode_db [None req-84ae589b-c5ad-440f-b3dd-316816e2348e None None] neutron.services.l3_router.l3_router_plugin.L3RouterPlugin method _process_sync_ha_data called with arguments (, [{'id': '82fe435c-5f6f-4b6b-9ba2-c38ce078c1bb', 'name': 'tempest-ServerRescueNegativeTestJSON-1147861854-router', 'tenant_id': '81bb0778d83547f089ff94090d82fcb5', 'admin_state_up': True, 'status': 'ACTIVE', 'external_gateway_info': {'network_id': 'f1c95be4-35f6-47cc-b146-bcb916883e76', 'external_fixed_ips': [{'subnet_id': '277f33d1-66e7-4cac-9a2e-8bae900fd80b', 'ip_address': '172.28.2.55'}], 'enable_snat': True}, 'gw_port_id': '01251866-be58-400b-a6a6-e9d39f2c546d', 'description': '', 'availability_zones': ['nova'], 'distributed': False, 'ha': False, 'ha_vr_id': 0, 'availability_zone_hints': [], 'routes': [], 'flavor_id': None, 'tags': [], 'created_at': '2022-03-21T11:53:59Z', 'updated_at': '2022-03-21T11:54:02Z', 'revision_number': 3, 'project_id': '81bb0778d83547f089ff94090d82fcb5', 'gw_port': {'id': '01251866-be58-400b-a6a6-e9d39f2c546d', 'name': '', 'network_id': 'f1c95be4-35f6-47cc-b146-bcb916883e76', 'tenant_id': '', 'mac_address': 'fa:16:3e:99:c8:c2', 'admin_state_up': True, 'status': 'DOWN', 'device_id': '82fe435c-5f6f-4b6b-9ba2-c38ce078c1bb', 'device_owner': 'network:router_gateway', 'standard_attr_id': 65, 'fixed_ips': [{'subnet_id': '277f33d1-66e7-4cac-9a2e-8bae900fd80b', 'ip_address': '172.28.2.55', 'prefixlen': 24}], 'allowed_address_pairs': [], 'extra_dhcp_opts': [], 'security_groups': [], 'description': '', 'binding:vnic_type': 'normal', 'binding:profile': {}, 'binding:host_id': '', 'binding:vif_type': 'unbound', 'binding:vif_details': {}, 'port_security_enabled': False, 'tags': [], 'created_at': '2022-03-21T11:54:01Z', 'updated_at': '2022-03-21T11:54:01Z', 'revision_number': 1, 'project_id': '', 'subnets': [{'id': '277f33d1-66e7-4cac-9a2e-8bae900fd80b', 'cidr': '172.28.2.0/24', 'gateway_ip': '172.28.2.1', 'dns_nameservers': [], 'ipv6_ra_mode': None, 'subnetpool_id': None}], 'extra_subnets': [], 'address_scopes': {4: None, 6: None}, 'mtu': 1500}, 'enable_snat': True, 'gw_port_host': 'dv-cinder-805072-11-smb'}], 'dv-cinder-805072-11-smb', False) {} {{(pid=115428) wrapper /usr/local/lib/python3.8/dist-packages/oslo_log/helpers.py:65}}
Mar 21 11:54:04.909630 dv-cinder-805072-11-smb neutron-server[115428]: DEBUG neutron.api.rpc.handlers.l3_rpc [None req-84ae589b-c5ad-440f-b3dd-316816e2348e None None] Checking router: 82fe435c-5f6f-4b6b-9ba2-c38ce078c1bb for host: dv-cinder-805072-11-smb {{(pid=115428) _ensure_host_set_on_ports /opt/stack/neutron/neutron/api/rpc/handlers/l3_rpc.py:155}}
Mar 21 11:54:04.912340 dv-cinder-805072-11-smb neutron-server[115428]: DEBUG neutron.api.rpc.handlers.l3_rpc [None req-84ae589b-c5ad-440f-b3dd-316816e2348e None None] Updating router 82fe435c-5f6f-4b6b-9ba2-c38ce078c1bb port 01251866-be58-400b-a6a6-e9d39f2c546d binding host dv-cinder-805072-11-smb {{(pid=115428) _ensure_host_set_on_port /opt/stack/neutron/neutron/api/rpc/handlers/l3_rpc.py:205}}
Mar 21 11:54:04.993931 dv-cinder-805072-11-smb neutron-server[115427]: DEBUG neutron.db.provisioning_blocks [None req-b73e6d8f-213e-4b7a-be30-f4332ec79abc None None] Provisioning complete for port 1f19ae42-4f21-48a9-8bf9-4633047a4755 triggered by entity DHCP. {{(pid=115427) provisioning_complete /opt/stack/neutron/neutron/db/provisioning_blocks.py:140}}
Mar 21 11:54:04.994400 dv-cinder-805072-11-smb neutron-server[115427]: DEBUG neutron_lib.callbacks.manager [None req-b73e6d8f-213e-4b7a-be30-f4332ec79abc None None] Publish callbacks ['neutron.plugins.ml2.plugin.Ml2Plugin._port_provisioned-586730'] for port (1f19ae42-4f21-48a9-8bf9-4633047a4755), provisioning_complete {{(pid=115427) _notify_loop /usr/local/lib/python3.8/dist-packages/neutron_lib/callbacks/manager.py:176}}
Mar 21 11:54:05.095887 dv-cinder-805072-11-smb neutron-server[115428]: DEBUG neutron_lib.callbacks.manager [None req-84ae589b-c5ad-440f-b3dd-316816e2348e None None] Publish callbacks ['neutron.plugins.ml2.plugin.SecurityGroupDbMixin._ensure_default_security_group_handler-590328'] for port (01251866-be58-400b-a6a6-e9d39f2c546d), before_update {{(pid=115428) _notify_loop /usr/local/lib/python3.8/dist-packages/neutron_lib/callbacks/manager.py:176}}
Mar 21 11:54:05.171562 dv-cinder-805072-11-smb neutron-server[115425]: DEBUG neutron_lib.callbacks.manager [None req-594ab666-62f5-43e6-859a-4c6797092d29 admin admin] Publish callbacks [] for router_gateway (e3994535-8e83-4cbb-a3ec-2a40a008433c), after_create {{(pid=115425) _notify_loop /usr/local/lib/python3.8/dist-packages/neutron_lib/callbacks/manager.py:176}}
Mar 21 11:54:05.346139 dv-cinder-805072-11-smb neutron-server[115427]: DEBUG neutron.plugins.ml2.plugin [None req-b73e6d8f-213e-4b7a-be30-f4332ec79abc None None] Current status of the port 1f19ae42-4f21-48a9-8bf9-4633047a4755 is: ACTIVE; New status is: ACTIVE {{(pid=115427) _update_individual_port_db_status /opt/stack/neutron/neutron/plugins/ml2/plugin.py:2256}}
Mar 21 11:54:05.567425 dv-cinder-805072-11-smb neutron-server[115425]: DEBUG neutron_lib.callbacks.manager [None req-594ab666-62f5-43e6-859a-4c6797092d29 admin admin] Publish callbacks ['neutron.services.l3_router.l3_router_plugin.L3_HA_NAT_db_mixin._after_router_create-1602433', 'neutron.services.l3_router.l3_router_plugin.DVRResourceOperationHandler._create_snat_interfaces_after_change-1589532'] for router (e3994535-8e83-4cbb-a3ec-2a40a008433c), after_create {{(pid=115425) _notify_loop /usr/local/lib/python3.8/dist-packages/neutron_lib/callbacks/manager.py:176}}
Mar 21 11:54:05.705469 dv-cinder-805072-11-smb neutron-server[115428]: DEBUG neutron_lib.callbacks.manager [None req-84ae589b-c5ad-440f-b3dd-316816e2348e None None] Publish callbacks [] for port (01251866-be58-400b-a6a6-e9d39f2c546d), precommit_update {{(pid=115428) _notify_loop /usr/local/lib/python3.8/dist-packages/neutron_lib/callbacks/manager.py:176}}
Mar 21 11:54:05.777506 dv-cinder-805072-11-smb neutron-server[115428]: DEBUG neutron_lib.callbacks.manager [None req-84ae589b-c5ad-440f-b3dd-316816e2348e None None] Publish callbacks ['neutron.plugins.ml2.plugin.SecurityGroupServerNotifierRpcMixin._notify_sg_on_port_change-590267', 'neutron.plugins.ml2.ovo_rpc._ObjectChangeHandler.handle_event-386974', 'neutron.api.rpc.agentnotifiers.dhcp_rpc_agent_api.DhcpAgentNotifyAPI._native_event_send_dhcp_notification-1701972', 'neutron.db.l3_db.L3RpcNotifierMixin._notify_gateway_port_ip_changed-8788488000660', 'neutron.db.l3_dvrscheduler_db._notify_l3_agent_port_update-8788487478312', 'neutron.db.l3_hascheduler_db._notify_l3_agent_ha_port_update-8788487478330'] for port (01251866-be58-400b-a6a6-e9d39f2c546d), after_update {{(pid=115428) _notify_loop /usr/local/lib/python3.8/dist-packages/neutron_lib/callbacks/manager.py:176}}
Mar 21 11:54:05.788140 dv-cinder-805072-11-smb neutron-server[115426]: DEBUG neutron.scheduler.l3_agent_scheduler [None req-0459a43f-3e8e-414e-b4a1-d75b4dafee16 admin admin] Router d2eb5ad3-dea6-4061-af69-9cf48a6bbf25 is scheduled to L3 agent e10d51e5-98c3-4dbb-8595-0e299355ebdc with binding_index 1 {{(pid=115426) bind_router /opt/stack/neutron/neutron/scheduler/l3_agent_scheduler.py:209}}
Mar 21 11:54:05.921394 dv-cinder-805072-11-smb neutron-server[115427]: DEBUG neutron.api.rpc.handlers.dhcp_rpc [None req-230fe438-257e-4bd4-8214-8843441d32c0 None None] Network 87c86ab2-80e0-44d8-b072-ff05a02b85e9 requested from dv-cinder-805072-11-smb {{(pid=115427) get_network_info /opt/stack/neutron/neutron/api/rpc/handlers/dhcp_rpc.py:191}}
Mar 21 11:54:05.925558 dv-cinder-805072-11-smb neutron-server[115427]: DEBUG neutron.plugins.ml2.rpc [None req-96efc93c-5c5e-452b-b511-c3ce3d85fbdd None None] Device c90c1d0f-30d4-4e1c-8ec5-62ec430bedfc up at agent ovs-agent-dv-cinder-805072-11-smb {{(pid=115427) update_device_up /opt/stack/neutron/neutron/plugins/ml2/rpc.py:296}}
Mar 21 11:54:05.932484 dv-cinder-805072-11-smb neutron-server[115425]: DEBUG neutron.scheduler.l3_agent_scheduler [None req-594ab666-62f5-43e6-859a-4c6797092d29 admin admin] Router e3994535-8e83-4cbb-a3ec-2a40a008433c is scheduled to L3 agent e10d51e5-98c3-4dbb-8595-0e299355ebdc with binding_index 1 {{(pid=115425) bind_router /opt/stack/neutron/neutron/scheduler/l3_agent_scheduler.py:209}}
Mar 21 11:54:05.939320 dv-cinder-805072-11-smb neutron-server[115428]: DEBUG neutron.plugins.ml2.managers [None req-84ae589b-c5ad-440f-b3dd-316816e2348e None None] Attempting to bind port 01251866-be58-400b-a6a6-e9d39f2c546d on host dv-cinder-805072-11-smb for vnic_type normal with profile {{(pid=115428) bind_port /opt/stack/neutron/neutron/plugins/ml2/managers.py:795}}
Mar 21 11:54:05.939320 dv-cinder-805072-11-smb neutron-server[115428]: DEBUG neutron.plugins.ml2.managers [None req-84ae589b-c5ad-440f-b3dd-316816e2348e None None] Attempting to bind port 01251866-be58-400b-a6a6-e9d39f2c546d by drivers openvswitch,hyperv on host dv-cinder-805072-11-smb at level 0 using segments [{'id': '5462c766-1970-4f7e-afe7-ddee98fef055', 'network_type': 'flat', 'physical_network': 'physnet1', 'segmentation_id': None, 'network_id': 'f1c95be4-35f6-47cc-b146-bcb916883e76'}] {{(pid=115428) _bind_port_level /opt/stack/neutron/neutron/plugins/ml2/managers.py:820}}
Mar 21 11:54:05.939320 dv-cinder-805072-11-smb neutron-server[115428]: DEBUG neutron.plugins.ml2.drivers.mech_agent [None req-84ae589b-c5ad-440f-b3dd-316816e2348e None None] Attempting to bind port 01251866-be58-400b-a6a6-e9d39f2c546d on network f1c95be4-35f6-47cc-b146-bcb916883e76 {{(pid=115428) bind_port /opt/stack/neutron/neutron/plugins/ml2/drivers/mech_agent.py:91}}
Mar 21 11:54:05.944570 dv-cinder-805072-11-smb neutron-server[115428]: DEBUG neutron.api.rpc.handlers.resources_rpc [None req-41af3849-390a-4227-aebf-709f4c9f4790 None None] Pushing event updated for resources: {'Port': ['ID=01251866-be58-400b-a6a6-e9d39f2c546d,revision_number=2']} {{(pid=115428) push /opt/stack/neutron/neutron/api/rpc/handlers/resources_rpc.py:237}}
Mar 21 11:54:05.956311 dv-cinder-805072-11-smb neutron-server[115428]: DEBUG neutron.plugins.ml2.drivers.mech_agent [None req-84ae589b-c5ad-440f-b3dd-316816e2348e None None] Checking agent: {'id': '01ec70f8-bcb9-4bc3-8f48-791bc5b05ebd', 'agent_type': 'Open vSwitch agent', 'binary': 'neutron-openvswitch-agent', 'topic': 'N/A', 'host': 'dv-cinder-805072-11-smb', 'admin_state_up': True, 'created_at': datetime.datetime(2022, 3, 21, 11, 45, 11), 'started_at': datetime.datetime(2022, 3, 21, 11, 45, 41), 'heartbeat_timestamp': datetime.datetime(2022, 3, 21, 11, 53, 41), 'description': None, 'resources_synced': None, 'availability_zone': None, 'alive': True, 'configurations': {'arp_responder_enabled': False, 'baremetal_smartnic': False, 'bridge_mappings': {'physnet1': 'br-data'}, 'datapath_type': 'system', 'devices': 0, 'enable_distributed_routing': False, 'extensions': [], 'in_distributed_mode': False, 'integration_bridge': 'br-int', 'l2_population': False, 'log_agent_heartbeats': False, 'ovs_capabilities': {'datapath_types': ['netdev', 'system'], 'iface_types': ['erspan', 'geneve', 'gre', 'internal', 'ip6erspan', 'ip6gre', 'lisp', 'patch', 'stt', 'system', 'tap', 'vxlan']}, 'ovs_hybrid_plug': False, 'resource_provider_bandwidths': {}, 'resource_provider_hypervisors': {'br-data': 'dv-cinder-805072-11-smb'}, 'resource_provider_inventory_defaults': {'allocation_ratio': 1.0, 'min_unit': 1, 'step_size': 1, 'reserved': 0}, 'resource_provider_packet_processing_inventory_defaults': {'allocation_ratio': 1.0, 'min_unit': 1, 'step_size': 1, 'reserved': 0}, 'resource_provider_packet_processing_with_direction': {}, 'resource_provider_packet_processing_without_direction': {}, 'tunnel_types': [], 'tunneling_ip': None, 'vhostuser_socket_dir': '/var/run/openvswitch'}, 'resource_versions': {'AddressGroup': '1.2', 'Agent': '1.1', 'ConntrackHelper': '1.0', 'LocalIPAssociation': '1.0', 'Log': '1.0', 'NDPProxy': '1.0', 'Network': '1.1', 'Port': '1.7', 'PortForwarding': '1.3', 'QosPolicy': '1.10', 'SecurityGroup': '1.5', 'SecurityGroupRule': '1.2', 'SubPort': '1.0', 'Subnet': '1.1', 'Trunk': '1.1'}} {{(pid=115428) bind_port /opt/stack/neutron/neutron/plugins/ml2/drivers/mech_agent.py:110}}
Mar 21 11:54:05.957216 dv-cinder-805072-11-smb neutron-server[115428]: DEBUG neutron.plugins.ml2.drivers.mech_agent [None req-84ae589b-c5ad-440f-b3dd-316816e2348e None None] Checking segment: {'id': '5462c766-1970-4f7e-afe7-ddee98fef055', 'network_type': 'flat', 'physical_network': 'physnet1', 'segmentation_id': None, 'network_id': 'f1c95be4-35f6-47cc-b146-bcb916883e76'} for mappings: {'physnet1': 'br-data'} with network types: ['local', 'flat', 'vlan'] {{(pid=115428) check_segment_for_agent /opt/stack/neutron/neutron/plugins/ml2/drivers/mech_agent.py:373}}
Mar 21 11:54:05.960752 dv-cinder-805072-11-smb neutron-server[115428]: DEBUG neutron_lib.callbacks.manager [None req-84ae589b-c5ad-440f-b3dd-316816e2348e None None] Publish callbacks [] for ovs_bridge_name (None), before_read {{(pid=115428) _notify_loop /usr/local/lib/python3.8/dist-packages/neutron_lib/callbacks/manager.py:176}}
Mar 21 11:54:05.962257 dv-cinder-805072-11-smb neutron-server[115428]: DEBUG neutron.plugins.ml2.drivers.mech_agent [None req-84ae589b-c5ad-440f-b3dd-316816e2348e None None] Bound using segment: {'id': '5462c766-1970-4f7e-afe7-ddee98fef055', 'network_type': 'flat', 'physical_network': 'physnet1', 'segmentation_id': None, 'network_id': 'f1c95be4-35f6-47cc-b146-bcb916883e76'} {{(pid=115428) bind_port /opt/stack/neutron/neutron/plugins/ml2/drivers/mech_agent.py:120}}
Mar 21 11:54:05.962257 dv-cinder-805072-11-smb neutron-server[115428]: DEBUG neutron.plugins.ml2.managers [None req-84ae589b-c5ad-440f-b3dd-316816e2348e None None] Bound port: 01251866-be58-400b-a6a6-e9d39f2c546d, host: dv-cinder-805072-11-smb, vif_type: ovs, vif_details: {"connectivity": "l2", "port_filter": true, "ovs_hybrid_plug": false, "datapath_type": "system", "bridge_name": "br-int"}, binding_levels: [{'bound_driver': 'openvswitch', 'bound_segment': {'id': '5462c766-1970-4f7e-afe7-ddee98fef055', 'network_type': 'flat', 'physical_network': 'physnet1', 'segmentation_id': None, 'network_id': 'f1c95be4-35f6-47cc-b146-bcb916883e76'}}] {{(pid=115428) _bind_port_level /opt/stack/neutron/neutron/plugins/ml2/managers.py:932}}
Mar 21 11:54:05.962662 dv-cinder-805072-11-smb neutron-server[115428]: DEBUG neutron_lib.callbacks.manager [None req-84ae589b-c5ad-440f-b3dd-316816e2348e None None] Publish callbacks ['neutron.plugins.ml2.plugin.SecurityGroupDbMixin._ensure_default_security_group_handler-590328'] for port (01251866-be58-400b-a6a6-e9d39f2c546d), before_update {{(pid=115428) _notify_loop /usr/local/lib/python3.8/dist-packages/neutron_lib/callbacks/manager.py:176}}
Mar 21 11:54:06.021427 dv-cinder-805072-11-smb neutron-server[115428]: DEBUG neutron.api.rpc.callbacks.version_manager [None req-41af3849-390a-4227-aebf-709f4c9f4790 None None] Version for resource type AddressGroup changed None to 1.2 on consumer Open vSwitch agent@dv-cinder-805072-11-smb {{(pid=115428) _set_version /opt/stack/neutron/neutron/api/rpc/callbacks/version_manager.py:113}}
Mar 21 11:54:06.025533 dv-cinder-805072-11-smb neutron-server[115428]: DEBUG neutron.api.rpc.callbacks.version_manager [None req-41af3849-390a-4227-aebf-709f4c9f4790 None None] Version for resource type Agent changed None to 1.1 on consumer Open vSwitch agent@dv-cinder-805072-11-smb {{(pid=115428) _set_version /opt/stack/neutron/neutron/api/rpc/callbacks/version_manager.py:113}}
Mar 21 11:54:06.025533 dv-cinder-805072-11-smb neutron-server[115428]: DEBUG neutron.api.rpc.callbacks.version_manager [None req-41af3849-390a-4227-aebf-709f4c9f4790 None None] Version for resource type ConntrackHelper changed None to 1.0 on consumer Open vSwitch agent@dv-cinder-805072-11-smb {{(pid=115428) _set_version /opt/stack/neutron/neutron/api/rpc/callbacks/version_manager.py:113}}
Mar 21 11:54:06.025533 dv-cinder-805072-11-smb neutron-server[115428]: DEBUG neutron.api.rpc.callbacks.version_manager [None req-41af3849-390a-4227-aebf-709f4c9f4790 None None] Version for resource type LocalIPAssociation changed None to 1.0 on consumer Open vSwitch agent@dv-cinder-805072-11-smb {{(pid=115428) _set_version /opt/stack/neutron/neutron/api/rpc/callbacks/version_manager.py:113}}
Mar 21 11:54:06.025533 dv-cinder-805072-11-smb neutron-server[115428]: DEBUG neutron.api.rpc.callbacks.version_manager [None req-41af3849-390a-4227-aebf-709f4c9f4790 None None] Version for resource type Log changed None to 1.0 on consumer Open vSwitch agent@dv-cinder-805072-11-smb {{(pid=115428) _set_version /opt/stack/neutron/neutron/api/rpc/callbacks/version_manager.py:113}}
Mar 21 11:54:06.025533 dv-cinder-805072-11-smb neutron-server[115428]: DEBUG neutron.api.rpc.callbacks.version_manager [None req-41af3849-390a-4227-aebf-709f4c9f4790 None None] Version for resource type NDPProxy changed None to 1.0 on consumer Open vSwitch agent@dv-cinder-805072-11-smb {{(pid=115428) _set_version /opt/stack/neutron/neutron/api/rpc/callbacks/version_manager.py:113}}
Mar 21 11:54:06.025533 dv-cinder-805072-11-smb neutron-server[115428]: DEBUG neutron.api.rpc.callbacks.version_manager [None req-41af3849-390a-4227-aebf-709f4c9f4790 None None] Version for resource type Network changed None to 1.1 on consumer Open vSwitch agent@dv-cinder-805072-11-smb {{(pid=115428) _set_version /opt/stack/neutron/neutron/api/rpc/callbacks/version_manager.py:113}}
Mar 21 11:54:06.025533 dv-cinder-805072-11-smb neutron-server[115428]: DEBUG neutron.api.rpc.callbacks.version_manager [None req-41af3849-390a-4227-aebf-709f4c9f4790 None None] Version for resource type Port changed None to 1.7 on consumer Open vSwitch agent@dv-cinder-805072-11-smb {{(pid=115428) _set_version /opt/stack/neutron/neutron/api/rpc/callbacks/version_manager.py:113}}
Mar 21 11:54:06.025533 dv-cinder-805072-11-smb neutron-server[115428]: DEBUG neutron.api.rpc.callbacks.version_manager [None req-41af3849-390a-4227-aebf-709f4c9f4790 None None] Version for resource type PortForwarding changed None to 1.3 on consumer Open vSwitch agent@dv-cinder-805072-11-smb {{(pid=115428) _set_version /opt/stack/neutron/neutron/api/rpc/callbacks/version_manager.py:113}}
Mar 21 11:54:06.025533 dv-cinder-805072-11-smb neutron-server[115428]: DEBUG neutron.api.rpc.callbacks.version_manager [None req-41af3849-390a-4227-aebf-709f4c9f4790 None None] Version for resource type QosPolicy changed None to 1.10 on consumer Open vSwitch agent@dv-cinder-805072-11-smb {{(pid=115428) _set_version /opt/stack/neutron/neutron/api/rpc/callbacks/version_manager.py:113}}
Mar 21 11:54:06.027553 dv-cinder-805072-11-smb neutron-server[115428]: DEBUG neutron.api.rpc.callbacks.version_manager [None req-41af3849-390a-4227-aebf-709f4c9f4790 None None] Version for resource type SecurityGroup changed None to 1.5 on consumer Open vSwitch agent@dv-cinder-805072-11-smb {{(pid=115428) _set_version /opt/stack/neutron/neutron/api/rpc/callbacks/version_manager.py:113}}
Mar 21 11:54:06.027553 dv-cinder-805072-11-smb neutron-server[115428]: DEBUG neutron.api.rpc.callbacks.version_manager [None req-41af3849-390a-4227-aebf-709f4c9f4790 None None] Version for resource type SecurityGroupRule changed None to 1.2 on consumer Open vSwitch agent@dv-cinder-805072-11-smb {{(pid=115428) _set_version /opt/stack/neutron/neutron/api/rpc/callbacks/version_manager.py:113}}
Mar 21 11:54:06.027553 dv-cinder-805072-11-smb neutron-server[115428]: DEBUG neutron.api.rpc.callbacks.version_manager [None req-41af3849-390a-4227-aebf-709f4c9f4790 None None] Version for resource type SubPort changed None to 1.0 on consumer Open vSwitch agent@dv-cinder-805072-11-smb {{(pid=115428) _set_version /opt/stack/neutron/neutron/api/rpc/callbacks/version_manager.py:113}}
Mar 21 11:54:06.027732 dv-cinder-805072-11-smb neutron-server[115428]: DEBUG neutron.api.rpc.callbacks.version_manager [None req-41af3849-390a-4227-aebf-709f4c9f4790 None None] Version for resource type Subnet changed None to 1.1 on consumer Open vSwitch agent@dv-cinder-805072-11-smb {{(pid=115428) _set_version /opt/stack/neutron/neutron/api/rpc/callbacks/version_manager.py:113}}
Mar 21 11:54:06.028040 dv-cinder-805072-11-smb neutron-server[115428]: DEBUG neutron.api.rpc.callbacks.version_manager [None req-41af3849-390a-4227-aebf-709f4c9f4790 None None] Version for resource type Trunk changed None to 1.1 on consumer Open vSwitch agent@dv-cinder-805072-11-smb {{(pid=115428) _set_version /opt/stack/neutron/neutron/api/rpc/callbacks/version_manager.py:113}}
Mar 21 11:54:06.029498 dv-cinder-805072-11-smb neutron-server[115428]: DEBUG neutron.api.rpc.callbacks.version_manager [None req-41af3849-390a-4227-aebf-709f4c9f4790 None None] Tracked resource versions report:
Mar 21 11:54:06.029498 dv-cinder-805072-11-smb neutron-server[115428]: pushed versions:
Mar 21 11:54:06.029498 dv-cinder-805072-11-smb neutron-server[115428]: { 'AddressGroup': {'1.2'},
Mar 21 11:54:06.029498 dv-cinder-805072-11-smb neutron-server[115428]: 'Agent': {'1.1'},
Mar 21 11:54:06.029498 dv-cinder-805072-11-smb neutron-server[115428]: 'ConntrackHelper': {'1.0'},
Mar 21 11:54:06.029498 dv-cinder-805072-11-smb neutron-server[115428]: 'LocalIPAssociation': {'1.0'},
Mar 21 11:54:06.029498 dv-cinder-805072-11-smb neutron-server[115428]: 'Log': {'1.0'},
Mar 21 11:54:06.029498 dv-cinder-805072-11-smb neutron-server[115428]: 'NDPProxy': {'1.0'},
Mar 21 11:54:06.029498 dv-cinder-805072-11-smb neutron-server[115428]: 'Network': {'1.1'},
Mar 21 11:54:06.029498 dv-cinder-805072-11-smb neutron-server[115428]: 'Port': {'1.7'},
Mar 21 11:54:06.029498 dv-cinder-805072-11-smb neutron-server[115428]: 'PortForwarding': {'1.3'},
Mar 21 11:54:06.029498 dv-cinder-805072-11-smb neutron-server[115428]: 'QosPolicy': {'1.10'},
Mar 21 11:54:06.029498 dv-cinder-805072-11-smb neutron-server[115428]: 'SecurityGroup': {'1.5'},
Mar 21 11:54:06.029498 dv-cinder-805072-11-smb neutron-server[115428]: 'SecurityGroupRule': {'1.2'},
Mar 21 11:54:06.029498 dv-cinder-805072-11-smb neutron-server[115428]: 'SubPort': {'1.0'},
Mar 21 11:54:06.029498 dv-cinder-805072-11-smb neutron-server[115428]: 'Subnet': {'1.1'},
Mar 21 11:54:06.029498 dv-cinder-805072-11-smb neutron-server[115428]: 'Trunk': {'1.1'}}
Mar 21 11:54:06.029498 dv-cinder-805072-11-smb neutron-server[115428]: consumer versions:
Mar 21 11:54:06.029498 dv-cinder-805072-11-smb neutron-server[115428]: { DHCP agent@dv-cinder-805072-11-smb: {},
Mar 21 11:54:06.029498 dv-cinder-805072-11-smb neutron-server[115428]: HyperV agent@hv-cinder-80507: {},
Mar 21 11:54:06.029498 dv-cinder-805072-11-smb neutron-server[115428]: L3 agent@dv-cinder-805072-11-smb: {},
Mar 21 11:54:06.029498 dv-cinder-805072-11-smb neutron-server[115428]: Metadata agent@dv-cinder-805072-11-smb: {},
Mar 21 11:54:06.029498 dv-cinder-805072-11-smb neutron-server[115428]: Metering agent@dv-cinder-805072-11-smb: {},
Mar 21 11:54:06.029498 dv-cinder-805072-11-smb neutron-server[115428]: Open vSwitch agent@dv-cinder-805072-11-smb: { 'AddressGroup': '1.2',
Mar 21 11:54:06.029498 dv-cinder-805072-11-smb neutron-server[115428]: 'Agent': '1.1',
Mar 21 11:54:06.029498 dv-cinder-805072-11-smb neutron-server[115428]: 'ConntrackHelper': '1.0',
Mar 21 11:54:06.029498 dv-cinder-805072-11-smb neutron-server[115428]: 'LocalIPAssociation': '1.0',
Mar 21 11:54:06.029498 dv-cinder-805072-11-smb neutron-server[115428]: 'Log': '1.0',
Mar 21 11:54:06.029498 dv-cinder-805072-11-smb neutron-server[115428]: 'NDPProxy': '1.0',
Mar 21 11:54:06.029498 dv-cinder-805072-11-smb neutron-server[115428]: 'Network': '1.1',
Mar 21 11:54:06.029498 dv-cinder-805072-11-smb neutron-server[115428]: 'Port': '1.7',
Mar 21 11:54:06.029498 dv-cinder-805072-11-smb neutron-server[115428]: 'PortForwarding': '1.3',
Mar 21 11:54:06.029498 dv-cinder-805072-11-smb neutron-server[115428]: 'QosPolicy': '1.10',
Mar 21 11:54:06.029498 dv-cinder-805072-11-smb neutron-server[115428]: 'SecurityGroup': '1.5',
Mar 21 11:54:06.029498 dv-cinder-805072-11-smb neutron-server[115428]: 'SecurityGroupRule': '1.2',
Mar 21 11:54:06.029498 dv-cinder-805072-11-smb neutron-server[115428]: 'SubPort': '1.0',
Mar 21 11:54:06.029498 dv-cinder-805072-11-smb neutron-server[115428]: 'Subnet': '1.1',
Mar 21 11:54:06.029498 dv-cinder-805072-11-smb neutron-server[115428]: 'Trunk': '1.1'}}
Mar 21 11:54:06.029498 dv-cinder-805072-11-smb neutron-server[115428]: {{(pid=115428) report /opt/stack/neutron/neutron/api/rpc/callbacks/version_manager.py:175}}
Mar 21 11:54:06.067740 dv-cinder-805072-11-smb neutron-server[115428]: DEBUG neutron.plugins.ml2.db [None req-84ae589b-c5ad-440f-b3dd-316816e2348e None None] For port 01251866-be58-400b-a6a6-e9d39f2c546d, host dv-cinder-805072-11-smb, cleared binding levels {{(pid=115428) clear_binding_levels /opt/stack/neutron/neutron/plugins/ml2/db.py:87}}
Mar 21 11:54:06.071929 dv-cinder-805072-11-smb neutron-server[115428]: DEBUG neutron.plugins.ml2.db [None req-84ae589b-c5ad-440f-b3dd-316816e2348e None None] For port 01251866-be58-400b-a6a6-e9d39f2c546d, host dv-cinder-805072-11-smb, set binding levels [PortBindingLevel(driver='openvswitch',host='dv-cinder-805072-11-smb',level=0,port_id=01251866-be58-400b-a6a6-e9d39f2c546d,segment=NetworkSegment(5462c766-1970-4f7e-afe7-ddee98fef055),segment_id=5462c766-1970-4f7e-afe7-ddee98fef055)] {{(pid=115428) set_binding_levels /opt/stack/neutron/neutron/plugins/ml2/db.py:59}}
