Mar 21 11:54:40.378102 dv-cinder-805072-11-smb neutron-server[115427]: DEBUG neutron.api.rpc.handlers.resources_rpc [None req-fad52e5b-de77-48b0-83d2-dfaff80db2ef None None] Pushing event updated for resources: {'Port': ['ID=507bdf80-0cea-4660-8d48-1980ec625152,revision_number=5']} {{(pid=115427) push /opt/stack/neutron/neutron/api/rpc/handlers/resources_rpc.py:237}}
Mar 21 11:54:40.390064 dv-cinder-805072-11-smb neutron-server[115426]: DEBUG neutron.pecan_wsgi.hooks.policy_enforcement [req-8a1590f4-ece5-4b20-bc74-aa7a80738cfb req-6ce464c7-631b-4da0-899a-844a41e9a9e7 tempest-ServerRescueNegativeTestJSON-1532122109 tempest-ServerRescueNegativeTestJSON-1532122109-project] Attributes excluded by policy engine: ['standard_attr_id', 'binding:profile', 'binding:host_id', 'binding:vif_type', 'binding:vif_details'] {{(pid=115426) _exclude_attributes_by_policy /opt/stack/neutron/neutron/pecan_wsgi/hooks/policy_enforcement.py:255}}
Mar 21 11:54:40.395814 dv-cinder-805072-11-smb neutron-server[115426]: INFO neutron.wsgi [req-8a1590f4-ece5-4b20-bc74-aa7a80738cfb req-6ce464c7-631b-4da0-899a-844a41e9a9e7 tempest-ServerRescueNegativeTestJSON-1532122109 tempest-ServerRescueNegativeTestJSON-1532122109-project] 10.222.0.57 "GET /v2.0/ports?device_id=9f3e6e7b-639f-4d37-b86e-46215df405f9 HTTP/1.1" status: 200 len: 945 time: 0.0932994
Mar 21 11:54:40.430237 dv-cinder-805072-11-smb neutron-server[115425]: DEBUG neutron_lib.callbacks.manager [None req-590db9b8-e840-47f0-a0f6-6b61d96077f9 admin admin] Publish callbacks [] for security_group (9bf819cc-7950-499f-ae0c-6105e1eb6392), precommit_create {{(pid=115425) _notify_loop /usr/local/lib/python3.8/dist-packages/neutron_lib/callbacks/manager.py:176}}
Mar 21 11:54:40.464840 dv-cinder-805072-11-smb neutron-server[115426]: INFO neutron.wsgi [req-8a1590f4-ece5-4b20-bc74-aa7a80738cfb req-08487cd6-44d1-492f-bcb0-ad994f0bd17c tempest-ServerRescueNegativeTestJSON-1532122109 tempest-ServerRescueNegativeTestJSON-1532122109-project] 10.222.0.57 "GET /v2.0/security-groups?id=6025c2b5-0083-480f-8815-6e9d5bce8931&fields=id&fields=name HTTP/1.1" status: 200 len: 286 time: 0.0615146
Mar 21 11:54:40.464945 dv-cinder-805072-11-smb neutron-server[115425]: DEBUG neutron_lib.callbacks.manager [None req-60f726d0-e8b3-480f-a583-b1e36b68de97 admin admin] Publish callbacks [] for security_group (949f9280-5777-4980-ab49-f5965b2cd941), precommit_create {{(pid=115425) _notify_loop /usr/local/lib/python3.8/dist-packages/neutron_lib/callbacks/manager.py:176}}
Mar 21 11:54:40.477366 dv-cinder-805072-11-smb neutron-server[115425]: DEBUG neutron_lib.callbacks.manager [None req-590db9b8-e840-47f0-a0f6-6b61d96077f9 admin admin] Publish callbacks ['neutron.plugins.ml2.ovo_rpc._ObjectChangeHandler.handle_event-1629462'] for security_group (9bf819cc-7950-499f-ae0c-6105e1eb6392), after_create {{(pid=115425) _notify_loop /usr/local/lib/python3.8/dist-packages/neutron_lib/callbacks/manager.py:176}}
Mar 21 11:54:40.628725 dv-cinder-805072-11-smb neutron-server[115427]: DEBUG neutron_lib.callbacks.manager [None req-96efc93c-5c5e-452b-b511-c3ce3d85fbdd None None] Publish callbacks ['neutron.services.segments.db._update_segment_host_mapping_for_agent-8788487807793', 'neutron.plugins.ml2.plugin.Ml2Plugin._retry_binding_revived_agents-586672'] for agent (01ec70f8-bcb9-4bc3-8f48-791bc5b05ebd), after_update {{(pid=115427) _notify_loop /usr/local/lib/python3.8/dist-packages/neutron_lib/callbacks/manager.py:176}}
Mar 21 11:54:40.696076 dv-cinder-805072-11-smb neutron-server[115426]: DEBUG neutron.pecan_wsgi.hooks.policy_enforcement [req-1330759c-9407-4a7e-a0de-1a3ae4862c57 req-a084d5d3-2445-4ac9-8e5a-702c808124a6 tempest-DeleteServersTestJSON-467123328 tempest-DeleteServersTestJSON-467123328-project] Attributes excluded by policy engine: ['standard_attr_id', 'binding:profile', 'binding:host_id', 'binding:vif_type', 'binding:vif_details'] {{(pid=115426) _exclude_attributes_by_policy /opt/stack/neutron/neutron/pecan_wsgi/hooks/policy_enforcement.py:255}}
Mar 21 11:54:40.698392 dv-cinder-805072-11-smb neutron-server[115426]: INFO neutron.wsgi [req-1330759c-9407-4a7e-a0de-1a3ae4862c57 req-a084d5d3-2445-4ac9-8e5a-702c808124a6 tempest-DeleteServersTestJSON-467123328 tempest-DeleteServersTestJSON-467123328-project] 10.222.0.57 "GET /v2.0/ports?device_id=a97e8666-6e87-44f3-b2db-38d823593dc6 HTTP/1.1" status: 200 len: 946 time: 0.0544851
Mar 21 11:54:40.736604 dv-cinder-805072-11-smb neutron-server[115425]: DEBUG neutron_lib.callbacks.manager [None req-60f726d0-e8b3-480f-a583-b1e36b68de97 admin admin] Publish callbacks ['neutron.plugins.ml2.ovo_rpc._ObjectChangeHandler.handle_event-1629462'] for security_group (949f9280-5777-4980-ab49-f5965b2cd941), after_create {{(pid=115425) _notify_loop /usr/local/lib/python3.8/dist-packages/neutron_lib/callbacks/manager.py:176}}
Mar 21 11:54:40.746372 dv-cinder-805072-11-smb neutron-server[115426]: INFO neutron.wsgi [req-1330759c-9407-4a7e-a0de-1a3ae4862c57 req-3391a662-ec8a-48a7-9675-bde72d434044 tempest-DeleteServersTestJSON-467123328 tempest-DeleteServersTestJSON-467123328-project] 10.222.0.57 "GET /v2.0/security-groups?id=d08d6e3b-8289-40f3-9150-19aa98972ebd&fields=id&fields=name HTTP/1.1" status: 200 len: 286 time: 0.0417597
Mar 21 11:54:40.819751 dv-cinder-805072-11-smb neutron-server[115425]: INFO neutron.wsgi [None req-590db9b8-e840-47f0-a0f6-6b61d96077f9 admin admin] 10.222.0.57 "GET /v2.0/security-groups?tenant_id=d39f95a5d85d4d23b0ecd00a67d528e9&name=default HTTP/1.1" status: 200 len: 2996 time: 0.8574381
Mar 21 11:54:40.822417 dv-cinder-805072-11-smb neutron-server[115426]: DEBUG neutron.wsgi [-] (115426) accepted ('10.222.0.57', 49994) {{(pid=115426) server /usr/local/lib/python3.8/dist-packages/eventlet/wsgi.py:1004}}
Mar 21 11:54:40.830139 dv-cinder-805072-11-smb neutron-server[115425]: DEBUG neutron.api.rpc.handlers.resources_rpc [None req-590db9b8-e840-47f0-a0f6-6b61d96077f9 admin admin] Pushing event updated for resources: {'SecurityGroup': ['ID=9bf819cc-7950-499f-ae0c-6105e1eb6392,revision_number=1']} {{(pid=115425) push /opt/stack/neutron/neutron/api/rpc/handlers/resources_rpc.py:237}}
Mar 21 11:54:40.833565 dv-cinder-805072-11-smb neutron-server[115427]: DEBUG neutron.plugins.ml2.rpc [None req-fad52e5b-de77-48b0-83d2-dfaff80db2ef None None] Device 35491957-f86c-4294-9e6a-bc8fff2f40cf details requested by agent hyperv_hv-cinder-80507 with host hv-cinder-80507 {{(pid=115427) get_device_details /opt/stack/neutron/neutron/plugins/ml2/rpc.py:102}}
Mar 21 11:54:40.850091 dv-cinder-805072-11-smb neutron-server[115425]: INFO neutron.wsgi [None req-60f726d0-e8b3-480f-a583-b1e36b68de97 admin admin] 10.222.0.57 "GET /v2.0/security-groups?tenant_id=b4db952bf4e945109a9c638f3cfb3847&name=default HTTP/1.1" status: 200 len: 2996 time: 0.8486159
Mar 21 11:54:40.850428 dv-cinder-805072-11-smb neutron-server[115426]: DEBUG neutron.wsgi [-] (115426) accepted ('10.222.0.57', 49996) {{(pid=115426) server /usr/local/lib/python3.8/dist-packages/eventlet/wsgi.py:1004}}
Mar 21 11:54:40.906617 dv-cinder-805072-11-smb neutron-server[115425]: DEBUG neutron.pecan_wsgi.hooks.policy_enforcement [req-fb527601-0bee-410c-a6e7-e1c0022ec1e4 req-2d948397-bd99-4d18-a18f-1a12c1028453 service neutron] Attributes excluded by policy engine: ['standard_attr_id'] {{(pid=115425) _exclude_attributes_by_policy /opt/stack/neutron/neutron/pecan_wsgi/hooks/policy_enforcement.py:255}}
Mar 21 11:54:40.908154 dv-cinder-805072-11-smb neutron-server[115425]: INFO neutron.wsgi [req-fb527601-0bee-410c-a6e7-e1c0022ec1e4 req-2d948397-bd99-4d18-a18f-1a12c1028453 service neutron] 10.222.0.55 "GET /v2.0/ports?device_id=8cd4afec-afc7-486e-a925-76f1393dcc45 HTTP/1.1" status: 200 len: 1130 time: 0.4130516
Mar 21 11:54:40.911969 dv-cinder-805072-11-smb neutron-server[115425]: DEBUG neutron.api.rpc.handlers.resources_rpc [None req-60f726d0-e8b3-480f-a583-b1e36b68de97 admin admin] Pushing event updated for resources: {'SecurityGroup': ['ID=949f9280-5777-4980-ab49-f5965b2cd941,revision_number=1']} {{(pid=115425) push /opt/stack/neutron/neutron/api/rpc/handlers/resources_rpc.py:237}}
Mar 21 11:54:40.924309 dv-cinder-805072-11-smb neutron-server[115426]: DEBUG neutron_lib.callbacks.manager [None req-db711b6f-74e5-4a75-bb0f-33fd732be786 admin admin] Publish callbacks [] for security_group (9bf819cc-7950-499f-ae0c-6105e1eb6392), before_delete {{(pid=115426) _notify_loop /usr/local/lib/python3.8/dist-packages/neutron_lib/callbacks/manager.py:176}}
Mar 21 11:54:40.935479 dv-cinder-805072-11-smb neutron-server[115425]: DEBUG neutron_lib.callbacks.manager [req-fb527601-0bee-410c-a6e7-e1c0022ec1e4 req-89ea8c7e-196e-4856-94b2-9e422843833b service neutron] Publish callbacks [] for security_group (None), before_create {{(pid=115425) _notify_loop /usr/local/lib/python3.8/dist-packages/neutron_lib/callbacks/manager.py:176}}
Mar 21 11:54:40.943537 dv-cinder-805072-11-smb neutron-server[115425]: DEBUG neutron.pecan_wsgi.hooks.policy_enforcement [req-5982e39e-c525-4b86-b438-5781252ee53b req-5264a9cf-c974-4fde-8b51-901818b07ac2 tempest-VolumesActionsTest-355227802 tempest-VolumesActionsTest-355227802-project] Attributes excluded by policy engine: ['standard_attr_id', 'vlan_transparent', 'provider:network_type', 'provider:physical_network', 'provider:segmentation_id'] {{(pid=115425) _exclude_attributes_by_policy /opt/stack/neutron/neutron/pecan_wsgi/hooks/policy_enforcement.py:255}}
Mar 21 11:54:40.950738 dv-cinder-805072-11-smb neutron-server[115425]: INFO neutron.wsgi [req-5982e39e-c525-4b86-b438-5781252ee53b req-5264a9cf-c974-4fde-8b51-901818b07ac2 tempest-VolumesActionsTest-355227802 tempest-VolumesActionsTest-355227802-project] 10.222.0.57 "GET /v2.0/networks?id=4a7a287a-d66a-4b77-b944-156957519295 HTTP/1.1" status: 200 len: 807 time: 0.4416921
Mar 21 11:54:40.963692 dv-cinder-805072-11-smb neutron-server[115426]: DEBUG neutron_lib.callbacks.manager [None req-db711b6f-74e5-4a75-bb0f-33fd732be786 admin admin] Publish callbacks [] for security_group (9bf819cc-7950-499f-ae0c-6105e1eb6392), precommit_delete {{(pid=115426) _notify_loop /usr/local/lib/python3.8/dist-packages/neutron_lib/callbacks/manager.py:176}}
Mar 21 11:54:40.967622 dv-cinder-805072-11-smb neutron-server[115426]: DEBUG neutron_lib.callbacks.manager [None req-c3daeefb-003f-405e-97ce-cc9cac59d744 admin admin] Publish callbacks [] for security_group (949f9280-5777-4980-ab49-f5965b2cd941), before_delete {{(pid=115426) _notify_loop /usr/local/lib/python3.8/dist-packages/neutron_lib/callbacks/manager.py:176}}
Mar 21 11:54:40.975861 dv-cinder-805072-11-smb neutron-server[115425]: INFO neutron.wsgi [req-5982e39e-c525-4b86-b438-5781252ee53b req-92e1d169-38ae-4c1f-9a93-f9cb6968d8af tempest-VolumesActionsTest-355227802 tempest-VolumesActionsTest-355227802-project] 10.222.0.57 "GET /v2.0/quotas/5e4a3eaf0b90433ea87f36fd949e1a5b HTTP/1.1" status: 200 len: 375 time: 0.0241625
Mar 21 11:54:41.016085 dv-cinder-805072-11-smb neutron-server[115425]: INFO neutron.wsgi [req-5982e39e-c525-4b86-b438-5781252ee53b req-2be02937-54a8-42dc-a0de-3c2ac4bf5dac tempest-VolumesActionsTest-355227802 tempest-VolumesActionsTest-355227802-project] 10.222.0.57 "GET /v2.0/ports?tenant_id=5e4a3eaf0b90433ea87f36fd949e1a5b&fields=id HTTP/1.1" status: 200 len: 210 time: 0.0392711
Mar 21 11:54:41.031196 dv-cinder-805072-11-smb neutron-server[115427]: DEBUG neutron.plugins.ml2.db [None req-fad52e5b-de77-48b0-83d2-dfaff80db2ef None None] For port 35491957-f86c-4294-9e6a-bc8fff2f40cf, host hv-cinder-80507, got binding levels [PortBindingLevel(driver='hyperv',host='hv-cinder-80507',level=0,port_id=35491957-f86c-4294-9e6a-bc8fff2f40cf,segment=NetworkSegment(ef1d3231-ccdc-48db-9d01-b053796cd98a),segment_id=ef1d3231-ccdc-48db-9d01-b053796cd98a)] {{(pid=115427) get_binding_level_objs /opt/stack/neutron/neutron/plugins/ml2/db.py:74}}
Mar 21 11:54:41.043392 dv-cinder-805072-11-smb neutron-server[115426]: DEBUG neutron_lib.callbacks.manager [None req-c3daeefb-003f-405e-97ce-cc9cac59d744 admin admin] Publish callbacks [] for security_group (949f9280-5777-4980-ab49-f5965b2cd941), precommit_delete {{(pid=115426) _notify_loop /usr/local/lib/python3.8/dist-packages/neutron_lib/callbacks/manager.py:176}}
Mar 21 11:54:41.047453 dv-cinder-805072-11-smb neutron-server[115427]: DEBUG neutron.plugins.ml2.rpc [None req-fad52e5b-de77-48b0-83d2-dfaff80db2ef None None] Returning: {'device': '35491957-f86c-4294-9e6a-bc8fff2f40cf', 'network_id': '87c86ab2-80e0-44d8-b072-ff05a02b85e9', 'port_id': '35491957-f86c-4294-9e6a-bc8fff2f40cf', 'mac_address': 'fa:16:3e:94:37:e7', 'admin_state_up': True, 'network_type': 'vlan', 'segmentation_id': 558, 'physical_network': 'physnet1', 'mtu': 1500, 'fixed_ips': [{'subnet_id': '0cf9e84d-064a-4f6e-93ea-b7a402fdcdcf', 'ip_address': '172.20.0.14'}], 'device_owner': 'compute:nova', 'allowed_address_pairs': [], 'port_security_enabled': True, 'qos_policy_id': None, 'network_qos_policy_id': None, 'profile': {}, 'propagate_uplink_status': False} {{(pid=115427) _get_device_details /opt/stack/neutron/neutron/plugins/ml2/rpc.py:184}}
Mar 21 11:54:41.096662 dv-cinder-805072-11-smb neutron-server[115426]: DEBUG neutron.pecan_wsgi.hooks.policy_enforcement [req-ecc81299-0161-47f5-a0c0-87daf4cb5b84 req-360e90e0-9ad6-4f09-9867-cb3eb9cd9724 tempest-AttachVolumeTestJSON-295180925 tempest-AttachVolumeTestJSON-295180925-project] Attributes excluded by policy engine: ['standard_attr_id', 'binding:profile', 'binding:host_id', 'binding:vif_type', 'binding:vif_details'] {{(pid=115426) _exclude_attributes_by_policy /opt/stack/neutron/neutron/pecan_wsgi/hooks/policy_enforcement.py:255}}
Mar 21 11:54:41.098161 dv-cinder-805072-11-smb neutron-server[115426]: INFO neutron.wsgi [req-ecc81299-0161-47f5-a0c0-87daf4cb5b84 req-360e90e0-9ad6-4f09-9867-cb3eb9cd9724 tempest-AttachVolumeTestJSON-295180925 tempest-AttachVolumeTestJSON-295180925-project] 10.222.0.57 "GET /v2.0/ports?device_id=5bf85c3c-76cb-43e4-912c-18d61cc275f6 HTTP/1.1" status: 200 len: 943 time: 0.1095266
Mar 21 11:54:41.121329 dv-cinder-805072-11-smb neutron-server[115427]: DEBUG neutron.plugins.ml2.plugin [None req-fad52e5b-de77-48b0-83d2-dfaff80db2ef None None] Current status of the port 35491957-f86c-4294-9e6a-bc8fff2f40cf is: DOWN; New status is: BUILD {{(pid=115427) _update_individual_port_db_status /opt/stack/neutron/neutron/plugins/ml2/plugin.py:2256}}
Mar 21 11:54:41.121725 dv-cinder-805072-11-smb neutron-server[115427]: DEBUG neutron_lib.callbacks.manager [None req-fad52e5b-de77-48b0-83d2-dfaff80db2ef None None] Publish callbacks ['neutron.plugins.ml2.plugin.SecurityGroupDbMixin._ensure_default_security_group_handler-590328'] for port (35491957-f86c-4294-9e6a-bc8fff2f40cf), before_update {{(pid=115427) _notify_loop /usr/local/lib/python3.8/dist-packages/neutron_lib/callbacks/manager.py:176}}
Mar 21 11:54:41.136006 dv-cinder-805072-11-smb neutron-server[115427]: DEBUG neutron.notifiers.nova [None req-fad52e5b-de77-48b0-83d2-dfaff80db2ef None None] Ignoring state change previous_port_status: DOWN current_port_status: BUILD port_id 35491957-f86c-4294-9e6a-bc8fff2f40cf {{(pid=115427) record_port_status_changed /opt/stack/neutron/neutron/notifiers/nova.py:233}}
Mar 21 11:54:41.150437 dv-cinder-805072-11-smb neutron-server[115425]: INFO neutron.wsgi [req-5982e39e-c525-4b86-b438-5781252ee53b req-26cbded1-a549-49e3-9c81-54af59bd4d58 service neutron] 10.222.0.57 "GET /v2.0/networks/4a7a287a-d66a-4b77-b944-156957519295?fields=segments HTTP/1.1" status: 200 len: 212 time: 0.1329162
Mar 21 11:54:41.151430 dv-cinder-805072-11-smb neutron-server[115426]: INFO neutron.wsgi [req-ecc81299-0161-47f5-a0c0-87daf4cb5b84 req-ab22e8dc-fbfc-476c-9a8e-c15e3945d698 tempest-AttachVolumeTestJSON-295180925 tempest-AttachVolumeTestJSON-295180925-project] 10.222.0.57 "GET /v2.0/security-groups?id=db94c14f-88de-46d9-a35d-1d1459679dbb&fields=id&fields=name HTTP/1.1" status: 200 len: 312 time: 0.0474646
Mar 21 11:54:41.155326 dv-cinder-805072-11-smb neutron-server[115425]: DEBUG neutron_lib.callbacks.manager [req-fb527601-0bee-410c-a6e7-e1c0022ec1e4 req-89ea8c7e-196e-4856-94b2-9e422843833b service neutron] Publish callbacks [] for security_group (2eb13d8b-bbd4-4556-9592-076802aaa582), precommit_create {{(pid=115425) _notify_loop /usr/local/lib/python3.8/dist-packages/neutron_lib/callbacks/manager.py:176}}
Mar 21 11:54:41.159386 dv-cinder-805072-11-smb neutron-server[115427]: DEBUG neutron.plugins.ml2.db [None req-fad52e5b-de77-48b0-83d2-dfaff80db2ef None None] For port 35491957-f86c-4294-9e6a-bc8fff2f40cf, host hv-cinder-80507, got binding levels [PortBindingLevel(driver='hyperv',host='hv-cinder-80507',level=0,port_id=35491957-f86c-4294-9e6a-bc8fff2f40cf,segment=NetworkSegment(ef1d3231-ccdc-48db-9d01-b053796cd98a),segment_id=ef1d3231-ccdc-48db-9d01-b053796cd98a)] {{(pid=115427) get_binding_level_objs /opt/stack/neutron/neutron/plugins/ml2/db.py:74}}
Mar 21 11:54:41.183243 dv-cinder-805072-11-smb neutron-server[115426]: DEBUG neutron_lib.callbacks.manager [None req-c3daeefb-003f-405e-97ce-cc9cac59d744 admin admin] Publish callbacks ['neutron.plugins.ml2.ovo_rpc._ObjectChangeHandler.handle_event-1629462'] for security_group (949f9280-5777-4980-ab49-f5965b2cd941), after_delete {{(pid=115426) _notify_loop /usr/local/lib/python3.8/dist-packages/neutron_lib/callbacks/manager.py:176}}
Mar 21 11:54:41.188113 dv-cinder-805072-11-smb neutron-server[115426]: DEBUG neutron_lib.callbacks.manager [None req-c3daeefb-003f-405e-97ce-cc9cac59d744 admin admin] Publish callbacks [] for security_group (None), before_response {{(pid=115426) _notify_loop /usr/local/lib/python3.8/dist-packages/neutron_lib/callbacks/manager.py:176}}
Mar 21 11:54:41.193470 dv-cinder-805072-11-smb neutron-server[115426]: INFO neutron.wsgi [None req-c3daeefb-003f-405e-97ce-cc9cac59d744 admin admin] 10.222.0.57 "DELETE /v2.0/security-groups/949f9280-5777-4980-ab49-f5965b2cd941 HTTP/1.1" status: 204 len: 168 time: 0.3378885
Mar 21 11:54:41.193470 dv-cinder-805072-11-smb neutron-server[115426]: DEBUG neutron_lib.callbacks.manager [None req-db711b6f-74e5-4a75-bb0f-33fd732be786 admin admin] Publish callbacks ['neutron.plugins.ml2.ovo_rpc._ObjectChangeHandler.handle_event-1629462'] for security_group (9bf819cc-7950-499f-ae0c-6105e1eb6392), after_delete {{(pid=115426) _notify_loop /usr/local/lib/python3.8/dist-packages/neutron_lib/callbacks/manager.py:176}}
Mar 21 11:54:41.195197 dv-cinder-805072-11-smb neutron-server[115426]: DEBUG neutron_lib.callbacks.manager [None req-db711b6f-74e5-4a75-bb0f-33fd732be786 admin admin] Publish callbacks [] for security_group (None), before_response {{(pid=115426) _notify_loop /usr/local/lib/python3.8/dist-packages/neutron_lib/callbacks/manager.py:176}}
Mar 21 11:54:41.196529 dv-cinder-805072-11-smb neutron-server[115426]: INFO neutron.wsgi [None req-db711b6f-74e5-4a75-bb0f-33fd732be786 admin admin] 10.222.0.57 "DELETE /v2.0/security-groups/9bf819cc-7950-499f-ae0c-6105e1eb6392 HTTP/1.1" status: 204 len: 168 time: 0.3731270
Mar 21 11:54:41.208306 dv-cinder-805072-11-smb neutron-server[115426]: DEBUG neutron.api.rpc.handlers.resources_rpc [None req-c3daeefb-003f-405e-97ce-cc9cac59d744 admin admin] Pushing event deleted for resources: {'SecurityGroup': ['ID=949f9280-5777-4980-ab49-f5965b2cd941,revision_number=None']} {{(pid=115426) push /opt/stack/neutron/neutron/api/rpc/handlers/resources_rpc.py:237}}
Mar 21 11:54:41.223045 dv-cinder-805072-11-smb neutron-server[115426]: DEBUG neutron.api.rpc.handlers.resources_rpc [None req-db711b6f-74e5-4a75-bb0f-33fd732be786 admin admin] Pushing event deleted for resources: {'SecurityGroup': ['ID=9bf819cc-7950-499f-ae0c-6105e1eb6392,revision_number=None']} {{(pid=115426) push /opt/stack/neutron/neutron/api/rpc/handlers/resources_rpc.py:237}}
Mar 21 11:54:41.244293 dv-cinder-805072-11-smb neutron-server[115425]: DEBUG neutron_lib.callbacks.manager [req-fb527601-0bee-410c-a6e7-e1c0022ec1e4 req-89ea8c7e-196e-4856-94b2-9e422843833b service neutron] Publish callbacks ['neutron.plugins.ml2.ovo_rpc._ObjectChangeHandler.handle_event-1629462'] for security_group (2eb13d8b-bbd4-4556-9592-076802aaa582), after_create {{(pid=115425) _notify_loop /usr/local/lib/python3.8/dist-packages/neutron_lib/callbacks/manager.py:176}}
Mar 21 11:54:41.271464 dv-cinder-805072-11-smb neutron-server[115427]: DEBUG neutron_lib.callbacks.manager [None req-fad52e5b-de77-48b0-83d2-dfaff80db2ef None None] Publish callbacks ['neutron.plugins.ml2.plugin.SecurityGroupServerNotifierRpcMixin._notify_sg_on_port_change-590267', 'neutron.plugins.ml2.ovo_rpc._ObjectChangeHandler.handle_event-386974', 'neutron.api.rpc.agentnotifiers.dhcp_rpc_agent_api.DhcpAgentNotifyAPI._native_event_send_dhcp_notification-1701972', 'neutron.db.l3_db.L3RpcNotifierMixin._notify_gateway_port_ip_changed-8788488000660', 'neutron.db.l3_dvrscheduler_db._notify_l3_agent_port_update-8788487478312', 'neutron.db.l3_hascheduler_db._notify_l3_agent_ha_port_update-8788487478330'] for port (35491957-f86c-4294-9e6a-bc8fff2f40cf), after_update {{(pid=115427) _notify_loop /usr/local/lib/python3.8/dist-packages/neutron_lib/callbacks/manager.py:176}}
Mar 21 11:54:41.271464 dv-cinder-805072-11-smb neutron-server[115427]: DEBUG neutron.plugins.ml2.rpc [None req-fad52e5b-de77-48b0-83d2-dfaff80db2ef None None] Device 7f2310eb-f181-4882-aa69-372c0eae735b details requested by agent hyperv_hv-cinder-80507 with host hv-cinder-80507 {{(pid=115427) get_device_details /opt/stack/neutron/neutron/plugins/ml2/rpc.py:102}}
Mar 21 11:54:41.317042 dv-cinder-805072-11-smb neutron-server[115425]: INFO neutron.wsgi [req-5982e39e-c525-4b86-b438-5781252ee53b req-caa7b7b8-23cf-493d-8dae-ce9a3dc742b6 service neutron] 10.222.0.57 "GET /v2.0/networks/4a7a287a-d66a-4b77-b944-156957519295?fields=provider%3Aphysical_network&fields=provider%3Anetwork_type HTTP/1.1" status: 200 len: 281 time: 0.1579993
Mar 21 11:54:41.322279 dv-cinder-805072-11-smb neutron-server[115425]: INFO neutron.wsgi [req-fb527601-0bee-410c-a6e7-e1c0022ec1e4 req-89ea8c7e-196e-4856-94b2-9e422843833b service neutron] 10.222.0.55 "GET /v2.0/security-groups?id=6025c2b5-0083-480f-8815-6e9d5bce8931&fields=id&fields=name HTTP/1.1" status: 200 len: 286 time: 0.4019520
Mar 21 11:54:41.323028 dv-cinder-805072-11-smb neutron-server[115425]: DEBUG neutron.api.rpc.handlers.resources_rpc [None req-89ea8c7e-196e-4856-94b2-9e422843833b service neutron] Pushing event updated for resources: {'SecurityGroup': ['ID=2eb13d8b-bbd4-4556-9592-076802aaa582,revision_number=1']} {{(pid=115425) push /opt/stack/neutron/neutron/api/rpc/handlers/resources_rpc.py:237}}
Mar 21 11:54:41.352274 dv-cinder-805072-11-smb neutron-server[115426]: DEBUG neutron.pecan_wsgi.hooks.policy_enforcement [req-7bcd0bf6-ded7-4b42-a6dc-fff28e11e4a7 req-83597697-fdf6-4359-9726-ecdc86fa1285 tempest-AttachVolumeNegativeTest-1781509137 tempest-AttachVolumeNegativeTest-1781509137-project] Attributes excluded by policy engine: ['standard_attr_id', 'binding:profile', 'binding:host_id', 'binding:vif_type', 'binding:vif_details'] {{(pid=115426) _exclude_attributes_by_policy /opt/stack/neutron/neutron/pecan_wsgi/hooks/policy_enforcement.py:255}}
Mar 21 11:54:41.364220 dv-cinder-805072-11-smb neutron-server[115426]: INFO neutron.wsgi [req-7bcd0bf6-ded7-4b42-a6dc-fff28e11e4a7 req-83597697-fdf6-4359-9726-ecdc86fa1285 tempest-AttachVolumeNegativeTest-1781509137 tempest-AttachVolumeNegativeTest-1781509137-project] 10.222.0.57 "GET /v2.0/ports?device_id=e5537923-d1ca-49ba-a687-971fcd8b7ff5 HTTP/1.1" status: 200 len: 945 time: 0.1076009
Mar 21 11:54:41.396708 dv-cinder-805072-11-smb neutron-server[115427]: DEBUG neutron.api.rpc.handlers.resources_rpc [None req-fad52e5b-de77-48b0-83d2-dfaff80db2ef None None] Pushing event updated for resources: {'Port': ['ID=35491957-f86c-4294-9e6a-bc8fff2f40cf,revision_number=4']} {{(pid=115427) push /opt/stack/neutron/neutron/api/rpc/handlers/resources_rpc.py:237}}
Mar 21 11:54:41.427543 dv-cinder-805072-11-smb neutron-server[115426]: INFO neutron.wsgi [req-7bcd0bf6-ded7-4b42-a6dc-fff28e11e4a7 req-bfd3aa5d-a96c-4b96-905c-29a98eb164bc tempest-AttachVolumeNegativeTest-1781509137 tempest-AttachVolumeNegativeTest-1781509137-project] 10.222.0.57 "GET /v2.0/security-groups?id=0c516d4c-2f45-46cf-9979-bfb9e1394489&fields=id&fields=name HTTP/1.1" status: 200 len: 313 time: 0.0560262
Mar 21 11:54:41.455960 dv-cinder-805072-11-smb neutron-server[115427]: DEBUG neutron.plugins.ml2.db [None req-fad52e5b-de77-48b0-83d2-dfaff80db2ef None None] For port 7f2310eb-f181-4882-aa69-372c0eae735b, host hv-cinder-80507, got binding levels [PortBindingLevel(driver='hyperv',host='hv-cinder-80507',level=0,port_id=7f2310eb-f181-4882-aa69-372c0eae735b,segment=NetworkSegment(c39c42a5-857a-4643-bad3-62d7e9daf81c),segment_id=c39c42a5-857a-4643-bad3-62d7e9daf81c)] {{(pid=115427) get_binding_level_objs /opt/stack/neutron/neutron/plugins/ml2/db.py:74}}
Mar 21 11:54:41.468976 dv-cinder-805072-11-smb neutron-server[115427]: DEBUG neutron.plugins.ml2.rpc [None req-fad52e5b-de77-48b0-83d2-dfaff80db2ef None None] Returning: {'device': '7f2310eb-f181-4882-aa69-372c0eae735b', 'network_id': '2706ebe9-6309-4411-b5fd-29d8cfa9843e', 'port_id': '7f2310eb-f181-4882-aa69-372c0eae735b', 'mac_address': 'fa:16:3e:a7:54:97', 'admin_state_up': True, 'network_type': 'vlan', 'segmentation_id': 597, 'physical_network': 'physnet1', 'mtu': 1500, 'fixed_ips': [{'subnet_id': '676b521e-d003-4aae-b651-fa89a357b6c0', 'ip_address': '172.20.0.9'}], 'device_owner': 'compute:nova', 'allowed_address_pairs': [], 'port_security_enabled': True, 'qos_policy_id': None, 'network_qos_policy_id': None, 'profile': {}, 'propagate_uplink_status': False} {{(pid=115427) _get_device_details /opt/stack/neutron/neutron/plugins/ml2/rpc.py:184}}
Mar 21 11:54:41.527099 dv-cinder-805072-11-smb neutron-server[115427]: DEBUG neutron.plugins.ml2.plugin [None req-fad52e5b-de77-48b0-83d2-dfaff80db2ef None None] Current status of the port 7f2310eb-f181-4882-aa69-372c0eae735b is: DOWN; New status is: BUILD {{(pid=115427) _update_individual_port_db_status /opt/stack/neutron/neutron/plugins/ml2/plugin.py:2256}}
Mar 21 11:54:41.528659 dv-cinder-805072-11-smb neutron-server[115427]: DEBUG neutron_lib.callbacks.manager [None req-fad52e5b-de77-48b0-83d2-dfaff80db2ef None None] Publish callbacks ['neutron.plugins.ml2.plugin.SecurityGroupDbMixin._ensure_default_security_group_handler-590328'] for port (7f2310eb-f181-4882-aa69-372c0eae735b), before_update {{(pid=115427) _notify_loop /usr/local/lib/python3.8/dist-packages/neutron_lib/callbacks/manager.py:176}}
Mar 21 11:54:41.555065 dv-cinder-805072-11-smb neutron-server[115427]: DEBUG neutron.notifiers.nova [None req-fad52e5b-de77-48b0-83d2-dfaff80db2ef None None] Ignoring state change previous_port_status: DOWN current_port_status: BUILD port_id 7f2310eb-f181-4882-aa69-372c0eae735b {{(pid=115427) record_port_status_changed /opt/stack/neutron/neutron/notifiers/nova.py:233}}
Mar 21 11:54:41.611155 dv-cinder-805072-11-smb neutron-server[115427]: DEBUG neutron.plugins.ml2.db [None req-fad52e5b-de77-48b0-83d2-dfaff80db2ef None None] For port 7f2310eb-f181-4882-aa69-372c0eae735b, host hv-cinder-80507, got binding levels [PortBindingLevel(driver='hyperv',host='hv-cinder-80507',level=0,port_id=7f2310eb-f181-4882-aa69-372c0eae735b,segment=NetworkSegment(c39c42a5-857a-4643-bad3-62d7e9daf81c),segment_id=c39c42a5-857a-4643-bad3-62d7e9daf81c)] {{(pid=115427) get_binding_level_objs /opt/stack/neutron/neutron/plugins/ml2/db.py:74}}
Mar 21 11:54:41.628522 dv-cinder-805072-11-smb neutron-server[115425]: INFO neutron.wsgi [req-d73aa284-ef50-40d3-8043-a53475503196 req-c433871b-3adc-41d1-80d3-b9504f107e32 tempest-VolumesActionsTest-355227802 tempest-VolumesActionsTest-355227802-project] 10.222.0.57 "GET /v2.0/ports?device_id=79ed682d-9e8e-4207-8349-51d0b285fe47 HTTP/1.1" status: 200 len: 210 time: 0.0617888
Mar 21 11:54:41.667182 dv-cinder-805072-11-smb neutron-server[115426]: DEBUG neutron.pecan_wsgi.hooks.policy_enforcement [req-b06628ee-18d9-4113-b703-48450f042730 req-b0e3a642-0936-409f-93fd-4a7418dfbc6e tempest-ServerRescueNegativeTestJSON-1532122109 tempest-ServerRescueNegativeTestJSON-1532122109-project] Attributes excluded by policy engine: ['standard_attr_id', 'binding:profile', 'binding:host_id', 'binding:vif_type', 'binding:vif_details'] {{(pid=115426) _exclude_attributes_by_policy /opt/stack/neutron/neutron/pecan_wsgi/hooks/policy_enforcement.py:255}}
Mar 21 11:54:41.675670 dv-cinder-805072-11-smb neutron-server[115426]: INFO neutron.wsgi [req-b06628ee-18d9-4113-b703-48450f042730 req-b0e3a642-0936-409f-93fd-4a7418dfbc6e tempest-ServerRescueNegativeTestJSON-1532122109 tempest-ServerRescueNegativeTestJSON-1532122109-project] 10.222.0.57 "GET /v2.0/ports?device_id=9f3e6e7b-639f-4d37-b86e-46215df405f9 HTTP/1.1" status: 200 len: 945 time: 0.1047564
Mar 21 11:54:41.680029 dv-cinder-805072-11-smb neutron-server[115427]: DEBUG neutron_lib.callbacks.manager [None req-fad52e5b-de77-48b0-83d2-dfaff80db2ef None None] Publish callbacks ['neutron.plugins.ml2.plugin.SecurityGroupServerNotifierRpcMixin._notify_sg_on_port_change-590267', 'neutron.plugins.ml2.ovo_rpc._ObjectChangeHandler.handle_event-386974', 'neutron.api.rpc.agentnotifiers.dhcp_rpc_agent_api.DhcpAgentNotifyAPI._native_event_send_dhcp_notification-1701972', 'neutron.db.l3_db.L3RpcNotifierMixin._notify_gateway_port_ip_changed-8788488000660', 'neutron.db.l3_dvrscheduler_db._notify_l3_agent_port_update-8788487478312', 'neutron.db.l3_hascheduler_db._notify_l3_agent_ha_port_update-8788487478330'] for port (7f2310eb-f181-4882-aa69-372c0eae735b), after_update {{(pid=115427) _notify_loop /usr/local/lib/python3.8/dist-packages/neutron_lib/callbacks/manager.py:176}}
Mar 21 11:54:41.745646 dv-cinder-805072-11-smb neutron-server[115426]: INFO neutron.wsgi [req-b06628ee-18d9-4113-b703-48450f042730 req-dec927c9-9dde-4017-91ef-1e0559427c64 tempest-ServerRescueNegativeTestJSON-1532122109 tempest-ServerRescueNegativeTestJSON-1532122109-project] 10.222.0.57 "GET /v2.0/security-groups?id=6025c2b5-0083-480f-8815-6e9d5bce8931&fields=id&fields=name HTTP/1.1" status: 200 len: 286 time: 0.0659323
Mar 21 11:54:41.758230 dv-cinder-805072-11-smb neutron-server[115427]: DEBUG neutron.api.rpc.handlers.resources_rpc [None req-fad52e5b-de77-48b0-83d2-dfaff80db2ef None None] Pushing event updated for resources: {'Port': ['ID=7f2310eb-f181-4882-aa69-372c0eae735b,revision_number=4']} {{(pid=115427) push /opt/stack/neutron/neutron/api/rpc/handlers/resources_rpc.py:237}}
Mar 21 11:54:41.877101 dv-cinder-805072-11-smb neutron-server[115425]: DEBUG neutron.pecan_wsgi.hooks.policy_enforcement [req-0d1a4b35-90b0-4964-a18a-f23430c89acd req-d7ede579-3ee4-42f4-a0e5-3656a5571a2e tempest-DeleteServersTestJSON-467123328 tempest-DeleteServersTestJSON-467123328-project] Attributes excluded by policy engine: ['standard_attr_id', 'binding:profile', 'binding:host_id', 'binding:vif_type', 'binding:vif_details'] {{(pid=115425) _exclude_attributes_by_policy /opt/stack/neutron/neutron/pecan_wsgi/hooks/policy_enforcement.py:255}}
Mar 21 11:54:41.878642 dv-cinder-805072-11-smb neutron-server[115425]: INFO neutron.wsgi [req-0d1a4b35-90b0-4964-a18a-f23430c89acd req-d7ede579-3ee4-42f4-a0e5-3656a5571a2e tempest-DeleteServersTestJSON-467123328 tempest-DeleteServersTestJSON-467123328-project] 10.222.0.57 "GET /v2.0/ports?device_id=a97e8666-6e87-44f3-b2db-38d823593dc6 HTTP/1.1" status: 200 len: 946 time: 0.0625882
Mar 21 11:54:41.932676 dv-cinder-805072-11-smb neutron-server[115425]: INFO neutron.wsgi [req-0d1a4b35-90b0-4964-a18a-f23430c89acd req-11438c53-ef82-4c3e-a8eb-09d3bc3ea3f0 tempest-DeleteServersTestJSON-467123328 tempest-DeleteServersTestJSON-467123328-project] 10.222.0.57 "GET /v2.0/security-groups?id=d08d6e3b-8289-40f3-9150-19aa98972ebd&fields=id&fields=name HTTP/1.1" status: 200 len: 286 time: 0.0460629
Mar 21 11:54:42.061663 dv-cinder-805072-11-smb neutron-server[115425]: DEBUG neutron.wsgi [-] (115425) accepted ('10.222.0.57', 50040) {{(pid=115425) server /usr/local/lib/python3.8/dist-packages/eventlet/wsgi.py:1004}}
Mar 21 11:54:42.065925 dv-cinder-805072-11-smb neutron-server[115427]: DEBUG neutron.plugins.ml2.db [None req-fad52e5b-de77-48b0-83d2-dfaff80db2ef None None] get_ports_and_sgs() called for port_ids ['7f2310eb-f181-4882-aa69-372c0eae735b'] {{(pid=115427) get_ports_and_sgs /opt/stack/neutron/neutron/plugins/ml2/db.py:156}}
Mar 21 11:54:42.069211 dv-cinder-805072-11-smb neutron-server[115427]: DEBUG neutron.plugins.ml2.db [None req-fad52e5b-de77-48b0-83d2-dfaff80db2ef None None] get_ports_and_sgs() called for port_ids ['35491957-f86c-4294-9e6a-bc8fff2f40cf'] {{(pid=115427) get_ports_and_sgs /opt/stack/neutron/neutron/plugins/ml2/db.py:156}}
Mar 21 11:54:42.074474 dv-cinder-805072-11-smb neutron-server[115425]: DEBUG neutron_lib.callbacks.manager [None req-3adef8e3-a7a6-4d4f-8a1b-a8259c6c76a9 admin admin] Publish callbacks [] for security_group (None), before_create {{(pid=115425) _notify_loop /usr/local/lib/python3.8/dist-packages/neutron_lib/callbacks/manager.py:176}}
Mar 21 11:54:42.187935 dv-cinder-805072-11-smb neutron-server[115425]: DEBUG neutron_lib.callbacks.manager [None req-3adef8e3-a7a6-4d4f-8a1b-a8259c6c76a9 admin admin] Publish callbacks [] for security_group (cf327eee-8346-46a1-a636-b60b414b85bf), precommit_create {{(pid=115425) _notify_loop /usr/local/lib/python3.8/dist-packages/neutron_lib/callbacks/manager.py:176}}
Mar 21 11:54:42.195151 dv-cinder-805072-11-smb neutron-server[115427]: DEBUG neutron.notifiers.nova [-] Sending events: [{'server_uuid': 'a97e8666-6e87-44f3-b2db-38d823593dc6', 'name': 'network-vif-plugged', 'status': 'completed', 'tag': '507bdf80-0cea-4660-8d48-1980ec625152'}] {{(pid=115427) send_events /opt/stack/neutron/neutron/notifiers/nova.py:271}}
Mar 21 11:54:42.197455 dv-cinder-805072-11-smb neutron-server[115427]: DEBUG novaclient.v2.client [-] REQ: curl -g -i --cacert "/opt/stack/data/ca-bundle.pem" -X POST http://10.222.0.57/compute/v2.1/os-server-external-events -H "Accept: application/json" -H "Content-Type: application/json" -H "User-Agent: python-novaclient" -H "X-Auth-Token: {SHA256}ca7348c364a9ade2330cdf4d817131a1df63b5b358972d4e7b81f070ca999d17" -H "X-OpenStack-Nova-API-Version: 2.1" -H "X-OpenStack-Request-ID: req-0cebff68-2b12-40b8-970c-c5f8458b95f1" -d '{"events": [{"server_uuid": "a97e8666-6e87-44f3-b2db-38d823593dc6", "name": "network-vif-plugged", "status": "completed", "tag": "507bdf80-0cea-4660-8d48-1980ec625152"}]}' {{(pid=115427) _http_log_request /usr/local/lib/python3.8/dist-packages/keystoneauth1/session.py:519}}
Mar 21 11:54:42.256866 dv-cinder-805072-11-smb neutron-server[115425]: DEBUG neutron_lib.callbacks.manager [None req-3adef8e3-a7a6-4d4f-8a1b-a8259c6c76a9 admin admin] Publish callbacks ['neutron.plugins.ml2.ovo_rpc._ObjectChangeHandler.handle_event-1629462'] for security_group (cf327eee-8346-46a1-a636-b60b414b85bf), after_create {{(pid=115425) _notify_loop /usr/local/lib/python3.8/dist-packages/neutron_lib/callbacks/manager.py:176}}
Mar 21 11:54:42.261669 dv-cinder-805072-11-smb neutron-server[115427]: DEBUG novaclient.v2.client [-] RESP: [200] Connection: close Content-Length: 183 Content-Type: application/json Date: Mon, 21 Mar 2022 11:54:42 GMT OpenStack-API-Version: compute 2.1 Server: Apache/2.4.41 (Ubuntu) Vary: OpenStack-API-Version,X-OpenStack-Nova-API-Version X-OpenStack-Nova-API-Version: 2.1 x-compute-request-id: req-4e1bc099-017a-4a02-9eef-c141848d63a5 x-openstack-request-id: req-4e1bc099-017a-4a02-9eef-c141848d63a5 {{(pid=115427) _http_log_response /usr/local/lib/python3.8/dist-packages/keystoneauth1/session.py:550}}
Mar 21 11:54:42.261988 dv-cinder-805072-11-smb neutron-server[115427]: DEBUG novaclient.v2.client [-] RESP BODY: {"events": [{"server_uuid": "a97e8666-6e87-44f3-b2db-38d823593dc6", "name": "network-vif-plugged", "status": "completed", "tag": "507bdf80-0cea-4660-8d48-1980ec625152", "code": 200}]} {{(pid=115427) _http_log_response /usr/local/lib/python3.8/dist-packages/keystoneauth1/session.py:582}}
Mar 21 11:54:42.262250 dv-cinder-805072-11-smb neutron-server[115427]: DEBUG novaclient.v2.client [-] POST call to compute for http://10.222.0.57/compute/v2.1/os-server-external-events used request id req-4e1bc099-017a-4a02-9eef-c141848d63a5 {{(pid=115427) request /usr/local/lib/python3.8/dist-packages/keystoneauth1/session.py:954}}
Mar 21 11:54:42.262643 dv-cinder-805072-11-smb neutron-server[115427]: INFO neutron.notifiers.nova [-] Nova event response: {'server_uuid': 'a97e8666-6e87-44f3-b2db-38d823593dc6', 'name': 'network-vif-plugged', 'status': 'completed', 'tag': '507bdf80-0cea-4660-8d48-1980ec625152', 'code': 200}
Mar 21 11:54:42.315502 dv-cinder-805072-11-smb neutron-server[115425]: DEBUG neutron.api.rpc.handlers.resources_rpc [None req-3adef8e3-a7a6-4d4f-8a1b-a8259c6c76a9 admin admin] Pushing event updated for resources: {'SecurityGroup': ['ID=cf327eee-8346-46a1-a636-b60b414b85bf,revision_number=1']} {{(pid=115425) push /opt/stack/neutron/neutron/api/rpc/handlers/resources_rpc.py:237}}
Mar 21 11:54:42.336471 dv-cinder-805072-11-smb neutron-server[115425]: INFO neutron.wsgi [None req-3adef8e3-a7a6-4d4f-8a1b-a8259c6c76a9 admin admin] 10.222.0.57 "GET /v2.0/security-groups?tenant_id=fe4d323480854babb438c80dd2da92e2&name=default HTTP/1.1" status: 200 len: 2996 time: 0.2737136
Mar 21 11:54:42.339564 dv-cinder-805072-11-smb neutron-server[115425]: DEBUG neutron.wsgi [-] (115425) accepted ('10.222.0.57', 50048) {{(pid=115425) server /usr/local/lib/python3.8/dist-packages/eventlet/wsgi.py:1004}}
Mar 21 11:54:42.342438 dv-cinder-805072-11-smb neutron-server[115426]: DEBUG neutron.pecan_wsgi.hooks.policy_enforcement [req-d3961385-3917-4193-ab7e-dd8771858607 req-aedae169-e35f-4ab0-b441-097275e90ca9 tempest-AttachVolumeTestJSON-295180925 tempest-AttachVolumeTestJSON-295180925-project] Attributes excluded by policy engine: ['standard_attr_id', 'binding:profile', 'binding:host_id', 'binding:vif_type', 'binding:vif_details'] {{(pid=115426) _exclude_attributes_by_policy /opt/stack/neutron/neutron/pecan_wsgi/hooks/policy_enforcement.py:255}}
Mar 21 11:54:42.343933 dv-cinder-805072-11-smb neutron-server[115426]: INFO neutron.wsgi [req-d3961385-3917-4193-ab7e-dd8771858607 req-aedae169-e35f-4ab0-b441-097275e90ca9 tempest-AttachVolumeTestJSON-295180925 tempest-AttachVolumeTestJSON-295180925-project] 10.222.0.57 "GET /v2.0/ports?device_id=5bf85c3c-76cb-43e4-912c-18d61cc275f6 HTTP/1.1" status: 200 len: 944 time: 0.0864544
Mar 21 11:54:42.390798 dv-cinder-805072-11-smb neutron-server[115425]: DEBUG neutron_lib.callbacks.manager [None req-1a62edfa-aeda-4fc8-bfec-8a798d9a8f5d admin admin] Publish callbacks [] for security_group (cf327eee-8346-46a1-a636-b60b414b85bf), before_delete {{(pid=115425) _notify_loop /usr/local/lib/python3.8/dist-packages/neutron_lib/callbacks/manager.py:176}}
Mar 21 11:54:42.415510 dv-cinder-805072-11-smb neutron-server[115425]: DEBUG neutron_lib.callbacks.manager [None req-1a62edfa-aeda-4fc8-bfec-8a798d9a8f5d admin admin] Publish callbacks [] for security_group (cf327eee-8346-46a1-a636-b60b414b85bf), precommit_delete {{(pid=115425) _notify_loop /usr/local/lib/python3.8/dist-packages/neutron_lib/callbacks/manager.py:176}}
Mar 21 11:54:42.434334 dv-cinder-805072-11-smb neutron-server[115426]: INFO neutron.wsgi [req-d3961385-3917-4193-ab7e-dd8771858607 req-75ae94f1-cb7c-4027-9548-ca0e2d33a14c tempest-AttachVolumeTestJSON-295180925 tempest-AttachVolumeTestJSON-295180925-project] 10.222.0.57 "GET /v2.0/security-groups?id=db94c14f-88de-46d9-a35d-1d1459679dbb&fields=id&fields=name HTTP/1.1" status: 200 len: 312 time: 0.0711288
Mar 21 11:54:42.543734 dv-cinder-805072-11-smb neutron-server[115425]: DEBUG neutron.pecan_wsgi.hooks.policy_enforcement [req-6a4fb246-8667-4418-a601-7569ec72eeae req-4a77d024-476a-442b-8a77-25313cadd920 tempest-AttachVolumeNegativeTest-1781509137 tempest-AttachVolumeNegativeTest-1781509137-project] Attributes excluded by policy engine: ['standard_attr_id', 'binding:profile', 'binding:host_id', 'binding:vif_type', 'binding:vif_details'] {{(pid=115425) _exclude_attributes_by_policy /opt/stack/neutron/neutron/pecan_wsgi/hooks/policy_enforcement.py:255}}
Mar 21 11:54:42.545017 dv-cinder-805072-11-smb neutron-server[115425]: INFO neutron.wsgi [req-6a4fb246-8667-4418-a601-7569ec72eeae req-4a77d024-476a-442b-8a77-25313cadd920 tempest-AttachVolumeNegativeTest-1781509137 tempest-AttachVolumeNegativeTest-1781509137-project] 10.222.0.57 "GET /v2.0/ports?device_id=e5537923-d1ca-49ba-a687-971fcd8b7ff5 HTTP/1.1" status: 200 len: 945 time: 0.0564544
Mar 21 11:54:42.546052 dv-cinder-805072-11-smb neutron-server[115425]: DEBUG neutron_lib.callbacks.manager [None req-1a62edfa-aeda-4fc8-bfec-8a798d9a8f5d admin admin] Publish callbacks ['neutron.plugins.ml2.ovo_rpc._ObjectChangeHandler.handle_event-1629462'] for security_group (cf327eee-8346-46a1-a636-b60b414b85bf), after_delete {{(pid=115425) _notify_loop /usr/local/lib/python3.8/dist-packages/neutron_lib/callbacks/manager.py:176}}
Mar 21 11:54:42.549041 dv-cinder-805072-11-smb neutron-server[115425]: DEBUG neutron_lib.callbacks.manager [None req-1a62edfa-aeda-4fc8-bfec-8a798d9a8f5d admin admin] Publish callbacks [] for security_group (None), before_response {{(pid=115425) _notify_loop /usr/local/lib/python3.8/dist-packages/neutron_lib/callbacks/manager.py:176}}
Mar 21 11:54:42.549683 dv-cinder-805072-11-smb neutron-server[115425]: INFO neutron.wsgi [None req-1a62edfa-aeda-4fc8-bfec-8a798d9a8f5d admin admin] 10.222.0.57 "DELETE /v2.0/security-groups/cf327eee-8346-46a1-a636-b60b414b85bf HTTP/1.1" status: 204 len: 168 time: 0.2091653
Mar 21 11:54:42.586333 dv-cinder-805072-11-smb neutron-server[115425]: DEBUG neutron.api.rpc.handlers.resources_rpc [None req-1a62edfa-aeda-4fc8-bfec-8a798d9a8f5d admin admin] Pushing event deleted for resources: {'SecurityGroup': ['ID=cf327eee-8346-46a1-a636-b60b414b85bf,revision_number=None']} {{(pid=115425) push /opt/stack/neutron/neutron/api/rpc/handlers/resources_rpc.py:237}}
Mar 21 11:54:42.641875 dv-cinder-805072-11-smb neutron-server[115425]: DEBUG neutron.pecan_wsgi.hooks.policy_enforcement [req-e290ed04-5317-476f-b3f3-248998b43a6e req-dbdebd40-9485-45ea-af2d-5d0f031f0c04 service neutron] Attributes excluded by policy engine: ['standard_attr_id'] {{(pid=115425) _exclude_attributes_by_policy /opt/stack/neutron/neutron/pecan_wsgi/hooks/policy_enforcement.py:255}}
Mar 21 11:54:42.643430 dv-cinder-805072-11-smb neutron-server[115425]: INFO neutron.wsgi [req-e290ed04-5317-476f-b3f3-248998b43a6e req-dbdebd40-9485-45ea-af2d-5d0f031f0c04 service neutron] 10.222.0.55 "GET /v2.0/ports?device_id=a97e8666-6e87-44f3-b2db-38d823593dc6 HTTP/1.1" status: 200 len: 1130 time: 0.0899127
Mar 21 11:54:42.651992 dv-cinder-805072-11-smb neutron-server[115425]: INFO neutron.wsgi [req-6a4fb246-8667-4418-a601-7569ec72eeae req-d8ecdebd-db18-4995-bd6d-003ad9810406 tempest-AttachVolumeNegativeTest-1781509137 tempest-AttachVolumeNegativeTest-1781509137-project] 10.222.0.57 "GET /v2.0/security-groups?id=0c516d4c-2f45-46cf-9979-bfb9e1394489&fields=id&fields=name HTTP/1.1" status: 200 len: 313 time: 0.0857112
Mar 21 11:54:42.695883 dv-cinder-805072-11-smb neutron-server[115425]: INFO neutron.wsgi [req-e290ed04-5317-476f-b3f3-248998b43a6e req-ed0dbc0c-393d-40cc-8aeb-9d05d040b6d2 service neutron] 10.222.0.55 "GET /v2.0/security-groups?id=d08d6e3b-8289-40f3-9150-19aa98972ebd&fields=id&fields=name HTTP/1.1" status: 200 len: 286 time: 0.0396585
Mar 21 11:54:42.734646 dv-cinder-805072-11-smb neutron-server[115426]: INFO neutron.wsgi [req-973f0781-9d37-473c-b904-cad2af5ba65f req-034a5761-18d7-475f-a8bc-b4385d0c7248 tempest-VolumesActionsTest-355227802 tempest-VolumesActionsTest-355227802-project] 10.222.0.57 "GET /v2.0/ports?device_id=79ed682d-9e8e-4207-8349-51d0b285fe47 HTTP/1.1" status: 200 len: 210 time: 0.0312221
Mar 21 11:54:42.839268 dv-cinder-805072-11-smb neutron-server[115427]: DEBUG neutron.plugins.ml2.rpc [None req-fad52e5b-de77-48b0-83d2-dfaff80db2ef None None] Device 06c84acc-6064-4d12-8538-b2697c46b942 up at agent hyperv_hv-cinder-80507 {{(pid=115427) update_device_up /opt/stack/neutron/neutron/plugins/ml2/rpc.py:296}}
Mar 21 11:54:42.929547 dv-cinder-805072-11-smb neutron-server[115425]: DEBUG neutron.pecan_wsgi.hooks.policy_enforcement [req-1d8db8a4-30e7-4200-a83c-9948ddc912e1 req-5d21e23e-8797-4369-90ea-085e8374aaf1 tempest-ServerRescueNegativeTestJSON-1532122109 tempest-ServerRescueNegativeTestJSON-1532122109-project] Attributes excluded by policy engine: ['standard_attr_id', 'binding:profile', 'binding:host_id', 'binding:vif_type', 'binding:vif_details'] {{(pid=115425) _exclude_attributes_by_policy /opt/stack/neutron/neutron/pecan_wsgi/hooks/policy_enforcement.py:255}}
Mar 21 11:54:42.939545 dv-cinder-805072-11-smb neutron-server[115425]: INFO neutron.wsgi [req-1d8db8a4-30e7-4200-a83c-9948ddc912e1 req-5d21e23e-8797-4369-90ea-085e8374aaf1 tempest-ServerRescueNegativeTestJSON-1532122109 tempest-ServerRescueNegativeTestJSON-1532122109-project] 10.222.0.57 "GET /v2.0/ports?device_id=9f3e6e7b-639f-4d37-b86e-46215df405f9 HTTP/1.1" status: 200 len: 945 time: 0.1064525
Mar 21 11:54:42.971636 dv-cinder-805072-11-smb neutron-server[115427]: DEBUG neutron.db.provisioning_blocks [None req-fad52e5b-de77-48b0-83d2-dfaff80db2ef None None] Provisioning for port 06c84acc-6064-4d12-8538-b2697c46b942 completed by entity L2. {{(pid=115427) provisioning_complete /opt/stack/neutron/neutron/db/provisioning_blocks.py:134}}
Mar 21 11:54:42.977232 dv-cinder-805072-11-smb neutron-server[115427]: DEBUG neutron.db.provisioning_blocks [None req-fad52e5b-de77-48b0-83d2-dfaff80db2ef None None] Provisioning complete for port 06c84acc-6064-4d12-8538-b2697c46b942 triggered by entity L2. {{(pid=115427) provisioning_complete /opt/stack/neutron/neutron/db/provisioning_blocks.py:140}}
Mar 21 11:54:42.977599 dv-cinder-805072-11-smb neutron-server[115427]: DEBUG neutron_lib.callbacks.manager [None req-fad52e5b-de77-48b0-83d2-dfaff80db2ef None None] Publish callbacks ['neutron.plugins.ml2.plugin.Ml2Plugin._port_provisioned-586730'] for port (06c84acc-6064-4d12-8538-b2697c46b942), provisioning_complete {{(pid=115427) _notify_loop /usr/local/lib/python3.8/dist-packages/neutron_lib/callbacks/manager.py:176}}
Mar 21 11:54:43.079882 dv-cinder-805072-11-smb neutron-server[115425]: INFO neutron.wsgi [req-1d8db8a4-30e7-4200-a83c-9948ddc912e1 req-fc3d7b86-0c6d-4508-a771-f34a7aa18526 tempest-ServerRescueNegativeTestJSON-1532122109 tempest-ServerRescueNegativeTestJSON-1532122109-project] 10.222.0.57 "GET /v2.0/security-groups?id=6025c2b5-0083-480f-8815-6e9d5bce8931&fields=id&fields=name HTTP/1.1" status: 200 len: 286 time: 0.1128938
Mar 21 11:54:43.148124 dv-cinder-805072-11-smb neutron-server[115426]: DEBUG neutron.pecan_wsgi.hooks.policy_enforcement [req-0451c731-bd89-40e4-b970-b12516defa4e req-ba782dd3-b0eb-4e5f-b07d-adc94b28af3e tempest-DeleteServersTestJSON-467123328 tempest-DeleteServersTestJSON-467123328-project] Attributes excluded by policy engine: ['standard_attr_id', 'binding:profile', 'binding:host_id', 'binding:vif_type', 'binding:vif_details'] {{(pid=115426) _exclude_attributes_by_policy /opt/stack/neutron/neutron/pecan_wsgi/hooks/policy_enforcement.py:255}}
Mar 21 11:54:43.149631 dv-cinder-805072-11-smb neutron-server[115427]: DEBUG neutron.plugins.ml2.plugin [None req-fad52e5b-de77-48b0-83d2-dfaff80db2ef None None] Current status of the port 06c84acc-6064-4d12-8538-b2697c46b942 is: BUILD; New status is: ACTIVE {{(pid=115427) _update_individual_port_db_status /opt/stack/neutron/neutron/plugins/ml2/plugin.py:2256}}
Mar 21 11:54:43.150636 dv-cinder-805072-11-smb neutron-server[115427]: DEBUG neutron_lib.callbacks.manager [None req-fad52e5b-de77-48b0-83d2-dfaff80db2ef None None] Publish callbacks ['neutron.plugins.ml2.plugin.SecurityGroupDbMixin._ensure_default_security_group_handler-590328'] for port (06c84acc-6064-4d12-8538-b2697c46b942), before_update {{(pid=115427) _notify_loop /usr/local/lib/python3.8/dist-packages/neutron_lib/callbacks/manager.py:176}}
Mar 21 11:54:43.153454 dv-cinder-805072-11-smb neutron-server[115426]: INFO neutron.wsgi [req-0451c731-bd89-40e4-b970-b12516defa4e req-ba782dd3-b0eb-4e5f-b07d-adc94b28af3e tempest-DeleteServersTestJSON-467123328 tempest-DeleteServersTestJSON-467123328-project] 10.222.0.57 "GET /v2.0/ports?device_id=a97e8666-6e87-44f3-b2db-38d823593dc6 HTTP/1.1" status: 200 len: 946 time: 0.1329618
Mar 21 11:54:43.207575 dv-cinder-805072-11-smb neutron-server[115427]: DEBUG neutron.plugins.ml2.db [None req-fad52e5b-de77-48b0-83d2-dfaff80db2ef None None] For port 06c84acc-6064-4d12-8538-b2697c46b942, host hv-cinder-80507, got binding levels [PortBindingLevel(driver='hyperv',host='hv-cinder-80507',level=0,port_id=06c84acc-6064-4d12-8538-b2697c46b942,segment=NetworkSegment(0c9b0169-dc3a-4a5b-bf86-db6bbae29189),segment_id=0c9b0169-dc3a-4a5b-bf86-db6bbae29189)] {{(pid=115427) get_binding_level_objs /opt/stack/neutron/neutron/plugins/ml2/db.py:74}}
Mar 21 11:54:43.227297 dv-cinder-805072-11-smb neutron-server[115426]: INFO neutron.wsgi [req-0451c731-bd89-40e4-b970-b12516defa4e req-c411edd6-78ba-493b-ad0d-2f77399c8a88 tempest-DeleteServersTestJSON-467123328 tempest-DeleteServersTestJSON-467123328-project] 10.222.0.57 "GET /v2.0/security-groups?id=d08d6e3b-8289-40f3-9150-19aa98972ebd&fields=id&fields=name HTTP/1.1" status: 200 len: 286 time: 0.0653539
