Aug 20 09:34:36.694610 dv-cinder-805060-1-smb devstack@c-api.service[86821]: DEBUG cinder.api.openstack.wsgi [None req-9f873f20-1a57-45aa-910c-8bdb2e99d15b tempest-GroupsV314Test-602487340 tempest-GroupsV314Test-602487340-project-admin] Empty body provided in request {{(pid=86821) get_body /opt/stack/cinder/cinder/api/openstack/wsgi.py:713}}
Aug 20 09:34:36.695237 dv-cinder-805060-1-smb devstack@c-api.service[86821]: /usr/local/lib/python3.8/dist-packages/webob/acceptparse.py:1047: DeprecationWarning: The behavior of AcceptValidHeader.best_match is currently being maintained for backward compatibility, but it will be deprecated in the future, as it does not conform to the RFC.
Aug 20 09:34:36.695237 dv-cinder-805060-1-smb devstack@c-api.service[86821]: warnings.warn(
Aug 20 09:34:36.695447 dv-cinder-805060-1-smb devstack@c-api.service[86821]: DEBUG cinder.api.openstack.wsgi [None req-9f873f20-1a57-45aa-910c-8bdb2e99d15b tempest-GroupsV314Test-602487340 tempest-GroupsV314Test-602487340-project-admin] Calling method '_delete' {{(pid=86821) _process_stack /opt/stack/cinder/cinder/api/openstack/wsgi.py:866}}
Aug 20 09:34:36.696780 dv-cinder-805060-1-smb devstack@c-api.service[86821]: /usr/local/lib/python3.8/dist-packages/oslo_context/context.py:105: DeprecationWarning: Policy enforcement is depending on the value of is_admin. This key is deprecated. Please update your policy file to use the standard policy values.
Aug 20 09:34:36.696780 dv-cinder-805060-1-smb devstack@c-api.service[86821]: warnings.warn('Policy enforcement is depending on the value of '
Aug 20 09:34:36.777588 dv-cinder-805060-1-smb devstack@c-api.service[86820]: INFO cinder.api.openstack.wsgi [None req-29afebe4-ec1d-4536-89a6-9b6ce5a6bf6c tempest-VolumeTypesAccessTest-252745352 tempest-VolumeTypesAccessTest-252745352-project-admin] http://10.222.0.20/volume/v3/86a320c930d744e4ad0d87780eaf48b6/types/5c6f5e4a-570c-4024-8d31-c63ef18c6709 returned with HTTP 202
Aug 20 09:34:36.781600 dv-cinder-805060-1-smb devstack@c-api.service[86820]: [pid: 86820|app: 0|req: 133/279] 10.222.0.20 () {58 vars in 1322 bytes} [Fri Aug 20 09:34:36 2021] DELETE /volume/v3/86a320c930d744e4ad0d87780eaf48b6/types/5c6f5e4a-570c-4024-8d31-c63ef18c6709 => generated 0 bytes in 193 msecs (HTTP/1.1 202) 6 headers in 233 bytes (1 switches on core 0)
Aug 20 09:34:36.783358 dv-cinder-805060-1-smb devstack@c-api.service[86820]: INFO cinder.api.openstack.wsgi [None req-8736d78e-78d7-4109-afdf-c920ca885be4 tempest-VolumeTypesTest-1432657952 tempest-VolumeTypesTest-1432657952-project-admin] DELETE http://10.222.0.20/volume/v3/fec33415b8ac42189c0c7d8f5e7b9285/types/39331f1c-b2a7-4f81-a9c1-c57bf9f49ee6
Aug 20 09:34:36.783993 dv-cinder-805060-1-smb devstack@c-api.service[86820]: DEBUG cinder.api.openstack.wsgi [None req-8736d78e-78d7-4109-afdf-c920ca885be4 tempest-VolumeTypesTest-1432657952 tempest-VolumeTypesTest-1432657952-project-admin] Empty body provided in request {{(pid=86820) get_body /opt/stack/cinder/cinder/api/openstack/wsgi.py:713}}
Aug 20 09:34:36.784615 dv-cinder-805060-1-smb devstack@c-api.service[86820]: DEBUG cinder.api.openstack.wsgi [None req-8736d78e-78d7-4109-afdf-c920ca885be4 tempest-VolumeTypesTest-1432657952 tempest-VolumeTypesTest-1432657952-project-admin] Calling method '_delete' {{(pid=86820) _process_stack /opt/stack/cinder/cinder/api/openstack/wsgi.py:866}}
Aug 20 09:34:36.895064 dv-cinder-805060-1-smb devstack@c-api.service[86821]: INFO cinder.api.openstack.wsgi [None req-9f873f20-1a57-45aa-910c-8bdb2e99d15b tempest-GroupsV314Test-602487340 tempest-GroupsV314Test-602487340-project-admin] http://10.222.0.20/volume/v3/9d6551c553f34bd2987009370f6545a1/types/2e5dc7d4-b963-47fd-a7f3-dd1e1f3d8116 returned with HTTP 202
Aug 20 09:34:36.896855 dv-cinder-805060-1-smb devstack@c-api.service[86821]: [pid: 86821|app: 0|req: 147/280] 10.222.0.20 () {58 vars in 1322 bytes} [Fri Aug 20 09:34:36 2021] DELETE /volume/v3/9d6551c553f34bd2987009370f6545a1/types/2e5dc7d4-b963-47fd-a7f3-dd1e1f3d8116 => generated 0 bytes in 209 msecs (HTTP/1.1 202) 6 headers in 233 bytes (1 switches on core 0)
Aug 20 09:34:36.915312 dv-cinder-805060-1-smb devstack@c-api.service[86821]: INFO cinder.api.openstack.wsgi [None req-9a939e15-b396-4239-ae54-d09aacb629b4 tempest-VolumeQuotasAdminTestJSON-1355833276 tempest-VolumeQuotasAdminTestJSON-1355833276-project-admin] GET http://10.222.0.20/volume/v3/20b36e76673d433495df098fd43ffbde/os-quota-sets/d0ec0741b022401fbc8abb4d6e030c64?usage=True
Aug 20 09:34:36.916162 dv-cinder-805060-1-smb devstack@c-api.service[86821]: DEBUG cinder.api.openstack.wsgi [None req-9a939e15-b396-4239-ae54-d09aacb629b4 tempest-VolumeQuotasAdminTestJSON-1355833276 tempest-VolumeQuotasAdminTestJSON-1355833276-project-admin] Empty body provided in request {{(pid=86821) get_body /opt/stack/cinder/cinder/api/openstack/wsgi.py:713}}
Aug 20 09:34:36.916901 dv-cinder-805060-1-smb devstack@c-api.service[86821]: DEBUG cinder.api.openstack.wsgi [None req-9a939e15-b396-4239-ae54-d09aacb629b4 tempest-VolumeQuotasAdminTestJSON-1355833276 tempest-VolumeQuotasAdminTestJSON-1355833276-project-admin] Calling method 'show' {{(pid=86821) _process_stack /opt/stack/cinder/cinder/api/openstack/wsgi.py:866}}
Aug 20 09:34:36.988879 dv-cinder-805060-1-smb devstack@c-api.service[86821]: INFO cinder.api.openstack.wsgi [None req-9a939e15-b396-4239-ae54-d09aacb629b4 tempest-VolumeQuotasAdminTestJSON-1355833276 tempest-VolumeQuotasAdminTestJSON-1355833276-project-admin] http://10.222.0.20/volume/v3/20b36e76673d433495df098fd43ffbde/os-quota-sets/d0ec0741b022401fbc8abb4d6e030c64?usage=True returned with HTTP 200
Aug 20 09:34:37.005684 dv-cinder-805060-1-smb devstack@c-api.service[86821]: [pid: 86821|app: 0|req: 148/281] 10.222.0.20 () {58 vars in 1352 bytes} [Fri Aug 20 09:34:36 2021] GET /volume/v3/20b36e76673d433495df098fd43ffbde/os-quota-sets/d0ec0741b022401fbc8abb4d6e030c64?usage=True => generated 2090 bytes in 93 msecs (HTTP/1.1 200) 7 headers in 286 bytes (1 switches on core 0)
Aug 20 09:34:37.013548 dv-cinder-805060-1-smb devstack@c-api.service[86821]: INFO cinder.api.openstack.wsgi [None req-dfdcafdd-0e43-4059-845d-0a7e2aa37fde tempest-VolumeTypesAccessTest-252745352 tempest-VolumeTypesAccessTest-252745352-project-admin] GET http://10.222.0.20/volume/v3/86a320c930d744e4ad0d87780eaf48b6/types/5c6f5e4a-570c-4024-8d31-c63ef18c6709
Aug 20 09:34:37.016262 dv-cinder-805060-1-smb devstack@c-api.service[86821]: DEBUG cinder.api.openstack.wsgi [None req-dfdcafdd-0e43-4059-845d-0a7e2aa37fde tempest-VolumeTypesAccessTest-252745352 tempest-VolumeTypesAccessTest-252745352-project-admin] Empty body provided in request {{(pid=86821) get_body /opt/stack/cinder/cinder/api/openstack/wsgi.py:713}}
Aug 20 09:34:37.016262 dv-cinder-805060-1-smb devstack@c-api.service[86821]: DEBUG cinder.api.openstack.wsgi [None req-dfdcafdd-0e43-4059-845d-0a7e2aa37fde tempest-VolumeTypesAccessTest-252745352 tempest-VolumeTypesAccessTest-252745352-project-admin] Calling method 'show' {{(pid=86821) _process_stack /opt/stack/cinder/cinder/api/openstack/wsgi.py:866}}
Aug 20 09:34:37.034061 dv-cinder-805060-1-smb devstack@c-api.service[86820]: INFO cinder.api.openstack.wsgi [None req-8736d78e-78d7-4109-afdf-c920ca885be4 tempest-VolumeTypesTest-1432657952 tempest-VolumeTypesTest-1432657952-project-admin] http://10.222.0.20/volume/v3/fec33415b8ac42189c0c7d8f5e7b9285/types/39331f1c-b2a7-4f81-a9c1-c57bf9f49ee6 returned with HTTP 202
Aug 20 09:34:37.036126 dv-cinder-805060-1-smb devstack@c-api.service[86820]: [pid: 86820|app: 0|req: 134/282] 10.222.0.20 () {58 vars in 1322 bytes} [Fri Aug 20 09:34:36 2021] DELETE /volume/v3/fec33415b8ac42189c0c7d8f5e7b9285/types/39331f1c-b2a7-4f81-a9c1-c57bf9f49ee6 => generated 0 bytes in 256 msecs (HTTP/1.1 202) 6 headers in 233 bytes (1 switches on core 0)
Aug 20 09:34:37.044051 dv-cinder-805060-1-smb devstack@c-api.service[86821]: INFO cinder.api.openstack.wsgi [None req-dfdcafdd-0e43-4059-845d-0a7e2aa37fde tempest-VolumeTypesAccessTest-252745352 tempest-VolumeTypesAccessTest-252745352-project-admin] http://10.222.0.20/volume/v3/86a320c930d744e4ad0d87780eaf48b6/types/5c6f5e4a-570c-4024-8d31-c63ef18c6709 returned with HTTP 404
Aug 20 09:34:37.044202 dv-cinder-805060-1-smb devstack@c-api.service[86820]: INFO cinder.api.openstack.wsgi [None req-c3dca810-7b6f-4a17-943d-a32cb2a3a647 tempest-GroupsV314Test-602487340 tempest-GroupsV314Test-602487340-project-admin] GET http://10.222.0.20/volume/v3/9d6551c553f34bd2987009370f6545a1/types/2e5dc7d4-b963-47fd-a7f3-dd1e1f3d8116
Aug 20 09:34:37.044202 dv-cinder-805060-1-smb devstack@c-api.service[86820]: DEBUG cinder.api.openstack.wsgi [None req-c3dca810-7b6f-4a17-943d-a32cb2a3a647 tempest-GroupsV314Test-602487340 tempest-GroupsV314Test-602487340-project-admin] Empty body provided in request {{(pid=86820) get_body /opt/stack/cinder/cinder/api/openstack/wsgi.py:713}}
Aug 20 09:34:37.044202 dv-cinder-805060-1-smb devstack@c-api.service[86820]: DEBUG cinder.api.openstack.wsgi [None req-c3dca810-7b6f-4a17-943d-a32cb2a3a647 tempest-GroupsV314Test-602487340 tempest-GroupsV314Test-602487340-project-admin] Calling method 'show' {{(pid=86820) _process_stack /opt/stack/cinder/cinder/api/openstack/wsgi.py:866}}
Aug 20 09:34:37.047390 dv-cinder-805060-1-smb devstack@c-api.service[86821]: [pid: 86821|app: 0|req: 149/283] 10.222.0.20 () {58 vars in 1319 bytes} [Fri Aug 20 09:34:36 2021] GET /volume/v3/86a320c930d744e4ad0d87780eaf48b6/types/5c6f5e4a-570c-4024-8d31-c63ef18c6709 => generated 114 bytes in 56 msecs (HTTP/1.1 404) 7 headers in 292 bytes (1 switches on core 0)
Aug 20 09:34:37.055989 dv-cinder-805060-1-smb devstack@c-api.service[86821]: INFO cinder.api.openstack.wsgi [None req-c30f8012-2c74-45c4-aa81-3c23c1bf6cca tempest-VolumeQuotasAdminTestJSON-1355833276 tempest-VolumeQuotasAdminTestJSON-1355833276-project-admin] DELETE http://10.222.0.20/volume/v3/20b36e76673d433495df098fd43ffbde/volumes/d4a4202a-a40d-4960-ac50-c31db2fbb60e
Aug 20 09:34:37.057921 dv-cinder-805060-1-smb devstack@c-api.service[86821]: DEBUG cinder.api.openstack.wsgi [None req-c30f8012-2c74-45c4-aa81-3c23c1bf6cca tempest-VolumeQuotasAdminTestJSON-1355833276 tempest-VolumeQuotasAdminTestJSON-1355833276-project-admin] Empty body provided in request {{(pid=86821) get_body /opt/stack/cinder/cinder/api/openstack/wsgi.py:713}}
Aug 20 09:34:37.058800 dv-cinder-805060-1-smb devstack@c-api.service[86821]: DEBUG cinder.api.openstack.wsgi [None req-c30f8012-2c74-45c4-aa81-3c23c1bf6cca tempest-VolumeQuotasAdminTestJSON-1355833276 tempest-VolumeQuotasAdminTestJSON-1355833276-project-admin] Calling method 'delete' {{(pid=86821) _process_stack /opt/stack/cinder/cinder/api/openstack/wsgi.py:866}}
Aug 20 09:34:37.059609 dv-cinder-805060-1-smb devstack@c-api.service[86821]: INFO cinder.api.v3.volumes [None req-c30f8012-2c74-45c4-aa81-3c23c1bf6cca tempest-VolumeQuotasAdminTestJSON-1355833276 tempest-VolumeQuotasAdminTestJSON-1355833276-project-admin] Delete volume with id: d4a4202a-a40d-4960-ac50-c31db2fbb60e
Aug 20 09:34:37.075092 dv-cinder-805060-1-smb devstack@c-api.service[86820]: INFO cinder.api.openstack.wsgi [None req-c3dca810-7b6f-4a17-943d-a32cb2a3a647 tempest-GroupsV314Test-602487340 tempest-GroupsV314Test-602487340-project-admin] http://10.222.0.20/volume/v3/9d6551c553f34bd2987009370f6545a1/types/2e5dc7d4-b963-47fd-a7f3-dd1e1f3d8116 returned with HTTP 404
Aug 20 09:34:37.076321 dv-cinder-805060-1-smb devstack@c-api.service[86820]: [pid: 86820|app: 0|req: 135/284] 10.222.0.20 () {58 vars in 1319 bytes} [Fri Aug 20 09:34:37 2021] GET /volume/v3/9d6551c553f34bd2987009370f6545a1/types/2e5dc7d4-b963-47fd-a7f3-dd1e1f3d8116 => generated 114 bytes in 39 msecs (HTTP/1.1 404) 7 headers in 292 bytes (1 switches on core 0)
Aug 20 09:34:37.085611 dv-cinder-805060-1-smb devstack@c-api.service[86820]: INFO cinder.api.openstack.wsgi [None req-1aefd91e-d871-4e16-8921-a25129cf9790 tempest-VolumeTypesTest-1432657952 tempest-VolumeTypesTest-1432657952-project-admin] GET http://10.222.0.20/volume/v3/fec33415b8ac42189c0c7d8f5e7b9285/types/39331f1c-b2a7-4f81-a9c1-c57bf9f49ee6
Aug 20 09:34:37.086434 dv-cinder-805060-1-smb devstack@c-api.service[86820]: DEBUG cinder.api.openstack.wsgi [None req-1aefd91e-d871-4e16-8921-a25129cf9790 tempest-VolumeTypesTest-1432657952 tempest-VolumeTypesTest-1432657952-project-admin] Empty body provided in request {{(pid=86820) get_body /opt/stack/cinder/cinder/api/openstack/wsgi.py:713}}
Aug 20 09:34:37.087314 dv-cinder-805060-1-smb devstack@c-api.service[86820]: DEBUG cinder.api.openstack.wsgi [None req-1aefd91e-d871-4e16-8921-a25129cf9790 tempest-VolumeTypesTest-1432657952 tempest-VolumeTypesTest-1432657952-project-admin] Calling method 'show' {{(pid=86820) _process_stack /opt/stack/cinder/cinder/api/openstack/wsgi.py:866}}
Aug 20 09:34:37.121992 dv-cinder-805060-1-smb devstack@c-api.service[86820]: INFO cinder.api.openstack.wsgi [None req-1aefd91e-d871-4e16-8921-a25129cf9790 tempest-VolumeTypesTest-1432657952 tempest-VolumeTypesTest-1432657952-project-admin] http://10.222.0.20/volume/v3/fec33415b8ac42189c0c7d8f5e7b9285/types/39331f1c-b2a7-4f81-a9c1-c57bf9f49ee6 returned with HTTP 404
Aug 20 09:34:37.130201 dv-cinder-805060-1-smb devstack@c-api.service[86820]: [pid: 86820|app: 0|req: 136/285] 10.222.0.20 () {58 vars in 1319 bytes} [Fri Aug 20 09:34:37 2021] GET /volume/v3/fec33415b8ac42189c0c7d8f5e7b9285/types/39331f1c-b2a7-4f81-a9c1-c57bf9f49ee6 => generated 114 bytes in 53 msecs (HTTP/1.1 404) 7 headers in 292 bytes (1 switches on core 0)
Aug 20 09:34:37.133754 dv-cinder-805060-1-smb devstack@c-api.service[86821]: /usr/local/lib/python3.8/dist-packages/oslo_context/context.py:105: DeprecationWarning: Policy enforcement is depending on the value of is_admin. This key is deprecated. Please update your policy file to use the standard policy values.
Aug 20 09:34:37.133754 dv-cinder-805060-1-smb devstack@c-api.service[86821]: warnings.warn('Policy enforcement is depending on the value of '
Aug 20 09:34:37.134949 dv-cinder-805060-1-smb devstack@c-api.service[86821]: INFO cinder.volume.api [None req-c30f8012-2c74-45c4-aa81-3c23c1bf6cca tempest-VolumeQuotasAdminTestJSON-1355833276 tempest-VolumeQuotasAdminTestJSON-1355833276-project-admin] Volume info retrieved successfully.
Aug 20 09:34:37.139863 dv-cinder-805060-1-smb devstack@c-api.service[86820]: INFO cinder.api.openstack.wsgi [None req-40b95261-0c7b-4b93-83a0-8c5ed98d9f7d tempest-VolumeTypesTest-1432657952 tempest-VolumeTypesTest-1432657952-project-admin] DELETE http://10.222.0.20/volume/v3/fec33415b8ac42189c0c7d8f5e7b9285/types/28acdf1e-f390-4e86-89eb-a58f888a3ba0
Aug 20 09:34:37.142960 dv-cinder-805060-1-smb devstack@c-api.service[86820]: DEBUG cinder.api.openstack.wsgi [None req-40b95261-0c7b-4b93-83a0-8c5ed98d9f7d tempest-VolumeTypesTest-1432657952 tempest-VolumeTypesTest-1432657952-project-admin] Empty body provided in request {{(pid=86820) get_body /opt/stack/cinder/cinder/api/openstack/wsgi.py:713}}
Aug 20 09:34:37.144957 dv-cinder-805060-1-smb devstack@c-api.service[86820]: DEBUG cinder.api.openstack.wsgi [None req-40b95261-0c7b-4b93-83a0-8c5ed98d9f7d tempest-VolumeTypesTest-1432657952 tempest-VolumeTypesTest-1432657952-project-admin] Calling method '_delete' {{(pid=86820) _process_stack /opt/stack/cinder/cinder/api/openstack/wsgi.py:866}}
Aug 20 09:34:37.383236 dv-cinder-805060-1-smb devstack@c-api.service[86821]: INFO cinder.volume.api [None req-c30f8012-2c74-45c4-aa81-3c23c1bf6cca tempest-VolumeQuotasAdminTestJSON-1355833276 tempest-VolumeQuotasAdminTestJSON-1355833276-project-admin] Delete volume request issued successfully.
Aug 20 09:34:37.384466 dv-cinder-805060-1-smb devstack@c-api.service[86821]: INFO cinder.api.openstack.wsgi [None req-c30f8012-2c74-45c4-aa81-3c23c1bf6cca tempest-VolumeQuotasAdminTestJSON-1355833276 tempest-VolumeQuotasAdminTestJSON-1355833276-project-admin] http://10.222.0.20/volume/v3/20b36e76673d433495df098fd43ffbde/volumes/d4a4202a-a40d-4960-ac50-c31db2fbb60e returned with HTTP 202
Aug 20 09:34:37.387069 dv-cinder-805060-1-smb devstack@c-api.service[86821]: [pid: 86821|app: 0|req: 150/286] 10.222.0.20 () {58 vars in 1328 bytes} [Fri Aug 20 09:34:37 2021] DELETE /volume/v3/20b36e76673d433495df098fd43ffbde/volumes/d4a4202a-a40d-4960-ac50-c31db2fbb60e => generated 0 bytes in 339 msecs (HTTP/1.1 202) 6 headers in 233 bytes (1 switches on core 0)
Aug 20 09:34:37.405258 dv-cinder-805060-1-smb devstack@c-api.service[86820]: INFO cinder.api.openstack.wsgi [None req-40b95261-0c7b-4b93-83a0-8c5ed98d9f7d tempest-VolumeTypesTest-1432657952 tempest-VolumeTypesTest-1432657952-project-admin] http://10.222.0.20/volume/v3/fec33415b8ac42189c0c7d8f5e7b9285/types/28acdf1e-f390-4e86-89eb-a58f888a3ba0 returned with HTTP 202
Aug 20 09:34:37.406079 dv-cinder-805060-1-smb devstack@c-api.service[86820]: [pid: 86820|app: 0|req: 137/287] 10.222.0.20 () {58 vars in 1322 bytes} [Fri Aug 20 09:34:37 2021] DELETE /volume/v3/fec33415b8ac42189c0c7d8f5e7b9285/types/28acdf1e-f390-4e86-89eb-a58f888a3ba0 => generated 0 bytes in 275 msecs (HTTP/1.1 202) 6 headers in 233 bytes (1 switches on core 0)
Aug 20 09:34:37.408425 dv-cinder-805060-1-smb devstack@c-api.service[86821]: INFO cinder.api.openstack.wsgi [None req-89c6519f-1520-421d-9bce-96a9becac8b7 tempest-VolumeQuotasAdminTestJSON-1355833276 tempest-VolumeQuotasAdminTestJSON-1355833276-project-admin] GET http://10.222.0.20/volume/v3/20b36e76673d433495df098fd43ffbde/volumes/d4a4202a-a40d-4960-ac50-c31db2fbb60e
Aug 20 09:34:37.409431 dv-cinder-805060-1-smb devstack@c-api.service[86821]: DEBUG cinder.api.openstack.wsgi [None req-89c6519f-1520-421d-9bce-96a9becac8b7 tempest-VolumeQuotasAdminTestJSON-1355833276 tempest-VolumeQuotasAdminTestJSON-1355833276-project-admin] Empty body provided in request {{(pid=86821) get_body /opt/stack/cinder/cinder/api/openstack/wsgi.py:713}}
Aug 20 09:34:37.409723 dv-cinder-805060-1-smb devstack@c-api.service[86821]: /usr/local/lib/python3.8/dist-packages/webob/acceptparse.py:1047: DeprecationWarning: The behavior of AcceptValidHeader.best_match is currently being maintained for backward compatibility, but it will be deprecated in the future, as it does not conform to the RFC.
Aug 20 09:34:37.409723 dv-cinder-805060-1-smb devstack@c-api.service[86821]: warnings.warn(
Aug 20 09:34:37.410628 dv-cinder-805060-1-smb devstack@c-api.service[86821]: DEBUG cinder.api.openstack.wsgi [None req-89c6519f-1520-421d-9bce-96a9becac8b7 tempest-VolumeQuotasAdminTestJSON-1355833276 tempest-VolumeQuotasAdminTestJSON-1355833276-project-admin] Calling method 'show' {{(pid=86821) _process_stack /opt/stack/cinder/cinder/api/openstack/wsgi.py:866}}
Aug 20 09:34:37.416479 dv-cinder-805060-1-smb devstack@c-api.service[86820]: INFO cinder.api.openstack.wsgi [None req-281edd17-08a8-4d63-9856-aadce5dd7c0b tempest-VolumeTypesTest-1432657952 tempest-VolumeTypesTest-1432657952-project-admin] GET http://10.222.0.20/volume/v3/fec33415b8ac42189c0c7d8f5e7b9285/types/28acdf1e-f390-4e86-89eb-a58f888a3ba0
Aug 20 09:34:37.417705 dv-cinder-805060-1-smb devstack@c-api.service[86820]: DEBUG cinder.api.openstack.wsgi [None req-281edd17-08a8-4d63-9856-aadce5dd7c0b tempest-VolumeTypesTest-1432657952 tempest-VolumeTypesTest-1432657952-project-admin] Empty body provided in request {{(pid=86820) get_body /opt/stack/cinder/cinder/api/openstack/wsgi.py:713}}
Aug 20 09:34:37.418336 dv-cinder-805060-1-smb devstack@c-api.service[86820]: DEBUG cinder.api.openstack.wsgi [None req-281edd17-08a8-4d63-9856-aadce5dd7c0b tempest-VolumeTypesTest-1432657952 tempest-VolumeTypesTest-1432657952-project-admin] Calling method 'show' {{(pid=86820) _process_stack /opt/stack/cinder/cinder/api/openstack/wsgi.py:866}}
Aug 20 09:34:37.451719 dv-cinder-805060-1-smb devstack@c-api.service[86820]: INFO cinder.api.openstack.wsgi [None req-281edd17-08a8-4d63-9856-aadce5dd7c0b tempest-VolumeTypesTest-1432657952 tempest-VolumeTypesTest-1432657952-project-admin] http://10.222.0.20/volume/v3/fec33415b8ac42189c0c7d8f5e7b9285/types/28acdf1e-f390-4e86-89eb-a58f888a3ba0 returned with HTTP 404
Aug 20 09:34:37.458279 dv-cinder-805060-1-smb devstack@c-api.service[86820]: [pid: 86820|app: 0|req: 138/288] 10.222.0.20 () {58 vars in 1319 bytes} [Fri Aug 20 09:34:37 2021] GET /volume/v3/fec33415b8ac42189c0c7d8f5e7b9285/types/28acdf1e-f390-4e86-89eb-a58f888a3ba0 => generated 114 bytes in 45 msecs (HTTP/1.1 404) 7 headers in 292 bytes (1 switches on core 0)
Aug 20 09:34:37.468710 dv-cinder-805060-1-smb devstack@c-api.service[86820]: INFO cinder.api.openstack.wsgi [None req-9e19e6ae-d03f-4f92-ac73-bf0c05bdbca8 tempest-VolumeTypesTest-889442422 tempest-VolumeTypesTest-889442422-project] DELETE http://10.222.0.20/volume/v3/f809fd292f1d42ceba8e998f3a8eeab7/volumes/548900fa-6c29-4595-bdb3-485e41d87730
Aug 20 09:34:37.469198 dv-cinder-805060-1-smb devstack@c-api.service[86820]: DEBUG cinder.api.openstack.wsgi [None req-9e19e6ae-d03f-4f92-ac73-bf0c05bdbca8 tempest-VolumeTypesTest-889442422 tempest-VolumeTypesTest-889442422-project] Empty body provided in request {{(pid=86820) get_body /opt/stack/cinder/cinder/api/openstack/wsgi.py:713}}
Aug 20 09:34:37.469633 dv-cinder-805060-1-smb devstack@c-api.service[86820]: DEBUG cinder.api.openstack.wsgi [None req-9e19e6ae-d03f-4f92-ac73-bf0c05bdbca8 tempest-VolumeTypesTest-889442422 tempest-VolumeTypesTest-889442422-project] Calling method 'delete' {{(pid=86820) _process_stack /opt/stack/cinder/cinder/api/openstack/wsgi.py:866}}
Aug 20 09:34:37.470043 dv-cinder-805060-1-smb devstack@c-api.service[86820]: INFO cinder.api.v3.volumes [None req-9e19e6ae-d03f-4f92-ac73-bf0c05bdbca8 tempest-VolumeTypesTest-889442422 tempest-VolumeTypesTest-889442422-project] Delete volume with id: 548900fa-6c29-4595-bdb3-485e41d87730
Aug 20 09:34:37.545362 dv-cinder-805060-1-smb devstack@c-api.service[86820]: /usr/local/lib/python3.8/dist-packages/oslo_context/context.py:105: DeprecationWarning: Policy enforcement is depending on the value of is_admin. This key is deprecated. Please update your policy file to use the standard policy values.
Aug 20 09:34:37.545362 dv-cinder-805060-1-smb devstack@c-api.service[86820]: warnings.warn('Policy enforcement is depending on the value of '
Aug 20 09:34:37.546651 dv-cinder-805060-1-smb devstack@c-api.service[86820]: INFO cinder.volume.api [None req-9e19e6ae-d03f-4f92-ac73-bf0c05bdbca8 tempest-VolumeTypesTest-889442422 tempest-VolumeTypesTest-889442422-project] Volume info retrieved successfully.
Aug 20 09:34:37.547240 dv-cinder-805060-1-smb devstack@c-api.service[86821]: /usr/local/lib/python3.8/dist-packages/oslo_context/context.py:105: DeprecationWarning: Policy enforcement is depending on the value of is_admin. This key is deprecated. Please update your policy file to use the standard policy values.
Aug 20 09:34:37.547240 dv-cinder-805060-1-smb devstack@c-api.service[86821]: warnings.warn('Policy enforcement is depending on the value of '
Aug 20 09:34:37.561115 dv-cinder-805060-1-smb devstack@c-api.service[86821]: INFO cinder.volume.api [None req-89c6519f-1520-421d-9bce-96a9becac8b7 tempest-VolumeQuotasAdminTestJSON-1355833276 tempest-VolumeQuotasAdminTestJSON-1355833276-project-admin] Volume info retrieved successfully.
Aug 20 09:34:37.601959 dv-cinder-805060-1-smb devstack@c-api.service[86821]: INFO cinder.api.openstack.wsgi [None req-89c6519f-1520-421d-9bce-96a9becac8b7 tempest-VolumeQuotasAdminTestJSON-1355833276 tempest-VolumeQuotasAdminTestJSON-1355833276-project-admin] http://10.222.0.20/volume/v3/20b36e76673d433495df098fd43ffbde/volumes/d4a4202a-a40d-4960-ac50-c31db2fbb60e returned with HTTP 200
Aug 20 09:34:37.604734 dv-cinder-805060-1-smb devstack@c-api.service[86821]: [pid: 86821|app: 0|req: 151/289] 10.222.0.20 () {58 vars in 1325 bytes} [Fri Aug 20 09:34:37 2021] GET /volume/v3/20b36e76673d433495df098fd43ffbde/volumes/d4a4202a-a40d-4960-ac50-c31db2fbb60e => generated 1083 bytes in 212 msecs (HTTP/1.1 200) 7 headers in 286 bytes (1 switches on core 0)
Aug 20 09:34:37.751967 dv-cinder-805060-1-smb devstack@c-api.service[86820]: INFO cinder.volume.api [None req-9e19e6ae-d03f-4f92-ac73-bf0c05bdbca8 tempest-VolumeTypesTest-889442422 tempest-VolumeTypesTest-889442422-project] Delete volume request issued successfully.
Aug 20 09:34:37.752759 dv-cinder-805060-1-smb devstack@c-api.service[86820]: INFO cinder.api.openstack.wsgi [None req-9e19e6ae-d03f-4f92-ac73-bf0c05bdbca8 tempest-VolumeTypesTest-889442422 tempest-VolumeTypesTest-889442422-project] http://10.222.0.20/volume/v3/f809fd292f1d42ceba8e998f3a8eeab7/volumes/548900fa-6c29-4595-bdb3-485e41d87730 returned with HTTP 202
Aug 20 09:34:37.754050 dv-cinder-805060-1-smb devstack@c-api.service[86820]: [pid: 86820|app: 0|req: 139/290] 10.222.0.20 () {58 vars in 1328 bytes} [Fri Aug 20 09:34:37 2021] DELETE /volume/v3/f809fd292f1d42ceba8e998f3a8eeab7/volumes/548900fa-6c29-4595-bdb3-485e41d87730 => generated 0 bytes in 295 msecs (HTTP/1.1 202) 6 headers in 233 bytes (1 switches on core 0)
Aug 20 09:34:37.768243 dv-cinder-805060-1-smb devstack@c-api.service[86821]: INFO cinder.api.openstack.wsgi [None req-81b1f2c6-7348-48b5-8bd1-aecaff352f9c tempest-VolumeTypesTest-889442422 tempest-VolumeTypesTest-889442422-project] GET http://10.222.0.20/volume/v3/f809fd292f1d42ceba8e998f3a8eeab7/volumes/548900fa-6c29-4595-bdb3-485e41d87730
Aug 20 09:34:37.769047 dv-cinder-805060-1-smb devstack@c-api.service[86821]: DEBUG cinder.api.openstack.wsgi [None req-81b1f2c6-7348-48b5-8bd1-aecaff352f9c tempest-VolumeTypesTest-889442422 tempest-VolumeTypesTest-889442422-project] Empty body provided in request {{(pid=86821) get_body /opt/stack/cinder/cinder/api/openstack/wsgi.py:713}}
Aug 20 09:34:37.769316 dv-cinder-805060-1-smb devstack@c-api.service[86821]: /usr/local/lib/python3.8/dist-packages/webob/acceptparse.py:1047: DeprecationWarning: The behavior of AcceptValidHeader.best_match is currently being maintained for backward compatibility, but it will be deprecated in the future, as it does not conform to the RFC.
Aug 20 09:34:37.769316 dv-cinder-805060-1-smb devstack@c-api.service[86821]: warnings.warn(
Aug 20 09:34:37.770923 dv-cinder-805060-1-smb devstack@c-api.service[86821]: DEBUG cinder.api.openstack.wsgi [None req-81b1f2c6-7348-48b5-8bd1-aecaff352f9c tempest-VolumeTypesTest-889442422 tempest-VolumeTypesTest-889442422-project] Calling method 'show' {{(pid=86821) _process_stack /opt/stack/cinder/cinder/api/openstack/wsgi.py:866}}
Aug 20 09:34:37.943473 dv-cinder-805060-1-smb devstack@c-api.service[86821]: /usr/local/lib/python3.8/dist-packages/oslo_context/context.py:105: DeprecationWarning: Policy enforcement is depending on the value of is_admin. This key is deprecated. Please update your policy file to use the standard policy values.
Aug 20 09:34:37.943473 dv-cinder-805060-1-smb devstack@c-api.service[86821]: warnings.warn('Policy enforcement is depending on the value of '
Aug 20 09:34:37.958065 dv-cinder-805060-1-smb devstack@c-api.service[86821]: INFO cinder.volume.api [None req-81b1f2c6-7348-48b5-8bd1-aecaff352f9c tempest-VolumeTypesTest-889442422 tempest-VolumeTypesTest-889442422-project] Volume info retrieved successfully.
Aug 20 09:34:37.988648 dv-cinder-805060-1-smb devstack@c-api.service[86821]: INFO cinder.api.openstack.wsgi [None req-81b1f2c6-7348-48b5-8bd1-aecaff352f9c tempest-VolumeTypesTest-889442422 tempest-VolumeTypesTest-889442422-project] http://10.222.0.20/volume/v3/f809fd292f1d42ceba8e998f3a8eeab7/volumes/548900fa-6c29-4595-bdb3-485e41d87730 returned with HTTP 200
Aug 20 09:34:37.994689 dv-cinder-805060-1-smb devstack@c-api.service[86821]: [pid: 86821|app: 0|req: 152/291] 10.222.0.20 () {58 vars in 1325 bytes} [Fri Aug 20 09:34:37 2021] GET /volume/v3/f809fd292f1d42ceba8e998f3a8eeab7/volumes/548900fa-6c29-4595-bdb3-485e41d87730 => generated 942 bytes in 237 msecs (HTTP/1.1 200) 7 headers in 285 bytes (1 switches on core 0)
Aug 20 09:34:38.164909 dv-cinder-805060-1-smb devstack@c-api.service[86820]: INFO cinder.api.openstack.wsgi [None req-55e7c83f-4f92-474c-9f02-2e347d847a92 tempest-DeleteServersTestJSON-1292973632 tempest-DeleteServersTestJSON-1292973632-project] GET http://10.222.0.20/volume/v3/e20a9c6ced5748fdbcecaae1956bc29f/volumes/dcd8202a-9f1e-4eeb-98ee-1421dac16b3c
Aug 20 09:34:38.174276 dv-cinder-805060-1-smb devstack@c-api.service[86820]: DEBUG cinder.api.openstack.wsgi [None req-55e7c83f-4f92-474c-9f02-2e347d847a92 tempest-DeleteServersTestJSON-1292973632 tempest-DeleteServersTestJSON-1292973632-project] Empty body provided in request {{(pid=86820) get_body /opt/stack/cinder/cinder/api/openstack/wsgi.py:713}}
Aug 20 09:34:38.174276 dv-cinder-805060-1-smb devstack@c-api.service[86820]: /usr/local/lib/python3.8/dist-packages/webob/acceptparse.py:1047: DeprecationWarning: The behavior of AcceptValidHeader.best_match is currently being maintained for backward compatibility, but it will be deprecated in the future, as it does not conform to the RFC.
Aug 20 09:34:38.174276 dv-cinder-805060-1-smb devstack@c-api.service[86820]: warnings.warn(
Aug 20 09:34:38.174276 dv-cinder-805060-1-smb devstack@c-api.service[86820]: DEBUG cinder.api.openstack.wsgi [None req-55e7c83f-4f92-474c-9f02-2e347d847a92 tempest-DeleteServersTestJSON-1292973632 tempest-DeleteServersTestJSON-1292973632-project] Calling method 'show' {{(pid=86820) _process_stack /opt/stack/cinder/cinder/api/openstack/wsgi.py:866}}
Aug 20 09:34:38.226803 dv-cinder-805060-1-smb devstack@c-api.service[86820]: /usr/local/lib/python3.8/dist-packages/oslo_context/context.py:105: DeprecationWarning: Policy enforcement is depending on the value of is_admin. This key is deprecated. Please update your policy file to use the standard policy values.
Aug 20 09:34:38.226803 dv-cinder-805060-1-smb devstack@c-api.service[86820]: warnings.warn('Policy enforcement is depending on the value of '
Aug 20 09:34:38.239529 dv-cinder-805060-1-smb devstack@c-api.service[86820]: INFO cinder.volume.api [None req-55e7c83f-4f92-474c-9f02-2e347d847a92 tempest-DeleteServersTestJSON-1292973632 tempest-DeleteServersTestJSON-1292973632-project] Volume info retrieved successfully.
Aug 20 09:34:38.286554 dv-cinder-805060-1-smb devstack@c-api.service[86820]: INFO cinder.api.openstack.wsgi [None req-55e7c83f-4f92-474c-9f02-2e347d847a92 tempest-DeleteServersTestJSON-1292973632 tempest-DeleteServersTestJSON-1292973632-project] http://10.222.0.20/volume/v3/e20a9c6ced5748fdbcecaae1956bc29f/volumes/dcd8202a-9f1e-4eeb-98ee-1421dac16b3c returned with HTTP 200
Aug 20 09:34:38.298120 dv-cinder-805060-1-smb devstack@c-api.service[86820]: [pid: 86820|app: 0|req: 140/292] 10.222.0.20 () {58 vars in 1325 bytes} [Fri Aug 20 09:34:38 2021] GET /volume/v3/e20a9c6ced5748fdbcecaae1956bc29f/volumes/dcd8202a-9f1e-4eeb-98ee-1421dac16b3c => generated 913 bytes in 130 msecs (HTTP/1.1 200) 7 headers in 285 bytes (1 switches on core 0)
Aug 20 09:34:38.304376 dv-cinder-805060-1-smb devstack@c-api.service[86821]: INFO cinder.api.openstack.wsgi [None req-4d840e03-0107-41dd-a90c-e8efa84b4b07 tempest-DeleteServersTestJSON-1292973632 tempest-DeleteServersTestJSON-1292973632-project] GET http://10.222.0.20/volume/v3/e20a9c6ced5748fdbcecaae1956bc29f/volumes/dcd8202a-9f1e-4eeb-98ee-1421dac16b3c
Aug 20 09:34:38.310519 dv-cinder-805060-1-smb devstack@c-api.service[86821]: DEBUG cinder.api.openstack.wsgi [None req-4d840e03-0107-41dd-a90c-e8efa84b4b07 tempest-DeleteServersTestJSON-1292973632 tempest-DeleteServersTestJSON-1292973632-project] Empty body provided in request {{(pid=86821) get_body /opt/stack/cinder/cinder/api/openstack/wsgi.py:713}}
Aug 20 09:34:38.310886 dv-cinder-805060-1-smb devstack@c-api.service[86821]: /usr/local/lib/python3.8/dist-packages/webob/acceptparse.py:1047: DeprecationWarning: The behavior of AcceptValidHeader.best_match is currently being maintained for backward compatibility, but it will be deprecated in the future, as it does not conform to the RFC.
Aug 20 09:34:38.310886 dv-cinder-805060-1-smb devstack@c-api.service[86821]: warnings.warn(
Aug 20 09:34:38.311426 dv-cinder-805060-1-smb devstack@c-api.service[86821]: DEBUG cinder.api.openstack.wsgi [None req-4d840e03-0107-41dd-a90c-e8efa84b4b07 tempest-DeleteServersTestJSON-1292973632 tempest-DeleteServersTestJSON-1292973632-project] Calling method 'show' {{(pid=86821) _process_stack /opt/stack/cinder/cinder/api/openstack/wsgi.py:866}}
Aug 20 09:34:38.407189 dv-cinder-805060-1-smb devstack@c-api.service[86821]: /usr/local/lib/python3.8/dist-packages/oslo_context/context.py:105: DeprecationWarning: Policy enforcement is depending on the value of is_admin. This key is deprecated. Please update your policy file to use the standard policy values.
Aug 20 09:34:38.407189 dv-cinder-805060-1-smb devstack@c-api.service[86821]: warnings.warn('Policy enforcement is depending on the value of '
Aug 20 09:34:38.417157 dv-cinder-805060-1-smb devstack@c-api.service[86821]: INFO cinder.volume.api [None req-4d840e03-0107-41dd-a90c-e8efa84b4b07 tempest-DeleteServersTestJSON-1292973632 tempest-DeleteServersTestJSON-1292973632-project] Volume info retrieved successfully.
Aug 20 09:34:38.445109 dv-cinder-805060-1-smb devstack@c-api.service[86821]: INFO cinder.api.openstack.wsgi [None req-4d840e03-0107-41dd-a90c-e8efa84b4b07 tempest-DeleteServersTestJSON-1292973632 tempest-DeleteServersTestJSON-1292973632-project] http://10.222.0.20/volume/v3/e20a9c6ced5748fdbcecaae1956bc29f/volumes/dcd8202a-9f1e-4eeb-98ee-1421dac16b3c returned with HTTP 200
Aug 20 09:34:38.456321 dv-cinder-805060-1-smb devstack@c-api.service[86821]: [pid: 86821|app: 0|req: 153/293] 10.222.0.20 () {58 vars in 1325 bytes} [Fri Aug 20 09:34:38 2021] GET /volume/v3/e20a9c6ced5748fdbcecaae1956bc29f/volumes/dcd8202a-9f1e-4eeb-98ee-1421dac16b3c => generated 913 bytes in 153 msecs (HTTP/1.1 200) 7 headers in 285 bytes (1 switches on core 0)
Aug 20 09:34:38.619881 dv-cinder-805060-1-smb devstack@c-api.service[86820]: INFO cinder.api.openstack.wsgi [None req-75cd0fc6-8a97-424f-99e2-6f40c4e806bf tempest-VolumeQuotasAdminTestJSON-1355833276 tempest-VolumeQuotasAdminTestJSON-1355833276-project-admin] GET http://10.222.0.20/volume/v3/20b36e76673d433495df098fd43ffbde/volumes/d4a4202a-a40d-4960-ac50-c31db2fbb60e
Aug 20 09:34:38.620349 dv-cinder-805060-1-smb devstack@c-api.service[86820]: DEBUG cinder.api.openstack.wsgi [None req-75cd0fc6-8a97-424f-99e2-6f40c4e806bf tempest-VolumeQuotasAdminTestJSON-1355833276 tempest-VolumeQuotasAdminTestJSON-1355833276-project-admin] Empty body provided in request {{(pid=86820) get_body /opt/stack/cinder/cinder/api/openstack/wsgi.py:713}}
Aug 20 09:34:38.620520 dv-cinder-805060-1-smb devstack@c-api.service[86820]: /usr/local/lib/python3.8/dist-packages/webob/acceptparse.py:1047: DeprecationWarning: The behavior of AcceptValidHeader.best_match is currently being maintained for backward compatibility, but it will be deprecated in the future, as it does not conform to the RFC.
Aug 20 09:34:38.620520 dv-cinder-805060-1-smb devstack@c-api.service[86820]: warnings.warn(
Aug 20 09:34:38.621069 dv-cinder-805060-1-smb devstack@c-api.service[86820]: DEBUG cinder.api.openstack.wsgi [None req-75cd0fc6-8a97-424f-99e2-6f40c4e806bf tempest-VolumeQuotasAdminTestJSON-1355833276 tempest-VolumeQuotasAdminTestJSON-1355833276-project-admin] Calling method 'show' {{(pid=86820) _process_stack /opt/stack/cinder/cinder/api/openstack/wsgi.py:866}}
Aug 20 09:34:38.694059 dv-cinder-805060-1-smb devstack@c-api.service[86821]: INFO cinder.api.openstack.wsgi [None req-f10697ae-83e8-42c1-92a1-1c885fd7858e tempest-DeleteServersTestJSON-1292973632 tempest-DeleteServersTestJSON-1292973632-project] GET http://10.222.0.20/volume/v3/e20a9c6ced5748fdbcecaae1956bc29f/volumes/dcd8202a-9f1e-4eeb-98ee-1421dac16b3c
Aug 20 09:34:38.694551 dv-cinder-805060-1-smb devstack@c-api.service[86821]: DEBUG cinder.api.openstack.wsgi [None req-f10697ae-83e8-42c1-92a1-1c885fd7858e tempest-DeleteServersTestJSON-1292973632 tempest-DeleteServersTestJSON-1292973632-project] Empty body provided in request {{(pid=86821) get_body /opt/stack/cinder/cinder/api/openstack/wsgi.py:713}}
Aug 20 09:34:38.694781 dv-cinder-805060-1-smb devstack@c-api.service[86821]: /usr/local/lib/python3.8/dist-packages/webob/acceptparse.py:1047: DeprecationWarning: The behavior of AcceptValidHeader.best_match is currently being maintained for backward compatibility, but it will be deprecated in the future, as it does not conform to the RFC.
Aug 20 09:34:38.694781 dv-cinder-805060-1-smb devstack@c-api.service[86821]: warnings.warn(
Aug 20 09:34:38.695373 dv-cinder-805060-1-smb devstack@c-api.service[86821]: DEBUG cinder.api.openstack.wsgi [None req-f10697ae-83e8-42c1-92a1-1c885fd7858e tempest-DeleteServersTestJSON-1292973632 tempest-DeleteServersTestJSON-1292973632-project] Calling method 'show' {{(pid=86821) _process_stack /opt/stack/cinder/cinder/api/openstack/wsgi.py:866}}
Aug 20 09:34:38.726689 dv-cinder-805060-1-smb devstack@c-api.service[86820]: INFO cinder.api.openstack.wsgi [None req-75cd0fc6-8a97-424f-99e2-6f40c4e806bf tempest-VolumeQuotasAdminTestJSON-1355833276 tempest-VolumeQuotasAdminTestJSON-1355833276-project-admin] http://10.222.0.20/volume/v3/20b36e76673d433495df098fd43ffbde/volumes/d4a4202a-a40d-4960-ac50-c31db2fbb60e returned with HTTP 404
Aug 20 09:34:38.733178 dv-cinder-805060-1-smb devstack@c-api.service[86820]: [pid: 86820|app: 0|req: 141/294] 10.222.0.20 () {58 vars in 1325 bytes} [Fri Aug 20 09:34:38 2021] GET /volume/v3/20b36e76673d433495df098fd43ffbde/volumes/d4a4202a-a40d-4960-ac50-c31db2fbb60e => generated 109 bytes in 117 msecs (HTTP/1.1 404) 7 headers in 292 bytes (1 switches on core 0)
Aug 20 09:34:38.749796 dv-cinder-805060-1-smb devstack@c-api.service[86820]: INFO cinder.api.openstack.wsgi [None req-37976037-558a-483d-9449-4cdd763e2232 tempest-VolumeQuotasAdminTestJSON-1355833276 tempest-VolumeQuotasAdminTestJSON-1355833276-project-admin] GET http://10.222.0.20/volume/v3/20b36e76673d433495df098fd43ffbde/os-quota-sets/20b36e76673d433495df098fd43ffbde?usage=True
Aug 20 09:34:38.750460 dv-cinder-805060-1-smb devstack@c-api.service[86820]: DEBUG cinder.api.openstack.wsgi [None req-37976037-558a-483d-9449-4cdd763e2232 tempest-VolumeQuotasAdminTestJSON-1355833276 tempest-VolumeQuotasAdminTestJSON-1355833276-project-admin] Empty body provided in request {{(pid=86820) get_body /opt/stack/cinder/cinder/api/openstack/wsgi.py:713}}
Aug 20 09:34:38.751216 dv-cinder-805060-1-smb devstack@c-api.service[86820]: DEBUG cinder.api.openstack.wsgi [None req-37976037-558a-483d-9449-4cdd763e2232 tempest-VolumeQuotasAdminTestJSON-1355833276 tempest-VolumeQuotasAdminTestJSON-1355833276-project-admin] Calling method 'show' {{(pid=86820) _process_stack /opt/stack/cinder/cinder/api/openstack/wsgi.py:866}}
Aug 20 09:34:38.798507 dv-cinder-805060-1-smb devstack@c-api.service[86821]: /usr/local/lib/python3.8/dist-packages/oslo_context/context.py:105: DeprecationWarning: Policy enforcement is depending on the value of is_admin. This key is deprecated. Please update your policy file to use the standard policy values.
Aug 20 09:34:38.798507 dv-cinder-805060-1-smb devstack@c-api.service[86821]: warnings.warn('Policy enforcement is depending on the value of '
Aug 20 09:34:38.807051 dv-cinder-805060-1-smb devstack@c-api.service[86820]: INFO cinder.api.openstack.wsgi [None req-37976037-558a-483d-9449-4cdd763e2232 tempest-VolumeQuotasAdminTestJSON-1355833276 tempest-VolumeQuotasAdminTestJSON-1355833276-project-admin] http://10.222.0.20/volume/v3/20b36e76673d433495df098fd43ffbde/os-quota-sets/20b36e76673d433495df098fd43ffbde?usage=True returned with HTTP 200
Aug 20 09:34:38.807851 dv-cinder-805060-1-smb devstack@c-api.service[86820]: [pid: 86820|app: 0|req: 142/295] 10.222.0.20 () {58 vars in 1352 bytes} [Fri Aug 20 09:34:38 2021] GET /volume/v3/20b36e76673d433495df098fd43ffbde/os-quota-sets/20b36e76673d433495df098fd43ffbde?usage=True => generated 1482 bytes in 68 msecs (HTTP/1.1 200) 7 headers in 286 bytes (1 switches on core 0)
Aug 20 09:34:38.817647 dv-cinder-805060-1-smb devstack@c-api.service[86821]: INFO cinder.volume.api [None req-f10697ae-83e8-42c1-92a1-1c885fd7858e tempest-DeleteServersTestJSON-1292973632 tempest-DeleteServersTestJSON-1292973632-project] Volume info retrieved successfully.
Aug 20 09:34:38.829298 dv-cinder-805060-1-smb devstack@c-api.service[86820]: INFO cinder.api.openstack.wsgi [None req-7e65c74a-6872-4111-8569-a3cab1c85964 tempest-VolumeQuotasAdminTestJSON-1355833276 tempest-VolumeQuotasAdminTestJSON-1355833276-project-admin] PUT http://10.222.0.20/volume/v3/20b36e76673d433495df098fd43ffbde/os-quota-sets/0ec8b6d58b7d49c8ba28bca88402fa64
Aug 20 09:34:38.830076 dv-cinder-805060-1-smb devstack@c-api.service[86820]: DEBUG cinder.api.openstack.wsgi [None req-7e65c74a-6872-4111-8569-a3cab1c85964 tempest-VolumeQuotasAdminTestJSON-1355833276 tempest-VolumeQuotasAdminTestJSON-1355833276-project-admin] Action: 'update', calling method: update, body: {"quota_set": {"gigabytes": 1009, "volumes": 11, "snapshots": 11, "backups": 11, "backup_gigabytes": 1009, "per_volume_gigabytes": 1009}} {{(pid=86820) _process_stack /opt/stack/cinder/cinder/api/openstack/wsgi.py:864}}
Aug 20 09:34:38.872881 dv-cinder-805060-1-smb devstack@c-api.service[86821]: INFO cinder.api.openstack.wsgi [None req-f10697ae-83e8-42c1-92a1-1c885fd7858e tempest-DeleteServersTestJSON-1292973632 tempest-DeleteServersTestJSON-1292973632-project] http://10.222.0.20/volume/v3/e20a9c6ced5748fdbcecaae1956bc29f/volumes/dcd8202a-9f1e-4eeb-98ee-1421dac16b3c returned with HTTP 200
Aug 20 09:34:38.875653 dv-cinder-805060-1-smb devstack@c-api.service[86821]: [pid: 86821|app: 0|req: 154/296] 10.222.0.20 () {58 vars in 1325 bytes} [Fri Aug 20 09:34:38 2021] GET /volume/v3/e20a9c6ced5748fdbcecaae1956bc29f/volumes/dcd8202a-9f1e-4eeb-98ee-1421dac16b3c => generated 913 bytes in 185 msecs (HTTP/1.1 200) 7 headers in 285 bytes (1 switches on core 0)
Aug 20 09:34:38.901121 dv-cinder-805060-1-smb devstack@c-api.service[86821]: INFO cinder.api.openstack.wsgi [None req-16293b79-d95d-4242-80ad-5214483556a4 tempest-DeleteServersTestJSON-1292973632 tempest-DeleteServersTestJSON-1292973632-project] DELETE http://10.222.0.20/volume/v3/e20a9c6ced5748fdbcecaae1956bc29f/volumes/dcd8202a-9f1e-4eeb-98ee-1421dac16b3c
Aug 20 09:34:38.901712 dv-cinder-805060-1-smb devstack@c-api.service[86821]: DEBUG cinder.api.openstack.wsgi [None req-16293b79-d95d-4242-80ad-5214483556a4 tempest-DeleteServersTestJSON-1292973632 tempest-DeleteServersTestJSON-1292973632-project] Empty body provided in request {{(pid=86821) get_body /opt/stack/cinder/cinder/api/openstack/wsgi.py:713}}
Aug 20 09:34:38.901886 dv-cinder-805060-1-smb devstack@c-api.service[86821]: /usr/local/lib/python3.8/dist-packages/webob/acceptparse.py:1047: DeprecationWarning: The behavior of AcceptValidHeader.best_match is currently being maintained for backward compatibility, but it will be deprecated in the future, as it does not conform to the RFC.
Aug 20 09:34:38.901886 dv-cinder-805060-1-smb devstack@c-api.service[86821]: warnings.warn(
Aug 20 09:34:38.902188 dv-cinder-805060-1-smb devstack@c-api.service[86821]: DEBUG cinder.api.openstack.wsgi [None req-16293b79-d95d-4242-80ad-5214483556a4 tempest-DeleteServersTestJSON-1292973632 tempest-DeleteServersTestJSON-1292973632-project] Calling method 'delete' {{(pid=86821) _process_stack /opt/stack/cinder/cinder/api/openstack/wsgi.py:866}}
Aug 20 09:34:38.902603 dv-cinder-805060-1-smb devstack@c-api.service[86821]: INFO cinder.api.v3.volumes [None req-16293b79-d95d-4242-80ad-5214483556a4 tempest-DeleteServersTestJSON-1292973632 tempest-DeleteServersTestJSON-1292973632-project] Delete volume with id: dcd8202a-9f1e-4eeb-98ee-1421dac16b3c
Aug 20 09:34:38.971948 dv-cinder-805060-1-smb devstack@c-api.service[86821]: /usr/local/lib/python3.8/dist-packages/oslo_context/context.py:105: DeprecationWarning: Policy enforcement is depending on the value of is_admin. This key is deprecated. Please update your policy file to use the standard policy values.
Aug 20 09:34:38.971948 dv-cinder-805060-1-smb devstack@c-api.service[86821]: warnings.warn('Policy enforcement is depending on the value of '
Aug 20 09:34:38.973151 dv-cinder-805060-1-smb devstack@c-api.service[86821]: INFO cinder.volume.api [None req-16293b79-d95d-4242-80ad-5214483556a4 tempest-DeleteServersTestJSON-1292973632 tempest-DeleteServersTestJSON-1292973632-project] Volume info retrieved successfully.
Aug 20 09:34:39.220415 dv-cinder-805060-1-smb devstack@c-api.service[86821]: INFO cinder.volume.api [None req-16293b79-d95d-4242-80ad-5214483556a4 tempest-DeleteServersTestJSON-1292973632 tempest-DeleteServersTestJSON-1292973632-project] Delete volume request issued successfully.
Aug 20 09:34:39.220942 dv-cinder-805060-1-smb devstack@c-api.service[86821]: INFO cinder.api.openstack.wsgi [None req-16293b79-d95d-4242-80ad-5214483556a4 tempest-DeleteServersTestJSON-1292973632 tempest-DeleteServersTestJSON-1292973632-project] http://10.222.0.20/volume/v3/e20a9c6ced5748fdbcecaae1956bc29f/volumes/dcd8202a-9f1e-4eeb-98ee-1421dac16b3c returned with HTTP 202
Aug 20 09:34:39.225436 dv-cinder-805060-1-smb devstack@c-api.service[86821]: [pid: 86821|app: 0|req: 155/297] 10.222.0.20 () {58 vars in 1328 bytes} [Fri Aug 20 09:34:38 2021] DELETE /volume/v3/e20a9c6ced5748fdbcecaae1956bc29f/volumes/dcd8202a-9f1e-4eeb-98ee-1421dac16b3c => generated 0 bytes in 325 msecs (HTTP/1.1 202) 6 headers in 233 bytes (1 switches on core 0)
Aug 20 09:34:39.230619 dv-cinder-805060-1-smb devstack@c-api.service[86821]: INFO cinder.api.openstack.wsgi [None req-dc82cd1d-fcf9-4542-bc72-2339769f55dd tempest-VolumeTypesTest-889442422 tempest-VolumeTypesTest-889442422-project] GET http://10.222.0.20/volume/v3/f809fd292f1d42ceba8e998f3a8eeab7/volumes/548900fa-6c29-4595-bdb3-485e41d87730
Aug 20 09:34:39.231250 dv-cinder-805060-1-smb devstack@c-api.service[86821]: DEBUG cinder.api.openstack.wsgi [None req-dc82cd1d-fcf9-4542-bc72-2339769f55dd tempest-VolumeTypesTest-889442422 tempest-VolumeTypesTest-889442422-project] Empty body provided in request {{(pid=86821) get_body /opt/stack/cinder/cinder/api/openstack/wsgi.py:713}}
Aug 20 09:34:39.231429 dv-cinder-805060-1-smb devstack@c-api.service[86821]: /usr/local/lib/python3.8/dist-packages/webob/acceptparse.py:1047: DeprecationWarning: The behavior of AcceptValidHeader.best_match is currently being maintained for backward compatibility, but it will be deprecated in the future, as it does not conform to the RFC.
Aug 20 09:34:39.231429 dv-cinder-805060-1-smb devstack@c-api.service[86821]: warnings.warn(
Aug 20 09:34:39.232004 dv-cinder-805060-1-smb devstack@c-api.service[86821]: DEBUG cinder.api.openstack.wsgi [None req-dc82cd1d-fcf9-4542-bc72-2339769f55dd tempest-VolumeTypesTest-889442422 tempest-VolumeTypesTest-889442422-project] Calling method 'show' {{(pid=86821) _process_stack /opt/stack/cinder/cinder/api/openstack/wsgi.py:866}}
Aug 20 09:34:39.314812 dv-cinder-805060-1-smb devstack@c-api.service[86821]: INFO cinder.api.openstack.wsgi [None req-dc82cd1d-fcf9-4542-bc72-2339769f55dd tempest-VolumeTypesTest-889442422 tempest-VolumeTypesTest-889442422-project] http://10.222.0.20/volume/v3/f809fd292f1d42ceba8e998f3a8eeab7/volumes/548900fa-6c29-4595-bdb3-485e41d87730 returned with HTTP 404
Aug 20 09:34:39.316587 dv-cinder-805060-1-smb devstack@c-api.service[86821]: [pid: 86821|app: 0|req: 156/298] 10.222.0.20 () {58 vars in 1325 bytes} [Fri Aug 20 09:34:39 2021] GET /volume/v3/f809fd292f1d42ceba8e998f3a8eeab7/volumes/548900fa-6c29-4595-bdb3-485e41d87730 => generated 109 bytes in 93 msecs (HTTP/1.1 404) 7 headers in 292 bytes (1 switches on core 0)
Aug 20 09:34:39.321130 dv-cinder-805060-1-smb devstack@c-api.service[86821]: INFO cinder.api.openstack.wsgi [None req-53883b06-e225-4388-9c42-80540fd26836 tempest-DeleteServersTestJSON-1292973632 tempest-DeleteServersTestJSON-1292973632-project] GET http://10.222.0.20/volume/v3/e20a9c6ced5748fdbcecaae1956bc29f/volumes/dcd8202a-9f1e-4eeb-98ee-1421dac16b3c
Aug 20 09:34:39.321625 dv-cinder-805060-1-smb devstack@c-api.service[86821]: DEBUG cinder.api.openstack.wsgi [None req-53883b06-e225-4388-9c42-80540fd26836 tempest-DeleteServersTestJSON-1292973632 tempest-DeleteServersTestJSON-1292973632-project] Empty body provided in request {{(pid=86821) get_body /opt/stack/cinder/cinder/api/openstack/wsgi.py:713}}
Aug 20 09:34:39.322003 dv-cinder-805060-1-smb devstack@c-api.service[86821]: DEBUG cinder.api.openstack.wsgi [None req-53883b06-e225-4388-9c42-80540fd26836 tempest-DeleteServersTestJSON-1292973632 tempest-DeleteServersTestJSON-1292973632-project] Calling method 'show' {{(pid=86821) _process_stack /opt/stack/cinder/cinder/api/openstack/wsgi.py:866}}
Aug 20 09:34:39.380972 dv-cinder-805060-1-smb devstack@c-api.service[86821]: /usr/local/lib/python3.8/dist-packages/oslo_context/context.py:105: DeprecationWarning: Policy enforcement is depending on the value of is_admin. This key is deprecated. Please update your policy file to use the standard policy values.
Aug 20 09:34:39.380972 dv-cinder-805060-1-smb devstack@c-api.service[86821]: warnings.warn('Policy enforcement is depending on the value of '
Aug 20 09:34:39.391576 dv-cinder-805060-1-smb devstack@c-api.service[86821]: INFO cinder.volume.api [None req-53883b06-e225-4388-9c42-80540fd26836 tempest-DeleteServersTestJSON-1292973632 tempest-DeleteServersTestJSON-1292973632-project] Volume info retrieved successfully.
Aug 20 09:34:39.417406 dv-cinder-805060-1-smb devstack@c-api.service[86821]: INFO cinder.api.openstack.wsgi [None req-53883b06-e225-4388-9c42-80540fd26836 tempest-DeleteServersTestJSON-1292973632 tempest-DeleteServersTestJSON-1292973632-project] http://10.222.0.20/volume/v3/e20a9c6ced5748fdbcecaae1956bc29f/volumes/dcd8202a-9f1e-4eeb-98ee-1421dac16b3c returned with HTTP 200
