Aug 18 14:33:00.801217 dv-cinder-805027-2-smb devstack@n-api.service[99780]: /usr/local/lib/python3.8/dist-packages/oslo_policy/policy.py:1064: UserWarning: Policy os_compute_api:os-flavor-extra-specs:create failed scope check. The token used to make the request was project scoped but the policy requires ['system'] scope. This behavior may change in the future where using the intended scope is required
Aug 18 14:33:00.801217 dv-cinder-805027-2-smb devstack@n-api.service[99780]: warnings.warn(msg)
Aug 18 14:33:00.852666 dv-cinder-805027-2-smb devstack@n-api.service[99780]: INFO nova.api.openstack.requestlog [None req-9fbc2a18-f5c7-43ee-9a68-242fb6c334e6 admin admin] 10.222.0.37 "POST /compute/v2.1/flavors/c1/os-extra_specs" status: 200 len: 43 microversion: 2.61 time: 0.269633
Aug 18 14:33:00.853512 dv-cinder-805027-2-smb devstack@n-api.service[99780]: [pid: 99780|app: 0|req: 3/6] 10.222.0.37 () {64 vars in 1336 bytes} [Wed Aug 18 14:33:00 2021] POST /compute/v2.1/flavors/c1/os-extra_specs => generated 43 bytes in 271 msecs (HTTP/1.1 200) 9 headers in 358 bytes (1 switches on core 0)
Aug 18 14:33:03.026469 dv-cinder-805027-2-smb devstack@n-api.service[99781]: DEBUG nova.api.openstack.wsgi [None req-1b2b2b2f-844e-4c03-8296-8cd107740dc9 admin admin] Calling method '>' {{(pid=99781) _process_stack /opt/stack/nova/nova/api/openstack/wsgi.py:513}}
Aug 18 14:33:03.027681 dv-cinder-805027-2-smb devstack@n-api.service[99781]: INFO nova.api.openstack.requestlog [None req-1b2b2b2f-844e-4c03-8296-8cd107740dc9 admin admin] 10.222.0.37 "GET /compute/v2.1" status: 200 len: 388 microversion: 2.1 time: 0.001674
Aug 18 14:33:03.028637 dv-cinder-805027-2-smb devstack@n-api.service[99781]: [pid: 99781|app: 0|req: 4/7] 10.222.0.37 () {54 vars in 931 bytes} [Wed Aug 18 14:33:03 2021] GET /compute/v2.1 => generated 388 bytes in 3 msecs (HTTP/1.1 200) 9 headers in 357 bytes (1 switches on core 0)
Aug 18 14:33:03.160892 dv-cinder-805027-2-smb devstack@n-api.service[99780]: DEBUG nova.api.openstack.wsgi [None req-67620c12-ddaf-4290-9a9a-61f11c42b0b1 admin admin] Action: 'create', calling method: >, body: {"flavor": {"OS-FLV-EXT-DATA:ephemeral": 0, "swap": 0, "ram": 512, "disk": 5, "rxtx_factor": 1.0, "os-flavor-access:is_public": true, "vcpus": 1, "id": "d1", "name": "ds512M"}} {{(pid=99780) _process_stack /opt/stack/nova/nova/api/openstack/wsgi.py:511}}
Aug 18 14:33:03.180178 dv-cinder-805027-2-smb devstack@n-api.service[99780]: /usr/local/lib/python3.8/dist-packages/oslo_policy/policy.py:1064: UserWarning: Policy os_compute_api:os-flavor-manage:create failed scope check. The token used to make the request was project scoped but the policy requires ['system'] scope. This behavior may change in the future where using the intended scope is required
Aug 18 14:33:03.180178 dv-cinder-805027-2-smb devstack@n-api.service[99780]: warnings.warn(msg)
Aug 18 14:33:03.200525 dv-cinder-805027-2-smb devstack@n-api.service[99780]: INFO nova.api.openstack.requestlog [None req-67620c12-ddaf-4290-9a9a-61f11c42b0b1 admin admin] 10.222.0.37 "POST /compute/v2.1/flavors" status: 200 len: 404 microversion: 2.61 time: 0.164198
Aug 18 14:33:03.201275 dv-cinder-805027-2-smb devstack@n-api.service[99780]: [pid: 99780|app: 0|req: 4/8] 10.222.0.37 () {64 vars in 1283 bytes} [Wed Aug 18 14:33:03 2021] POST /compute/v2.1/flavors => generated 404 bytes in 166 msecs (HTTP/1.1 200) 9 headers in 359 bytes (2 switches on core 0)
Aug 18 14:33:03.214075 dv-cinder-805027-2-smb devstack@n-api.service[99781]: DEBUG nova.api.openstack.wsgi [None req-c692f9e1-870f-4a95-8209-1fd0f7b3647b admin admin] Action: 'create', calling method: >, body: {"extra_specs": {"hw_rng:allowed": "True"}} {{(pid=99781) _process_stack /opt/stack/nova/nova/api/openstack/wsgi.py:511}}
Aug 18 14:33:03.215542 dv-cinder-805027-2-smb devstack@n-api.service[99781]: /usr/local/lib/python3.8/dist-packages/oslo_policy/policy.py:1064: UserWarning: Policy os_compute_api:os-flavor-extra-specs:create failed scope check. The token used to make the request was project scoped but the policy requires ['system'] scope. This behavior may change in the future where using the intended scope is required
Aug 18 14:33:03.215542 dv-cinder-805027-2-smb devstack@n-api.service[99781]: warnings.warn(msg)
Aug 18 14:33:03.248268 dv-cinder-805027-2-smb devstack@n-api.service[99781]: INFO nova.api.openstack.requestlog [None req-c692f9e1-870f-4a95-8209-1fd0f7b3647b admin admin] 10.222.0.37 "POST /compute/v2.1/flavors/d1/os-extra_specs" status: 200 len: 43 microversion: 2.61 time: 0.037896
Aug 18 14:33:03.249043 dv-cinder-805027-2-smb devstack@n-api.service[99781]: [pid: 99781|app: 0|req: 5/9] 10.222.0.37 () {64 vars in 1336 bytes} [Wed Aug 18 14:33:03 2021] POST /compute/v2.1/flavors/d1/os-extra_specs => generated 43 bytes in 39 msecs (HTTP/1.1 200) 9 headers in 358 bytes (1 switches on core 0)
Aug 18 14:33:05.499929 dv-cinder-805027-2-smb devstack@n-api.service[99780]: DEBUG nova.api.openstack.wsgi [None req-67620c12-ddaf-4290-9a9a-61f11c42b0b1 admin admin] Calling method '>' {{(pid=99780) _process_stack /opt/stack/nova/nova/api/openstack/wsgi.py:513}}
Aug 18 14:33:05.500981 dv-cinder-805027-2-smb devstack@n-api.service[99780]: INFO nova.api.openstack.requestlog [None req-67620c12-ddaf-4290-9a9a-61f11c42b0b1 admin admin] 10.222.0.37 "GET /compute/v2.1" status: 200 len: 388 microversion: 2.1 time: 0.001452
Aug 18 14:33:05.501380 dv-cinder-805027-2-smb devstack@n-api.service[99780]: [pid: 99780|app: 0|req: 5/10] 10.222.0.37 () {54 vars in 931 bytes} [Wed Aug 18 14:33:05 2021] GET /compute/v2.1 => generated 388 bytes in 2 msecs (HTTP/1.1 200) 9 headers in 357 bytes (1 switches on core 0)
Aug 18 14:33:05.562568 dv-cinder-805027-2-smb devstack@n-api.service[99781]: DEBUG nova.api.openstack.wsgi [None req-c665a719-3b7a-44b5-96fd-7665c898b6cc admin admin] Action: 'create', calling method: >, body: {"flavor": {"OS-FLV-EXT-DATA:ephemeral": 0, "disk": 10, "swap": 0, "rxtx_factor": 1.0, "ram": 1024, "name": "ds1G", "os-flavor-access:is_public": true, "id": "d2", "vcpus": 1}} {{(pid=99781) _process_stack /opt/stack/nova/nova/api/openstack/wsgi.py:511}}
Aug 18 14:33:05.581732 dv-cinder-805027-2-smb devstack@n-api.service[99781]: INFO nova.api.openstack.requestlog [None req-c665a719-3b7a-44b5-96fd-7665c898b6cc admin admin] 10.222.0.37 "POST /compute/v2.1/flavors" status: 200 len: 404 microversion: 2.61 time: 0.073977
Aug 18 14:33:05.591439 dv-cinder-805027-2-smb devstack@n-api.service[99781]: [pid: 99781|app: 0|req: 6/11] 10.222.0.37 () {64 vars in 1283 bytes} [Wed Aug 18 14:33:05 2021] POST /compute/v2.1/flavors => generated 404 bytes in 76 msecs (HTTP/1.1 200) 9 headers in 359 bytes (1 switches on core 0)
Aug 18 14:33:05.596528 dv-cinder-805027-2-smb devstack@n-api.service[99780]: DEBUG nova.api.openstack.wsgi [None req-768524c0-b379-4c23-9683-5b5d5951fad7 admin admin] Action: 'create', calling method: >, body: {"extra_specs": {"hw_rng:allowed": "True"}} {{(pid=99780) _process_stack /opt/stack/nova/nova/api/openstack/wsgi.py:511}}
Aug 18 14:33:05.620394 dv-cinder-805027-2-smb devstack@n-api.service[99780]: INFO nova.api.openstack.requestlog [None req-768524c0-b379-4c23-9683-5b5d5951fad7 admin admin] 10.222.0.37 "POST /compute/v2.1/flavors/d2/os-extra_specs" status: 200 len: 43 microversion: 2.61 time: 0.027566
Aug 18 14:33:05.621699 dv-cinder-805027-2-smb devstack@n-api.service[99780]: [pid: 99780|app: 0|req: 6/12] 10.222.0.37 () {64 vars in 1336 bytes} [Wed Aug 18 14:33:05 2021] POST /compute/v2.1/flavors/d2/os-extra_specs => generated 43 bytes in 29 msecs (HTTP/1.1 200) 9 headers in 358 bytes (2 switches on core 0)
Aug 18 14:33:07.842816 dv-cinder-805027-2-smb devstack@n-api.service[99781]: DEBUG nova.api.openstack.wsgi [None req-c665a719-3b7a-44b5-96fd-7665c898b6cc admin admin] Calling method '>' {{(pid=99781) _process_stack /opt/stack/nova/nova/api/openstack/wsgi.py:513}}
Aug 18 14:33:07.844044 dv-cinder-805027-2-smb devstack@n-api.service[99781]: INFO nova.api.openstack.requestlog [None req-c665a719-3b7a-44b5-96fd-7665c898b6cc admin admin] 10.222.0.37 "GET /compute/v2.1" status: 200 len: 388 microversion: 2.1 time: 0.001945
Aug 18 14:33:07.844513 dv-cinder-805027-2-smb devstack@n-api.service[99781]: [pid: 99781|app: 0|req: 7/13] 10.222.0.37 () {54 vars in 931 bytes} [Wed Aug 18 14:33:07 2021] GET /compute/v2.1 => generated 388 bytes in 3 msecs (HTTP/1.1 200) 9 headers in 357 bytes (1 switches on core 0)
Aug 18 14:33:07.914596 dv-cinder-805027-2-smb devstack@n-api.service[99780]: DEBUG nova.api.openstack.wsgi [None req-78037e8f-0f32-44b7-840b-c90a2b43043f admin admin] Action: 'create', calling method: >, body: {"flavor": {"os-flavor-access:is_public": true, "ram": 2048, "vcpus": 2, "id": "d3", "OS-FLV-EXT-DATA:ephemeral": 0, "rxtx_factor": 1.0, "swap": 0, "disk": 10, "name": "ds2G"}} {{(pid=99780) _process_stack /opt/stack/nova/nova/api/openstack/wsgi.py:511}}
Aug 18 14:33:07.939471 dv-cinder-805027-2-smb devstack@n-api.service[99780]: INFO nova.api.openstack.requestlog [None req-78037e8f-0f32-44b7-840b-c90a2b43043f admin admin] 10.222.0.37 "POST /compute/v2.1/flavors" status: 200 len: 404 microversion: 2.61 time: 0.085439
Aug 18 14:33:07.940105 dv-cinder-805027-2-smb devstack@n-api.service[99780]: [pid: 99780|app: 0|req: 7/14] 10.222.0.37 () {64 vars in 1283 bytes} [Wed Aug 18 14:33:07 2021] POST /compute/v2.1/flavors => generated 404 bytes in 89 msecs (HTTP/1.1 200) 9 headers in 359 bytes (1 switches on core 0)
Aug 18 14:33:07.954170 dv-cinder-805027-2-smb devstack@n-api.service[99781]: DEBUG nova.api.openstack.wsgi [None req-c1af4db9-0a7e-48ed-adca-8a509cc4a176 admin admin] Action: 'create', calling method: >, body: {"extra_specs": {"hw_rng:allowed": "True"}} {{(pid=99781) _process_stack /opt/stack/nova/nova/api/openstack/wsgi.py:511}}
Aug 18 14:33:07.978796 dv-cinder-805027-2-smb devstack@n-api.service[99781]: INFO nova.api.openstack.requestlog [None req-c1af4db9-0a7e-48ed-adca-8a509cc4a176 admin admin] 10.222.0.37 "POST /compute/v2.1/flavors/d3/os-extra_specs" status: 200 len: 43 microversion: 2.61 time: 0.029086
Aug 18 14:33:07.979364 dv-cinder-805027-2-smb devstack@n-api.service[99781]: [pid: 99781|app: 0|req: 8/15] 10.222.0.37 () {64 vars in 1336 bytes} [Wed Aug 18 14:33:07 2021] POST /compute/v2.1/flavors/d3/os-extra_specs => generated 43 bytes in 30 msecs (HTTP/1.1 200) 9 headers in 358 bytes (1 switches on core 0)
Aug 18 14:33:10.190236 dv-cinder-805027-2-smb devstack@n-api.service[99780]: DEBUG nova.api.openstack.wsgi [None req-78037e8f-0f32-44b7-840b-c90a2b43043f admin admin] Calling method '>' {{(pid=99780) _process_stack /opt/stack/nova/nova/api/openstack/wsgi.py:513}}
Aug 18 14:33:10.191327 dv-cinder-805027-2-smb devstack@n-api.service[99780]: INFO nova.api.openstack.requestlog [None req-78037e8f-0f32-44b7-840b-c90a2b43043f admin admin] 10.222.0.37 "GET /compute/v2.1" status: 200 len: 388 microversion: 2.1 time: 0.001516
Aug 18 14:33:10.191728 dv-cinder-805027-2-smb devstack@n-api.service[99780]: [pid: 99780|app: 0|req: 8/16] 10.222.0.37 () {54 vars in 931 bytes} [Wed Aug 18 14:33:10 2021] GET /compute/v2.1 => generated 388 bytes in 2 msecs (HTTP/1.1 200) 9 headers in 357 bytes (1 switches on core 0)
Aug 18 14:33:10.250546 dv-cinder-805027-2-smb devstack@n-api.service[99781]: DEBUG nova.api.openstack.wsgi [None req-9a1576fc-4ef4-491d-b1e4-55d0d527f181 admin admin] Action: 'create', calling method: >, body: {"flavor": {"ram": 4096, "disk": 20, "id": "d4", "swap": 0, "OS-FLV-EXT-DATA:ephemeral": 0, "os-flavor-access:is_public": true, "rxtx_factor": 1.0, "name": "ds4G", "vcpus": 4}} {{(pid=99781) _process_stack /opt/stack/nova/nova/api/openstack/wsgi.py:511}}
Aug 18 14:33:10.270582 dv-cinder-805027-2-smb devstack@n-api.service[99781]: INFO nova.api.openstack.requestlog [None req-9a1576fc-4ef4-491d-b1e4-55d0d527f181 admin admin] 10.222.0.37 "POST /compute/v2.1/flavors" status: 200 len: 404 microversion: 2.61 time: 0.072303
Aug 18 14:33:10.271264 dv-cinder-805027-2-smb devstack@n-api.service[99781]: [pid: 99781|app: 0|req: 9/17] 10.222.0.37 () {64 vars in 1283 bytes} [Wed Aug 18 14:33:10 2021] POST /compute/v2.1/flavors => generated 404 bytes in 74 msecs (HTTP/1.1 200) 9 headers in 359 bytes (1 switches on core 0)
Aug 18 14:33:10.283352 dv-cinder-805027-2-smb devstack@n-api.service[99780]: DEBUG nova.api.openstack.wsgi [None req-2763ea3a-7bd3-4be1-a7e0-55875a58c61a admin admin] Action: 'create', calling method: >, body: {"extra_specs": {"hw_rng:allowed": "True"}} {{(pid=99780) _process_stack /opt/stack/nova/nova/api/openstack/wsgi.py:511}}
Aug 18 14:33:10.309161 dv-cinder-805027-2-smb devstack@n-api.service[99780]: INFO nova.api.openstack.requestlog [None req-2763ea3a-7bd3-4be1-a7e0-55875a58c61a admin admin] 10.222.0.37 "POST /compute/v2.1/flavors/d4/os-extra_specs" status: 200 len: 43 microversion: 2.61 time: 0.029363
Aug 18 14:33:10.310201 dv-cinder-805027-2-smb devstack@n-api.service[99780]: [pid: 99780|app: 0|req: 9/18] 10.222.0.37 () {64 vars in 1336 bytes} [Wed Aug 18 14:33:10 2021] POST /compute/v2.1/flavors/d4/os-extra_specs => generated 43 bytes in 31 msecs (HTTP/1.1 200) 9 headers in 358 bytes (2 switches on core 0)
Aug 18 14:33:12.480930 dv-cinder-805027-2-smb devstack@n-api.service[99781]: DEBUG nova.api.openstack.wsgi [None req-9a1576fc-4ef4-491d-b1e4-55d0d527f181 admin admin] Calling method '>' {{(pid=99781) _process_stack /opt/stack/nova/nova/api/openstack/wsgi.py:513}}
Aug 18 14:33:12.481930 dv-cinder-805027-2-smb devstack@n-api.service[99781]: INFO nova.api.openstack.requestlog [None req-9a1576fc-4ef4-491d-b1e4-55d0d527f181 admin admin] 10.222.0.37 "GET /compute/v2.1" status: 200 len: 388 microversion: 2.1 time: 0.001433
Aug 18 14:33:12.482321 dv-cinder-805027-2-smb devstack@n-api.service[99781]: [pid: 99781|app: 0|req: 10/19] 10.222.0.37 () {54 vars in 931 bytes} [Wed Aug 18 14:33:12 2021] GET /compute/v2.1 => generated 388 bytes in 2 msecs (HTTP/1.1 200) 9 headers in 357 bytes (2 switches on core 0)
Aug 18 14:33:12.542217 dv-cinder-805027-2-smb devstack@n-api.service[99780]: DEBUG nova.api.openstack.wsgi [None req-b0fada97-aefb-4021-b3d7-66890d66d676 admin admin] Calling method '>' {{(pid=99780) _process_stack /opt/stack/nova/nova/api/openstack/wsgi.py:513}}
Aug 18 14:33:12.567353 dv-cinder-805027-2-smb devstack@n-api.service[99780]: INFO nova.api.openstack.requestlog [None req-b0fada97-aefb-4021-b3d7-66890d66d676 admin admin] 10.222.0.37 "GET /compute/v2.1/flavors/detail?is_public=True" status: 200 len: 2106 microversion: 2.61 time: 0.077328
Aug 18 14:33:12.569481 dv-cinder-805027-2-smb devstack@n-api.service[99780]: [pid: 99780|app: 0|req: 10/20] 10.222.0.37 () {60 vars in 1292 bytes} [Wed Aug 18 14:33:12 2021] GET /compute/v2.1/flavors/detail?is_public=True => generated 2106 bytes in 80 msecs (HTTP/1.1 200) 9 headers in 360 bytes (1 switches on core 0)
Aug 18 14:33:14.771435 dv-cinder-805027-2-smb devstack@n-api.service[99781]: DEBUG nova.api.openstack.wsgi [None req-9a1576fc-4ef4-491d-b1e4-55d0d527f181 admin admin] Calling method '>' {{(pid=99781) _process_stack /opt/stack/nova/nova/api/openstack/wsgi.py:513}}
Aug 18 14:33:14.772440 dv-cinder-805027-2-smb devstack@n-api.service[99781]: INFO nova.api.openstack.requestlog [None req-9a1576fc-4ef4-491d-b1e4-55d0d527f181 admin admin] 10.222.0.37 "GET /compute/v2.1" status: 200 len: 388 microversion: 2.1 time: 0.001510
Aug 18 14:33:14.772843 dv-cinder-805027-2-smb devstack@n-api.service[99781]: [pid: 99781|app: 0|req: 11/21] 10.222.0.37 () {54 vars in 931 bytes} [Wed Aug 18 14:33:14 2021] GET /compute/v2.1 => generated 388 bytes in 2 msecs (HTTP/1.1 200) 9 headers in 357 bytes (1 switches on core 0)
Aug 18 14:33:14.837473 dv-cinder-805027-2-smb devstack@n-api.service[99780]: DEBUG nova.api.openstack.wsgi [None req-a8d1e244-94df-4123-9b11-9b79c93c992e admin admin] Action: 'create', calling method: >, body: {"flavor": {"disk": 1, "name": "m1.tiny", "swap": 0, "rxtx_factor": 1.0, "ram": 512, "vcpus": 1, "id": "1", "OS-FLV-EXT-DATA:ephemeral": 0, "os-flavor-access:is_public": true}} {{(pid=99780) _process_stack /opt/stack/nova/nova/api/openstack/wsgi.py:511}}
Aug 18 14:33:14.858537 dv-cinder-805027-2-smb devstack@n-api.service[99780]: INFO nova.api.openstack.requestlog [None req-a8d1e244-94df-4123-9b11-9b79c93c992e admin admin] 10.222.0.37 "POST /compute/v2.1/flavors" status: 200 len: 402 microversion: 2.61 time: 0.078892
Aug 18 14:33:14.859135 dv-cinder-805027-2-smb devstack@n-api.service[99780]: [pid: 99780|app: 0|req: 11/22] 10.222.0.37 () {64 vars in 1283 bytes} [Wed Aug 18 14:33:14 2021] POST /compute/v2.1/flavors => generated 402 bytes in 80 msecs (HTTP/1.1 200) 9 headers in 359 bytes (2 switches on core 0)
Aug 18 14:33:14.871858 dv-cinder-805027-2-smb devstack@n-api.service[99781]: DEBUG nova.api.openstack.wsgi [None req-dceeb642-4d7a-407a-8f48-5b0e2ed8684a admin admin] Action: 'create', calling method: >, body: {"extra_specs": {"hw_rng:allowed": "True"}} {{(pid=99781) _process_stack /opt/stack/nova/nova/api/openstack/wsgi.py:511}}
Aug 18 14:33:14.895519 dv-cinder-805027-2-smb devstack@n-api.service[99781]: INFO nova.api.openstack.requestlog [None req-dceeb642-4d7a-407a-8f48-5b0e2ed8684a admin admin] 10.222.0.37 "POST /compute/v2.1/flavors/1/os-extra_specs" status: 200 len: 43 microversion: 2.61 time: 0.027642
Aug 18 14:33:14.896125 dv-cinder-805027-2-smb devstack@n-api.service[99781]: [pid: 99781|app: 0|req: 12/23] 10.222.0.37 () {64 vars in 1333 bytes} [Wed Aug 18 14:33:14 2021] POST /compute/v2.1/flavors/1/os-extra_specs => generated 43 bytes in 29 msecs (HTTP/1.1 200) 9 headers in 358 bytes (2 switches on core 0)
Aug 18 14:33:17.068995 dv-cinder-805027-2-smb devstack@n-api.service[99780]: DEBUG nova.api.openstack.wsgi [None req-a8d1e244-94df-4123-9b11-9b79c93c992e admin admin] Calling method '>' {{(pid=99780) _process_stack /opt/stack/nova/nova/api/openstack/wsgi.py:513}}
Aug 18 14:33:17.070027 dv-cinder-805027-2-smb devstack@n-api.service[99780]: INFO nova.api.openstack.requestlog [None req-a8d1e244-94df-4123-9b11-9b79c93c992e admin admin] 10.222.0.37 "GET /compute/v2.1" status: 200 len: 388 microversion: 2.1 time: 0.001481
Aug 18 14:33:17.070436 dv-cinder-805027-2-smb devstack@n-api.service[99780]: [pid: 99780|app: 0|req: 12/24] 10.222.0.37 () {54 vars in 931 bytes} [Wed Aug 18 14:33:17 2021] GET /compute/v2.1 => generated 388 bytes in 2 msecs (HTTP/1.1 200) 9 headers in 357 bytes (1 switches on core 0)
Aug 18 14:33:17.129844 dv-cinder-805027-2-smb devstack@n-api.service[99781]: DEBUG nova.api.openstack.wsgi [None req-28644418-0ba0-4607-85c8-ab90c16a6705 admin admin] Action: 'create', calling method: >, body: {"flavor": {"OS-FLV-EXT-DATA:ephemeral": 0, "ram": 2048, "name": "m1.small", "vcpus": 1, "os-flavor-access:is_public": true, "rxtx_factor": 1.0, "disk": 20, "id": "2", "swap": 0}} {{(pid=99781) _process_stack /opt/stack/nova/nova/api/openstack/wsgi.py:511}}
Aug 18 14:33:17.157438 dv-cinder-805027-2-smb devstack@n-api.service[99781]: INFO nova.api.openstack.requestlog [None req-28644418-0ba0-4607-85c8-ab90c16a6705 admin admin] 10.222.0.37 "POST /compute/v2.1/flavors" status: 200 len: 405 microversion: 2.61 time: 0.080145
Aug 18 14:33:17.158682 dv-cinder-805027-2-smb devstack@n-api.service[99781]: [pid: 99781|app: 0|req: 13/25] 10.222.0.37 () {64 vars in 1283 bytes} [Wed Aug 18 14:33:17 2021] POST /compute/v2.1/flavors => generated 405 bytes in 82 msecs (HTTP/1.1 200) 9 headers in 359 bytes (1 switches on core 0)
Aug 18 14:33:17.173443 dv-cinder-805027-2-smb devstack@n-api.service[99780]: DEBUG nova.api.openstack.wsgi [None req-6841c290-4830-490f-8e7e-b6e2e7bb505e admin admin] Action: 'create', calling method: >, body: {"extra_specs": {"hw_rng:allowed": "True"}} {{(pid=99780) _process_stack /opt/stack/nova/nova/api/openstack/wsgi.py:511}}
Aug 18 14:33:17.206567 dv-cinder-805027-2-smb devstack@n-api.service[99780]: INFO nova.api.openstack.requestlog [None req-6841c290-4830-490f-8e7e-b6e2e7bb505e admin admin] 10.222.0.37 "POST /compute/v2.1/flavors/2/os-extra_specs" status: 200 len: 43 microversion: 2.61 time: 0.039228
Aug 18 14:33:17.207476 dv-cinder-805027-2-smb devstack@n-api.service[99780]: [pid: 99780|app: 0|req: 13/26] 10.222.0.37 () {64 vars in 1333 bytes} [Wed Aug 18 14:33:17 2021] POST /compute/v2.1/flavors/2/os-extra_specs => generated 43 bytes in 41 msecs (HTTP/1.1 200) 9 headers in 358 bytes (1 switches on core 0)
Aug 18 14:33:19.388826 dv-cinder-805027-2-smb devstack@n-api.service[99781]: DEBUG nova.api.openstack.wsgi [None req-28644418-0ba0-4607-85c8-ab90c16a6705 admin admin] Calling method '>' {{(pid=99781) _process_stack /opt/stack/nova/nova/api/openstack/wsgi.py:513}}
Aug 18 14:33:19.389943 dv-cinder-805027-2-smb devstack@n-api.service[99781]: INFO nova.api.openstack.requestlog [None req-28644418-0ba0-4607-85c8-ab90c16a6705 admin admin] 10.222.0.37 "GET /compute/v2.1" status: 200 len: 388 microversion: 2.1 time: 0.001547
Aug 18 14:33:19.390353 dv-cinder-805027-2-smb devstack@n-api.service[99781]: [pid: 99781|app: 0|req: 14/27] 10.222.0.37 () {54 vars in 931 bytes} [Wed Aug 18 14:33:19 2021] GET /compute/v2.1 => generated 388 bytes in 2 msecs (HTTP/1.1 200) 9 headers in 357 bytes (1 switches on core 0)
Aug 18 14:33:19.449391 dv-cinder-805027-2-smb devstack@n-api.service[99780]: DEBUG nova.api.openstack.wsgi [None req-06694932-a302-433c-802f-e57f0885648d admin admin] Action: 'create', calling method: >, body: {"flavor": {"ram": 4096, "rxtx_factor": 1.0, "name": "m1.medium", "swap": 0, "OS-FLV-EXT-DATA:ephemeral": 0, "vcpus": 2, "os-flavor-access:is_public": true, "id": "3", "disk": 40}} {{(pid=99780) _process_stack /opt/stack/nova/nova/api/openstack/wsgi.py:511}}
Aug 18 14:33:19.467321 dv-cinder-805027-2-smb devstack@n-api.service[99780]: INFO nova.api.openstack.requestlog [None req-06694932-a302-433c-802f-e57f0885648d admin admin] 10.222.0.37 "POST /compute/v2.1/flavors" status: 200 len: 406 microversion: 2.61 time: 0.069538
Aug 18 14:33:19.467866 dv-cinder-805027-2-smb devstack@n-api.service[99780]: [pid: 99780|app: 0|req: 14/28] 10.222.0.37 () {64 vars in 1283 bytes} [Wed Aug 18 14:33:19 2021] POST /compute/v2.1/flavors => generated 406 bytes in 71 msecs (HTTP/1.1 200) 9 headers in 359 bytes (2 switches on core 0)
Aug 18 14:33:19.480378 dv-cinder-805027-2-smb devstack@n-api.service[99781]: DEBUG nova.api.openstack.wsgi [None req-70f8a914-1052-474b-aa8b-2b9783e55edd admin admin] Action: 'create', calling method: >, body: {"extra_specs": {"hw_rng:allowed": "True"}} {{(pid=99781) _process_stack /opt/stack/nova/nova/api/openstack/wsgi.py:511}}
Aug 18 14:33:19.502739 dv-cinder-805027-2-smb devstack@n-api.service[99781]: INFO nova.api.openstack.requestlog [None req-70f8a914-1052-474b-aa8b-2b9783e55edd admin admin] 10.222.0.37 "POST /compute/v2.1/flavors/3/os-extra_specs" status: 200 len: 43 microversion: 2.61 time: 0.025991
Aug 18 14:33:19.503313 dv-cinder-805027-2-smb devstack@n-api.service[99781]: [pid: 99781|app: 0|req: 15/29] 10.222.0.37 () {64 vars in 1333 bytes} [Wed Aug 18 14:33:19 2021] POST /compute/v2.1/flavors/3/os-extra_specs => generated 43 bytes in 27 msecs (HTTP/1.1 200) 9 headers in 358 bytes (2 switches on core 0)
Aug 18 14:33:21.680107 dv-cinder-805027-2-smb devstack@n-api.service[99780]: DEBUG nova.api.openstack.wsgi [None req-06694932-a302-433c-802f-e57f0885648d admin admin] Calling method '>' {{(pid=99780) _process_stack /opt/stack/nova/nova/api/openstack/wsgi.py:513}}
Aug 18 14:33:21.681107 dv-cinder-805027-2-smb devstack@n-api.service[99780]: INFO nova.api.openstack.requestlog [None req-06694932-a302-433c-802f-e57f0885648d admin admin] 10.222.0.37 "GET /compute/v2.1" status: 200 len: 388 microversion: 2.1 time: 0.001437
Aug 18 14:33:21.681511 dv-cinder-805027-2-smb devstack@n-api.service[99780]: [pid: 99780|app: 0|req: 15/30] 10.222.0.37 () {54 vars in 931 bytes} [Wed Aug 18 14:33:21 2021] GET /compute/v2.1 => generated 388 bytes in 2 msecs (HTTP/1.1 200) 9 headers in 357 bytes (1 switches on core 0)
Aug 18 14:33:21.740572 dv-cinder-805027-2-smb devstack@n-api.service[99781]: DEBUG nova.api.openstack.wsgi [None req-8e4fdbf6-e2df-49e2-86fa-e81836939c29 admin admin] Action: 'create', calling method: >, body: {"flavor": {"os-flavor-access:is_public": true, "swap": 0, "OS-FLV-EXT-DATA:ephemeral": 0, "name": "m1.large", "rxtx_factor": 1.0, "id": "4", "disk": 80, "vcpus": 4, "ram": 8192}} {{(pid=99781) _process_stack /opt/stack/nova/nova/api/openstack/wsgi.py:511}}
Aug 18 14:33:21.758192 dv-cinder-805027-2-smb devstack@n-api.service[99781]: INFO nova.api.openstack.requestlog [None req-8e4fdbf6-e2df-49e2-86fa-e81836939c29 admin admin] 10.222.0.37 "POST /compute/v2.1/flavors" status: 200 len: 405 microversion: 2.61 time: 0.069802
Aug 18 14:33:21.758772 dv-cinder-805027-2-smb devstack@n-api.service[99781]: [pid: 99781|app: 0|req: 16/31] 10.222.0.37 () {64 vars in 1283 bytes} [Wed Aug 18 14:33:21 2021] POST /compute/v2.1/flavors => generated 405 bytes in 71 msecs (HTTP/1.1 200) 9 headers in 359 bytes (2 switches on core 0)
Aug 18 14:33:21.770769 dv-cinder-805027-2-smb devstack@n-api.service[99780]: DEBUG nova.api.openstack.wsgi [None req-38e6712f-01d2-4dae-b879-7b931264c161 admin admin] Action: 'create', calling method: >, body: {"extra_specs": {"hw_rng:allowed": "True"}} {{(pid=99780) _process_stack /opt/stack/nova/nova/api/openstack/wsgi.py:511}}
Aug 18 14:33:21.793459 dv-cinder-805027-2-smb devstack@n-api.service[99780]: INFO nova.api.openstack.requestlog [None req-38e6712f-01d2-4dae-b879-7b931264c161 admin admin] 10.222.0.37 "POST /compute/v2.1/flavors/4/os-extra_specs" status: 200 len: 43 microversion: 2.61 time: 0.026015
Aug 18 14:33:21.794322 dv-cinder-805027-2-smb devstack@n-api.service[99780]: [pid: 99780|app: 0|req: 16/32] 10.222.0.37 () {64 vars in 1333 bytes} [Wed Aug 18 14:33:21 2021] POST /compute/v2.1/flavors/4/os-extra_specs => generated 43 bytes in 28 msecs (HTTP/1.1 200) 9 headers in 358 bytes (1 switches on core 0)
Aug 18 14:33:23.996435 dv-cinder-805027-2-smb devstack@n-api.service[99781]: DEBUG nova.api.openstack.wsgi [None req-8e4fdbf6-e2df-49e2-86fa-e81836939c29 admin admin] Calling method '>' {{(pid=99781) _process_stack /opt/stack/nova/nova/api/openstack/wsgi.py:513}}
Aug 18 14:33:23.998057 dv-cinder-805027-2-smb devstack@n-api.service[99781]: INFO nova.api.openstack.requestlog [None req-8e4fdbf6-e2df-49e2-86fa-e81836939c29 admin admin] 10.222.0.37 "GET /compute/v2.1" status: 200 len: 388 microversion: 2.1 time: 0.002143
Aug 18 14:33:24.004936 dv-cinder-805027-2-smb devstack@n-api.service[99781]: [pid: 99781|app: 0|req: 17/33] 10.222.0.37 () {54 vars in 931 bytes} [Wed Aug 18 14:33:23 2021] GET /compute/v2.1 => generated 388 bytes in 9 msecs (HTTP/1.1 200) 9 headers in 357 bytes (1 switches on core 0)
Aug 18 14:33:24.059936 dv-cinder-805027-2-smb devstack@n-api.service[99780]: DEBUG nova.api.openstack.wsgi [None req-09c6bb0a-de4d-4bf1-a085-1033f394c751 admin admin] Action: 'create', calling method: >, body: {"flavor": {"swap": 0, "os-flavor-access:is_public": true, "ram": 16384, "name": "m1.xlarge", "vcpus": 8, "disk": 160, "OS-FLV-EXT-DATA:ephemeral": 0, "id": "5", "rxtx_factor": 1.0}} {{(pid=99780) _process_stack /opt/stack/nova/nova/api/openstack/wsgi.py:511}}
Aug 18 14:33:24.080021 dv-cinder-805027-2-smb devstack@n-api.service[99780]: INFO nova.api.openstack.requestlog [None req-09c6bb0a-de4d-4bf1-a085-1033f394c751 admin admin] 10.222.0.37 "POST /compute/v2.1/flavors" status: 200 len: 408 microversion: 2.61 time: 0.074071
Aug 18 14:33:24.081337 dv-cinder-805027-2-smb devstack@n-api.service[99780]: [pid: 99780|app: 0|req: 17/34] 10.222.0.37 () {64 vars in 1283 bytes} [Wed Aug 18 14:33:24 2021] POST /compute/v2.1/flavors => generated 408 bytes in 76 msecs (HTTP/1.1 200) 9 headers in 359 bytes (2 switches on core 0)
Aug 18 14:33:24.093012 dv-cinder-805027-2-smb devstack@n-api.service[99781]: DEBUG nova.api.openstack.wsgi [None req-ecb1bb4a-df95-4e6f-99cd-2e35f1663e36 admin admin] Action: 'create', calling method: >, body: {"extra_specs": {"hw_rng:allowed": "True"}} {{(pid=99781) _process_stack /opt/stack/nova/nova/api/openstack/wsgi.py:511}}
Aug 18 14:33:24.120257 dv-cinder-805027-2-smb devstack@n-api.service[99781]: INFO nova.api.openstack.requestlog [None req-ecb1bb4a-df95-4e6f-99cd-2e35f1663e36 admin admin] 10.222.0.37 "POST /compute/v2.1/flavors/5/os-extra_specs" status: 200 len: 43 microversion: 2.61 time: 0.030933
Aug 18 14:33:24.120837 dv-cinder-805027-2-smb devstack@n-api.service[99781]: [pid: 99781|app: 0|req: 18/35] 10.222.0.37 () {64 vars in 1333 bytes} [Wed Aug 18 14:33:24 2021] POST /compute/v2.1/flavors/5/os-extra_specs => generated 43 bytes in 32 msecs (HTTP/1.1 200) 9 headers in 358 bytes (2 switches on core 0)
Aug 18 14:34:03.388915 dv-cinder-805027-2-smb devstack@n-api.service[99780]: DEBUG nova.api.openstack.wsgi [None req-09c6bb0a-de4d-4bf1-a085-1033f394c751 admin admin] Calling method '>' {{(pid=99780) _process_stack /opt/stack/nova/nova/api/openstack/wsgi.py:513}}
Aug 18 14:34:03.389958 dv-cinder-805027-2-smb devstack@n-api.service[99780]: INFO nova.api.openstack.requestlog [None req-09c6bb0a-de4d-4bf1-a085-1033f394c751 admin admin] 10.222.0.37 "GET /compute/v2.1" status: 200 len: 388 microversion: 2.1 time: 0.001466
Aug 18 14:34:03.390357 dv-cinder-805027-2-smb devstack@n-api.service[99780]: [pid: 99780|app: 0|req: 18/36] 10.222.0.37 () {54 vars in 931 bytes} [Wed Aug 18 14:34:03 2021] GET /compute/v2.1 => generated 388 bytes in 2 msecs (HTTP/1.1 200) 9 headers in 357 bytes (1 switches on core 0)
Aug 18 14:34:03.448068 dv-cinder-805027-2-smb devstack@n-api.service[99781]: DEBUG nova.api.openstack.wsgi [None req-d684ae5e-8581-488e-9854-d5881021c581 admin admin] Calling method '>' {{(pid=99781) _process_stack /opt/stack/nova/nova/api/openstack/wsgi.py:513}}
Aug 18 14:34:03.464967 dv-cinder-805027-2-smb devstack@n-api.service[99781]: INFO nova.api.openstack.requestlog [None req-d684ae5e-8581-488e-9854-d5881021c581 admin admin] 10.222.0.37 "GET /compute/v2.1/flavors/detail?is_public=True" status: 200 len: 4202 microversion: 2.61 time: 0.067733
Aug 18 14:34:03.465487 dv-cinder-805027-2-smb devstack@n-api.service[99781]: [pid: 99781|app: 0|req: 19/37] 10.222.0.37 () {60 vars in 1292 bytes} [Wed Aug 18 14:34:03 2021] GET /compute/v2.1/flavors/detail?is_public=True => generated 4202 bytes in 69 msecs (HTTP/1.1 200) 9 headers in 360 bytes (1 switches on core 0)
Aug 18 14:34:04.888890 dv-cinder-805027-2-smb devstack@n-api.service[99780]: DEBUG nova.api.openstack.wsgi [None req-09c6bb0a-de4d-4bf1-a085-1033f394c751 admin admin] Calling method '>' {{(pid=99780) _process_stack /opt/stack/nova/nova/api/openstack/wsgi.py:513}}
Aug 18 14:34:04.890234 dv-cinder-805027-2-smb devstack@n-api.service[99780]: INFO nova.api.openstack.requestlog [None req-09c6bb0a-de4d-4bf1-a085-1033f394c751 admin admin] 10.222.0.37 "GET /compute/v2.1" status: 200 len: 388 microversion: 2.1 time: 0.001646
Aug 18 14:34:04.890712 dv-cinder-805027-2-smb devstack@n-api.service[99780]: [pid: 99780|app: 0|req: 19/38] 10.222.0.37 () {56 vars in 1075 bytes} [Wed Aug 18 14:34:04 2021] GET /compute/v2.1 => generated 388 bytes in 3 msecs (HTTP/1.1 200) 9 headers in 357 bytes (1 switches on core 0)
Aug 18 14:34:05.088681 dv-cinder-805027-2-smb devstack@n-api.service[99781]: DEBUG nova.api.openstack.wsgi [None req-6616e329-aed5-40d3-8b2e-0686475e5665 admin admin] Calling method '>' {{(pid=99781) _process_stack /opt/stack/nova/nova/api/openstack/wsgi.py:513}}
Aug 18 14:34:05.094710 dv-cinder-805027-2-smb devstack@n-api.service[99781]: INFO nova.api.openstack.wsgi [None req-6616e329-aed5-40d3-8b2e-0686475e5665 admin admin] HTTP exception thrown: Flavor 42 could not be found.
Aug 18 14:34:05.095268 dv-cinder-805027-2-smb devstack@n-api.service[99781]: DEBUG nova.api.openstack.wsgi [None req-6616e329-aed5-40d3-8b2e-0686475e5665 admin admin] Returning 404 to user: Flavor 42 could not be found. {{(pid=99781) __call__ /opt/stack/nova/nova/api/openstack/wsgi.py:927}}
Aug 18 14:34:05.096055 dv-cinder-805027-2-smb devstack@n-api.service[99781]: INFO nova.api.openstack.requestlog [None req-6616e329-aed5-40d3-8b2e-0686475e5665 admin admin] 10.222.0.37 "GET /compute/v2.1/flavors/42" status: 404 len: 75 microversion: 2.88 time: 0.063469
Aug 18 14:34:05.096569 dv-cinder-805027-2-smb devstack@n-api.service[99781]: [pid: 99781|app: 0|req: 20/39] 10.222.0.37 () {60 vars in 1191 bytes} [Wed Aug 18 14:34:05 2021] GET /compute/v2.1/flavors/42 => generated 75 bytes in 65 msecs (HTTP/1.1 404) 9 headers in 380 bytes (1 switches on core 0)
Aug 18 14:34:05.106319 dv-cinder-805027-2-smb devstack@n-api.service[99780]: DEBUG nova.api.openstack.wsgi [None req-3c5c1796-afa6-4e2c-b181-c902a1f0a9dc admin admin] Calling method '>' {{(pid=99780) _process_stack /opt/stack/nova/nova/api/openstack/wsgi.py:513}}
Aug 18 14:34:05.127335 dv-cinder-805027-2-smb devstack@n-api.service[99780]: INFO nova.api.openstack.requestlog [None req-3c5c1796-afa6-4e2c-b181-c902a1f0a9dc admin admin] 10.222.0.37 "GET /compute/v2.1/flavors?is_public=None" status: 200 len: 2056 microversion: 2.88 time: 0.024531
Aug 18 14:34:05.127891 dv-cinder-805027-2-smb devstack@n-api.service[99780]: [pid: 99780|app: 0|req: 20/40] 10.222.0.37 () {60 vars in 1211 bytes} [Wed Aug 18 14:34:05 2021] GET /compute/v2.1/flavors?is_public=None => generated 2056 bytes in 26 msecs (HTTP/1.1 200) 9 headers in 360 bytes (2 switches on core 0)
Aug 18 14:34:05.138250 dv-cinder-805027-2-smb devstack@n-api.service[99781]: DEBUG nova.api.openstack.wsgi [None req-a7d10cd7-50e0-46c6-927a-3258d586040c admin admin] Calling method '>' {{(pid=99781) _process_stack /opt/stack/nova/nova/api/openstack/wsgi.py:513}}
Aug 18 14:34:05.160001 dv-cinder-805027-2-smb devstack@n-api.service[99781]: INFO nova.api.openstack.requestlog [None req-a7d10cd7-50e0-46c6-927a-3258d586040c admin admin] 10.222.0.37 "GET /compute/v2.1/flavors?is_public=None" status: 200 len: 2056 microversion: 2.88 time: 0.025222
Aug 18 14:34:05.160593 dv-cinder-805027-2-smb devstack@n-api.service[99781]: [pid: 99781|app: 0|req: 21/41] 10.222.0.37 () {60 vars in 1211 bytes} [Wed Aug 18 14:34:05 2021] GET /compute/v2.1/flavors?is_public=None => generated 2056 bytes in 26 msecs (HTTP/1.1 200) 9 headers in 360 bytes (1 switches on core 0)
Aug 18 14:34:05.172491 dv-cinder-805027-2-smb devstack@n-api.service[99780]: DEBUG nova.api.openstack.wsgi [None req-2a46b226-a338-4e68-9c65-6cd80ba4dacc admin admin] Calling method '>' {{(pid=99780) _process_stack /opt/stack/nova/nova/api/openstack/wsgi.py:513}}
Aug 18 14:34:05.178338 dv-cinder-805027-2-smb devstack@n-api.service[99780]: INFO nova.api.openstack.wsgi [None req-2a46b226-a338-4e68-9c65-6cd80ba4dacc admin admin] HTTP exception thrown: Flavor 42 could not be found.
Aug 18 14:34:05.178947 dv-cinder-805027-2-smb devstack@n-api.service[99780]: DEBUG nova.api.openstack.wsgi [None req-2a46b226-a338-4e68-9c65-6cd80ba4dacc admin admin] Returning 404 to user: Flavor 42 could not be found. {{(pid=99780) __call__ /opt/stack/nova/nova/api/openstack/wsgi.py:927}}
Aug 18 14:34:05.180328 dv-cinder-805027-2-smb devstack@n-api.service[99780]: INFO nova.api.openstack.requestlog [None req-2a46b226-a338-4e68-9c65-6cd80ba4dacc admin admin] 10.222.0.37 "GET /compute/v2.1/flavors/42" status: 404 len: 75 microversion: 2.88 time: 0.012198
Aug 18 14:34:05.180887 dv-cinder-805027-2-smb devstack@n-api.service[99780]: [pid: 99780|app: 0|req: 21/42] 10.222.0.37 () {60 vars in 1191 bytes} [Wed Aug 18 14:34:05 2021] GET /compute/v2.1/flavors/42 => generated 75 bytes in 13 msecs (HTTP/1.1 404) 9 headers in 380 bytes (1 switches on core 0)
Aug 18 14:34:06.525629 dv-cinder-805027-2-smb devstack@n-api.service[99781]: DEBUG nova.api.openstack.wsgi [None req-a7d10cd7-50e0-46c6-927a-3258d586040c admin admin] Calling method '>' {{(pid=99781) _process_stack /opt/stack/nova/nova/api/openstack/wsgi.py:513}}
Aug 18 14:34:06.526629 dv-cinder-805027-2-smb devstack@n-api.service[99781]: INFO nova.api.openstack.requestlog [None req-a7d10cd7-50e0-46c6-927a-3258d586040c admin admin] 10.222.0.37 "GET /compute/v2.1" status: 200 len: 388 microversion: 2.1 time: 0.001420
Aug 18 14:34:06.527048 dv-cinder-805027-2-smb devstack@n-api.service[99781]: [pid: 99781|app: 0|req: 22/43] 10.222.0.37 () {56 vars in 1075 bytes} [Wed Aug 18 14:34:06 2021] GET /compute/v2.1 => generated 388 bytes in 2 msecs (HTTP/1.1 200) 9 headers in 357 bytes (1 switches on core 0)
Aug 18 14:34:06.716433 dv-cinder-805027-2-smb devstack@n-api.service[99780]: DEBUG nova.api.openstack.wsgi [None req-28ecd621-054d-4e95-a543-8ebb02588866 admin admin] Calling method '>' {{(pid=99780) _process_stack /opt/stack/nova/nova/api/openstack/wsgi.py:513}}
Aug 18 14:34:06.722148 dv-cinder-805027-2-smb devstack@n-api.service[99780]: INFO nova.api.openstack.wsgi [None req-28ecd621-054d-4e95-a543-8ebb02588866 admin admin] HTTP exception thrown: Flavor 84 could not be found.
Aug 18 14:34:06.722735 dv-cinder-805027-2-smb devstack@n-api.service[99780]: DEBUG nova.api.openstack.wsgi [None req-28ecd621-054d-4e95-a543-8ebb02588866 admin admin] Returning 404 to user: Flavor 84 could not be found. {{(pid=99780) __call__ /opt/stack/nova/nova/api/openstack/wsgi.py:927}}
Aug 18 14:34:06.723513 dv-cinder-805027-2-smb devstack@n-api.service[99780]: INFO nova.api.openstack.requestlog [None req-28ecd621-054d-4e95-a543-8ebb02588866 admin admin] 10.222.0.37 "GET /compute/v2.1/flavors/84" status: 404 len: 75 microversion: 2.88 time: 0.058292
Aug 18 14:34:06.724020 dv-cinder-805027-2-smb devstack@n-api.service[99780]: [pid: 99780|app: 0|req: 22/44] 10.222.0.37 () {60 vars in 1191 bytes} [Wed Aug 18 14:34:06 2021] GET /compute/v2.1/flavors/84 => generated 75 bytes in 59 msecs (HTTP/1.1 404) 9 headers in 380 bytes (1 switches on core 0)
Aug 18 14:34:06.733730 dv-cinder-805027-2-smb devstack@n-api.service[99781]: DEBUG nova.api.openstack.wsgi [None req-6d31b2b6-1fe5-4b88-b03c-15578dba8d16 admin admin] Calling method '>' {{(pid=99781) _process_stack /opt/stack/nova/nova/api/openstack/wsgi.py:513}}
Aug 18 14:34:06.747569 dv-cinder-805027-2-smb devstack@n-api.service[99781]: INFO nova.api.openstack.requestlog [None req-6d31b2b6-1fe5-4b88-b03c-15578dba8d16 admin admin] 10.222.0.37 "GET /compute/v2.1/flavors?is_public=None" status: 200 len: 2056 microversion: 2.88 time: 0.017409
Aug 18 14:34:06.748107 dv-cinder-805027-2-smb devstack@n-api.service[99781]: [pid: 99781|app: 0|req: 23/45] 10.222.0.37 () {60 vars in 1211 bytes} [Wed Aug 18 14:34:06 2021] GET /compute/v2.1/flavors?is_public=None => generated 2056 bytes in 18 msecs (HTTP/1.1 200) 9 headers in 360 bytes (1 switches on core 0)
Aug 18 14:34:06.757676 dv-cinder-805027-2-smb devstack@n-api.service[99780]: DEBUG nova.api.openstack.wsgi [None req-01110506-dafa-4411-844d-2b904042663e admin admin] Calling method '>' {{(pid=99780) _process_stack /opt/stack/nova/nova/api/openstack/wsgi.py:513}}
Aug 18 14:34:06.770923 dv-cinder-805027-2-smb devstack@n-api.service[99780]: INFO nova.api.openstack.requestlog [None req-01110506-dafa-4411-844d-2b904042663e admin admin] 10.222.0.37 "GET /compute/v2.1/flavors?is_public=None" status: 200 len: 2056 microversion: 2.88 time: 0.016590
Aug 18 14:34:06.771438 dv-cinder-805027-2-smb devstack@n-api.service[99780]: [pid: 99780|app: 0|req: 23/46] 10.222.0.37 () {60 vars in 1211 bytes} [Wed Aug 18 14:34:06 2021] GET /compute/v2.1/flavors?is_public=None => generated 2056 bytes in 18 msecs (HTTP/1.1 200) 9 headers in 360 bytes (1 switches on core 0)
Aug 18 14:34:06.781541 dv-cinder-805027-2-smb devstack@n-api.service[99781]: DEBUG nova.api.openstack.wsgi [None req-3f627d9c-dfaf-4911-bc1a-3dc4729cc2eb admin admin] Calling method '>' {{(pid=99781) _process_stack /opt/stack/nova/nova/api/openstack/wsgi.py:513}}
Aug 18 14:34:06.786539 dv-cinder-805027-2-smb devstack@n-api.service[99781]: INFO nova.api.openstack.wsgi [None req-3f627d9c-dfaf-4911-bc1a-3dc4729cc2eb admin admin] HTTP exception thrown: Flavor 84 could not be found.
Aug 18 14:34:06.787137 dv-cinder-805027-2-smb devstack@n-api.service[99781]: DEBUG nova.api.openstack.wsgi [None req-3f627d9c-dfaf-4911-bc1a-3dc4729cc2eb admin admin] Returning 404 to user: Flavor 84 could not be found. {{(pid=99781) __call__ /opt/stack/nova/nova/api/openstack/wsgi.py:927}}
Aug 18 14:34:06.787917 dv-cinder-805027-2-smb devstack@n-api.service[99781]: INFO nova.api.openstack.requestlog [None req-3f627d9c-dfaf-4911-bc1a-3dc4729cc2eb admin admin] 10.222.0.37 "GET /compute/v2.1/flavors/84" status: 404 len: 75 microversion: 2.88 time: 0.010439
Aug 18 14:34:06.788405 dv-cinder-805027-2-smb devstack@n-api.service[99781]: [pid: 99781|app: 0|req: 24/47] 10.222.0.37 () {60 vars in 1191 bytes} [Wed Aug 18 14:34:06 2021] GET /compute/v2.1/flavors/84 => generated 75 bytes in 11 msecs (HTTP/1.1 404) 9 headers in 380 bytes (2 switches on core 0)
Aug 18 14:34:08.148353 dv-cinder-805027-2-smb devstack@n-api.service[99780]: DEBUG nova.api.openstack.wsgi [None req-01110506-dafa-4411-844d-2b904042663e admin admin] Calling method '>' {{(pid=99780) _process_stack /opt/stack/nova/nova/api/openstack/wsgi.py:513}}
Aug 18 14:34:08.149337 dv-cinder-805027-2-smb devstack@n-api.service[99780]: INFO nova.api.openstack.requestlog [None req-01110506-dafa-4411-844d-2b904042663e admin admin] 10.222.0.37 "GET /compute/v2.1" status: 200 len: 388 microversion: 2.1 time: 0.001402
Aug 18 14:34:08.149730 dv-cinder-805027-2-smb devstack@n-api.service[99780]: [pid: 99780|app: 0|req: 24/48] 10.222.0.37 () {56 vars in 1075 bytes} [Wed Aug 18 14:34:08 2021] GET /compute/v2.1 => generated 388 bytes in 2 msecs (HTTP/1.1 200) 9 headers in 357 bytes (1 switches on core 0)
Aug 18 14:34:08.338902 dv-cinder-805027-2-smb devstack@n-api.service[99781]: DEBUG nova.api.openstack.wsgi [None req-f9d36c71-e423-41c9-b697-7697e21d4fcc admin admin] Calling method '>' {{(pid=99781) _process_stack /opt/stack/nova/nova/api/openstack/wsgi.py:513}}
Aug 18 14:34:08.344962 dv-cinder-805027-2-smb devstack@n-api.service[99781]: INFO nova.api.openstack.wsgi [None req-f9d36c71-e423-41c9-b697-7697e21d4fcc admin admin] HTTP exception thrown: Flavor 451 could not be found.
Aug 18 14:34:08.345895 dv-cinder-805027-2-smb devstack@n-api.service[99781]: DEBUG nova.api.openstack.wsgi [None req-f9d36c71-e423-41c9-b697-7697e21d4fcc admin admin] Returning 404 to user: Flavor 451 could not be found. {{(pid=99781) __call__ /opt/stack/nova/nova/api/openstack/wsgi.py:927}}
Aug 18 14:34:08.346292 dv-cinder-805027-2-smb devstack@n-api.service[99781]: INFO nova.api.openstack.requestlog [None req-f9d36c71-e423-41c9-b697-7697e21d4fcc admin admin] 10.222.0.37 "GET /compute/v2.1/flavors/451" status: 404 len: 76 microversion: 2.88 time: 0.058756
Aug 18 14:34:08.346818 dv-cinder-805027-2-smb devstack@n-api.service[99781]: [pid: 99781|app: 0|req: 25/49] 10.222.0.37 () {60 vars in 1194 bytes} [Wed Aug 18 14:34:08 2021] GET /compute/v2.1/flavors/451 => generated 76 bytes in 60 msecs (HTTP/1.1 404) 9 headers in 380 bytes (1 switches on core 0)
Aug 18 14:34:08.356444 dv-cinder-805027-2-smb devstack@n-api.service[99780]: DEBUG nova.api.openstack.wsgi [None req-47629db2-a1f5-470c-8229-a1759c83a78f admin admin] Calling method '>' {{(pid=99780) _process_stack /opt/stack/nova/nova/api/openstack/wsgi.py:513}}
Aug 18 14:34:08.370126 dv-cinder-805027-2-smb devstack@n-api.service[99780]: INFO nova.api.openstack.requestlog [None req-47629db2-a1f5-470c-8229-a1759c83a78f admin admin] 10.222.0.37 "GET /compute/v2.1/flavors?is_public=None" status: 200 len: 2056 microversion: 2.88 time: 0.017216
Aug 18 14:34:08.370787 dv-cinder-805027-2-smb devstack@n-api.service[99780]: [pid: 99780|app: 0|req: 25/50] 10.222.0.37 () {60 vars in 1211 bytes} [Wed Aug 18 14:34:08 2021] GET /compute/v2.1/flavors?is_public=None => generated 2056 bytes in 18 msecs (HTTP/1.1 200) 9 headers in 360 bytes (2 switches on core 0)
Aug 18 14:34:08.381826 dv-cinder-805027-2-smb devstack@n-api.service[99781]: DEBUG nova.api.openstack.wsgi [None req-a058aa75-4e1f-4bfe-be7c-6b07a15e1a19 admin admin] Calling method '>' {{(pid=99781) _process_stack /opt/stack/nova/nova/api/openstack/wsgi.py:513}}
Aug 18 14:34:08.398514 dv-cinder-805027-2-smb devstack@n-api.service[99781]: INFO nova.api.openstack.requestlog [None req-a058aa75-4e1f-4bfe-be7c-6b07a15e1a19 admin admin] 10.222.0.37 "GET /compute/v2.1/flavors?is_public=None" status: 200 len: 2056 microversion: 2.88 time: 0.021116
Aug 18 14:34:08.399141 dv-cinder-805027-2-smb devstack@n-api.service[99781]: [pid: 99781|app: 0|req: 26/51] 10.222.0.37 () {60 vars in 1211 bytes} [Wed Aug 18 14:34:08 2021] GET /compute/v2.1/flavors?is_public=None => generated 2056 bytes in 22 msecs (HTTP/1.1 200) 9 headers in 360 bytes (1 switches on core 0)
Aug 18 14:34:08.410449 dv-cinder-805027-2-smb devstack@n-api.service[99780]: DEBUG nova.api.openstack.wsgi [None req-e1d77ea2-e4e5-427a-9ab3-d018d9eed63d admin admin] Calling method '>' {{(pid=99780) _process_stack /opt/stack/nova/nova/api/openstack/wsgi.py:513}}
Aug 18 14:34:08.415601 dv-cinder-805027-2-smb devstack@n-api.service[99780]: INFO nova.api.openstack.wsgi [None req-e1d77ea2-e4e5-427a-9ab3-d018d9eed63d admin admin] HTTP exception thrown: Flavor 451 could not be found.
Aug 18 14:34:08.416144 dv-cinder-805027-2-smb devstack@n-api.service[99780]: DEBUG nova.api.openstack.wsgi [None req-e1d77ea2-e4e5-427a-9ab3-d018d9eed63d admin admin] Returning 404 to user: Flavor 451 could not be found. {{(pid=99780) __call__ /opt/stack/nova/nova/api/openstack/wsgi.py:927}}
Aug 18 14:34:08.416906 dv-cinder-805027-2-smb devstack@n-api.service[99780]: INFO nova.api.openstack.requestlog [None req-e1d77ea2-e4e5-427a-9ab3-d018d9eed63d admin admin] 10.222.0.37 "GET /compute/v2.1/flavors/451" status: 404 len: 76 microversion: 2.88 time: 0.009995
Aug 18 14:34:08.417392 dv-cinder-805027-2-smb devstack@n-api.service[99780]: [pid: 99780|app: 0|req: 26/52] 10.222.0.37 () {60 vars in 1194 bytes} [Wed Aug 18 14:34:08 2021] GET /compute/v2.1/flavors/451 => generated 76 bytes in 12 msecs (HTTP/1.1 404) 9 headers in 380 bytes (2 switches on core 0)
Aug 18 14:34:09.750742 dv-cinder-805027-2-smb devstack@n-api.service[99781]: DEBUG nova.api.openstack.wsgi [None req-a058aa75-4e1f-4bfe-be7c-6b07a15e1a19 admin admin] Calling method '>' {{(pid=99781) _process_stack /opt/stack/nova/nova/api/openstack/wsgi.py:513}}
Aug 18 14:34:09.751929 dv-cinder-805027-2-smb devstack@n-api.service[99781]: INFO nova.api.openstack.requestlog [None req-a058aa75-4e1f-4bfe-be7c-6b07a15e1a19 admin admin] 10.222.0.37 "GET /compute/v2.1" status: 200 len: 388 microversion: 2.1 time: 0.001688
Aug 18 14:34:09.752385 dv-cinder-805027-2-smb devstack@n-api.service[99781]: [pid: 99781|app: 0|req: 27/53] 10.222.0.37 () {56 vars in 1075 bytes} [Wed Aug 18 14:34:09 2021] GET /compute/v2.1 => generated 388 bytes in 3 msecs (HTTP/1.1 200) 9 headers in 357 bytes (1 switches on core 0)
Aug 18 14:34:09.947267 dv-cinder-805027-2-smb devstack@n-api.service[99780]: DEBUG nova.api.openstack.wsgi [None req-625c09cf-a279-4c5f-b0d4-76cd0ee044ed admin admin] Action: 'create', calling method: >, body: {"flavor": {"name": "m1.nano", "ram": 256, "vcpus": 1, "disk": 1, "id": "42", "swap": 0, "OS-FLV-EXT-DATA:ephemeral": 0, "rxtx_factor": 1.0, "os-flavor-access:is_public": true}} {{(pid=99780) _process_stack /opt/stack/nova/nova/api/openstack/wsgi.py:511}}
Aug 18 14:34:09.965426 dv-cinder-805027-2-smb devstack@n-api.service[99780]: INFO nova.api.openstack.requestlog [None req-625c09cf-a279-4c5f-b0d4-76cd0ee044ed admin admin] 10.222.0.37 "POST /compute/v2.1/flavors" status: 200 len: 404 microversion: 2.88 time: 0.076285
Aug 18 14:34:09.965896 dv-cinder-805027-2-smb devstack@n-api.service[99780]: [pid: 99780|app: 0|req: 27/54] 10.222.0.37 () {64 vars in 1236 bytes} [Wed Aug 18 14:34:09 2021] POST /compute/v2.1/flavors => generated 404 bytes in 77 msecs (HTTP/1.1 200) 9 headers in 359 bytes (1 switches on core 0)
Aug 18 14:34:11.313329 dv-cinder-805027-2-smb devstack@n-api.service[99781]: DEBUG nova.api.openstack.wsgi [None req-a058aa75-4e1f-4bfe-be7c-6b07a15e1a19 admin admin] Calling method '>' {{(pid=99781) _process_stack /opt/stack/nova/nova/api/openstack/wsgi.py:513}}
Aug 18 14:34:11.314310 dv-cinder-805027-2-smb devstack@n-api.service[99781]: INFO nova.api.openstack.requestlog [None req-a058aa75-4e1f-4bfe-be7c-6b07a15e1a19 admin admin] 10.222.0.37 "GET /compute/v2.1" status: 200 len: 388 microversion: 2.1 time: 0.001379
Aug 18 14:34:11.314724 dv-cinder-805027-2-smb devstack@n-api.service[99781]: [pid: 99781|app: 0|req: 28/55] 10.222.0.37 () {56 vars in 1075 bytes} [Wed Aug 18 14:34:11 2021] GET /compute/v2.1 => generated 388 bytes in 2 msecs (HTTP/1.1 200) 9 headers in 357 bytes (1 switches on core 0)
Aug 18 14:34:11.503348 dv-cinder-805027-2-smb devstack@n-api.service[99780]: DEBUG nova.api.openstack.wsgi [None req-333e78b7-7b54-4738-b8e2-214c6882d8c4 admin admin] Action: 'create', calling method: >, body: {"flavor": {"name": "m1.micro", "ram": 256, "vcpus": 1, "disk": 2, "id": "84", "swap": 0, "OS-FLV-EXT-DATA:ephemeral": 0, "rxtx_factor": 1.0, "os-flavor-access:is_public": true}} {{(pid=99780) _process_stack /opt/stack/nova/nova/api/openstack/wsgi.py:511}}
Aug 18 14:34:11.521106 dv-cinder-805027-2-smb devstack@n-api.service[99780]: INFO nova.api.openstack.requestlog [None req-333e78b7-7b54-4738-b8e2-214c6882d8c4 admin admin] 10.222.0.37 "POST /compute/v2.1/flavors" status: 200 len: 405 microversion: 2.88 time: 0.068736
Aug 18 14:34:11.521646 dv-cinder-805027-2-smb devstack@n-api.service[99780]: [pid: 99780|app: 0|req: 28/56] 10.222.0.37 () {64 vars in 1236 bytes} [Wed Aug 18 14:34:11 2021] POST /compute/v2.1/flavors => generated 405 bytes in 70 msecs (HTTP/1.1 200) 9 headers in 359 bytes (1 switches on core 0)
Aug 18 14:34:12.856880 dv-cinder-805027-2-smb devstack@n-api.service[99781]: DEBUG nova.api.openstack.wsgi [None req-a058aa75-4e1f-4bfe-be7c-6b07a15e1a19 admin admin] Calling method '>' {{(pid=99781) _process_stack /opt/stack/nova/nova/api/openstack/wsgi.py:513}}
