Nov 22 16:54:38.122977 dv-cinder-804757-9-smb neutron-server[109413]: DEBUG neutron_lib.callbacks.manager [None req-099b0511-2895-42ec-a74f-5b4959901e62 admin admin] Publish callbacks [] for security_group, precommit_create {{(pid=109413) _notify_loop /usr/local/lib/python3.8/dist-packages/neutron_lib/callbacks/manager.py:175}}
Nov 22 16:54:38.134867 dv-cinder-804757-9-smb neutron-server[109413]: DEBUG neutron_lib.callbacks.manager [None req-099b0511-2895-42ec-a74f-5b4959901e62 admin admin] Publish callbacks ['neutron.plugins.ml2.ovo_rpc._ObjectChangeHandler.handle_event-560152'] for security_group, after_create {{(pid=109413) _notify_loop /usr/local/lib/python3.8/dist-packages/neutron_lib/callbacks/manager.py:175}}
Nov 22 16:54:38.185893 dv-cinder-804757-9-smb neutron-server[109413]: INFO neutron.wsgi [None req-099b0511-2895-42ec-a74f-5b4959901e62 admin admin] 10.222.0.73 "GET /v2.0/security-groups?tenant_id=80675aeeacc54492ab3e864973074ea1&name=default HTTP/1.1" status: 200 len: 2996 time: 0.5247843
Nov 22 16:54:38.186523 dv-cinder-804757-9-smb neutron-server[109413]: DEBUG neutron.wsgi [-] (109413) accepted ('10.222.0.73', 48654) {{(pid=109413) server /usr/local/lib/python3.8/dist-packages/eventlet/wsgi.py:1004}}
Nov 22 16:54:38.228631 dv-cinder-804757-9-smb neutron-server[109413]: DEBUG neutron.api.rpc.handlers.resources_rpc [None req-099b0511-2895-42ec-a74f-5b4959901e62 admin admin] Pushing event updated for resources: {'SecurityGroup': ['ID=bdd01d9c-316d-4b44-8c59-0bde2a1a01de,revision_number=1']} {{(pid=109413) push /opt/stack/neutron/neutron/api/rpc/handlers/resources_rpc.py:237}}
Nov 22 16:54:38.279351 dv-cinder-804757-9-smb neutron-server[109412]: INFO neutron.wsgi [req-9239929c-e025-431f-b2f2-26f66de7bf8c req-a99cca69-7bd6-41d3-93a4-4eb04c2af1f1 tempest-ServerRescueNegativeTestJSON-1153572895 tempest-ServerRescueNegativeTestJSON-1153572895-project] 10.222.0.73 "GET /v2.0/ports?device_id=3a16afde-7803-4a93-9806-df106df05beb HTTP/1.1" status: 200 len: 210 time: 0.3495545
Nov 22 16:54:38.347117 dv-cinder-804757-9-smb neutron-server[109413]: DEBUG neutron_lib.callbacks.manager [None req-4fc8ed68-d95b-477f-8b49-cf8fb4e4e2b8 admin admin] Publish callbacks [] for security_group, before_delete {{(pid=109413) _notify_loop /usr/local/lib/python3.8/dist-packages/neutron_lib/callbacks/manager.py:175}}
Nov 22 16:54:38.378209 dv-cinder-804757-9-smb neutron-server[109412]: DEBUG neutron.db.db_base_plugin_common [req-4eacdda2-49ff-4ac4-8444-734f374514fa req-6435e662-6476-4932-96e1-e5fb5ee38084 tempest-AttachVolumeShelveTestJSON-678124102 tempest-AttachVolumeShelveTestJSON-678124102-project] Allocated IP 172.20.0.14 (2588a1a3-d5db-44d8-a220-f03114973d7b/65cbf66f-5520-47d9-a849-96d158a04669/51a63be9-adf8-4fde-8ea9-3ffcf530b908) {{(pid=109412) _store_ip_allocation /opt/stack/neutron/neutron/db/db_base_plugin_common.py:131}}
Nov 22 16:54:38.397093 dv-cinder-804757-9-smb neutron-server[109413]: DEBUG neutron_lib.callbacks.manager [None req-4fc8ed68-d95b-477f-8b49-cf8fb4e4e2b8 admin admin] Publish callbacks [] for security_group, precommit_delete {{(pid=109413) _notify_loop /usr/local/lib/python3.8/dist-packages/neutron_lib/callbacks/manager.py:175}}
Nov 22 16:54:38.407369 dv-cinder-804757-9-smb neutron-server[109412]: DEBUG neutron_lib.callbacks.manager [req-dd898350-ce43-4df8-9ee7-e3b946cab691 req-64e7ff90-d3b5-46b7-9b90-929a5eebfe96 tempest-ServerRescueNegativeTestJSON-1153572895 tempest-ServerRescueNegativeTestJSON-1153572895-project] Publish callbacks ['neutron.plugins.ml2.plugin.SecurityGroupServerNotifierRpcMixin._notify_sg_on_port_change-1698856', 'neutron.plugins.ml2.ovo_rpc._ObjectChangeHandler.handle_event-232106', 'neutron.api.rpc.agentnotifiers.dhcp_rpc_agent_api.DhcpAgentNotifyAPI._native_event_send_dhcp_notification-629522', 'neutron.db.l3_dvrscheduler_db._notify_l3_agent_new_port-8767467302804'] for port, after_create {{(pid=109412) _notify_loop /usr/local/lib/python3.8/dist-packages/neutron_lib/callbacks/manager.py:175}}
Nov 22 16:54:38.496853 dv-cinder-804757-9-smb neutron-server[109413]: DEBUG neutron_lib.callbacks.manager [None req-4fc8ed68-d95b-477f-8b49-cf8fb4e4e2b8 admin admin] Publish callbacks ['neutron.plugins.ml2.ovo_rpc._ObjectChangeHandler.handle_event-560152'] for security_group, after_delete {{(pid=109413) _notify_loop /usr/local/lib/python3.8/dist-packages/neutron_lib/callbacks/manager.py:175}}
Nov 22 16:54:38.501333 dv-cinder-804757-9-smb neutron-server[109413]: DEBUG neutron_lib.callbacks.manager [None req-4fc8ed68-d95b-477f-8b49-cf8fb4e4e2b8 admin admin] Publish callbacks [] for security_group, before_response {{(pid=109413) _notify_loop /usr/local/lib/python3.8/dist-packages/neutron_lib/callbacks/manager.py:175}}
Nov 22 16:54:38.505156 dv-cinder-804757-9-smb neutron-server[109413]: INFO neutron.wsgi [None req-4fc8ed68-d95b-477f-8b49-cf8fb4e4e2b8 admin admin] 10.222.0.73 "DELETE /v2.0/security-groups/bdd01d9c-316d-4b44-8c59-0bde2a1a01de HTTP/1.1" status: 204 len: 168 time: 0.3134253
Nov 22 16:54:38.511942 dv-cinder-804757-9-smb neutron-server[109413]: DEBUG neutron.api.rpc.handlers.resources_rpc [None req-4fc8ed68-d95b-477f-8b49-cf8fb4e4e2b8 admin admin] Pushing event deleted for resources: {'SecurityGroup': ['ID=bdd01d9c-316d-4b44-8c59-0bde2a1a01de,revision_number=None']} {{(pid=109413) push /opt/stack/neutron/neutron/api/rpc/handlers/resources_rpc.py:237}}
Nov 22 16:54:38.560369 dv-cinder-804757-9-smb neutron-server[109414]: DEBUG neutron.plugins.ml2.db [None req-d39f24d1-aa6f-406c-8246-9f91772deb01 None None] For port b53c854e-0101-4549-bf57-d31262e59029, host hv-cinder-80475, got binding levels [PortBindingLevel(driver='hyperv',host='hv-cinder-80475',level=0,port_id=b53c854e-0101-4549-bf57-d31262e59029,segment=NetworkSegment(2b5fe908-b7bb-4d53-8d23-a78d9e342fce),segment_id=2b5fe908-b7bb-4d53-8d23-a78d9e342fce)] {{(pid=109414) get_binding_level_objs /opt/stack/neutron/neutron/plugins/ml2/db.py:74}}
Nov 22 16:54:38.606597 dv-cinder-804757-9-smb neutron-server[109413]: INFO neutron.wsgi [req-07f098e7-2beb-4022-af8c-13c09134a3aa req-9831b13e-8998-4ee1-9ccf-8e20d202a944 tempest-AttachVolumeShelveTestJSON-678124102 tempest-AttachVolumeShelveTestJSON-678124102-project] 10.222.0.73 "GET /v2.0/ports?device_id=edc33a1d-6a4b-42db-9d34-0b7cdffce5a6 HTTP/1.1" status: 200 len: 210 time: 0.0846825
Nov 22 16:54:38.647084 dv-cinder-804757-9-smb neutron-server[109414]: DEBUG neutron.plugins.ml2.rpc [None req-d39f24d1-aa6f-406c-8246-9f91772deb01 None None] Returning: {'device': 'b53c854e-0101-4549-bf57-d31262e59029', 'network_id': 'b928e5f2-53f1-454a-97c6-63ace48b5eb7', 'port_id': 'b53c854e-0101-4549-bf57-d31262e59029', 'mac_address': 'fa:16:3e:4b:fd:17', 'admin_state_up': True, 'network_type': 'vlan', 'segmentation_id': 1076, 'physical_network': 'physnet1', 'mtu': 1500, 'fixed_ips': [{'subnet_id': '0e692bfd-b436-43cf-a503-4036dc7eb1c9', 'ip_address': '172.20.0.6'}], 'device_owner': 'compute:nova', 'allowed_address_pairs': [], 'port_security_enabled': True, 'qos_policy_id': None, 'network_qos_policy_id': None, 'profile': {}, 'propagate_uplink_status': False} {{(pid=109414) _get_device_details /opt/stack/neutron/neutron/plugins/ml2/rpc.py:184}}
Nov 22 16:54:38.661318 dv-cinder-804757-9-smb neutron-server[109414]: DEBUG neutron_lib.callbacks.manager [None req-ecc8f130-f371-4956-8060-3a8df090611b None None] Publish callbacks ['neutron.services.segments.db._update_segment_host_mapping_for_agent-8767467631571', 'neutron.plugins.ml2.plugin.Ml2Plugin._retry_binding_revived_agents-1750334'] for agent, after_update {{(pid=109414) _notify_loop /usr/local/lib/python3.8/dist-packages/neutron_lib/callbacks/manager.py:175}}
Nov 22 16:54:38.673222 dv-cinder-804757-9-smb neutron-server[109412]: DEBUG neutron.notifiers.nova [req-9c2fc039-b893-4d96-b7b3-01afde2ebdc1 req-8c9b00e3-3099-44d4-b1f7-4a1b9b76e4d5 service neutron] Ignoring state change previous_port_status: DOWN current_port_status: DOWN port_id 87a4f7d4-330b-480a-aeb2-77dec1554f54 {{(pid=109412) record_port_status_changed /opt/stack/neutron/neutron/notifiers/nova.py:224}}
Nov 22 16:54:38.681628 dv-cinder-804757-9-smb neutron-server[109412]: DEBUG neutron_lib.callbacks.manager [req-9c2fc039-b893-4d96-b7b3-01afde2ebdc1 req-8c9b00e3-3099-44d4-b1f7-4a1b9b76e4d5 service neutron] Publish callbacks [] for port, precommit_update {{(pid=109412) _notify_loop /usr/local/lib/python3.8/dist-packages/neutron_lib/callbacks/manager.py:175}}
Nov 22 16:54:38.696490 dv-cinder-804757-9-smb neutron-server[109412]: DEBUG neutron.db.provisioning_blocks [req-9c2fc039-b893-4d96-b7b3-01afde2ebdc1 req-8c9b00e3-3099-44d4-b1f7-4a1b9b76e4d5 service neutron] Transition to ACTIVE for port object 87a4f7d4-330b-480a-aeb2-77dec1554f54 will not be triggered until provisioned by entity L2. {{(pid=109412) add_provisioning_component /opt/stack/neutron/neutron/db/provisioning_blocks.py:73}}
Nov 22 16:54:38.709339 dv-cinder-804757-9-smb neutron-server[109412]: DEBUG neutron_lib.callbacks.manager [req-9c2fc039-b893-4d96-b7b3-01afde2ebdc1 req-8c9b00e3-3099-44d4-b1f7-4a1b9b76e4d5 service neutron] Publish callbacks ['neutron.plugins.ml2.plugin.SecurityGroupServerNotifierRpcMixin._notify_sg_on_port_change-1698856', 'neutron.plugins.ml2.ovo_rpc._ObjectChangeHandler.handle_event-232106', 'neutron.api.rpc.agentnotifiers.dhcp_rpc_agent_api.DhcpAgentNotifyAPI._native_event_send_dhcp_notification-629522', 'neutron.db.l3_db.L3RpcNotifierMixin._notify_gateway_port_ip_changed-8767467850042', 'neutron.db.l3_dvrscheduler_db._notify_l3_agent_port_update-8767467302822', 'neutron.db.l3_hascheduler_db._notify_l3_agent_ha_port_update-8767467302840'] for port, after_update {{(pid=109412) _notify_loop /usr/local/lib/python3.8/dist-packages/neutron_lib/callbacks/manager.py:175}}
Nov 22 16:54:38.716904 dv-cinder-804757-9-smb neutron-server[109414]: DEBUG neutron_lib.callbacks.manager [None req-d39f24d1-aa6f-406c-8246-9f91772deb01 None None] Publish callbacks ['neutron.plugins.ml2.plugin.SecurityGroupDbMixin._ensure_default_security_group_handler-1698921'] for port, before_update {{(pid=109414) _notify_loop /usr/local/lib/python3.8/dist-packages/neutron_lib/callbacks/manager.py:175}}
Nov 22 16:54:38.735081 dv-cinder-804757-9-smb neutron-server[109412]: DEBUG neutron.scheduler.dhcp_agent_scheduler [req-dd898350-ce43-4df8-9ee7-e3b946cab691 req-64e7ff90-d3b5-46b7-9b90-929a5eebfe96 tempest-ServerRescueNegativeTestJSON-1153572895 tempest-ServerRescueNegativeTestJSON-1153572895-project] Network 1131c817-97d5-4361-aaa0-cdf7b9ec039b is already hosted by enough agents. {{(pid=109412) _get_dhcp_agents_hosting_network /opt/stack/neutron/neutron/scheduler/dhcp_agent_scheduler.py:275}}
Nov 22 16:54:38.740052 dv-cinder-804757-9-smb neutron-server[109414]: DEBUG neutron.notifiers.nova [None req-d39f24d1-aa6f-406c-8246-9f91772deb01 None None] Ignoring state change previous_port_status: DOWN current_port_status: BUILD port_id b53c854e-0101-4549-bf57-d31262e59029 {{(pid=109414) record_port_status_changed /opt/stack/neutron/neutron/notifiers/nova.py:224}}
Nov 22 16:54:38.744330 dv-cinder-804757-9-smb neutron-server[109412]: DEBUG neutron.scheduler.base_scheduler [req-dd898350-ce43-4df8-9ee7-e3b946cab691 req-64e7ff90-d3b5-46b7-9b90-929a5eebfe96 tempest-ServerRescueNegativeTestJSON-1153572895 tempest-ServerRescueNegativeTestJSON-1153572895-project] Resources bound (agent type, host, resource id): {{(pid=109412) schedule /opt/stack/neutron/neutron/scheduler/base_scheduler.py:57}}
Nov 22 16:54:38.754858 dv-cinder-804757-9-smb neutron-server[109412]: DEBUG neutron.db.l3_dvrscheduler_db [req-dd898350-ce43-4df8-9ee7-e3b946cab691 req-64e7ff90-d3b5-46b7-9b90-929a5eebfe96 tempest-ServerRescueNegativeTestJSON-1153572895 tempest-ServerRescueNegativeTestJSON-1153572895-project] Received port after_create {{(pid=109412) _notify_l3_agent_new_port /opt/stack/neutron/neutron/db/l3_dvrscheduler_db.py:535}}
Nov 22 16:54:38.761532 dv-cinder-804757-9-smb neutron-server[109412]: DEBUG neutron.pecan_wsgi.hooks.policy_enforcement [req-dd898350-ce43-4df8-9ee7-e3b946cab691 req-64e7ff90-d3b5-46b7-9b90-929a5eebfe96 tempest-ServerRescueNegativeTestJSON-1153572895 tempest-ServerRescueNegativeTestJSON-1153572895-project] Attributes excluded by policy engine: ['standard_attr_id', 'binding:profile', 'binding:host_id', 'binding:vif_type', 'binding:vif_details', 'network'] {{(pid=109412) _exclude_attributes_by_policy /opt/stack/neutron/neutron/pecan_wsgi/hooks/policy_enforcement.py:255}}
Nov 22 16:54:38.762240 dv-cinder-804757-9-smb neutron-server[109412]: DEBUG neutron_lib.callbacks.manager [req-dd898350-ce43-4df8-9ee7-e3b946cab691 req-64e7ff90-d3b5-46b7-9b90-929a5eebfe96 tempest-ServerRescueNegativeTestJSON-1153572895 tempest-ServerRescueNegativeTestJSON-1153572895-project] Publish callbacks ['neutron.notifiers.nova.Notifier._send_nova_notification-91838', 'neutron.api.rpc.agentnotifiers.dhcp_rpc_agent_api.DhcpAgentNotifyAPI._send_dhcp_notification-629540'] for port, before_response {{(pid=109412) _notify_loop /usr/local/lib/python3.8/dist-packages/neutron_lib/callbacks/manager.py:175}}
Nov 22 16:54:38.774411 dv-cinder-804757-9-smb neutron-server[109414]: DEBUG neutron.plugins.ml2.db [None req-d39f24d1-aa6f-406c-8246-9f91772deb01 None None] For port b53c854e-0101-4549-bf57-d31262e59029, host hv-cinder-80475, got binding levels [PortBindingLevel(driver='hyperv',host='hv-cinder-80475',level=0,port_id=b53c854e-0101-4549-bf57-d31262e59029,segment=NetworkSegment(2b5fe908-b7bb-4d53-8d23-a78d9e342fce),segment_id=2b5fe908-b7bb-4d53-8d23-a78d9e342fce)] {{(pid=109414) get_binding_level_objs /opt/stack/neutron/neutron/plugins/ml2/db.py:74}}
Nov 22 16:54:38.781689 dv-cinder-804757-9-smb neutron-server[109414]: DEBUG neutron_lib.callbacks.manager [None req-d39f24d1-aa6f-406c-8246-9f91772deb01 None None] Publish callbacks ['neutron.plugins.ml2.plugin.SecurityGroupServerNotifierRpcMixin._notify_sg_on_port_change-1698856', 'neutron.plugins.ml2.ovo_rpc._ObjectChangeHandler.handle_event-232106', 'neutron.api.rpc.agentnotifiers.dhcp_rpc_agent_api.DhcpAgentNotifyAPI._native_event_send_dhcp_notification-629522', 'neutron.db.l3_db.L3RpcNotifierMixin._notify_gateway_port_ip_changed-8767467850042', 'neutron.db.l3_dvrscheduler_db._notify_l3_agent_port_update-8767467302822', 'neutron.db.l3_hascheduler_db._notify_l3_agent_ha_port_update-8767467302840'] for port, after_update {{(pid=109414) _notify_loop /usr/local/lib/python3.8/dist-packages/neutron_lib/callbacks/manager.py:175}}
Nov 22 16:54:38.821073 dv-cinder-804757-9-smb neutron-server[109412]: DEBUG neutron.api.rpc.handlers.resources_rpc [None req-64e7ff90-d3b5-46b7-9b90-929a5eebfe96 tempest-ServerRescueNegativeTestJSON-1153572895 tempest-ServerRescueNegativeTestJSON-1153572895-project] Pushing event updated for resources: {'Port': ['ID=b8b9cd16-08d0-4409-a44c-0876af1c4de5,revision_number=1']} {{(pid=109412) push /opt/stack/neutron/neutron/api/rpc/handlers/resources_rpc.py:237}}
Nov 22 16:54:38.828670 dv-cinder-804757-9-smb neutron-server[109412]: INFO neutron.wsgi [req-dd898350-ce43-4df8-9ee7-e3b946cab691 req-64e7ff90-d3b5-46b7-9b90-929a5eebfe96 tempest-ServerRescueNegativeTestJSON-1153572895 tempest-ServerRescueNegativeTestJSON-1153572895-project] 10.222.0.81 "POST /v2.0/ports HTTP/1.1" status: 201 len: 933 time: 3.5923705
Nov 22 16:54:38.896811 dv-cinder-804757-9-smb neutron-server[109412]: DEBUG neutron.api.v2.base [req-dd898350-ce43-4df8-9ee7-e3b946cab691 req-33c4f304-1fd8-4289-8078-ebcfcffb6b1e service neutron] Request body: {'port': {'device_id': '3a16afde-7803-4a93-9806-df106df05beb', 'device_owner': 'compute:nova', 'binding:host_id': 'hv-cinder-80475'}} {{(pid=109412) prepare_request_body /opt/stack/neutron/neutron/api/v2/base.py:729}}
Nov 22 16:54:38.909322 dv-cinder-804757-9-smb neutron-server[109414]: DEBUG neutron.api.rpc.handlers.resources_rpc [None req-d39f24d1-aa6f-406c-8246-9f91772deb01 None None] Pushing event updated for resources: {'Port': ['ID=b53c854e-0101-4549-bf57-d31262e59029,revision_number=4']} {{(pid=109414) push /opt/stack/neutron/neutron/api/rpc/handlers/resources_rpc.py:237}}
Nov 22 16:54:38.981874 dv-cinder-804757-9-smb neutron-server[109412]: DEBUG neutron.plugins.ml2.managers [req-9c2fc039-b893-4d96-b7b3-01afde2ebdc1 req-8c9b00e3-3099-44d4-b1f7-4a1b9b76e4d5 service neutron] Attempting to bind port 87a4f7d4-330b-480a-aeb2-77dec1554f54 on host hv-cinder-80475 for vnic_type normal with profile {{(pid=109412) bind_port /opt/stack/neutron/neutron/plugins/ml2/managers.py:795}}
Nov 22 16:54:38.982495 dv-cinder-804757-9-smb neutron-server[109412]: DEBUG neutron.plugins.ml2.managers [req-9c2fc039-b893-4d96-b7b3-01afde2ebdc1 req-8c9b00e3-3099-44d4-b1f7-4a1b9b76e4d5 service neutron] Attempting to bind port 87a4f7d4-330b-480a-aeb2-77dec1554f54 by drivers openvswitch,hyperv on host hv-cinder-80475 at level 0 using segments [{'id': '802e8363-508e-4a23-a2cb-dadcbe7cf77e', 'network_type': 'vlan', 'physical_network': 'physnet1', 'segmentation_id': 1059, 'network_id': '1131c817-97d5-4361-aaa0-cdf7b9ec039b'}] {{(pid=109412) _bind_port_level /opt/stack/neutron/neutron/plugins/ml2/managers.py:820}}
Nov 22 16:54:38.983138 dv-cinder-804757-9-smb neutron-server[109412]: DEBUG neutron.plugins.ml2.drivers.mech_agent [req-9c2fc039-b893-4d96-b7b3-01afde2ebdc1 req-8c9b00e3-3099-44d4-b1f7-4a1b9b76e4d5 service neutron] Attempting to bind port 87a4f7d4-330b-480a-aeb2-77dec1554f54 on network 1131c817-97d5-4361-aaa0-cdf7b9ec039b {{(pid=109412) bind_port /opt/stack/neutron/neutron/plugins/ml2/drivers/mech_agent.py:91}}
Nov 22 16:54:39.008945 dv-cinder-804757-9-smb neutron-server[109414]: DEBUG neutron_lib.callbacks.manager [None req-bc8f0b57-fcb4-4759-9f0a-128aed384dee None None] Publish callbacks ['neutron.services.segments.db._update_segment_host_mapping_for_agent-8767467631571', 'neutron.plugins.ml2.plugin.Ml2Plugin._retry_binding_revived_agents-1750334'] for agent, after_update {{(pid=109414) _notify_loop /usr/local/lib/python3.8/dist-packages/neutron_lib/callbacks/manager.py:175}}
Nov 22 16:54:39.046480 dv-cinder-804757-9-smb neutron-server[109412]: DEBUG neutron.plugins.ml2.drivers.mech_agent [req-9c2fc039-b893-4d96-b7b3-01afde2ebdc1 req-8c9b00e3-3099-44d4-b1f7-4a1b9b76e4d5 service neutron] Port 87a4f7d4-330b-480a-aeb2-77dec1554f54 on network 1131c817-97d5-4361-aaa0-cdf7b9ec039b not bound, no agent of type Open vSwitch agent registered on host hv-cinder-80475 {{(pid=109412) bind_port /opt/stack/neutron/neutron/plugins/ml2/drivers/mech_agent.py:103}}
Nov 22 16:54:39.046816 dv-cinder-804757-9-smb neutron-server[109412]: DEBUG neutron.plugins.ml2.drivers.mech_agent [req-9c2fc039-b893-4d96-b7b3-01afde2ebdc1 req-8c9b00e3-3099-44d4-b1f7-4a1b9b76e4d5 service neutron] Attempting to bind port 87a4f7d4-330b-480a-aeb2-77dec1554f54 on network 1131c817-97d5-4361-aaa0-cdf7b9ec039b {{(pid=109412) bind_port /opt/stack/neutron/neutron/plugins/ml2/drivers/mech_agent.py:91}}
Nov 22 16:54:39.057042 dv-cinder-804757-9-smb neutron-server[109412]: DEBUG neutron.api.rpc.handlers.resources_rpc [None req-8c9b00e3-3099-44d4-b1f7-4a1b9b76e4d5 service neutron] Pushing event updated for resources: {'Port': ['ID=87a4f7d4-330b-480a-aeb2-77dec1554f54,revision_number=2']} {{(pid=109412) push /opt/stack/neutron/neutron/api/rpc/handlers/resources_rpc.py:237}}
Nov 22 16:54:39.084944 dv-cinder-804757-9-smb neutron-server[109412]: DEBUG neutron.plugins.ml2.drivers.mech_agent [req-9c2fc039-b893-4d96-b7b3-01afde2ebdc1 req-8c9b00e3-3099-44d4-b1f7-4a1b9b76e4d5 service neutron] Checking agent: {'id': '6700c0df-87f8-44b5-b4f5-891540b68baa', 'agent_type': 'HyperV agent', 'binary': 'neutron-hyperv-agent', 'topic': 'N/A', 'host': 'hv-cinder-80475', 'admin_state_up': True, 'created_at': datetime.datetime(2021, 11, 22, 16, 51, 49), 'started_at': datetime.datetime(2021, 11, 22, 16, 51, 49), 'heartbeat_timestamp': datetime.datetime(2021, 11, 22, 16, 54, 19), 'description': None, 'resources_synced': None, 'availability_zone': None, 'alive': True, 'configurations': {'vswitch_mappings': {'physnet1$': 'br-data'}}, 'resource_versions': {}} {{(pid=109412) bind_port /opt/stack/neutron/neutron/plugins/ml2/drivers/mech_agent.py:110}}
Nov 22 16:54:39.085296 dv-cinder-804757-9-smb neutron-server[109412]: DEBUG neutron.plugins.ml2.drivers.mech_agent [req-9c2fc039-b893-4d96-b7b3-01afde2ebdc1 req-8c9b00e3-3099-44d4-b1f7-4a1b9b76e4d5 service neutron] Checking segment: {'id': '802e8363-508e-4a23-a2cb-dadcbe7cf77e', 'network_type': 'vlan', 'physical_network': 'physnet1', 'segmentation_id': 1059, 'network_id': '1131c817-97d5-4361-aaa0-cdf7b9ec039b'} for mappings: {'physnet1$': 'br-data'} with network types: ['local', 'flat', 'vlan'] {{(pid=109412) check_segment_for_agent /opt/stack/neutron/neutron/plugins/ml2/drivers/mech_agent.py:371}}
Nov 22 16:54:39.085697 dv-cinder-804757-9-smb neutron-server[109412]: DEBUG neutron.plugins.ml2.drivers.mech_agent [req-9c2fc039-b893-4d96-b7b3-01afde2ebdc1 req-8c9b00e3-3099-44d4-b1f7-4a1b9b76e4d5 service neutron] Bound using segment: {'id': '802e8363-508e-4a23-a2cb-dadcbe7cf77e', 'network_type': 'vlan', 'physical_network': 'physnet1', 'segmentation_id': 1059, 'network_id': '1131c817-97d5-4361-aaa0-cdf7b9ec039b'} {{(pid=109412) bind_port /opt/stack/neutron/neutron/plugins/ml2/drivers/mech_agent.py:120}}
Nov 22 16:54:39.086163 dv-cinder-804757-9-smb neutron-server[109412]: DEBUG neutron.plugins.ml2.managers [req-9c2fc039-b893-4d96-b7b3-01afde2ebdc1 req-8c9b00e3-3099-44d4-b1f7-4a1b9b76e4d5 service neutron] Bound port: 87a4f7d4-330b-480a-aeb2-77dec1554f54, host: hv-cinder-80475, vif_type: hyperv, vif_details: {"connectivity": "legacy", "port_filter": false}, binding_levels: [{'bound_driver': 'hyperv', 'bound_segment': {'id': '802e8363-508e-4a23-a2cb-dadcbe7cf77e', 'network_type': 'vlan', 'physical_network': 'physnet1', 'segmentation_id': 1059, 'network_id': '1131c817-97d5-4361-aaa0-cdf7b9ec039b'}}] {{(pid=109412) _bind_port_level /opt/stack/neutron/neutron/plugins/ml2/managers.py:932}}
Nov 22 16:54:39.086531 dv-cinder-804757-9-smb neutron-server[109412]: DEBUG neutron_lib.callbacks.manager [req-9c2fc039-b893-4d96-b7b3-01afde2ebdc1 req-8c9b00e3-3099-44d4-b1f7-4a1b9b76e4d5 service neutron] Publish callbacks ['neutron.plugins.ml2.plugin.SecurityGroupDbMixin._ensure_default_security_group_handler-1698921'] for port, before_update {{(pid=109412) _notify_loop /usr/local/lib/python3.8/dist-packages/neutron_lib/callbacks/manager.py:175}}
Nov 22 16:54:39.093665 dv-cinder-804757-9-smb neutron-server[109412]: DEBUG neutron_lib.callbacks.manager [req-dd898350-ce43-4df8-9ee7-e3b946cab691 req-33c4f304-1fd8-4289-8078-ebcfcffb6b1e service neutron] Publish callbacks ['neutron.plugins.ml2.plugin.SecurityGroupDbMixin._ensure_default_security_group_handler-1698921'] for port, before_update {{(pid=109412) _notify_loop /usr/local/lib/python3.8/dist-packages/neutron_lib/callbacks/manager.py:175}}
Nov 22 16:54:39.118246 dv-cinder-804757-9-smb neutron-server[109412]: DEBUG neutron.pecan_wsgi.hooks.policy_enforcement [req-40e51ac8-81ac-480c-835d-c1334d545f83 req-3497490f-0c32-42bd-86cc-df310f0ec1f6 tempest-AttachVolumeNegativeTest-1532781650 tempest-AttachVolumeNegativeTest-1532781650-project] Attributes excluded by policy engine: ['standard_attr_id', 'binding:profile', 'binding:host_id', 'binding:vif_type', 'binding:vif_details'] {{(pid=109412) _exclude_attributes_by_policy /opt/stack/neutron/neutron/pecan_wsgi/hooks/policy_enforcement.py:255}}
Nov 22 16:54:39.119868 dv-cinder-804757-9-smb neutron-server[109412]: INFO neutron.wsgi [req-40e51ac8-81ac-480c-835d-c1334d545f83 req-3497490f-0c32-42bd-86cc-df310f0ec1f6 tempest-AttachVolumeNegativeTest-1532781650 tempest-AttachVolumeNegativeTest-1532781650-project] 10.222.0.73 "GET /v2.0/ports?device_id=b1ab9565-876f-4716-9c35-3a9f6a6a2f21 HTTP/1.1" status: 200 len: 944 time: 0.1889246
Nov 22 16:54:39.125059 dv-cinder-804757-9-smb neutron-server[109413]: DEBUG neutron.wsgi [-] (109413) accepted ('10.222.0.73', 48696) {{(pid=109413) server /usr/local/lib/python3.8/dist-packages/eventlet/wsgi.py:1004}}
Nov 22 16:54:39.148781 dv-cinder-804757-9-smb neutron-server[109413]: DEBUG neutron_lib.callbacks.manager [None req-dd0da0e8-03a1-4b82-9745-bfbe553413f4 admin admin] Publish callbacks [] for security_group, before_create {{(pid=109413) _notify_loop /usr/local/lib/python3.8/dist-packages/neutron_lib/callbacks/manager.py:175}}
Nov 22 16:54:39.201463 dv-cinder-804757-9-smb neutron-server[109412]: DEBUG neutron_lib.callbacks.manager [req-4eacdda2-49ff-4ac4-8444-734f374514fa req-6435e662-6476-4932-96e1-e5fb5ee38084 tempest-AttachVolumeShelveTestJSON-678124102 tempest-AttachVolumeShelveTestJSON-678124102-project] Publish callbacks [] for port, precommit_create {{(pid=109412) _notify_loop /usr/local/lib/python3.8/dist-packages/neutron_lib/callbacks/manager.py:175}}
Nov 22 16:54:39.289146 dv-cinder-804757-9-smb neutron-server[109414]: DEBUG neutron.plugins.ml2.db [None req-d39f24d1-aa6f-406c-8246-9f91772deb01 None None] get_ports_and_sgs() called for port_ids ['b53c854e-0101-4549-bf57-d31262e59029'] {{(pid=109414) get_ports_and_sgs /opt/stack/neutron/neutron/plugins/ml2/db.py:156}}
Nov 22 16:54:39.304255 dv-cinder-804757-9-smb neutron-server[109412]: DEBUG neutron.plugins.ml2.db [req-9c2fc039-b893-4d96-b7b3-01afde2ebdc1 req-8c9b00e3-3099-44d4-b1f7-4a1b9b76e4d5 service neutron] For port 87a4f7d4-330b-480a-aeb2-77dec1554f54, host hv-cinder-80475, cleared binding levels {{(pid=109412) clear_binding_levels /opt/stack/neutron/neutron/plugins/ml2/db.py:87}}
Nov 22 16:54:39.330393 dv-cinder-804757-9-smb neutron-server[109413]: DEBUG neutron.pecan_wsgi.hooks.policy_enforcement [req-b52466ee-15a2-44fb-8fa3-b99829d67875 req-7df32734-5753-4faa-b381-e63aec8622a2 tempest-DeleteServersTestJSON-1485674123 tempest-DeleteServersTestJSON-1485674123-project] Attributes excluded by policy engine: ['standard_attr_id', 'binding:profile', 'binding:host_id', 'binding:vif_type', 'binding:vif_details'] {{(pid=109413) _exclude_attributes_by_policy /opt/stack/neutron/neutron/pecan_wsgi/hooks/policy_enforcement.py:255}}
Nov 22 16:54:39.347558 dv-cinder-804757-9-smb neutron-server[109413]: INFO neutron.wsgi [req-b52466ee-15a2-44fb-8fa3-b99829d67875 req-7df32734-5753-4faa-b381-e63aec8622a2 tempest-DeleteServersTestJSON-1485674123 tempest-DeleteServersTestJSON-1485674123-project] 10.222.0.73 "GET /v2.0/ports?device_id=362c7376-b467-43fe-bf1e-ae37395892fc HTTP/1.1" status: 200 len: 944 time: 0.1379616
Nov 22 16:54:39.375358 dv-cinder-804757-9-smb neutron-server[109413]: DEBUG neutron_lib.callbacks.manager [None req-dd0da0e8-03a1-4b82-9745-bfbe553413f4 admin admin] Publish callbacks [] for security_group, precommit_create {{(pid=109413) _notify_loop /usr/local/lib/python3.8/dist-packages/neutron_lib/callbacks/manager.py:175}}
Nov 22 16:54:39.383664 dv-cinder-804757-9-smb neutron-server[109413]: DEBUG neutron_lib.callbacks.manager [None req-dd0da0e8-03a1-4b82-9745-bfbe553413f4 admin admin] Publish callbacks ['neutron.plugins.ml2.ovo_rpc._ObjectChangeHandler.handle_event-560152'] for security_group, after_create {{(pid=109413) _notify_loop /usr/local/lib/python3.8/dist-packages/neutron_lib/callbacks/manager.py:175}}
Nov 22 16:54:39.424025 dv-cinder-804757-9-smb neutron-server[109413]: INFO neutron.wsgi [None req-dd0da0e8-03a1-4b82-9745-bfbe553413f4 admin admin] 10.222.0.73 "GET /v2.0/security-groups?tenant_id=d4b1c6734cca48e081b21a26a5a410f0&name=default HTTP/1.1" status: 200 len: 2996 time: 0.2960689
Nov 22 16:54:39.424643 dv-cinder-804757-9-smb neutron-server[109413]: DEBUG neutron.wsgi [-] (109413) accepted ('10.222.0.73', 48712) {{(pid=109413) server /usr/local/lib/python3.8/dist-packages/eventlet/wsgi.py:1004}}
Nov 22 16:54:39.489182 dv-cinder-804757-9-smb neutron-server[109413]: DEBUG neutron.api.rpc.handlers.resources_rpc [None req-dd0da0e8-03a1-4b82-9745-bfbe553413f4 admin admin] Pushing event updated for resources: {'SecurityGroup': ['ID=5baaa486-5ed5-40fd-ae1c-e1a2be744be3,revision_number=1']} {{(pid=109413) push /opt/stack/neutron/neutron/api/rpc/handlers/resources_rpc.py:237}}
Nov 22 16:54:39.529229 dv-cinder-804757-9-smb neutron-server[109413]: INFO neutron.wsgi [req-b52466ee-15a2-44fb-8fa3-b99829d67875 req-aef1ffbb-8619-4dd4-a286-5c4608669613 tempest-DeleteServersTestJSON-1485674123 tempest-DeleteServersTestJSON-1485674123-project] 10.222.0.73 "GET /v2.0/security-groups?id=7fd34433-c321-4c4c-8aa6-baea5eca8751&fields=id&fields=name HTTP/1.1" status: 200 len: 286 time: 0.1803620
Nov 22 16:54:39.529860 dv-cinder-804757-9-smb neutron-server[109412]: INFO neutron.wsgi [req-40e51ac8-81ac-480c-835d-c1334d545f83 req-47dd1e4c-1f27-4bb4-bba9-65eb36e62553 tempest-AttachVolumeNegativeTest-1532781650 tempest-AttachVolumeNegativeTest-1532781650-project] 10.222.0.73 "GET /v2.0/security-groups?id=50380bda-52a9-4d29-ac09-d0b920f951bc&fields=id&fields=name HTTP/1.1" status: 200 len: 286 time: 0.3859739
Nov 22 16:54:39.537638 dv-cinder-804757-9-smb neutron-server[109412]: DEBUG neutron.plugins.ml2.db [req-9c2fc039-b893-4d96-b7b3-01afde2ebdc1 req-8c9b00e3-3099-44d4-b1f7-4a1b9b76e4d5 service neutron] For port 87a4f7d4-330b-480a-aeb2-77dec1554f54, host hv-cinder-80475, set binding levels [PortBindingLevel(driver='hyperv',host='hv-cinder-80475',level=0,port_id=87a4f7d4-330b-480a-aeb2-77dec1554f54,segment=NetworkSegment(802e8363-508e-4a23-a2cb-dadcbe7cf77e),segment_id=802e8363-508e-4a23-a2cb-dadcbe7cf77e)] {{(pid=109412) set_binding_levels /opt/stack/neutron/neutron/plugins/ml2/db.py:59}}
Nov 22 16:54:39.553119 dv-cinder-804757-9-smb neutron-server[109412]: DEBUG neutron_lib.callbacks.manager [req-9c2fc039-b893-4d96-b7b3-01afde2ebdc1 req-8c9b00e3-3099-44d4-b1f7-4a1b9b76e4d5 service neutron] Publish callbacks ['neutron.plugins.ml2.plugin.SecurityGroupServerNotifierRpcMixin._notify_sg_on_port_change-1698856', 'neutron.plugins.ml2.ovo_rpc._ObjectChangeHandler.handle_event-232106', 'neutron.api.rpc.agentnotifiers.dhcp_rpc_agent_api.DhcpAgentNotifyAPI._native_event_send_dhcp_notification-629522', 'neutron.db.l3_db.L3RpcNotifierMixin._notify_gateway_port_ip_changed-8767467850042', 'neutron.db.l3_dvrscheduler_db._notify_l3_agent_port_update-8767467302822', 'neutron.db.l3_hascheduler_db._notify_l3_agent_ha_port_update-8767467302840'] for port, after_update {{(pid=109412) _notify_loop /usr/local/lib/python3.8/dist-packages/neutron_lib/callbacks/manager.py:175}}
Nov 22 16:54:39.559554 dv-cinder-804757-9-smb neutron-server[109413]: DEBUG neutron_lib.callbacks.manager [None req-f36cfefc-4513-4db6-938e-c7a098cf469f admin admin] Publish callbacks [] for security_group, before_delete {{(pid=109413) _notify_loop /usr/local/lib/python3.8/dist-packages/neutron_lib/callbacks/manager.py:175}}
Nov 22 16:54:39.593985 dv-cinder-804757-9-smb neutron-server[109412]: DEBUG neutron_lib.callbacks.manager [req-4eacdda2-49ff-4ac4-8444-734f374514fa req-6435e662-6476-4932-96e1-e5fb5ee38084 tempest-AttachVolumeShelveTestJSON-678124102 tempest-AttachVolumeShelveTestJSON-678124102-project] Publish callbacks ['neutron.plugins.ml2.plugin.SecurityGroupServerNotifierRpcMixin._notify_sg_on_port_change-1698856', 'neutron.plugins.ml2.ovo_rpc._ObjectChangeHandler.handle_event-232106', 'neutron.api.rpc.agentnotifiers.dhcp_rpc_agent_api.DhcpAgentNotifyAPI._native_event_send_dhcp_notification-629522', 'neutron.db.l3_dvrscheduler_db._notify_l3_agent_new_port-8767467302804'] for port, after_create {{(pid=109412) _notify_loop /usr/local/lib/python3.8/dist-packages/neutron_lib/callbacks/manager.py:175}}
Nov 22 16:54:39.632844 dv-cinder-804757-9-smb neutron-server[109413]: DEBUG neutron_lib.callbacks.manager [None req-f36cfefc-4513-4db6-938e-c7a098cf469f admin admin] Publish callbacks [] for security_group, precommit_delete {{(pid=109413) _notify_loop /usr/local/lib/python3.8/dist-packages/neutron_lib/callbacks/manager.py:175}}
Nov 22 16:54:39.661496 dv-cinder-804757-9-smb neutron-server[109412]: DEBUG neutron.pecan_wsgi.hooks.policy_enforcement [req-9c2fc039-b893-4d96-b7b3-01afde2ebdc1 req-8c9b00e3-3099-44d4-b1f7-4a1b9b76e4d5 service neutron] Attributes excluded by policy engine: ['standard_attr_id'] {{(pid=109412) _exclude_attributes_by_policy /opt/stack/neutron/neutron/pecan_wsgi/hooks/policy_enforcement.py:255}}
Nov 22 16:54:39.662139 dv-cinder-804757-9-smb neutron-server[109412]: DEBUG neutron_lib.callbacks.manager [req-9c2fc039-b893-4d96-b7b3-01afde2ebdc1 req-8c9b00e3-3099-44d4-b1f7-4a1b9b76e4d5 service neutron] Publish callbacks ['neutron.notifiers.nova.Notifier._send_nova_notification-91838', 'neutron.api.rpc.agentnotifiers.dhcp_rpc_agent_api.DhcpAgentNotifyAPI._send_dhcp_notification-629540'] for port, before_response {{(pid=109412) _notify_loop /usr/local/lib/python3.8/dist-packages/neutron_lib/callbacks/manager.py:175}}
Nov 22 16:54:39.663646 dv-cinder-804757-9-smb neutron-server[109412]: INFO neutron.wsgi [req-9c2fc039-b893-4d96-b7b3-01afde2ebdc1 req-8c9b00e3-3099-44d4-b1f7-4a1b9b76e4d5 service neutron] 10.222.0.81 "PUT /v2.0/ports/87a4f7d4-330b-480a-aeb2-77dec1554f54 HTTP/1.1" status: 200 len: 1093 time: 2.1556859
Nov 22 16:54:39.678457 dv-cinder-804757-9-smb neutron-server[109412]: DEBUG neutron.notifiers.nova [-] Sending events: [{'name': 'network-changed', 'server_uuid': 'bdfa17b3-ff27-4097-b502-eef91e0126fd', 'tag': '87a4f7d4-330b-480a-aeb2-77dec1554f54'}] {{(pid=109412) send_events /opt/stack/neutron/neutron/notifiers/nova.py:262}}
Nov 22 16:54:39.680791 dv-cinder-804757-9-smb neutron-server[109412]: DEBUG novaclient.v2.client [-] REQ: curl -g -i --cacert "/opt/stack/data/ca-bundle.pem" -X POST http://10.222.0.73/compute/v2.1/os-server-external-events -H "Accept: application/json" -H "Content-Type: application/json" -H "User-Agent: python-novaclient" -H "X-Auth-Token: {SHA256}2e924634d78376d784faaec7b0160804e83a3fd45bd948a9ef9139bac5c78067" -H "X-OpenStack-Nova-API-Version: 2.1" -H "X-OpenStack-Request-ID: req-016ccbc7-a7bd-41f4-a553-bd7a2043f45b" -d '{"events": [{"name": "network-changed", "server_uuid": "bdfa17b3-ff27-4097-b502-eef91e0126fd", "tag": "87a4f7d4-330b-480a-aeb2-77dec1554f54"}]}' {{(pid=109412) _http_log_request /usr/local/lib/python3.8/dist-packages/keystoneauth1/session.py:519}}
Nov 22 16:54:39.751933 dv-cinder-804757-9-smb neutron-server[109412]: DEBUG neutron.scheduler.dhcp_agent_scheduler [req-4eacdda2-49ff-4ac4-8444-734f374514fa req-6435e662-6476-4932-96e1-e5fb5ee38084 tempest-AttachVolumeShelveTestJSON-678124102 tempest-AttachVolumeShelveTestJSON-678124102-project] Network 2588a1a3-d5db-44d8-a220-f03114973d7b is already hosted by enough agents. {{(pid=109412) _get_dhcp_agents_hosting_network /opt/stack/neutron/neutron/scheduler/dhcp_agent_scheduler.py:275}}
Nov 22 16:54:39.754634 dv-cinder-804757-9-smb neutron-server[109412]: DEBUG neutron.api.rpc.handlers.resources_rpc [None req-8c9b00e3-3099-44d4-b1f7-4a1b9b76e4d5 service neutron] Pushing event updated for resources: {'Port': ['ID=87a4f7d4-330b-480a-aeb2-77dec1554f54,revision_number=3']} {{(pid=109412) push /opt/stack/neutron/neutron/api/rpc/handlers/resources_rpc.py:237}}
Nov 22 16:54:39.762467 dv-cinder-804757-9-smb neutron-server[109412]: DEBUG neutron.scheduler.base_scheduler [req-4eacdda2-49ff-4ac4-8444-734f374514fa req-6435e662-6476-4932-96e1-e5fb5ee38084 tempest-AttachVolumeShelveTestJSON-678124102 tempest-AttachVolumeShelveTestJSON-678124102-project] Resources bound (agent type, host, resource id): {{(pid=109412) schedule /opt/stack/neutron/neutron/scheduler/base_scheduler.py:57}}
Nov 22 16:54:39.777849 dv-cinder-804757-9-smb neutron-server[109412]: DEBUG neutron.db.l3_dvrscheduler_db [req-4eacdda2-49ff-4ac4-8444-734f374514fa req-6435e662-6476-4932-96e1-e5fb5ee38084 tempest-AttachVolumeShelveTestJSON-678124102 tempest-AttachVolumeShelveTestJSON-678124102-project] Received port after_create {{(pid=109412) _notify_l3_agent_new_port /opt/stack/neutron/neutron/db/l3_dvrscheduler_db.py:535}}
Nov 22 16:54:39.784252 dv-cinder-804757-9-smb neutron-server[109412]: DEBUG neutron.pecan_wsgi.hooks.policy_enforcement [req-4eacdda2-49ff-4ac4-8444-734f374514fa req-6435e662-6476-4932-96e1-e5fb5ee38084 tempest-AttachVolumeShelveTestJSON-678124102 tempest-AttachVolumeShelveTestJSON-678124102-project] Attributes excluded by policy engine: ['standard_attr_id', 'binding:profile', 'binding:host_id', 'binding:vif_type', 'binding:vif_details', 'network'] {{(pid=109412) _exclude_attributes_by_policy /opt/stack/neutron/neutron/pecan_wsgi/hooks/policy_enforcement.py:255}}
Nov 22 16:54:39.784938 dv-cinder-804757-9-smb neutron-server[109412]: DEBUG neutron_lib.callbacks.manager [req-4eacdda2-49ff-4ac4-8444-734f374514fa req-6435e662-6476-4932-96e1-e5fb5ee38084 tempest-AttachVolumeShelveTestJSON-678124102 tempest-AttachVolumeShelveTestJSON-678124102-project] Publish callbacks ['neutron.notifiers.nova.Notifier._send_nova_notification-91838', 'neutron.api.rpc.agentnotifiers.dhcp_rpc_agent_api.DhcpAgentNotifyAPI._send_dhcp_notification-629540'] for port, before_response {{(pid=109412) _notify_loop /usr/local/lib/python3.8/dist-packages/neutron_lib/callbacks/manager.py:175}}
Nov 22 16:54:39.801196 dv-cinder-804757-9-smb neutron-server[109413]: DEBUG neutron_lib.callbacks.manager [None req-f36cfefc-4513-4db6-938e-c7a098cf469f admin admin] Publish callbacks ['neutron.plugins.ml2.ovo_rpc._ObjectChangeHandler.handle_event-560152'] for security_group, after_delete {{(pid=109413) _notify_loop /usr/local/lib/python3.8/dist-packages/neutron_lib/callbacks/manager.py:175}}
Nov 22 16:54:39.804918 dv-cinder-804757-9-smb neutron-server[109413]: DEBUG neutron_lib.callbacks.manager [None req-f36cfefc-4513-4db6-938e-c7a098cf469f admin admin] Publish callbacks [] for security_group, before_response {{(pid=109413) _notify_loop /usr/local/lib/python3.8/dist-packages/neutron_lib/callbacks/manager.py:175}}
Nov 22 16:54:39.806469 dv-cinder-804757-9-smb neutron-server[109413]: INFO neutron.wsgi [None req-f36cfefc-4513-4db6-938e-c7a098cf469f admin admin] 10.222.0.73 "DELETE /v2.0/security-groups/5baaa486-5ed5-40fd-ae1c-e1a2be744be3 HTTP/1.1" status: 204 len: 168 time: 0.3780715
Nov 22 16:54:39.823848 dv-cinder-804757-9-smb neutron-server[109413]: DEBUG neutron.api.rpc.handlers.resources_rpc [None req-f36cfefc-4513-4db6-938e-c7a098cf469f admin admin] Pushing event deleted for resources: {'SecurityGroup': ['ID=5baaa486-5ed5-40fd-ae1c-e1a2be744be3,revision_number=None']} {{(pid=109413) push /opt/stack/neutron/neutron/api/rpc/handlers/resources_rpc.py:237}}
Nov 22 16:54:39.900947 dv-cinder-804757-9-smb neutron-server[109413]: DEBUG neutron.pecan_wsgi.hooks.policy_enforcement [req-b29c922d-8cff-439d-86d4-8393476e1a53 req-470de0f4-46be-4a8a-9cb1-4215112f80c7 tempest-AttachVolumeShelveTestJSON-678124102 tempest-AttachVolumeShelveTestJSON-678124102-project] Attributes excluded by policy engine: ['standard_attr_id', 'binding:profile', 'binding:host_id', 'binding:vif_type', 'binding:vif_details'] {{(pid=109413) _exclude_attributes_by_policy /opt/stack/neutron/neutron/pecan_wsgi/hooks/policy_enforcement.py:255}}
Nov 22 16:54:39.908632 dv-cinder-804757-9-smb neutron-server[109413]: INFO neutron.wsgi [req-b29c922d-8cff-439d-86d4-8393476e1a53 req-470de0f4-46be-4a8a-9cb1-4215112f80c7 tempest-AttachVolumeShelveTestJSON-678124102 tempest-AttachVolumeShelveTestJSON-678124102-project] 10.222.0.73 "GET /v2.0/ports?device_id=edc33a1d-6a4b-42db-9d34-0b7cdffce5a6 HTTP/1.1" status: 200 len: 932 time: 0.1680450
Nov 22 16:54:40.009262 dv-cinder-804757-9-smb neutron-server[109414]: DEBUG neutron.plugins.ml2.rpc [None req-d39f24d1-aa6f-406c-8246-9f91772deb01 None None] Device 359b41c8-0244-4773-b31a-124c06fbb967 details requested by agent hyperv_hv-cinder-80475 with host hv-cinder-80475 {{(pid=109414) get_device_details /opt/stack/neutron/neutron/plugins/ml2/rpc.py:102}}
Nov 22 16:54:40.028384 dv-cinder-804757-9-smb neutron-server[109412]: INFO neutron.wsgi [req-4eacdda2-49ff-4ac4-8444-734f374514fa req-6435e662-6476-4932-96e1-e5fb5ee38084 tempest-AttachVolumeShelveTestJSON-678124102 tempest-AttachVolumeShelveTestJSON-678124102-project] 10.222.0.81 "POST /v2.0/ports HTTP/1.1" status: 201 len: 934 time: 3.0051661
Nov 22 16:54:40.050574 dv-cinder-804757-9-smb neutron-server[109413]: INFO neutron.wsgi [req-b29c922d-8cff-439d-86d4-8393476e1a53 req-c1bc5723-ccac-4df0-b28b-d677e892cbbb tempest-AttachVolumeShelveTestJSON-678124102 tempest-AttachVolumeShelveTestJSON-678124102-project] 10.222.0.73 "GET /v2.0/security-groups?id=37b2f655-efcf-4894-bb40-fe603c3d830c&fields=id&fields=name HTTP/1.1" status: 200 len: 312 time: 0.1353526
Nov 22 16:54:40.061807 dv-cinder-804757-9-smb neutron-server[109412]: DEBUG neutron.api.rpc.handlers.resources_rpc [None req-6435e662-6476-4932-96e1-e5fb5ee38084 tempest-AttachVolumeShelveTestJSON-678124102 tempest-AttachVolumeShelveTestJSON-678124102-project] Pushing event updated for resources: {'Port': ['ID=51a63be9-adf8-4fde-8ea9-3ffcf530b908,revision_number=1']} {{(pid=109412) push /opt/stack/neutron/neutron/api/rpc/handlers/resources_rpc.py:237}}
Nov 22 16:54:40.070827 dv-cinder-804757-9-smb neutron-server[109412]: DEBUG neutron.api.v2.base [req-4eacdda2-49ff-4ac4-8444-734f374514fa req-465c2dca-6a7b-432e-b434-110cfbe532cf service neutron] Request body: {'port': {'device_id': 'edc33a1d-6a4b-42db-9d34-0b7cdffce5a6', 'device_owner': 'compute:nova', 'binding:host_id': 'hv-cinder-80475'}} {{(pid=109412) prepare_request_body /opt/stack/neutron/neutron/api/v2/base.py:729}}
Nov 22 16:54:40.082147 dv-cinder-804757-9-smb neutron-server[109412]: DEBUG neutron.pecan_wsgi.hooks.policy_enforcement [req-cd7b44a9-f8e3-4d70-a708-e6fe7c776fa9 req-f9d18da6-e429-4fe7-9973-ee978844a1a8 tempest-ServerRescueNegativeTestJSON-1153572895 tempest-ServerRescueNegativeTestJSON-1153572895-project] Attributes excluded by policy engine: ['standard_attr_id', 'binding:profile', 'binding:host_id', 'binding:vif_type', 'binding:vif_details'] {{(pid=109412) _exclude_attributes_by_policy /opt/stack/neutron/neutron/pecan_wsgi/hooks/policy_enforcement.py:255}}
Nov 22 16:54:40.087748 dv-cinder-804757-9-smb neutron-server[109412]: INFO neutron.wsgi [req-cd7b44a9-f8e3-4d70-a708-e6fe7c776fa9 req-f9d18da6-e429-4fe7-9973-ee978844a1a8 tempest-ServerRescueNegativeTestJSON-1153572895 tempest-ServerRescueNegativeTestJSON-1153572895-project] 10.222.0.73 "GET /v2.0/ports?device_id=3a16afde-7803-4a93-9806-df106df05beb HTTP/1.1" status: 200 len: 931 time: 0.4451947
Nov 22 16:54:40.133486 dv-cinder-804757-9-smb neutron-server[109412]: DEBUG neutron.notifiers.nova [req-dd898350-ce43-4df8-9ee7-e3b946cab691 req-33c4f304-1fd8-4289-8078-ebcfcffb6b1e service neutron] Ignoring state change previous_port_status: DOWN current_port_status: DOWN port_id b8b9cd16-08d0-4409-a44c-0876af1c4de5 {{(pid=109412) record_port_status_changed /opt/stack/neutron/neutron/notifiers/nova.py:224}}
Nov 22 16:54:40.180431 dv-cinder-804757-9-smb neutron-server[109412]: DEBUG neutron_lib.callbacks.manager [req-dd898350-ce43-4df8-9ee7-e3b946cab691 req-33c4f304-1fd8-4289-8078-ebcfcffb6b1e service neutron] Publish callbacks [] for port, precommit_update {{(pid=109412) _notify_loop /usr/local/lib/python3.8/dist-packages/neutron_lib/callbacks/manager.py:175}}
Nov 22 16:54:40.228015 dv-cinder-804757-9-smb neutron-server[109412]: DEBUG novaclient.v2.client [-] RESP: [200] Connection: close Content-Length: 179 Content-Type: application/json Date: Mon, 22 Nov 2021 16:54:39 GMT OpenStack-API-Version: compute 2.1 Server: Apache/2.4.41 (Ubuntu) Vary: OpenStack-API-Version,X-OpenStack-Nova-API-Version X-OpenStack-Nova-API-Version: 2.1 x-compute-request-id: req-f02b7ac5-05fc-4737-8b5b-63dbff250b26 x-openstack-request-id: req-f02b7ac5-05fc-4737-8b5b-63dbff250b26 {{(pid=109412) _http_log_response /usr/local/lib/python3.8/dist-packages/keystoneauth1/session.py:550}}
Nov 22 16:54:40.232939 dv-cinder-804757-9-smb neutron-server[109412]: DEBUG novaclient.v2.client [-] RESP BODY: {"events": [{"name": "network-changed", "server_uuid": "bdfa17b3-ff27-4097-b502-eef91e0126fd", "tag": "87a4f7d4-330b-480a-aeb2-77dec1554f54", "status": "completed", "code": 200}]} {{(pid=109412) _http_log_response /usr/local/lib/python3.8/dist-packages/keystoneauth1/session.py:582}}
Nov 22 16:54:40.233375 dv-cinder-804757-9-smb neutron-server[109412]: DEBUG novaclient.v2.client [-] POST call to compute for http://10.222.0.73/compute/v2.1/os-server-external-events used request id req-f02b7ac5-05fc-4737-8b5b-63dbff250b26 {{(pid=109412) request /usr/local/lib/python3.8/dist-packages/keystoneauth1/session.py:954}}
Nov 22 16:54:40.237482 dv-cinder-804757-9-smb neutron-server[109412]: INFO neutron.notifiers.nova [-] Nova event response: {'name': 'network-changed', 'server_uuid': 'bdfa17b3-ff27-4097-b502-eef91e0126fd', 'tag': '87a4f7d4-330b-480a-aeb2-77dec1554f54', 'status': 'completed', 'code': 200}
Nov 22 16:54:40.240848 dv-cinder-804757-9-smb neutron-server[109412]: DEBUG neutron.pecan_wsgi.hooks.policy_enforcement [req-9c2fc039-b893-4d96-b7b3-01afde2ebdc1 req-05932914-f2fc-484b-89d3-6333dbdae655 service neutron] Attributes excluded by policy engine: ['standard_attr_id'] {{(pid=109412) _exclude_attributes_by_policy /opt/stack/neutron/neutron/pecan_wsgi/hooks/policy_enforcement.py:255}}
Nov 22 16:54:40.243689 dv-cinder-804757-9-smb neutron-server[109412]: INFO neutron.wsgi [req-9c2fc039-b893-4d96-b7b3-01afde2ebdc1 req-05932914-f2fc-484b-89d3-6333dbdae655 service neutron] 10.222.0.81 "GET /v2.0/ports?tenant_id=9280c327cb424cae80b848c31f1d285c&device_id=bdfa17b3-ff27-4097-b502-eef91e0126fd HTTP/1.1" status: 200 len: 1096 time: 0.4788871
Nov 22 16:54:40.269285 dv-cinder-804757-9-smb neutron-server[109414]: DEBUG neutron.plugins.ml2.db [None req-d39f24d1-aa6f-406c-8246-9f91772deb01 None None] For port 359b41c8-0244-4773-b31a-124c06fbb967, host hv-cinder-80475, got binding levels [PortBindingLevel(driver='hyperv',host='hv-cinder-80475',level=0,port_id=359b41c8-0244-4773-b31a-124c06fbb967,segment=NetworkSegment(5e44797b-0f5f-45cd-900b-dbe9b9ebaaae),segment_id=5e44797b-0f5f-45cd-900b-dbe9b9ebaaae)] {{(pid=109414) get_binding_level_objs /opt/stack/neutron/neutron/plugins/ml2/db.py:74}}
Nov 22 16:54:40.288490 dv-cinder-804757-9-smb neutron-server[109412]: DEBUG neutron.db.provisioning_blocks [req-dd898350-ce43-4df8-9ee7-e3b946cab691 req-33c4f304-1fd8-4289-8078-ebcfcffb6b1e service neutron] Transition to ACTIVE for port object b8b9cd16-08d0-4409-a44c-0876af1c4de5 will not be triggered until provisioned by entity L2. {{(pid=109412) add_provisioning_component /opt/stack/neutron/neutron/db/provisioning_blocks.py:73}}
Nov 22 16:54:40.291139 dv-cinder-804757-9-smb neutron-server[109414]: DEBUG neutron.plugins.ml2.rpc [None req-d39f24d1-aa6f-406c-8246-9f91772deb01 None None] Returning: {'device': '359b41c8-0244-4773-b31a-124c06fbb967', 'network_id': '507e0356-547a-4fdb-9813-9c69f25c3e2b', 'port_id': '359b41c8-0244-4773-b31a-124c06fbb967', 'mac_address': 'fa:16:3e:e1:13:7c', 'admin_state_up': True, 'network_type': 'vlan', 'segmentation_id': 1097, 'physical_network': 'physnet1', 'mtu': 1500, 'fixed_ips': [{'subnet_id': 'b87a2fff-d8f1-47b1-9a3d-b4963c3a72cf', 'ip_address': '172.20.0.13'}], 'device_owner': 'compute:nova', 'allowed_address_pairs': [], 'port_security_enabled': True, 'qos_policy_id': None, 'network_qos_policy_id': None, 'profile': {}, 'propagate_uplink_status': False} {{(pid=109414) _get_device_details /opt/stack/neutron/neutron/plugins/ml2/rpc.py:184}}
Nov 22 16:54:40.385862 dv-cinder-804757-9-smb neutron-server[109414]: DEBUG neutron_lib.callbacks.manager [None req-d39f24d1-aa6f-406c-8246-9f91772deb01 None None] Publish callbacks ['neutron.plugins.ml2.plugin.SecurityGroupDbMixin._ensure_default_security_group_handler-1698921'] for port, before_update {{(pid=109414) _notify_loop /usr/local/lib/python3.8/dist-packages/neutron_lib/callbacks/manager.py:175}}
Nov 22 16:54:40.396274 dv-cinder-804757-9-smb neutron-server[109412]: DEBUG neutron_lib.callbacks.manager [req-dd898350-ce43-4df8-9ee7-e3b946cab691 req-33c4f304-1fd8-4289-8078-ebcfcffb6b1e service neutron] Publish callbacks ['neutron.plugins.ml2.plugin.SecurityGroupServerNotifierRpcMixin._notify_sg_on_port_change-1698856', 'neutron.plugins.ml2.ovo_rpc._ObjectChangeHandler.handle_event-232106', 'neutron.api.rpc.agentnotifiers.dhcp_rpc_agent_api.DhcpAgentNotifyAPI._native_event_send_dhcp_notification-629522', 'neutron.db.l3_db.L3RpcNotifierMixin._notify_gateway_port_ip_changed-8767467850042', 'neutron.db.l3_dvrscheduler_db._notify_l3_agent_port_update-8767467302822', 'neutron.db.l3_hascheduler_db._notify_l3_agent_ha_port_update-8767467302840'] for port, after_update {{(pid=109412) _notify_loop /usr/local/lib/python3.8/dist-packages/neutron_lib/callbacks/manager.py:175}}
Nov 22 16:54:40.408004 dv-cinder-804757-9-smb neutron-server[109414]: DEBUG neutron.db.provisioning_blocks [None req-c8b37666-4e5b-41e3-b5f0-c4b2172fdae1 None None] Provisioning complete for port 51a63be9-adf8-4fde-8ea9-3ffcf530b908 triggered by entity DHCP. {{(pid=109414) provisioning_complete /opt/stack/neutron/neutron/db/provisioning_blocks.py:139}}
Nov 22 16:54:40.408388 dv-cinder-804757-9-smb neutron-server[109414]: DEBUG neutron_lib.callbacks.manager [None req-c8b37666-4e5b-41e3-b5f0-c4b2172fdae1 None None] Publish callbacks ['neutron.plugins.ml2.plugin.Ml2Plugin._port_provisioned-1750377'] for port, provisioning_complete {{(pid=109414) _notify_loop /usr/local/lib/python3.8/dist-packages/neutron_lib/callbacks/manager.py:175}}
Nov 22 16:54:40.422970 dv-cinder-804757-9-smb neutron-server[109414]: DEBUG neutron.notifiers.nova [None req-d39f24d1-aa6f-406c-8246-9f91772deb01 None None] Ignoring state change previous_port_status: DOWN current_port_status: BUILD port_id 359b41c8-0244-4773-b31a-124c06fbb967 {{(pid=109414) record_port_status_changed /opt/stack/neutron/neutron/notifiers/nova.py:224}}
