Sep 14 10:50:23.712221 dv-cinder-804757-8-smb devstack@n-api.service[93212]: DEBUG nova.api.openstack.wsgi [None req-652d94e7-205e-4a6c-bc77-0cc4f706f482 admin admin] Action: 'create', calling method: >, body: {"flavor": {"os-flavor-access:is_public": true, "swap": 0, "vcpus": 1, "id": "c1", "ram": 256, "OS-FLV-EXT-DATA:ephemeral": 0, "rxtx_factor": 1.0, "name": "cirros256", "disk": 1}} {{(pid=93212) _process_stack /opt/stack/nova/nova/api/openstack/wsgi.py:511}}
Sep 14 10:50:23.734829 dv-cinder-804757-8-smb devstack@n-api.service[93212]: /usr/local/lib/python3.8/dist-packages/oslo_policy/policy.py:1064: UserWarning: Policy os_compute_api:os-flavor-manage:create failed scope check. The token used to make the request was project scoped but the policy requires ['system'] scope. This behavior may change in the future where using the intended scope is required
Sep 14 10:50:23.734829 dv-cinder-804757-8-smb devstack@n-api.service[93212]: warnings.warn(msg)
Sep 14 10:50:23.762195 dv-cinder-804757-8-smb devstack@n-api.service[93212]: INFO nova.api.openstack.requestlog [None req-652d94e7-205e-4a6c-bc77-0cc4f706f482 admin admin] 10.222.0.38 "POST /compute/v2.1/flavors" status: 200 len: 407 microversion: 2.61 time: 0.102487
Sep 14 10:50:23.763002 dv-cinder-804757-8-smb devstack@n-api.service[93212]: [pid: 93212|app: 0|req: 2/5] 10.222.0.38 () {64 vars in 1283 bytes} [Tue Sep 14 10:50:23 2021] POST /compute/v2.1/flavors => generated 407 bytes in 104 msecs (HTTP/1.1 200) 9 headers in 359 bytes (2 switches on core 0)
Sep 14 10:50:23.983364 dv-cinder-804757-8-smb devstack@n-api.service[93211]: DEBUG nova.api.openstack.wsgi [None req-259a6b16-2d32-4151-9fa6-9de2a840585f admin admin] Action: 'create', calling method: >, body: {"extra_specs": {"hw_rng:allowed": "True"}} {{(pid=93211) _process_stack /opt/stack/nova/nova/api/openstack/wsgi.py:511}}
Sep 14 10:50:23.985670 dv-cinder-804757-8-smb devstack@n-api.service[93211]: /usr/local/lib/python3.8/dist-packages/oslo_policy/policy.py:1064: UserWarning: Policy os_compute_api:os-flavor-extra-specs:create failed scope check. The token used to make the request was project scoped but the policy requires ['system'] scope. This behavior may change in the future where using the intended scope is required
Sep 14 10:50:23.985670 dv-cinder-804757-8-smb devstack@n-api.service[93211]: warnings.warn(msg)
Sep 14 10:50:24.050386 dv-cinder-804757-8-smb devstack@n-api.service[93211]: INFO nova.api.openstack.requestlog [None req-259a6b16-2d32-4151-9fa6-9de2a840585f admin admin] 10.222.0.38 "POST /compute/v2.1/flavors/c1/os-extra_specs" status: 200 len: 43 microversion: 2.61 time: 0.279003
Sep 14 10:50:24.051181 dv-cinder-804757-8-smb devstack@n-api.service[93211]: [pid: 93211|app: 0|req: 4/6] 10.222.0.38 () {64 vars in 1336 bytes} [Tue Sep 14 10:50:23 2021] POST /compute/v2.1/flavors/c1/os-extra_specs => generated 43 bytes in 280 msecs (HTTP/1.1 200) 9 headers in 358 bytes (2 switches on core 0)
Sep 14 10:50:26.327194 dv-cinder-804757-8-smb devstack@n-api.service[93212]: DEBUG nova.api.openstack.wsgi [None req-652d94e7-205e-4a6c-bc77-0cc4f706f482 admin admin] Calling method '>' {{(pid=93212) _process_stack /opt/stack/nova/nova/api/openstack/wsgi.py:513}}
Sep 14 10:50:26.328226 dv-cinder-804757-8-smb devstack@n-api.service[93212]: INFO nova.api.openstack.requestlog [None req-652d94e7-205e-4a6c-bc77-0cc4f706f482 admin admin] 10.222.0.38 "GET /compute/v2.1" status: 200 len: 388 microversion: 2.1 time: 0.001487
Sep 14 10:50:26.328656 dv-cinder-804757-8-smb devstack@n-api.service[93212]: [pid: 93212|app: 0|req: 3/7] 10.222.0.38 () {54 vars in 931 bytes} [Tue Sep 14 10:50:26 2021] GET /compute/v2.1 => generated 388 bytes in 3 msecs (HTTP/1.1 200) 9 headers in 357 bytes (1 switches on core 0)
Sep 14 10:50:26.443064 dv-cinder-804757-8-smb devstack@n-api.service[93211]: DEBUG nova.api.openstack.wsgi [None req-4c13ad4a-2797-4960-84ee-4871e9a9d196 admin admin] Action: 'create', calling method: >, body: {"flavor": {"OS-FLV-EXT-DATA:ephemeral": 0, "ram": 512, "vcpus": 1, "swap": 0, "id": "d1", "disk": 5, "name": "ds512M", "rxtx_factor": 1.0, "os-flavor-access:is_public": true}} {{(pid=93211) _process_stack /opt/stack/nova/nova/api/openstack/wsgi.py:511}}
Sep 14 10:50:26.461482 dv-cinder-804757-8-smb devstack@n-api.service[93211]: /usr/local/lib/python3.8/dist-packages/oslo_policy/policy.py:1064: UserWarning: Policy os_compute_api:os-flavor-manage:create failed scope check. The token used to make the request was project scoped but the policy requires ['system'] scope. This behavior may change in the future where using the intended scope is required
Sep 14 10:50:26.461482 dv-cinder-804757-8-smb devstack@n-api.service[93211]: warnings.warn(msg)
Sep 14 10:50:26.481074 dv-cinder-804757-8-smb devstack@n-api.service[93211]: INFO nova.api.openstack.requestlog [None req-4c13ad4a-2797-4960-84ee-4871e9a9d196 admin admin] 10.222.0.38 "POST /compute/v2.1/flavors" status: 200 len: 404 microversion: 2.61 time: 0.145287
Sep 14 10:50:26.481628 dv-cinder-804757-8-smb devstack@n-api.service[93211]: [pid: 93211|app: 0|req: 5/8] 10.222.0.38 () {64 vars in 1283 bytes} [Tue Sep 14 10:50:26 2021] POST /compute/v2.1/flavors => generated 404 bytes in 147 msecs (HTTP/1.1 200) 9 headers in 359 bytes (1 switches on core 0)
Sep 14 10:50:26.495057 dv-cinder-804757-8-smb devstack@n-api.service[93212]: DEBUG nova.api.openstack.wsgi [None req-ccea64f9-0993-4b12-9aed-dcff01024f67 admin admin] Action: 'create', calling method: >, body: {"extra_specs": {"hw_rng:allowed": "True"}} {{(pid=93212) _process_stack /opt/stack/nova/nova/api/openstack/wsgi.py:511}}
Sep 14 10:50:26.496749 dv-cinder-804757-8-smb devstack@n-api.service[93212]: /usr/local/lib/python3.8/dist-packages/oslo_policy/policy.py:1064: UserWarning: Policy os_compute_api:os-flavor-extra-specs:create failed scope check. The token used to make the request was project scoped but the policy requires ['system'] scope. This behavior may change in the future where using the intended scope is required
Sep 14 10:50:26.496749 dv-cinder-804757-8-smb devstack@n-api.service[93212]: warnings.warn(msg)
Sep 14 10:50:26.550847 dv-cinder-804757-8-smb devstack@n-api.service[93212]: INFO nova.api.openstack.requestlog [None req-ccea64f9-0993-4b12-9aed-dcff01024f67 admin admin] 10.222.0.38 "POST /compute/v2.1/flavors/d1/os-extra_specs" status: 200 len: 43 microversion: 2.61 time: 0.059872
Sep 14 10:50:26.552619 dv-cinder-804757-8-smb devstack@n-api.service[93212]: [pid: 93212|app: 0|req: 4/9] 10.222.0.38 () {64 vars in 1336 bytes} [Tue Sep 14 10:50:26 2021] POST /compute/v2.1/flavors/d1/os-extra_specs => generated 43 bytes in 62 msecs (HTTP/1.1 200) 9 headers in 358 bytes (1 switches on core 0)
Sep 14 10:50:28.834380 dv-cinder-804757-8-smb devstack@n-api.service[93211]: DEBUG nova.api.openstack.wsgi [None req-4c13ad4a-2797-4960-84ee-4871e9a9d196 admin admin] Calling method '>' {{(pid=93211) _process_stack /opt/stack/nova/nova/api/openstack/wsgi.py:513}}
Sep 14 10:50:28.835516 dv-cinder-804757-8-smb devstack@n-api.service[93211]: INFO nova.api.openstack.requestlog [None req-4c13ad4a-2797-4960-84ee-4871e9a9d196 admin admin] 10.222.0.38 "GET /compute/v2.1" status: 200 len: 388 microversion: 2.1 time: 0.001666
Sep 14 10:50:28.836148 dv-cinder-804757-8-smb devstack@n-api.service[93211]: [pid: 93211|app: 0|req: 6/10] 10.222.0.38 () {54 vars in 931 bytes} [Tue Sep 14 10:50:28 2021] GET /compute/v2.1 => generated 388 bytes in 3 msecs (HTTP/1.1 200) 9 headers in 357 bytes (1 switches on core 0)
Sep 14 10:50:28.899681 dv-cinder-804757-8-smb devstack@n-api.service[93212]: DEBUG nova.api.openstack.wsgi [None req-b1473dd3-cddb-4af7-822c-2285c8797759 admin admin] Action: 'create', calling method: >, body: {"flavor": {"swap": 0, "vcpus": 1, "disk": 10, "ram": 1024, "os-flavor-access:is_public": true, "rxtx_factor": 1.0, "id": "d2", "OS-FLV-EXT-DATA:ephemeral": 0, "name": "ds1G"}} {{(pid=93212) _process_stack /opt/stack/nova/nova/api/openstack/wsgi.py:511}}
Sep 14 10:50:28.919960 dv-cinder-804757-8-smb devstack@n-api.service[93212]: INFO nova.api.openstack.requestlog [None req-b1473dd3-cddb-4af7-822c-2285c8797759 admin admin] 10.222.0.38 "POST /compute/v2.1/flavors" status: 200 len: 404 microversion: 2.61 time: 0.076253
Sep 14 10:50:28.920861 dv-cinder-804757-8-smb devstack@n-api.service[93212]: [pid: 93212|app: 0|req: 5/11] 10.222.0.38 () {64 vars in 1283 bytes} [Tue Sep 14 10:50:28 2021] POST /compute/v2.1/flavors => generated 404 bytes in 78 msecs (HTTP/1.1 200) 9 headers in 359 bytes (1 switches on core 0)
Sep 14 10:50:28.932685 dv-cinder-804757-8-smb devstack@n-api.service[93211]: DEBUG nova.api.openstack.wsgi [None req-70fad8ee-88b2-4baa-9e76-d1fa439fc37c admin admin] Action: 'create', calling method: >, body: {"extra_specs": {"hw_rng:allowed": "True"}} {{(pid=93211) _process_stack /opt/stack/nova/nova/api/openstack/wsgi.py:511}}
Sep 14 10:50:28.958580 dv-cinder-804757-8-smb devstack@n-api.service[93211]: INFO nova.api.openstack.requestlog [None req-70fad8ee-88b2-4baa-9e76-d1fa439fc37c admin admin] 10.222.0.38 "POST /compute/v2.1/flavors/d2/os-extra_specs" status: 200 len: 43 microversion: 2.61 time: 0.029411
Sep 14 10:50:28.959353 dv-cinder-804757-8-smb devstack@n-api.service[93211]: [pid: 93211|app: 0|req: 7/12] 10.222.0.38 () {64 vars in 1336 bytes} [Tue Sep 14 10:50:28 2021] POST /compute/v2.1/flavors/d2/os-extra_specs => generated 43 bytes in 31 msecs (HTTP/1.1 200) 9 headers in 358 bytes (2 switches on core 0)
Sep 14 10:50:31.249374 dv-cinder-804757-8-smb devstack@n-api.service[93212]: DEBUG nova.api.openstack.wsgi [None req-b1473dd3-cddb-4af7-822c-2285c8797759 admin admin] Calling method '>' {{(pid=93212) _process_stack /opt/stack/nova/nova/api/openstack/wsgi.py:513}}
Sep 14 10:50:31.250515 dv-cinder-804757-8-smb devstack@n-api.service[93212]: INFO nova.api.openstack.requestlog [None req-b1473dd3-cddb-4af7-822c-2285c8797759 admin admin] 10.222.0.38 "GET /compute/v2.1" status: 200 len: 388 microversion: 2.1 time: 0.001603
Sep 14 10:50:31.250923 dv-cinder-804757-8-smb devstack@n-api.service[93212]: [pid: 93212|app: 0|req: 6/13] 10.222.0.38 () {54 vars in 931 bytes} [Tue Sep 14 10:50:31 2021] GET /compute/v2.1 => generated 388 bytes in 3 msecs (HTTP/1.1 200) 9 headers in 357 bytes (2 switches on core 0)
Sep 14 10:50:31.319639 dv-cinder-804757-8-smb devstack@n-api.service[93211]: DEBUG nova.api.openstack.wsgi [None req-52c2cfc1-52f8-4b62-9365-8df56708921a admin admin] Action: 'create', calling method: >, body: {"flavor": {"id": "d3", "name": "ds2G", "swap": 0, "OS-FLV-EXT-DATA:ephemeral": 0, "ram": 2048, "rxtx_factor": 1.0, "vcpus": 2, "os-flavor-access:is_public": true, "disk": 10}} {{(pid=93211) _process_stack /opt/stack/nova/nova/api/openstack/wsgi.py:511}}
Sep 14 10:50:31.342450 dv-cinder-804757-8-smb devstack@n-api.service[93211]: INFO nova.api.openstack.requestlog [None req-52c2cfc1-52f8-4b62-9365-8df56708921a admin admin] 10.222.0.38 "POST /compute/v2.1/flavors" status: 200 len: 404 microversion: 2.61 time: 0.084982
Sep 14 10:50:31.343501 dv-cinder-804757-8-smb devstack@n-api.service[93211]: [pid: 93211|app: 0|req: 8/14] 10.222.0.38 () {64 vars in 1283 bytes} [Tue Sep 14 10:50:31 2021] POST /compute/v2.1/flavors => generated 404 bytes in 86 msecs (HTTP/1.1 200) 9 headers in 359 bytes (2 switches on core 0)
Sep 14 10:50:31.355602 dv-cinder-804757-8-smb devstack@n-api.service[93212]: DEBUG nova.api.openstack.wsgi [None req-2397499b-30cb-4a1e-8374-0c4c5b708a9a admin admin] Action: 'create', calling method: >, body: {"extra_specs": {"hw_rng:allowed": "True"}} {{(pid=93212) _process_stack /opt/stack/nova/nova/api/openstack/wsgi.py:511}}
Sep 14 10:50:31.384826 dv-cinder-804757-8-smb devstack@n-api.service[93212]: INFO nova.api.openstack.requestlog [None req-2397499b-30cb-4a1e-8374-0c4c5b708a9a admin admin] 10.222.0.38 "POST /compute/v2.1/flavors/d3/os-extra_specs" status: 200 len: 43 microversion: 2.61 time: 0.032984
Sep 14 10:50:31.385421 dv-cinder-804757-8-smb devstack@n-api.service[93212]: [pid: 93212|app: 0|req: 7/15] 10.222.0.38 () {64 vars in 1336 bytes} [Tue Sep 14 10:50:31 2021] POST /compute/v2.1/flavors/d3/os-extra_specs => generated 43 bytes in 34 msecs (HTTP/1.1 200) 9 headers in 358 bytes (2 switches on core 0)
Sep 14 10:50:33.619058 dv-cinder-804757-8-smb devstack@n-api.service[93211]: DEBUG nova.api.openstack.wsgi [None req-52c2cfc1-52f8-4b62-9365-8df56708921a admin admin] Calling method '>' {{(pid=93211) _process_stack /opt/stack/nova/nova/api/openstack/wsgi.py:513}}
Sep 14 10:50:33.620198 dv-cinder-804757-8-smb devstack@n-api.service[93211]: INFO nova.api.openstack.requestlog [None req-52c2cfc1-52f8-4b62-9365-8df56708921a admin admin] 10.222.0.38 "GET /compute/v2.1" status: 200 len: 388 microversion: 2.1 time: 0.001451
Sep 14 10:50:33.620598 dv-cinder-804757-8-smb devstack@n-api.service[93211]: [pid: 93211|app: 0|req: 9/16] 10.222.0.38 () {54 vars in 931 bytes} [Tue Sep 14 10:50:33 2021] GET /compute/v2.1 => generated 388 bytes in 2 msecs (HTTP/1.1 200) 9 headers in 357 bytes (2 switches on core 0)
Sep 14 10:50:33.688083 dv-cinder-804757-8-smb devstack@n-api.service[93212]: DEBUG nova.api.openstack.wsgi [None req-14a6b1db-4b57-471d-9b85-709a77e60600 admin admin] Action: 'create', calling method: >, body: {"flavor": {"rxtx_factor": 1.0, "id": "d4", "name": "ds4G", "disk": 20, "os-flavor-access:is_public": true, "vcpus": 4, "ram": 4096, "swap": 0, "OS-FLV-EXT-DATA:ephemeral": 0}} {{(pid=93212) _process_stack /opt/stack/nova/nova/api/openstack/wsgi.py:511}}
Sep 14 10:50:33.707974 dv-cinder-804757-8-smb devstack@n-api.service[93212]: INFO nova.api.openstack.requestlog [None req-14a6b1db-4b57-471d-9b85-709a77e60600 admin admin] 10.222.0.38 "POST /compute/v2.1/flavors" status: 200 len: 404 microversion: 2.61 time: 0.080603
Sep 14 10:50:33.709459 dv-cinder-804757-8-smb devstack@n-api.service[93212]: [pid: 93212|app: 0|req: 8/17] 10.222.0.38 () {64 vars in 1283 bytes} [Tue Sep 14 10:50:33 2021] POST /compute/v2.1/flavors => generated 404 bytes in 83 msecs (HTTP/1.1 200) 9 headers in 359 bytes (2 switches on core 0)
Sep 14 10:50:33.721613 dv-cinder-804757-8-smb devstack@n-api.service[93211]: DEBUG nova.api.openstack.wsgi [None req-d1ac974a-ec9e-42bb-ac1d-ee1ec3fb7dd9 admin admin] Action: 'create', calling method: >, body: {"extra_specs": {"hw_rng:allowed": "True"}} {{(pid=93211) _process_stack /opt/stack/nova/nova/api/openstack/wsgi.py:511}}
Sep 14 10:50:33.742972 dv-cinder-804757-8-smb devstack@n-api.service[93211]: INFO nova.api.openstack.requestlog [None req-d1ac974a-ec9e-42bb-ac1d-ee1ec3fb7dd9 admin admin] 10.222.0.38 "POST /compute/v2.1/flavors/d4/os-extra_specs" status: 200 len: 43 microversion: 2.61 time: 0.024935
Sep 14 10:50:33.743972 dv-cinder-804757-8-smb devstack@n-api.service[93211]: [pid: 93211|app: 0|req: 10/18] 10.222.0.38 () {64 vars in 1336 bytes} [Tue Sep 14 10:50:33 2021] POST /compute/v2.1/flavors/d4/os-extra_specs => generated 43 bytes in 26 msecs (HTTP/1.1 200) 9 headers in 358 bytes (2 switches on core 0)
Sep 14 10:50:35.964170 dv-cinder-804757-8-smb devstack@n-api.service[93212]: DEBUG nova.api.openstack.wsgi [None req-14a6b1db-4b57-471d-9b85-709a77e60600 admin admin] Calling method '>' {{(pid=93212) _process_stack /opt/stack/nova/nova/api/openstack/wsgi.py:513}}
Sep 14 10:50:35.965167 dv-cinder-804757-8-smb devstack@n-api.service[93212]: INFO nova.api.openstack.requestlog [None req-14a6b1db-4b57-471d-9b85-709a77e60600 admin admin] 10.222.0.38 "GET /compute/v2.1" status: 200 len: 388 microversion: 2.1 time: 0.001430
Sep 14 10:50:35.965726 dv-cinder-804757-8-smb devstack@n-api.service[93212]: [pid: 93212|app: 0|req: 9/19] 10.222.0.38 () {54 vars in 931 bytes} [Tue Sep 14 10:50:35 2021] GET /compute/v2.1 => generated 388 bytes in 2 msecs (HTTP/1.1 200) 9 headers in 357 bytes (1 switches on core 0)
Sep 14 10:50:36.029255 dv-cinder-804757-8-smb devstack@n-api.service[93211]: DEBUG nova.api.openstack.wsgi [None req-e233be19-214c-4651-84d0-c956587e50fa admin admin] Calling method '>' {{(pid=93211) _process_stack /opt/stack/nova/nova/api/openstack/wsgi.py:513}}
Sep 14 10:50:36.052663 dv-cinder-804757-8-smb devstack@n-api.service[93211]: INFO nova.api.openstack.requestlog [None req-e233be19-214c-4651-84d0-c956587e50fa admin admin] 10.222.0.38 "GET /compute/v2.1/flavors/detail?is_public=True" status: 200 len: 2106 microversion: 2.61 time: 0.080169
Sep 14 10:50:36.057175 dv-cinder-804757-8-smb devstack@n-api.service[93211]: [pid: 93211|app: 0|req: 11/20] 10.222.0.38 () {60 vars in 1292 bytes} [Tue Sep 14 10:50:35 2021] GET /compute/v2.1/flavors/detail?is_public=True => generated 2106 bytes in 82 msecs (HTTP/1.1 200) 9 headers in 360 bytes (1 switches on core 0)
Sep 14 10:50:38.813757 dv-cinder-804757-8-smb devstack@n-api.service[93212]: DEBUG nova.api.openstack.wsgi [None req-14a6b1db-4b57-471d-9b85-709a77e60600 admin admin] Calling method '>' {{(pid=93212) _process_stack /opt/stack/nova/nova/api/openstack/wsgi.py:513}}
Sep 14 10:50:38.814796 dv-cinder-804757-8-smb devstack@n-api.service[93212]: INFO nova.api.openstack.requestlog [None req-14a6b1db-4b57-471d-9b85-709a77e60600 admin admin] 10.222.0.38 "GET /compute/v2.1" status: 200 len: 388 microversion: 2.1 time: 0.001498
Sep 14 10:50:38.815196 dv-cinder-804757-8-smb devstack@n-api.service[93212]: [pid: 93212|app: 0|req: 10/21] 10.222.0.38 () {54 vars in 931 bytes} [Tue Sep 14 10:50:38 2021] GET /compute/v2.1 => generated 388 bytes in 2 msecs (HTTP/1.1 200) 9 headers in 357 bytes (1 switches on core 0)
Sep 14 10:50:38.890857 dv-cinder-804757-8-smb devstack@n-api.service[93211]: DEBUG nova.api.openstack.wsgi [None req-0236ff82-c9f5-48cc-a804-e7470563c790 admin admin] Action: 'create', calling method: >, body: {"flavor": {"vcpus": 1, "swap": 0, "disk": 1, "rxtx_factor": 1.0, "os-flavor-access:is_public": true, "ram": 512, "OS-FLV-EXT-DATA:ephemeral": 0, "id": "1", "name": "m1.tiny"}} {{(pid=93211) _process_stack /opt/stack/nova/nova/api/openstack/wsgi.py:511}}
Sep 14 10:50:38.909804 dv-cinder-804757-8-smb devstack@n-api.service[93211]: INFO nova.api.openstack.requestlog [None req-0236ff82-c9f5-48cc-a804-e7470563c790 admin admin] 10.222.0.38 "POST /compute/v2.1/flavors" status: 200 len: 402 microversion: 2.61 time: 0.088410
Sep 14 10:50:38.910514 dv-cinder-804757-8-smb devstack@n-api.service[93211]: [pid: 93211|app: 0|req: 12/22] 10.222.0.38 () {64 vars in 1283 bytes} [Tue Sep 14 10:50:38 2021] POST /compute/v2.1/flavors => generated 402 bytes in 90 msecs (HTTP/1.1 200) 9 headers in 359 bytes (1 switches on core 0)
Sep 14 10:50:38.924403 dv-cinder-804757-8-smb devstack@n-api.service[93212]: DEBUG nova.api.openstack.wsgi [None req-d7b0b852-0682-494a-9eba-6c9d1a8c7323 admin admin] Action: 'create', calling method: >, body: {"extra_specs": {"hw_rng:allowed": "True"}} {{(pid=93212) _process_stack /opt/stack/nova/nova/api/openstack/wsgi.py:511}}
Sep 14 10:50:38.951932 dv-cinder-804757-8-smb devstack@n-api.service[93212]: INFO nova.api.openstack.requestlog [None req-d7b0b852-0682-494a-9eba-6c9d1a8c7323 admin admin] 10.222.0.38 "POST /compute/v2.1/flavors/1/os-extra_specs" status: 200 len: 43 microversion: 2.61 time: 0.032531
Sep 14 10:50:38.953377 dv-cinder-804757-8-smb devstack@n-api.service[93212]: [pid: 93212|app: 0|req: 11/23] 10.222.0.38 () {64 vars in 1333 bytes} [Tue Sep 14 10:50:38 2021] POST /compute/v2.1/flavors/1/os-extra_specs => generated 43 bytes in 35 msecs (HTTP/1.1 200) 9 headers in 358 bytes (1 switches on core 0)
Sep 14 10:50:41.157317 dv-cinder-804757-8-smb devstack@n-api.service[93211]: DEBUG nova.api.openstack.wsgi [None req-0236ff82-c9f5-48cc-a804-e7470563c790 admin admin] Calling method '>' {{(pid=93211) _process_stack /opt/stack/nova/nova/api/openstack/wsgi.py:513}}
Sep 14 10:50:41.158371 dv-cinder-804757-8-smb devstack@n-api.service[93211]: INFO nova.api.openstack.requestlog [None req-0236ff82-c9f5-48cc-a804-e7470563c790 admin admin] 10.222.0.38 "GET /compute/v2.1" status: 200 len: 388 microversion: 2.1 time: 0.001478
Sep 14 10:50:41.158828 dv-cinder-804757-8-smb devstack@n-api.service[93211]: [pid: 93211|app: 0|req: 13/24] 10.222.0.38 () {54 vars in 931 bytes} [Tue Sep 14 10:50:41 2021] GET /compute/v2.1 => generated 388 bytes in 2 msecs (HTTP/1.1 200) 9 headers in 357 bytes (1 switches on core 0)
Sep 14 10:50:41.219971 dv-cinder-804757-8-smb devstack@n-api.service[93212]: DEBUG nova.api.openstack.wsgi [None req-ca494184-710f-4433-8f98-de4970ddfbb7 admin admin] Action: 'create', calling method: >, body: {"flavor": {"id": "2", "ram": 2048, "name": "m1.small", "vcpus": 1, "disk": 20, "swap": 0, "rxtx_factor": 1.0, "OS-FLV-EXT-DATA:ephemeral": 0, "os-flavor-access:is_public": true}} {{(pid=93212) _process_stack /opt/stack/nova/nova/api/openstack/wsgi.py:511}}
Sep 14 10:50:41.244539 dv-cinder-804757-8-smb devstack@n-api.service[93212]: INFO nova.api.openstack.requestlog [None req-ca494184-710f-4433-8f98-de4970ddfbb7 admin admin] 10.222.0.38 "POST /compute/v2.1/flavors" status: 200 len: 405 microversion: 2.61 time: 0.079392
Sep 14 10:50:41.245548 dv-cinder-804757-8-smb devstack@n-api.service[93212]: [pid: 93212|app: 0|req: 12/25] 10.222.0.38 () {64 vars in 1283 bytes} [Tue Sep 14 10:50:41 2021] POST /compute/v2.1/flavors => generated 405 bytes in 81 msecs (HTTP/1.1 200) 9 headers in 359 bytes (1 switches on core 0)
Sep 14 10:50:41.258298 dv-cinder-804757-8-smb devstack@n-api.service[93211]: DEBUG nova.api.openstack.wsgi [None req-d6351262-d3ef-4709-a26c-697d4724a211 admin admin] Action: 'create', calling method: >, body: {"extra_specs": {"hw_rng:allowed": "True"}} {{(pid=93211) _process_stack /opt/stack/nova/nova/api/openstack/wsgi.py:511}}
Sep 14 10:50:41.280864 dv-cinder-804757-8-smb devstack@n-api.service[93211]: INFO nova.api.openstack.requestlog [None req-d6351262-d3ef-4709-a26c-697d4724a211 admin admin] 10.222.0.38 "POST /compute/v2.1/flavors/2/os-extra_specs" status: 200 len: 43 microversion: 2.61 time: 0.026142
Sep 14 10:50:41.281412 dv-cinder-804757-8-smb devstack@n-api.service[93211]: [pid: 93211|app: 0|req: 14/26] 10.222.0.38 () {64 vars in 1333 bytes} [Tue Sep 14 10:50:41 2021] POST /compute/v2.1/flavors/2/os-extra_specs => generated 43 bytes in 27 msecs (HTTP/1.1 200) 9 headers in 358 bytes (1 switches on core 0)
Sep 14 10:50:43.485663 dv-cinder-804757-8-smb devstack@n-api.service[93212]: DEBUG nova.api.openstack.wsgi [None req-ca494184-710f-4433-8f98-de4970ddfbb7 admin admin] Calling method '>' {{(pid=93212) _process_stack /opt/stack/nova/nova/api/openstack/wsgi.py:513}}
Sep 14 10:50:43.486710 dv-cinder-804757-8-smb devstack@n-api.service[93212]: INFO nova.api.openstack.requestlog [None req-ca494184-710f-4433-8f98-de4970ddfbb7 admin admin] 10.222.0.38 "GET /compute/v2.1" status: 200 len: 388 microversion: 2.1 time: 0.001480
Sep 14 10:50:43.487121 dv-cinder-804757-8-smb devstack@n-api.service[93212]: [pid: 93212|app: 0|req: 13/27] 10.222.0.38 () {54 vars in 931 bytes} [Tue Sep 14 10:50:43 2021] GET /compute/v2.1 => generated 388 bytes in 2 msecs (HTTP/1.1 200) 9 headers in 357 bytes (1 switches on core 0)
Sep 14 10:50:43.546813 dv-cinder-804757-8-smb devstack@n-api.service[93211]: DEBUG nova.api.openstack.wsgi [None req-f52816f9-69c0-4898-8ab6-22ed6552854e admin admin] Action: 'create', calling method: >, body: {"flavor": {"rxtx_factor": 1.0, "ram": 4096, "id": "3", "os-flavor-access:is_public": true, "swap": 0, "vcpus": 2, "name": "m1.medium", "disk": 40, "OS-FLV-EXT-DATA:ephemeral": 0}} {{(pid=93211) _process_stack /opt/stack/nova/nova/api/openstack/wsgi.py:511}}
Sep 14 10:50:43.564513 dv-cinder-804757-8-smb devstack@n-api.service[93211]: INFO nova.api.openstack.requestlog [None req-f52816f9-69c0-4898-8ab6-22ed6552854e admin admin] 10.222.0.38 "POST /compute/v2.1/flavors" status: 200 len: 406 microversion: 2.61 time: 0.071199
Sep 14 10:50:43.565058 dv-cinder-804757-8-smb devstack@n-api.service[93211]: [pid: 93211|app: 0|req: 15/28] 10.222.0.38 () {64 vars in 1283 bytes} [Tue Sep 14 10:50:43 2021] POST /compute/v2.1/flavors => generated 406 bytes in 72 msecs (HTTP/1.1 200) 9 headers in 359 bytes (1 switches on core 0)
Sep 14 10:50:43.577230 dv-cinder-804757-8-smb devstack@n-api.service[93212]: DEBUG nova.api.openstack.wsgi [None req-20320a6e-56b0-44a4-866c-1d2a236aa9eb admin admin] Action: 'create', calling method: >, body: {"extra_specs": {"hw_rng:allowed": "True"}} {{(pid=93212) _process_stack /opt/stack/nova/nova/api/openstack/wsgi.py:511}}
Sep 14 10:50:43.599090 dv-cinder-804757-8-smb devstack@n-api.service[93212]: INFO nova.api.openstack.requestlog [None req-20320a6e-56b0-44a4-866c-1d2a236aa9eb admin admin] 10.222.0.38 "POST /compute/v2.1/flavors/3/os-extra_specs" status: 200 len: 43 microversion: 2.61 time: 0.025511
Sep 14 10:50:43.599661 dv-cinder-804757-8-smb devstack@n-api.service[93212]: [pid: 93212|app: 0|req: 14/29] 10.222.0.38 () {64 vars in 1333 bytes} [Tue Sep 14 10:50:43 2021] POST /compute/v2.1/flavors/3/os-extra_specs => generated 43 bytes in 27 msecs (HTTP/1.1 200) 9 headers in 358 bytes (1 switches on core 0)
Sep 14 10:50:45.826638 dv-cinder-804757-8-smb devstack@n-api.service[93211]: DEBUG nova.api.openstack.wsgi [None req-f52816f9-69c0-4898-8ab6-22ed6552854e admin admin] Calling method '>' {{(pid=93211) _process_stack /opt/stack/nova/nova/api/openstack/wsgi.py:513}}
Sep 14 10:50:45.827642 dv-cinder-804757-8-smb devstack@n-api.service[93211]: INFO nova.api.openstack.requestlog [None req-f52816f9-69c0-4898-8ab6-22ed6552854e admin admin] 10.222.0.38 "GET /compute/v2.1" status: 200 len: 388 microversion: 2.1 time: 0.001540
Sep 14 10:50:45.828208 dv-cinder-804757-8-smb devstack@n-api.service[93211]: [pid: 93211|app: 0|req: 16/30] 10.222.0.38 () {54 vars in 931 bytes} [Tue Sep 14 10:50:45 2021] GET /compute/v2.1 => generated 388 bytes in 3 msecs (HTTP/1.1 200) 9 headers in 357 bytes (1 switches on core 0)
Sep 14 10:50:45.893509 dv-cinder-804757-8-smb devstack@n-api.service[93212]: DEBUG nova.api.openstack.wsgi [None req-e708ea76-a29a-4a64-ad08-c9e1af225c4a admin admin] Action: 'create', calling method: >, body: {"flavor": {"os-flavor-access:is_public": true, "vcpus": 4, "swap": 0, "name": "m1.large", "disk": 80, "rxtx_factor": 1.0, "id": "4", "ram": 8192, "OS-FLV-EXT-DATA:ephemeral": 0}} {{(pid=93212) _process_stack /opt/stack/nova/nova/api/openstack/wsgi.py:511}}
Sep 14 10:50:45.916294 dv-cinder-804757-8-smb devstack@n-api.service[93212]: INFO nova.api.openstack.requestlog [None req-e708ea76-a29a-4a64-ad08-c9e1af225c4a admin admin] 10.222.0.38 "POST /compute/v2.1/flavors" status: 200 len: 405 microversion: 2.61 time: 0.081825
Sep 14 10:50:45.917330 dv-cinder-804757-8-smb devstack@n-api.service[93212]: [pid: 93212|app: 0|req: 15/31] 10.222.0.38 () {64 vars in 1283 bytes} [Tue Sep 14 10:50:45 2021] POST /compute/v2.1/flavors => generated 405 bytes in 83 msecs (HTTP/1.1 200) 9 headers in 359 bytes (2 switches on core 0)
Sep 14 10:50:45.930456 dv-cinder-804757-8-smb devstack@n-api.service[93211]: DEBUG nova.api.openstack.wsgi [None req-045a3828-e3f4-4ef1-9fdc-66c3aff941b0 admin admin] Action: 'create', calling method: >, body: {"extra_specs": {"hw_rng:allowed": "True"}} {{(pid=93211) _process_stack /opt/stack/nova/nova/api/openstack/wsgi.py:511}}
Sep 14 10:50:45.959557 dv-cinder-804757-8-smb devstack@n-api.service[93211]: INFO nova.api.openstack.requestlog [None req-045a3828-e3f4-4ef1-9fdc-66c3aff941b0 admin admin] 10.222.0.38 "POST /compute/v2.1/flavors/4/os-extra_specs" status: 200 len: 43 microversion: 2.61 time: 0.032436
Sep 14 10:50:45.960514 dv-cinder-804757-8-smb devstack@n-api.service[93211]: [pid: 93211|app: 0|req: 17/32] 10.222.0.38 () {64 vars in 1333 bytes} [Tue Sep 14 10:50:45 2021] POST /compute/v2.1/flavors/4/os-extra_specs => generated 43 bytes in 34 msecs (HTTP/1.1 200) 9 headers in 358 bytes (1 switches on core 0)
Sep 14 10:50:48.259991 dv-cinder-804757-8-smb devstack@n-api.service[93212]: DEBUG nova.api.openstack.wsgi [None req-e708ea76-a29a-4a64-ad08-c9e1af225c4a admin admin] Calling method '>' {{(pid=93212) _process_stack /opt/stack/nova/nova/api/openstack/wsgi.py:513}}
Sep 14 10:50:48.261001 dv-cinder-804757-8-smb devstack@n-api.service[93212]: INFO nova.api.openstack.requestlog [None req-e708ea76-a29a-4a64-ad08-c9e1af225c4a admin admin] 10.222.0.38 "GET /compute/v2.1" status: 200 len: 388 microversion: 2.1 time: 0.001457
Sep 14 10:50:48.261399 dv-cinder-804757-8-smb devstack@n-api.service[93212]: [pid: 93212|app: 0|req: 16/33] 10.222.0.38 () {54 vars in 931 bytes} [Tue Sep 14 10:50:48 2021] GET /compute/v2.1 => generated 388 bytes in 2 msecs (HTTP/1.1 200) 9 headers in 357 bytes (1 switches on core 0)
Sep 14 10:50:48.327534 dv-cinder-804757-8-smb devstack@n-api.service[93211]: DEBUG nova.api.openstack.wsgi [None req-c3ae41aa-40eb-4e70-9a57-1ec89e750e66 admin admin] Action: 'create', calling method: >, body: {"flavor": {"name": "m1.xlarge", "id": "5", "vcpus": 8, "swap": 0, "ram": 16384, "OS-FLV-EXT-DATA:ephemeral": 0, "disk": 160, "rxtx_factor": 1.0, "os-flavor-access:is_public": true}} {{(pid=93211) _process_stack /opt/stack/nova/nova/api/openstack/wsgi.py:511}}
Sep 14 10:50:48.352041 dv-cinder-804757-8-smb devstack@n-api.service[93211]: INFO nova.api.openstack.requestlog [None req-c3ae41aa-40eb-4e70-9a57-1ec89e750e66 admin admin] 10.222.0.38 "POST /compute/v2.1/flavors" status: 200 len: 408 microversion: 2.61 time: 0.083785
Sep 14 10:50:48.352688 dv-cinder-804757-8-smb devstack@n-api.service[93211]: [pid: 93211|app: 0|req: 18/34] 10.222.0.38 () {64 vars in 1283 bytes} [Tue Sep 14 10:50:48 2021] POST /compute/v2.1/flavors => generated 408 bytes in 85 msecs (HTTP/1.1 200) 9 headers in 359 bytes (2 switches on core 0)
Sep 14 10:50:48.366919 dv-cinder-804757-8-smb devstack@n-api.service[93212]: DEBUG nova.api.openstack.wsgi [None req-29148b52-e47d-4ad0-8afd-ad52693c787e admin admin] Action: 'create', calling method: >, body: {"extra_specs": {"hw_rng:allowed": "True"}} {{(pid=93212) _process_stack /opt/stack/nova/nova/api/openstack/wsgi.py:511}}
Sep 14 10:50:48.392349 dv-cinder-804757-8-smb devstack@n-api.service[93212]: INFO nova.api.openstack.requestlog [None req-29148b52-e47d-4ad0-8afd-ad52693c787e admin admin] 10.222.0.38 "POST /compute/v2.1/flavors/5/os-extra_specs" status: 200 len: 43 microversion: 2.61 time: 0.031040
Sep 14 10:50:48.393507 dv-cinder-804757-8-smb devstack@n-api.service[93212]: [pid: 93212|app: 0|req: 17/35] 10.222.0.38 () {64 vars in 1333 bytes} [Tue Sep 14 10:50:48 2021] POST /compute/v2.1/flavors/5/os-extra_specs => generated 43 bytes in 33 msecs (HTTP/1.1 200) 9 headers in 358 bytes (1 switches on core 0)
Sep 14 10:51:27.116392 dv-cinder-804757-8-smb devstack@n-api.service[93211]: DEBUG nova.api.openstack.wsgi [None req-c3ae41aa-40eb-4e70-9a57-1ec89e750e66 admin admin] Calling method '>' {{(pid=93211) _process_stack /opt/stack/nova/nova/api/openstack/wsgi.py:513}}
Sep 14 10:51:27.117386 dv-cinder-804757-8-smb devstack@n-api.service[93211]: INFO nova.api.openstack.requestlog [None req-c3ae41aa-40eb-4e70-9a57-1ec89e750e66 admin admin] 10.222.0.38 "GET /compute/v2.1" status: 200 len: 388 microversion: 2.1 time: 0.001407
Sep 14 10:51:27.117790 dv-cinder-804757-8-smb devstack@n-api.service[93211]: [pid: 93211|app: 0|req: 19/36] 10.222.0.38 () {54 vars in 931 bytes} [Tue Sep 14 10:51:27 2021] GET /compute/v2.1 => generated 388 bytes in 2 msecs (HTTP/1.1 200) 9 headers in 357 bytes (1 switches on core 0)
Sep 14 10:51:27.174891 dv-cinder-804757-8-smb devstack@n-api.service[93212]: DEBUG nova.api.openstack.wsgi [None req-83cf4d17-e409-42cf-b9e0-903efd571a4d admin admin] Calling method '>' {{(pid=93212) _process_stack /opt/stack/nova/nova/api/openstack/wsgi.py:513}}
Sep 14 10:51:27.191281 dv-cinder-804757-8-smb devstack@n-api.service[93212]: INFO nova.api.openstack.requestlog [None req-83cf4d17-e409-42cf-b9e0-903efd571a4d admin admin] 10.222.0.38 "GET /compute/v2.1/flavors/detail?is_public=True" status: 200 len: 4202 microversion: 2.61 time: 0.067131
Sep 14 10:51:27.191810 dv-cinder-804757-8-smb devstack@n-api.service[93212]: [pid: 93212|app: 0|req: 18/37] 10.222.0.38 () {60 vars in 1292 bytes} [Tue Sep 14 10:51:27 2021] GET /compute/v2.1/flavors/detail?is_public=True => generated 4202 bytes in 68 msecs (HTTP/1.1 200) 9 headers in 360 bytes (1 switches on core 0)
Sep 14 10:51:28.613136 dv-cinder-804757-8-smb devstack@n-api.service[93211]: DEBUG nova.api.openstack.wsgi [None req-c3ae41aa-40eb-4e70-9a57-1ec89e750e66 admin admin] Calling method '>' {{(pid=93211) _process_stack /opt/stack/nova/nova/api/openstack/wsgi.py:513}}
Sep 14 10:51:28.614198 dv-cinder-804757-8-smb devstack@n-api.service[93211]: INFO nova.api.openstack.requestlog [None req-c3ae41aa-40eb-4e70-9a57-1ec89e750e66 admin admin] 10.222.0.38 "GET /compute/v2.1" status: 200 len: 388 microversion: 2.1 time: 0.001445
Sep 14 10:51:28.614603 dv-cinder-804757-8-smb devstack@n-api.service[93211]: [pid: 93211|app: 0|req: 20/38] 10.222.0.38 () {56 vars in 1075 bytes} [Tue Sep 14 10:51:28 2021] GET /compute/v2.1 => generated 388 bytes in 2 msecs (HTTP/1.1 200) 9 headers in 357 bytes (1 switches on core 0)
Sep 14 10:51:28.803684 dv-cinder-804757-8-smb devstack@n-api.service[93212]: DEBUG nova.api.openstack.wsgi [None req-08f2426d-0e0f-4d97-b97d-6b8540d5ef0d admin admin] Calling method '>' {{(pid=93212) _process_stack /opt/stack/nova/nova/api/openstack/wsgi.py:513}}
Sep 14 10:51:28.809000 dv-cinder-804757-8-smb devstack@n-api.service[93212]: INFO nova.api.openstack.wsgi [None req-08f2426d-0e0f-4d97-b97d-6b8540d5ef0d admin admin] HTTP exception thrown: Flavor 42 could not be found.
Sep 14 10:51:28.809573 dv-cinder-804757-8-smb devstack@n-api.service[93212]: DEBUG nova.api.openstack.wsgi [None req-08f2426d-0e0f-4d97-b97d-6b8540d5ef0d admin admin] Returning 404 to user: Flavor 42 could not be found. {{(pid=93212) __call__ /opt/stack/nova/nova/api/openstack/wsgi.py:936}}
Sep 14 10:51:28.810413 dv-cinder-804757-8-smb devstack@n-api.service[93212]: INFO nova.api.openstack.requestlog [None req-08f2426d-0e0f-4d97-b97d-6b8540d5ef0d admin admin] 10.222.0.38 "GET /compute/v2.1/flavors/42" status: 404 len: 75 microversion: 2.90 time: 0.058629
Sep 14 10:51:28.810924 dv-cinder-804757-8-smb devstack@n-api.service[93212]: [pid: 93212|app: 0|req: 19/39] 10.222.0.38 () {60 vars in 1191 bytes} [Tue Sep 14 10:51:28 2021] GET /compute/v2.1/flavors/42 => generated 75 bytes in 60 msecs (HTTP/1.1 404) 9 headers in 380 bytes (1 switches on core 0)
Sep 14 10:51:28.820491 dv-cinder-804757-8-smb devstack@n-api.service[93211]: DEBUG nova.api.openstack.wsgi [None req-e3c4a0c2-563b-4d5e-87b0-b32bdfacc95c admin admin] Calling method '>' {{(pid=93211) _process_stack /opt/stack/nova/nova/api/openstack/wsgi.py:513}}
Sep 14 10:51:28.841160 dv-cinder-804757-8-smb devstack@n-api.service[93211]: INFO nova.api.openstack.requestlog [None req-e3c4a0c2-563b-4d5e-87b0-b32bdfacc95c admin admin] 10.222.0.38 "GET /compute/v2.1/flavors?is_public=None" status: 200 len: 2056 microversion: 2.90 time: 0.024167
Sep 14 10:51:28.841687 dv-cinder-804757-8-smb devstack@n-api.service[93211]: [pid: 93211|app: 0|req: 21/40] 10.222.0.38 () {60 vars in 1211 bytes} [Tue Sep 14 10:51:28 2021] GET /compute/v2.1/flavors?is_public=None => generated 2056 bytes in 25 msecs (HTTP/1.1 200) 9 headers in 360 bytes (1 switches on core 0)
Sep 14 10:51:28.851509 dv-cinder-804757-8-smb devstack@n-api.service[93212]: DEBUG nova.api.openstack.wsgi [None req-303bbed4-afad-495e-8a8a-0b6330276dff admin admin] Calling method '>' {{(pid=93212) _process_stack /opt/stack/nova/nova/api/openstack/wsgi.py:513}}
Sep 14 10:51:28.872619 dv-cinder-804757-8-smb devstack@n-api.service[93212]: INFO nova.api.openstack.requestlog [None req-303bbed4-afad-495e-8a8a-0b6330276dff admin admin] 10.222.0.38 "GET /compute/v2.1/flavors?is_public=None" status: 200 len: 2056 microversion: 2.90 time: 0.024516
Sep 14 10:51:28.873161 dv-cinder-804757-8-smb devstack@n-api.service[93212]: [pid: 93212|app: 0|req: 20/41] 10.222.0.38 () {60 vars in 1211 bytes} [Tue Sep 14 10:51:28 2021] GET /compute/v2.1/flavors?is_public=None => generated 2056 bytes in 26 msecs (HTTP/1.1 200) 9 headers in 360 bytes (2 switches on core 0)
Sep 14 10:51:28.882723 dv-cinder-804757-8-smb devstack@n-api.service[93211]: DEBUG nova.api.openstack.wsgi [None req-b72664b0-f1cd-4647-a5b3-ec7d9137a291 admin admin] Calling method '>' {{(pid=93211) _process_stack /opt/stack/nova/nova/api/openstack/wsgi.py:513}}
Sep 14 10:51:28.887977 dv-cinder-804757-8-smb devstack@n-api.service[93211]: INFO nova.api.openstack.wsgi [None req-b72664b0-f1cd-4647-a5b3-ec7d9137a291 admin admin] HTTP exception thrown: Flavor 42 could not be found.
Sep 14 10:51:28.888540 dv-cinder-804757-8-smb devstack@n-api.service[93211]: DEBUG nova.api.openstack.wsgi [None req-b72664b0-f1cd-4647-a5b3-ec7d9137a291 admin admin] Returning 404 to user: Flavor 42 could not be found. {{(pid=93211) __call__ /opt/stack/nova/nova/api/openstack/wsgi.py:936}}
Sep 14 10:51:28.889317 dv-cinder-804757-8-smb devstack@n-api.service[93211]: INFO nova.api.openstack.requestlog [None req-b72664b0-f1cd-4647-a5b3-ec7d9137a291 admin admin] 10.222.0.38 "GET /compute/v2.1/flavors/42" status: 404 len: 75 microversion: 2.90 time: 0.010046
Sep 14 10:51:28.889816 dv-cinder-804757-8-smb devstack@n-api.service[93211]: [pid: 93211|app: 0|req: 22/42] 10.222.0.38 () {60 vars in 1191 bytes} [Tue Sep 14 10:51:28 2021] GET /compute/v2.1/flavors/42 => generated 75 bytes in 11 msecs (HTTP/1.1 404) 9 headers in 380 bytes (2 switches on core 0)
Sep 14 10:51:30.231354 dv-cinder-804757-8-smb devstack@n-api.service[93212]: DEBUG nova.api.openstack.wsgi [None req-303bbed4-afad-495e-8a8a-0b6330276dff admin admin] Calling method '>' {{(pid=93212) _process_stack /opt/stack/nova/nova/api/openstack/wsgi.py:513}}
Sep 14 10:51:30.232404 dv-cinder-804757-8-smb devstack@n-api.service[93212]: INFO nova.api.openstack.requestlog [None req-303bbed4-afad-495e-8a8a-0b6330276dff admin admin] 10.222.0.38 "GET /compute/v2.1" status: 200 len: 388 microversion: 2.1 time: 0.001448
Sep 14 10:51:30.232800 dv-cinder-804757-8-smb devstack@n-api.service[93212]: [pid: 93212|app: 0|req: 21/43] 10.222.0.38 () {56 vars in 1075 bytes} [Tue Sep 14 10:51:30 2021] GET /compute/v2.1 => generated 388 bytes in 2 msecs (HTTP/1.1 200) 9 headers in 357 bytes (1 switches on core 0)
Sep 14 10:51:30.421546 dv-cinder-804757-8-smb devstack@n-api.service[93211]: DEBUG nova.api.openstack.wsgi [None req-631a0fc3-8911-4fc2-8d2b-97834e3fa060 admin admin] Calling method '>' {{(pid=93211) _process_stack /opt/stack/nova/nova/api/openstack/wsgi.py:513}}
Sep 14 10:51:30.427241 dv-cinder-804757-8-smb devstack@n-api.service[93211]: INFO nova.api.openstack.wsgi [None req-631a0fc3-8911-4fc2-8d2b-97834e3fa060 admin admin] HTTP exception thrown: Flavor 84 could not be found.
Sep 14 10:51:30.427806 dv-cinder-804757-8-smb devstack@n-api.service[93211]: DEBUG nova.api.openstack.wsgi [None req-631a0fc3-8911-4fc2-8d2b-97834e3fa060 admin admin] Returning 404 to user: Flavor 84 could not be found. {{(pid=93211) __call__ /opt/stack/nova/nova/api/openstack/wsgi.py:936}}
Sep 14 10:51:30.428598 dv-cinder-804757-8-smb devstack@n-api.service[93211]: INFO nova.api.openstack.requestlog [None req-631a0fc3-8911-4fc2-8d2b-97834e3fa060 admin admin] 10.222.0.38 "GET /compute/v2.1/flavors/84" status: 404 len: 75 microversion: 2.90 time: 0.058114
Sep 14 10:51:30.429109 dv-cinder-804757-8-smb devstack@n-api.service[93211]: [pid: 93211|app: 0|req: 23/44] 10.222.0.38 () {60 vars in 1191 bytes} [Tue Sep 14 10:51:30 2021] GET /compute/v2.1/flavors/84 => generated 75 bytes in 59 msecs (HTTP/1.1 404) 9 headers in 380 bytes (1 switches on core 0)
Sep 14 10:51:30.439284 dv-cinder-804757-8-smb devstack@n-api.service[93212]: DEBUG nova.api.openstack.wsgi [None req-d03e9491-9a5a-479b-bfc0-2b5c2face7e8 admin admin] Calling method '>' {{(pid=93212) _process_stack /opt/stack/nova/nova/api/openstack/wsgi.py:513}}
Sep 14 10:51:30.453760 dv-cinder-804757-8-smb devstack@n-api.service[93212]: INFO nova.api.openstack.requestlog [None req-d03e9491-9a5a-479b-bfc0-2b5c2face7e8 admin admin] 10.222.0.38 "GET /compute/v2.1/flavors?is_public=None" status: 200 len: 2056 microversion: 2.90 time: 0.017902
Sep 14 10:51:30.454261 dv-cinder-804757-8-smb devstack@n-api.service[93212]: [pid: 93212|app: 0|req: 22/45] 10.222.0.38 () {60 vars in 1211 bytes} [Tue Sep 14 10:51:30 2021] GET /compute/v2.1/flavors?is_public=None => generated 2056 bytes in 19 msecs (HTTP/1.1 200) 9 headers in 360 bytes (1 switches on core 0)
Sep 14 10:51:30.463994 dv-cinder-804757-8-smb devstack@n-api.service[93211]: DEBUG nova.api.openstack.wsgi [None req-c89f1dac-23c2-4c58-9798-6fe837d5f2fa admin admin] Calling method '>' {{(pid=93211) _process_stack /opt/stack/nova/nova/api/openstack/wsgi.py:513}}
Sep 14 10:51:30.477170 dv-cinder-804757-8-smb devstack@n-api.service[93211]: INFO nova.api.openstack.requestlog [None req-c89f1dac-23c2-4c58-9798-6fe837d5f2fa admin admin] 10.222.0.38 "GET /compute/v2.1/flavors?is_public=None" status: 200 len: 2056 microversion: 2.90 time: 0.016581
Sep 14 10:51:30.477686 dv-cinder-804757-8-smb devstack@n-api.service[93211]: [pid: 93211|app: 0|req: 24/46] 10.222.0.38 () {60 vars in 1211 bytes} [Tue Sep 14 10:51:30 2021] GET /compute/v2.1/flavors?is_public=None => generated 2056 bytes in 18 msecs (HTTP/1.1 200) 9 headers in 360 bytes (1 switches on core 0)
Sep 14 10:51:30.487113 dv-cinder-804757-8-smb devstack@n-api.service[93212]: DEBUG nova.api.openstack.wsgi [None req-c572697f-01a9-4ab5-9257-e377bcea4db2 admin admin] Calling method '>' {{(pid=93212) _process_stack /opt/stack/nova/nova/api/openstack/wsgi.py:513}}
Sep 14 10:51:30.492173 dv-cinder-804757-8-smb devstack@n-api.service[93212]: INFO nova.api.openstack.wsgi [None req-c572697f-01a9-4ab5-9257-e377bcea4db2 admin admin] HTTP exception thrown: Flavor 84 could not be found.
Sep 14 10:51:30.492727 dv-cinder-804757-8-smb devstack@n-api.service[93212]: DEBUG nova.api.openstack.wsgi [None req-c572697f-01a9-4ab5-9257-e377bcea4db2 admin admin] Returning 404 to user: Flavor 84 could not be found. {{(pid=93212) __call__ /opt/stack/nova/nova/api/openstack/wsgi.py:936}}
Sep 14 10:51:30.493509 dv-cinder-804757-8-smb devstack@n-api.service[93212]: INFO nova.api.openstack.requestlog [None req-c572697f-01a9-4ab5-9257-e377bcea4db2 admin admin] 10.222.0.38 "GET /compute/v2.1/flavors/84" status: 404 len: 75 microversion: 2.90 time: 0.009899
Sep 14 10:51:30.494032 dv-cinder-804757-8-smb devstack@n-api.service[93212]: [pid: 93212|app: 0|req: 23/47] 10.222.0.38 () {60 vars in 1191 bytes} [Tue Sep 14 10:51:30 2021] GET /compute/v2.1/flavors/84 => generated 75 bytes in 11 msecs (HTTP/1.1 404) 9 headers in 380 bytes (2 switches on core 0)
Sep 14 10:51:31.849639 dv-cinder-804757-8-smb devstack@n-api.service[93211]: DEBUG nova.api.openstack.wsgi [None req-c89f1dac-23c2-4c58-9798-6fe837d5f2fa admin admin] Calling method '>' {{(pid=93211) _process_stack /opt/stack/nova/nova/api/openstack/wsgi.py:513}}
Sep 14 10:51:31.850689 dv-cinder-804757-8-smb devstack@n-api.service[93211]: INFO nova.api.openstack.requestlog [None req-c89f1dac-23c2-4c58-9798-6fe837d5f2fa admin admin] 10.222.0.38 "GET /compute/v2.1" status: 200 len: 388 microversion: 2.1 time: 0.001452
Sep 14 10:51:31.851088 dv-cinder-804757-8-smb devstack@n-api.service[93211]: [pid: 93211|app: 0|req: 25/48] 10.222.0.38 () {56 vars in 1075 bytes} [Tue Sep 14 10:51:31 2021] GET /compute/v2.1 => generated 388 bytes in 2 msecs (HTTP/1.1 200) 9 headers in 357 bytes (1 switches on core 0)
Sep 14 10:51:32.041778 dv-cinder-804757-8-smb devstack@n-api.service[93212]: DEBUG nova.api.openstack.wsgi [None req-d87e7ebd-ef17-4a48-ad3e-ae1d8d6df42f admin admin] Calling method '>' {{(pid=93212) _process_stack /opt/stack/nova/nova/api/openstack/wsgi.py:513}}
Sep 14 10:51:32.047355 dv-cinder-804757-8-smb devstack@n-api.service[93212]: INFO nova.api.openstack.wsgi [None req-d87e7ebd-ef17-4a48-ad3e-ae1d8d6df42f admin admin] HTTP exception thrown: Flavor 451 could not be found.
Sep 14 10:51:32.047912 dv-cinder-804757-8-smb devstack@n-api.service[93212]: DEBUG nova.api.openstack.wsgi [None req-d87e7ebd-ef17-4a48-ad3e-ae1d8d6df42f admin admin] Returning 404 to user: Flavor 451 could not be found. {{(pid=93212) __call__ /opt/stack/nova/nova/api/openstack/wsgi.py:936}}
Sep 14 10:51:32.048695 dv-cinder-804757-8-smb devstack@n-api.service[93212]: INFO nova.api.openstack.requestlog [None req-d87e7ebd-ef17-4a48-ad3e-ae1d8d6df42f admin admin] 10.222.0.38 "GET /compute/v2.1/flavors/451" status: 404 len: 76 microversion: 2.90 time: 0.058296
Sep 14 10:51:32.049190 dv-cinder-804757-8-smb devstack@n-api.service[93212]: [pid: 93212|app: 0|req: 24/49] 10.222.0.38 () {60 vars in 1194 bytes} [Tue Sep 14 10:51:31 2021] GET /compute/v2.1/flavors/451 => generated 76 bytes in 59 msecs (HTTP/1.1 404) 9 headers in 380 bytes (1 switches on core 0)
Sep 14 10:51:32.059552 dv-cinder-804757-8-smb devstack@n-api.service[93211]: DEBUG nova.api.openstack.wsgi [None req-cf4ec031-17a4-4199-9f64-55b6cd8c8a8e admin admin] Calling method '>' {{(pid=93211) _process_stack /opt/stack/nova/nova/api/openstack/wsgi.py:513}}
Sep 14 10:51:32.072849 dv-cinder-804757-8-smb devstack@n-api.service[93211]: INFO nova.api.openstack.requestlog [None req-cf4ec031-17a4-4199-9f64-55b6cd8c8a8e admin admin] 10.222.0.38 "GET /compute/v2.1/flavors?is_public=None" status: 200 len: 2056 microversion: 2.90 time: 0.017343
Sep 14 10:51:32.073397 dv-cinder-804757-8-smb devstack@n-api.service[93211]: [pid: 93211|app: 0|req: 26/50] 10.222.0.38 () {60 vars in 1211 bytes} [Tue Sep 14 10:51:32 2021] GET /compute/v2.1/flavors?is_public=None => generated 2056 bytes in 18 msecs (HTTP/1.1 200) 9 headers in 360 bytes (1 switches on core 0)
Sep 14 10:51:32.083608 dv-cinder-804757-8-smb devstack@n-api.service[93212]: DEBUG nova.api.openstack.wsgi [None req-9c60c75c-8b16-4f6a-a2ae-a1108bdfad4c admin admin] Calling method '>' {{(pid=93212) _process_stack /opt/stack/nova/nova/api/openstack/wsgi.py:513}}
Sep 14 10:51:32.097077 dv-cinder-804757-8-smb devstack@n-api.service[93212]: INFO nova.api.openstack.requestlog [None req-9c60c75c-8b16-4f6a-a2ae-a1108bdfad4c admin admin] 10.222.0.38 "GET /compute/v2.1/flavors?is_public=None" status: 200 len: 2056 microversion: 2.90 time: 0.016779
Sep 14 10:51:32.097588 dv-cinder-804757-8-smb devstack@n-api.service[93212]: [pid: 93212|app: 0|req: 25/51] 10.222.0.38 () {60 vars in 1211 bytes} [Tue Sep 14 10:51:32 2021] GET /compute/v2.1/flavors?is_public=None => generated 2056 bytes in 18 msecs (HTTP/1.1 200) 9 headers in 360 bytes (1 switches on core 0)
Sep 14 10:51:32.107654 dv-cinder-804757-8-smb devstack@n-api.service[93211]: DEBUG nova.api.openstack.wsgi [None req-db022cf1-0630-4a73-b7c9-8dd3c06b2ad2 admin admin] Calling method '>' {{(pid=93211) _process_stack /opt/stack/nova/nova/api/openstack/wsgi.py:513}}
Sep 14 10:51:32.112608 dv-cinder-804757-8-smb devstack@n-api.service[93211]: INFO nova.api.openstack.wsgi [None req-db022cf1-0630-4a73-b7c9-8dd3c06b2ad2 admin admin] HTTP exception thrown: Flavor 451 could not be found.
Sep 14 10:51:32.113160 dv-cinder-804757-8-smb devstack@n-api.service[93211]: DEBUG nova.api.openstack.wsgi [None req-db022cf1-0630-4a73-b7c9-8dd3c06b2ad2 admin admin] Returning 404 to user: Flavor 451 could not be found. {{(pid=93211) __call__ /opt/stack/nova/nova/api/openstack/wsgi.py:936}}
Sep 14 10:51:32.113963 dv-cinder-804757-8-smb devstack@n-api.service[93211]: INFO nova.api.openstack.requestlog [None req-db022cf1-0630-4a73-b7c9-8dd3c06b2ad2 admin admin] 10.222.0.38 "GET /compute/v2.1/flavors/451" status: 404 len: 76 microversion: 2.90 time: 0.010358
Sep 14 10:51:32.114442 dv-cinder-804757-8-smb devstack@n-api.service[93211]: [pid: 93211|app: 0|req: 27/52] 10.222.0.38 () {60 vars in 1194 bytes} [Tue Sep 14 10:51:32 2021] GET /compute/v2.1/flavors/451 => generated 76 bytes in 11 msecs (HTTP/1.1 404) 9 headers in 380 bytes (1 switches on core 0)
Sep 14 10:51:33.478711 dv-cinder-804757-8-smb devstack@n-api.service[93212]: DEBUG nova.api.openstack.wsgi [None req-9c60c75c-8b16-4f6a-a2ae-a1108bdfad4c admin admin] Calling method '>' {{(pid=93212) _process_stack /opt/stack/nova/nova/api/openstack/wsgi.py:513}}
Sep 14 10:51:33.479776 dv-cinder-804757-8-smb devstack@n-api.service[93212]: INFO nova.api.openstack.requestlog [None req-9c60c75c-8b16-4f6a-a2ae-a1108bdfad4c admin admin] 10.222.0.38 "GET /compute/v2.1" status: 200 len: 388 microversion: 2.1 time: 0.001496
Sep 14 10:51:33.480165 dv-cinder-804757-8-smb devstack@n-api.service[93212]: [pid: 93212|app: 0|req: 26/53] 10.222.0.38 () {56 vars in 1075 bytes} [Tue Sep 14 10:51:33 2021] GET /compute/v2.1 => generated 388 bytes in 2 msecs (HTTP/1.1 200) 9 headers in 357 bytes (1 switches on core 0)
Sep 14 10:51:33.671891 dv-cinder-804757-8-smb devstack@n-api.service[93211]: DEBUG nova.api.openstack.wsgi [None req-28976024-ad66-4530-8d2d-bd54a076552a admin admin] Action: 'create', calling method: >, body: {"flavor": {"name": "m1.nano", "ram": 256, "vcpus": 1, "disk": 1, "id": "42", "swap": 0, "OS-FLV-EXT-DATA:ephemeral": 0, "rxtx_factor": 1.0, "os-flavor-access:is_public": true}} {{(pid=93211) _process_stack /opt/stack/nova/nova/api/openstack/wsgi.py:511}}
Sep 14 10:51:33.691051 dv-cinder-804757-8-smb devstack@n-api.service[93211]: INFO nova.api.openstack.requestlog [None req-28976024-ad66-4530-8d2d-bd54a076552a admin admin] 10.222.0.38 "POST /compute/v2.1/flavors" status: 200 len: 404 microversion: 2.90 time: 0.070952
Sep 14 10:51:33.691526 dv-cinder-804757-8-smb devstack@n-api.service[93211]: [pid: 93211|app: 0|req: 28/54] 10.222.0.38 () {64 vars in 1236 bytes} [Tue Sep 14 10:51:33 2021] POST /compute/v2.1/flavors => generated 404 bytes in 72 msecs (HTTP/1.1 200) 9 headers in 359 bytes (1 switches on core 0)
Sep 14 10:51:35.042702 dv-cinder-804757-8-smb devstack@n-api.service[93212]: DEBUG nova.api.openstack.wsgi [None req-9c60c75c-8b16-4f6a-a2ae-a1108bdfad4c admin admin] Calling method '>' {{(pid=93212) _process_stack /opt/stack/nova/nova/api/openstack/wsgi.py:513}}
