Aug 29 11:37:23.795181 dv-cinder-804757-4-iscsi neutron-server[94514]: DEBUG neutron.pecan_wsgi.hooks.policy_enforcement [req-7b5d8f58-4107-4f79-9759-e9f286c78201 req-2e7b771d-d0da-4a5c-9524-298faaddf8ac tempest-ServerRescueNegativeTestJSON-1622770985 tempest-ServerRescueNegativeTestJSON-1622770985-project] Attributes excluded by policy engine: ['standard_attr_id', 'binding:profile', 'binding:host_id', 'binding:vif_type', 'binding:vif_details'] {{(pid=94514) _exclude_attributes_by_policy /opt/stack/neutron/neutron/pecan_wsgi/hooks/policy_enforcement.py:255}}
Aug 29 11:37:23.800701 dv-cinder-804757-4-iscsi neutron-server[94515]: DEBUG neutron_lib.callbacks.manager [None req-65d77252-074f-4417-944e-be9cc2940d98 admin admin] Notify callbacks [] for security_group, before_delete {{(pid=94515) _notify_loop /usr/local/lib/python3.8/dist-packages/neutron_lib/callbacks/manager.py:192}}
Aug 29 11:37:23.800842 dv-cinder-804757-4-iscsi neutron-server[94514]: INFO neutron.wsgi [req-7b5d8f58-4107-4f79-9759-e9f286c78201 req-2e7b771d-d0da-4a5c-9524-298faaddf8ac tempest-ServerRescueNegativeTestJSON-1622770985 tempest-ServerRescueNegativeTestJSON-1622770985-project] 10.222.0.43 "GET /v2.0/ports?device_id=8301158c-c638-4c0e-bc2e-91abf36c7e79 HTTP/1.1" status: 200 len: 944 time: 0.1130869
Aug 29 11:37:23.823601 dv-cinder-804757-4-iscsi neutron-server[94516]: DEBUG neutron.db.provisioning_blocks [None req-7a9a9607-c4b4-4338-beaf-4412082113a4 None None] Provisioning for port 43575a05-341e-43b8-81af-1a143dd9fe37 completed by entity L2. {{(pid=94516) provisioning_complete /opt/stack/neutron/neutron/db/provisioning_blocks.py:133}}
Aug 29 11:37:23.823601 dv-cinder-804757-4-iscsi neutron-server[94516]: DEBUG neutron.db.provisioning_blocks [None req-7a9a9607-c4b4-4338-beaf-4412082113a4 None None] Provisioning complete for port 43575a05-341e-43b8-81af-1a143dd9fe37 triggered by entity L2. {{(pid=94516) provisioning_complete /opt/stack/neutron/neutron/db/provisioning_blocks.py:139}}
Aug 29 11:37:23.823851 dv-cinder-804757-4-iscsi neutron-server[94516]: DEBUG neutron_lib.callbacks.manager [None req-7a9a9607-c4b4-4338-beaf-4412082113a4 None None] Notify callbacks ['neutron.plugins.ml2.plugin.Ml2Plugin._port_provisioned-744659'] for port, provisioning_complete {{(pid=94516) _notify_loop /usr/local/lib/python3.8/dist-packages/neutron_lib/callbacks/manager.py:192}}
Aug 29 11:37:23.837789 dv-cinder-804757-4-iscsi neutron-server[94515]: DEBUG neutron_lib.callbacks.manager [None req-65d77252-074f-4417-944e-be9cc2940d98 admin admin] Notify callbacks [] for security_group, precommit_delete {{(pid=94515) _notify_loop /usr/local/lib/python3.8/dist-packages/neutron_lib/callbacks/manager.py:192}}
Aug 29 11:37:23.839723 dv-cinder-804757-4-iscsi neutron-server[94514]: INFO neutron.wsgi [req-7b5d8f58-4107-4f79-9759-e9f286c78201 req-1b71b949-ae85-48ed-b17a-09938f176be5 tempest-ServerRescueNegativeTestJSON-1622770985 tempest-ServerRescueNegativeTestJSON-1622770985-project] 10.222.0.43 "GET /v2.0/security-groups?id=e39cc531-cfac-4b44-b7b6-3a400e016a2a&fields=id&fields=name HTTP/1.1" status: 200 len: 286 time: 0.0356669
Aug 29 11:37:23.865554 dv-cinder-804757-4-iscsi neutron-server[94514]: DEBUG neutron_lib.callbacks.manager [None req-8eb1a44c-c73c-43cb-8452-02b490bc6c6c admin admin] Notify callbacks ['neutron.plugins.ml2.ovo_rpc._ObjectChangeHandler.handle_event-369397'] for security_group, after_delete {{(pid=94514) _notify_loop /usr/local/lib/python3.8/dist-packages/neutron_lib/callbacks/manager.py:192}}
Aug 29 11:37:23.869020 dv-cinder-804757-4-iscsi neutron-server[94514]: DEBUG neutron_lib.callbacks.manager [None req-8eb1a44c-c73c-43cb-8452-02b490bc6c6c admin admin] Notify callbacks [] for security_group, before_response {{(pid=94514) _notify_loop /usr/local/lib/python3.8/dist-packages/neutron_lib/callbacks/manager.py:192}}
Aug 29 11:37:23.872328 dv-cinder-804757-4-iscsi neutron-server[94514]: INFO neutron.wsgi [None req-8eb1a44c-c73c-43cb-8452-02b490bc6c6c admin admin] 10.222.0.43 "DELETE /v2.0/security-groups/3591a60a-79bd-45ac-b872-49a04b3b7ae5 HTTP/1.1" status: 204 len: 168 time: 0.4585948
Aug 29 11:37:23.882493 dv-cinder-804757-4-iscsi neutron-server[94514]: DEBUG neutron.pecan_wsgi.hooks.quota_enforcement [None req-a12a6d42-eda8-48d5-9250-89de4915c669 admin admin] Made reservation on behalf of ab8368e4d5474c78abeca4e47520b344 for: {'subnet': 1} {{(pid=94514) before /opt/stack/neutron/neutron/pecan_wsgi/hooks/quota_enforcement.py:53}}
Aug 29 11:37:23.882493 dv-cinder-804757-4-iscsi neutron-server[94514]: DEBUG neutron_lib.callbacks.manager [None req-a12a6d42-eda8-48d5-9250-89de4915c669 admin admin] Notify callbacks [] for subnet, before_create {{(pid=94514) _notify_loop /usr/local/lib/python3.8/dist-packages/neutron_lib/callbacks/manager.py:192}}
Aug 29 11:37:23.897814 dv-cinder-804757-4-iscsi neutron-server[94514]: DEBUG neutron.api.rpc.handlers.resources_rpc [None req-8eb1a44c-c73c-43cb-8452-02b490bc6c6c admin admin] Pushing event deleted for resources: {'SecurityGroup': ['ID=3591a60a-79bd-45ac-b872-49a04b3b7ae5,revision_number=None']} {{(pid=94514) push /opt/stack/neutron/neutron/api/rpc/handlers/resources_rpc.py:237}}
Aug 29 11:37:23.920298 dv-cinder-804757-4-iscsi neutron-server[94515]: DEBUG neutron.pecan_wsgi.hooks.policy_enforcement [req-d85c0e30-7bb7-4fb5-b8c1-91bf31a34766 req-1c1bf5af-aa8a-436c-920b-69ac5368ea02 tempest-DeleteServersTestJSON-4889463 tempest-DeleteServersTestJSON-4889463-project] Attributes excluded by policy engine: ['standard_attr_id', 'binding:profile', 'binding:host_id', 'binding:vif_type', 'binding:vif_details'] {{(pid=94515) _exclude_attributes_by_policy /opt/stack/neutron/neutron/pecan_wsgi/hooks/policy_enforcement.py:255}}
Aug 29 11:37:23.927781 dv-cinder-804757-4-iscsi neutron-server[94515]: INFO neutron.wsgi [req-d85c0e30-7bb7-4fb5-b8c1-91bf31a34766 req-1c1bf5af-aa8a-436c-920b-69ac5368ea02 tempest-DeleteServersTestJSON-4889463 tempest-DeleteServersTestJSON-4889463-project] 10.222.0.43 "GET /v2.0/ports?device_id=ce4bf2da-2cb6-42ee-a20b-06ede01bbd88 HTTP/1.1" status: 200 len: 945 time: 0.0823307
Aug 29 11:37:23.932816 dv-cinder-804757-4-iscsi neutron-server[94516]: DEBUG neutron_lib.callbacks.manager [None req-7a9a9607-c4b4-4338-beaf-4412082113a4 None None] Notify callbacks ['neutron.plugins.ml2.plugin.SecurityGroupDbMixin._ensure_default_security_group_handler-656474'] for port, before_update {{(pid=94516) _notify_loop /usr/local/lib/python3.8/dist-packages/neutron_lib/callbacks/manager.py:192}}
Aug 29 11:37:23.969155 dv-cinder-804757-4-iscsi neutron-server[94515]: INFO neutron.wsgi [req-d85c0e30-7bb7-4fb5-b8c1-91bf31a34766 req-a17bf296-094f-4dcc-ae98-6c131665b57d tempest-DeleteServersTestJSON-4889463 tempest-DeleteServersTestJSON-4889463-project] 10.222.0.43 "GET /v2.0/security-groups?id=ea21a8db-b5ca-4c28-ab90-c27d891dc590&fields=id&fields=name HTTP/1.1" status: 200 len: 286 time: 0.0404661
Aug 29 11:37:23.978694 dv-cinder-804757-4-iscsi neutron-server[94516]: DEBUG neutron.plugins.ml2.db [None req-7a9a9607-c4b4-4338-beaf-4412082113a4 None None] For port 43575a05-341e-43b8-81af-1a143dd9fe37, host hv-cinder-80475, got binding levels [PortBindingLevel(driver='hyperv',host='hv-cinder-80475',level=0,port_id=43575a05-341e-43b8-81af-1a143dd9fe37,segment=NetworkSegment(97452f6d-0021-4814-bade-76529feb71ce),segment_id=97452f6d-0021-4814-bade-76529feb71ce)] {{(pid=94516) get_binding_level_objs /opt/stack/neutron/neutron/plugins/ml2/db.py:74}}
Aug 29 11:37:24.019602 dv-cinder-804757-4-iscsi neutron-server[94515]: DEBUG neutron_lib.callbacks.manager [None req-65d77252-074f-4417-944e-be9cc2940d98 admin admin] Notify callbacks ['neutron.plugins.ml2.ovo_rpc._ObjectChangeHandler.handle_event-369397'] for security_group, after_delete {{(pid=94515) _notify_loop /usr/local/lib/python3.8/dist-packages/neutron_lib/callbacks/manager.py:192}}
Aug 29 11:37:24.022225 dv-cinder-804757-4-iscsi neutron-server[94515]: DEBUG neutron_lib.callbacks.manager [None req-65d77252-074f-4417-944e-be9cc2940d98 admin admin] Notify callbacks [] for security_group, before_response {{(pid=94515) _notify_loop /usr/local/lib/python3.8/dist-packages/neutron_lib/callbacks/manager.py:192}}
Aug 29 11:37:24.023363 dv-cinder-804757-4-iscsi neutron-server[94515]: INFO neutron.wsgi [None req-65d77252-074f-4417-944e-be9cc2940d98 admin admin] 10.222.0.43 "DELETE /v2.0/security-groups/6ec9f46f-c9b5-45e5-971d-a72490f1bb1d HTTP/1.1" status: 204 len: 168 time: 0.3002069
Aug 29 11:37:24.032036 dv-cinder-804757-4-iscsi neutron-server[94515]: DEBUG neutron.api.rpc.handlers.resources_rpc [None req-65d77252-074f-4417-944e-be9cc2940d98 admin admin] Pushing event deleted for resources: {'SecurityGroup': ['ID=6ec9f46f-c9b5-45e5-971d-a72490f1bb1d,revision_number=None']} {{(pid=94515) push /opt/stack/neutron/neutron/api/rpc/handlers/resources_rpc.py:237}}
Aug 29 11:37:24.077483 dv-cinder-804757-4-iscsi neutron-server[94516]: DEBUG neutron_lib.callbacks.manager [None req-7a9a9607-c4b4-4338-beaf-4412082113a4 None None] Notify callbacks ['neutron.plugins.ml2.plugin.SecurityGroupServerNotifierRpcMixin._notify_sg_on_port_change-656405', 'neutron.plugins.ml2.ovo_rpc._ObjectChangeHandler.handle_event-2044864', 'neutron.api.rpc.agentnotifiers.dhcp_rpc_agent_api.DhcpAgentNotifyAPI._native_event_send_dhcp_notification-1620861', 'neutron.db.l3_db.L3RpcNotifierMixin._notify_gateway_port_ip_changed-8761516375601', 'neutron.db.l3_dvrscheduler_db._notify_l3_agent_port_update-8761515823144', 'neutron.db.l3_hascheduler_db._notify_l3_agent_ha_port_update-8761515823162'] for port, after_update {{(pid=94516) _notify_loop /usr/local/lib/python3.8/dist-packages/neutron_lib/callbacks/manager.py:192}}
Aug 29 11:37:24.132906 dv-cinder-804757-4-iscsi neutron-server[94516]: DEBUG neutron.api.rpc.handlers.resources_rpc [None req-7a9a9607-c4b4-4338-beaf-4412082113a4 None None] Pushing event updated for resources: {'Port': ['ID=43575a05-341e-43b8-81af-1a143dd9fe37,revision_number=5']} {{(pid=94516) push /opt/stack/neutron/neutron/api/rpc/handlers/resources_rpc.py:237}}
Aug 29 11:37:24.215424 dv-cinder-804757-4-iscsi neutron-server[94514]: DEBUG neutron.pecan_wsgi.hooks.policy_enforcement [req-863214c8-1811-4ade-b8a5-8a3e9a32a07a req-9770c8ac-595f-4d89-8b6e-ab3360f57e76 service neutron] Attributes excluded by policy engine: ['standard_attr_id'] {{(pid=94514) _exclude_attributes_by_policy /opt/stack/neutron/neutron/pecan_wsgi/hooks/policy_enforcement.py:255}}
Aug 29 11:37:24.216970 dv-cinder-804757-4-iscsi neutron-server[94514]: INFO neutron.wsgi [req-863214c8-1811-4ade-b8a5-8a3e9a32a07a req-9770c8ac-595f-4d89-8b6e-ab3360f57e76 service neutron] 10.222.0.42 "GET /v2.0/ports?device_id=ce4bf2da-2cb6-42ee-a20b-06ede01bbd88 HTTP/1.1" status: 200 len: 1098 time: 0.0956502
Aug 29 11:37:24.240351 dv-cinder-804757-4-iscsi neutron-server[94514]: DEBUG neutron_lib.callbacks.manager [None req-a12a6d42-eda8-48d5-9250-89de4915c669 admin admin] Notify callbacks ['neutron.plugins.ml2.ovo_rpc._ObjectChangeHandler.handle_event-374401', 'neutron.api.rpc.agentnotifiers.dhcp_rpc_agent_api.DhcpAgentNotifyAPI._native_event_send_dhcp_notification-1620861'] for subnet, after_create {{(pid=94514) _notify_loop /usr/local/lib/python3.8/dist-packages/neutron_lib/callbacks/manager.py:192}}
Aug 29 11:37:24.257151 dv-cinder-804757-4-iscsi neutron-server[94514]: DEBUG neutron.pecan_wsgi.hooks.policy_enforcement [req-7e988a33-8994-4b25-b96f-3aa70cd56fa3 req-e7e1dd59-712d-469d-a7bb-da2270401110 tempest-AttachVolumeNegativeTest-1049680873 tempest-AttachVolumeNegativeTest-1049680873-project] Attributes excluded by policy engine: ['standard_attr_id', 'binding:profile', 'binding:host_id', 'binding:vif_type', 'binding:vif_details'] {{(pid=94514) _exclude_attributes_by_policy /opt/stack/neutron/neutron/pecan_wsgi/hooks/policy_enforcement.py:255}}
Aug 29 11:37:24.258827 dv-cinder-804757-4-iscsi neutron-server[94514]: INFO neutron.wsgi [req-7e988a33-8994-4b25-b96f-3aa70cd56fa3 req-e7e1dd59-712d-469d-a7bb-da2270401110 tempest-AttachVolumeNegativeTest-1049680873 tempest-AttachVolumeNegativeTest-1049680873-project] 10.222.0.43 "GET /v2.0/ports?device_id=24ecca81-52a5-450d-87ec-540975645dc2 HTTP/1.1" status: 200 len: 945 time: 0.0800569
Aug 29 11:37:24.260012 dv-cinder-804757-4-iscsi neutron-server[94514]: DEBUG neutron_lib.callbacks.manager [req-863214c8-1811-4ade-b8a5-8a3e9a32a07a req-1eb95e1b-8839-4f6c-9842-4ce2d2abc4e9 service neutron] Notify callbacks [] for security_group, before_create {{(pid=94514) _notify_loop /usr/local/lib/python3.8/dist-packages/neutron_lib/callbacks/manager.py:192}}
Aug 29 11:37:24.282604 dv-cinder-804757-4-iscsi neutron-server[94516]: DEBUG neutron_lib.callbacks.manager [None req-d4172daa-f7aa-483b-85d5-482506a1ea99 None None] Notify callbacks ['neutron.services.segments.db._update_segment_host_mapping_for_agent-8761516351196', 'neutron.plugins.ml2.plugin.Ml2Plugin._retry_binding_revived_agents-744544'] for agent, after_update {{(pid=94516) _notify_loop /usr/local/lib/python3.8/dist-packages/neutron_lib/callbacks/manager.py:192}}
Aug 29 11:37:24.343415 dv-cinder-804757-4-iscsi neutron-server[94514]: DEBUG neutron.api.rpc.handlers.resources_rpc [None req-a12a6d42-eda8-48d5-9250-89de4915c669 admin admin] Pushing event updated for resources: {'Subnet': ['ID=caa7f93f-1c8f-4e96-a0b5-3de6d06a66f8,revision_number=0']} {{(pid=94514) push /opt/stack/neutron/neutron/api/rpc/handlers/resources_rpc.py:237}}
Aug 29 11:37:24.384886 dv-cinder-804757-4-iscsi neutron-server[94514]: INFO neutron.wsgi [req-7e988a33-8994-4b25-b96f-3aa70cd56fa3 req-be53c8de-74d6-4f88-a627-5c957503f6ef tempest-AttachVolumeNegativeTest-1049680873 tempest-AttachVolumeNegativeTest-1049680873-project] 10.222.0.43 "GET /v2.0/security-groups?id=f1964f33-788d-493e-a3cd-9d2e4930d6bf&fields=id&fields=name HTTP/1.1" status: 200 len: 286 time: 0.1030397
Aug 29 11:37:24.400126 dv-cinder-804757-4-iscsi neutron-server[94514]: DEBUG neutron.plugins.ml2.drivers.mech_agent [None req-a12a6d42-eda8-48d5-9250-89de4915c669 admin admin] Checking segment: {'id': 'eba8efd3-eb1f-4071-a631-06fca40ccd27', 'network_type': 'vlan', 'physical_network': 'physnet1', 'segmentation_id': 690, 'network_id': '61cefb7b-c3d3-4caf-a84e-71c1d0748eeb'} for mappings: {'physnet1': 'br-data'} with network types: ['local', 'flat', 'vlan'] {{(pid=94514) check_segment_for_agent /opt/stack/neutron/neutron/plugins/ml2/drivers/mech_agent.py:352}}
Aug 29 11:37:24.400493 dv-cinder-804757-4-iscsi neutron-server[94514]: DEBUG neutron.scheduler.dhcp_agent_scheduler [None req-a12a6d42-eda8-48d5-9250-89de4915c669 admin admin] Network hostable DHCP agents. Network: 61cefb7b-c3d3-4caf-a84e-71c1d0748eeb, hostable agents: ['bb4386e8-d66a-4b19-904b-1f4013db9906'], hosted agents: [] {{(pid=94514) _get_network_hostable_dhcp_agents /opt/stack/neutron/neutron/scheduler/dhcp_agent_scheduler.py:329}}
Aug 29 11:37:24.464030 dv-cinder-804757-4-iscsi neutron-server[94514]: DEBUG neutron_lib.callbacks.manager [req-863214c8-1811-4ade-b8a5-8a3e9a32a07a req-1eb95e1b-8839-4f6c-9842-4ce2d2abc4e9 service neutron] Notify callbacks [] for security_group, precommit_create {{(pid=94514) _notify_loop /usr/local/lib/python3.8/dist-packages/neutron_lib/callbacks/manager.py:192}}
Aug 29 11:37:24.489308 dv-cinder-804757-4-iscsi neutron-server[94514]: DEBUG neutron.scheduler.dhcp_agent_scheduler [None req-a12a6d42-eda8-48d5-9250-89de4915c669 admin admin] Network 61cefb7b-c3d3-4caf-a84e-71c1d0748eeb is scheduled to be hosted by DHCP agent bb4386e8-d66a-4b19-904b-1f4013db9906 with binding_index 1 {{(pid=94514) bind /opt/stack/neutron/neutron/scheduler/dhcp_agent_scheduler.py:227}}
Aug 29 11:37:24.592824 dv-cinder-804757-4-iscsi neutron-server[94515]: DEBUG neutron.pecan_wsgi.hooks.policy_enforcement [req-6ae69f4b-455d-4f8f-9563-1f2efa335319 req-6b111684-df44-4a6a-b110-8593988bafc2 tempest-AttachVolumeTestJSON-1468405575 tempest-AttachVolumeTestJSON-1468405575-project] Attributes excluded by policy engine: ['standard_attr_id', 'binding:profile', 'binding:host_id', 'binding:vif_type', 'binding:vif_details'] {{(pid=94515) _exclude_attributes_by_policy /opt/stack/neutron/neutron/pecan_wsgi/hooks/policy_enforcement.py:255}}
Aug 29 11:37:24.594231 dv-cinder-804757-4-iscsi neutron-server[94515]: INFO neutron.wsgi [req-6ae69f4b-455d-4f8f-9563-1f2efa335319 req-6b111684-df44-4a6a-b110-8593988bafc2 tempest-AttachVolumeTestJSON-1468405575 tempest-AttachVolumeTestJSON-1468405575-project] 10.222.0.43 "GET /v2.0/ports?device_id=bf4abdd9-e91b-4ac5-8e15-43d72599161c HTTP/1.1" status: 200 len: 944 time: 0.0485265
Aug 29 11:37:24.601467 dv-cinder-804757-4-iscsi neutron-server[94514]: DEBUG neutron_lib.callbacks.manager [req-863214c8-1811-4ade-b8a5-8a3e9a32a07a req-1eb95e1b-8839-4f6c-9842-4ce2d2abc4e9 service neutron] Notify callbacks ['neutron.plugins.ml2.ovo_rpc._ObjectChangeHandler.handle_event-369397'] for security_group, after_create {{(pid=94514) _notify_loop /usr/local/lib/python3.8/dist-packages/neutron_lib/callbacks/manager.py:192}}
Aug 29 11:37:24.630183 dv-cinder-804757-4-iscsi neutron-server[94514]: DEBUG neutron.scheduler.base_scheduler [None req-a12a6d42-eda8-48d5-9250-89de4915c669 admin admin] Resources bound (agent type, host, resource id): (DHCP agent, dv-cinder-804757-4-iscsi, 61cefb7b-c3d3-4caf-a84e-71c1d0748eeb) {{(pid=94514) schedule /opt/stack/neutron/neutron/scheduler/base_scheduler.py:57}}
Aug 29 11:37:24.633240 dv-cinder-804757-4-iscsi neutron-server[94515]: INFO neutron.wsgi [req-6ae69f4b-455d-4f8f-9563-1f2efa335319 req-d8d05525-7acc-4505-8aa2-8d66f0612f6e tempest-AttachVolumeTestJSON-1468405575 tempest-AttachVolumeTestJSON-1468405575-project] 10.222.0.43 "GET /v2.0/security-groups?id=ff428bca-df3a-4399-9a88-33cc74cce7e2&fields=id&fields=name HTTP/1.1" status: 200 len: 313 time: 0.0329907
Aug 29 11:37:24.641845 dv-cinder-804757-4-iscsi neutron-server[94516]: DEBUG neutron.api.rpc.handlers.dhcp_rpc [None req-b2aaef3c-0f08-41b0-bcb1-7c5018876808 None None] Network 61cefb7b-c3d3-4caf-a84e-71c1d0748eeb requested from dv-cinder-804757-4-iscsi {{(pid=94516) get_network_info /opt/stack/neutron/neutron/api/rpc/handlers/dhcp_rpc.py:218}}
Aug 29 11:37:24.642503 dv-cinder-804757-4-iscsi neutron-server[94514]: INFO neutron.wsgi [req-863214c8-1811-4ade-b8a5-8a3e9a32a07a req-1eb95e1b-8839-4f6c-9842-4ce2d2abc4e9 service neutron] 10.222.0.42 "GET /v2.0/security-groups?id=ea21a8db-b5ca-4c28-ab90-c27d891dc590&fields=id&fields=name HTTP/1.1" status: 200 len: 286 time: 0.4175959
Aug 29 11:37:24.643967 dv-cinder-804757-4-iscsi neutron-server[94514]: DEBUG neutron.pecan_wsgi.hooks.policy_enforcement [None req-a12a6d42-eda8-48d5-9250-89de4915c669 admin admin] Attributes excluded by policy engine: ['standard_attr_id', 'shared', 'network'] {{(pid=94514) _exclude_attributes_by_policy /opt/stack/neutron/neutron/pecan_wsgi/hooks/policy_enforcement.py:255}}
Aug 29 11:37:24.644572 dv-cinder-804757-4-iscsi neutron-server[94514]: DEBUG neutron_lib.callbacks.manager [None req-a12a6d42-eda8-48d5-9250-89de4915c669 admin admin] Notify callbacks ['neutron.api.rpc.agentnotifiers.dhcp_rpc_agent_api.DhcpAgentNotifyAPI._send_dhcp_notification-1620879'] for subnet, before_response {{(pid=94514) _notify_loop /usr/local/lib/python3.8/dist-packages/neutron_lib/callbacks/manager.py:192}}
Aug 29 11:37:24.664155 dv-cinder-804757-4-iscsi neutron-server[94514]: DEBUG neutron.api.rpc.handlers.resources_rpc [None req-1eb95e1b-8839-4f6c-9842-4ce2d2abc4e9 service neutron] Pushing event updated for resources: {'SecurityGroup': ['ID=c1959f82-71df-4541-b184-6ea07ec78abf,revision_number=1']} {{(pid=94514) push /opt/stack/neutron/neutron/api/rpc/handlers/resources_rpc.py:237}}
Aug 29 11:37:24.775605 dv-cinder-804757-4-iscsi neutron-server[94514]: INFO neutron.wsgi [None req-a12a6d42-eda8-48d5-9250-89de4915c669 admin admin] 10.222.0.43 "POST /v2.0/subnets HTTP/1.1" status: 201 len: 861 time: 1.3404539
Aug 29 11:37:24.785832 dv-cinder-804757-4-iscsi neutron-server[94516]: DEBUG neutron.api.rpc.handlers.dhcp_rpc [None req-c7ed862c-53e9-43dd-a800-7384082efb6e None None] Network 61cefb7b-c3d3-4caf-a84e-71c1d0748eeb requested from dv-cinder-804757-4-iscsi {{(pid=94516) get_network_info /opt/stack/neutron/neutron/api/rpc/handlers/dhcp_rpc.py:218}}
Aug 29 11:37:24.798174 dv-cinder-804757-4-iscsi neutron-server[94514]: DEBUG neutron.wsgi [-] (94514) accepted ('10.222.0.43', 51278) {{(pid=94514) server /usr/local/lib/python3.8/dist-packages/eventlet/wsgi.py:982}}
Aug 29 11:37:24.812903 dv-cinder-804757-4-iscsi neutron-server[94514]: DEBUG neutron_lib.callbacks.manager [None req-77b1c561-329c-44cb-9eac-bc08b8113f54 admin admin] Notify callbacks [] for security_group, before_create {{(pid=94514) _notify_loop /usr/local/lib/python3.8/dist-packages/neutron_lib/callbacks/manager.py:192}}
Aug 29 11:37:24.908017 dv-cinder-804757-4-iscsi neutron-server[94514]: DEBUG neutron.wsgi [-] (94514) accepted ('10.222.0.43', 51284) {{(pid=94514) server /usr/local/lib/python3.8/dist-packages/eventlet/wsgi.py:982}}
Aug 29 11:37:24.928055 dv-cinder-804757-4-iscsi neutron-server[94514]: DEBUG neutron_lib.callbacks.manager [None req-6df92b8d-a481-46b1-af9e-3cb369fe3eae admin admin] Notify callbacks [] for security_group, before_create {{(pid=94514) _notify_loop /usr/local/lib/python3.8/dist-packages/neutron_lib/callbacks/manager.py:192}}
Aug 29 11:37:24.931285 dv-cinder-804757-4-iscsi neutron-server[94515]: DEBUG neutron.wsgi [-] (94515) accepted ('10.222.0.43', 51286) {{(pid=94515) server /usr/local/lib/python3.8/dist-packages/eventlet/wsgi.py:982}}
Aug 29 11:37:24.976530 dv-cinder-804757-4-iscsi neutron-server[94515]: DEBUG neutron.db.db_base_plugin_v2 [None req-29caa2e9-953c-446e-8822-c5e4ac3bf4c3 admin admin] Deleting subnet 7fd67bbd-f09f-40d8-9ec2-ada8fed6008a {{(pid=94515) delete_subnet /opt/stack/neutron/neutron/db/db_base_plugin_v2.py:1056}}
Aug 29 11:37:24.980411 dv-cinder-804757-4-iscsi neutron-server[94515]: DEBUG neutron_lib.callbacks.manager [None req-29caa2e9-953c-446e-8822-c5e4ac3bf4c3 admin admin] Notify callbacks [] for subnet, before_delete {{(pid=94515) _notify_loop /usr/local/lib/python3.8/dist-packages/neutron_lib/callbacks/manager.py:192}}
Aug 29 11:37:24.992779 dv-cinder-804757-4-iscsi neutron-server[94514]: DEBUG neutron_lib.callbacks.manager [None req-77b1c561-329c-44cb-9eac-bc08b8113f54 admin admin] Notify callbacks [] for security_group, precommit_create {{(pid=94514) _notify_loop /usr/local/lib/python3.8/dist-packages/neutron_lib/callbacks/manager.py:192}}
Aug 29 11:37:25.009708 dv-cinder-804757-4-iscsi neutron-server[94514]: DEBUG neutron.pecan_wsgi.hooks.policy_enforcement [req-24a30b33-0146-4c1b-9024-f3fe7b7af279 req-8f4faee0-1efb-4f7e-9fd5-a62e4d9aa7b2 tempest-ServerRescueNegativeTestJSON-1622770985 tempest-ServerRescueNegativeTestJSON-1622770985-project] Attributes excluded by policy engine: ['standard_attr_id', 'binding:profile', 'binding:host_id', 'binding:vif_type', 'binding:vif_details'] {{(pid=94514) _exclude_attributes_by_policy /opt/stack/neutron/neutron/pecan_wsgi/hooks/policy_enforcement.py:255}}
Aug 29 11:37:25.011208 dv-cinder-804757-4-iscsi neutron-server[94514]: INFO neutron.wsgi [req-24a30b33-0146-4c1b-9024-f3fe7b7af279 req-8f4faee0-1efb-4f7e-9fd5-a62e4d9aa7b2 tempest-ServerRescueNegativeTestJSON-1622770985 tempest-ServerRescueNegativeTestJSON-1622770985-project] 10.222.0.43 "GET /v2.0/ports?device_id=8301158c-c638-4c0e-bc2e-91abf36c7e79 HTTP/1.1" status: 200 len: 944 time: 0.0725281
Aug 29 11:37:25.022806 dv-cinder-804757-4-iscsi neutron-server[94515]: DEBUG neutron_lib.callbacks.manager [None req-29caa2e9-953c-446e-8822-c5e4ac3bf4c3 admin admin] Notify callbacks [] for subnet, precommit_delete_associations {{(pid=94515) _notify_loop /usr/local/lib/python3.8/dist-packages/neutron_lib/callbacks/manager.py:192}}
Aug 29 11:37:25.033190 dv-cinder-804757-4-iscsi neutron-server[94515]: DEBUG neutron_lib.callbacks.manager [None req-29caa2e9-953c-446e-8822-c5e4ac3bf4c3 admin admin] Notify callbacks ['neutron.plugins.ml2.plugin.Ml2Plugin._subnet_delete_precommit_handler-672161'] for subnet, precommit_delete {{(pid=94515) _notify_loop /usr/local/lib/python3.8/dist-packages/neutron_lib/callbacks/manager.py:192}}
Aug 29 11:37:25.055576 dv-cinder-804757-4-iscsi neutron-server[94514]: INFO neutron.wsgi [req-24a30b33-0146-4c1b-9024-f3fe7b7af279 req-4f966cd4-9a84-42fe-b0ea-ca9862abef4f tempest-ServerRescueNegativeTestJSON-1622770985 tempest-ServerRescueNegativeTestJSON-1622770985-project] 10.222.0.43 "GET /v2.0/security-groups?id=e39cc531-cfac-4b44-b7b6-3a400e016a2a&fields=id&fields=name HTTP/1.1" status: 200 len: 286 time: 0.0370951
Aug 29 11:37:25.078620 dv-cinder-804757-4-iscsi neutron-server[94514]: DEBUG neutron_lib.callbacks.manager [None req-77b1c561-329c-44cb-9eac-bc08b8113f54 admin admin] Notify callbacks ['neutron.plugins.ml2.ovo_rpc._ObjectChangeHandler.handle_event-369397'] for security_group, after_create {{(pid=94514) _notify_loop /usr/local/lib/python3.8/dist-packages/neutron_lib/callbacks/manager.py:192}}
Aug 29 11:37:25.121019 dv-cinder-804757-4-iscsi neutron-server[94515]: DEBUG neutron.pecan_wsgi.hooks.policy_enforcement [req-54f7ba63-7746-49b0-8ce6-250f79b194f1 req-566398d5-6fd9-4fcf-943c-89ff0d8014bd tempest-DeleteServersTestJSON-4889463 tempest-DeleteServersTestJSON-4889463-project] Attributes excluded by policy engine: ['standard_attr_id', 'binding:profile', 'binding:host_id', 'binding:vif_type', 'binding:vif_details'] {{(pid=94515) _exclude_attributes_by_policy /opt/stack/neutron/neutron/pecan_wsgi/hooks/policy_enforcement.py:255}}
Aug 29 11:37:25.122433 dv-cinder-804757-4-iscsi neutron-server[94515]: INFO neutron.wsgi [req-54f7ba63-7746-49b0-8ce6-250f79b194f1 req-566398d5-6fd9-4fcf-943c-89ff0d8014bd tempest-DeleteServersTestJSON-4889463 tempest-DeleteServersTestJSON-4889463-project] 10.222.0.43 "GET /v2.0/ports?device_id=ce4bf2da-2cb6-42ee-a20b-06ede01bbd88 HTTP/1.1" status: 200 len: 945 time: 0.0686188
Aug 29 11:37:25.130252 dv-cinder-804757-4-iscsi neutron-server[94514]: INFO neutron.wsgi [None req-77b1c561-329c-44cb-9eac-bc08b8113f54 admin admin] 10.222.0.43 "GET /v2.0/security-groups?tenant_id=76b0f5369818490da35310fdb3944344&name=default HTTP/1.1" status: 200 len: 2979 time: 0.3309560
Aug 29 11:37:25.135358 dv-cinder-804757-4-iscsi neutron-server[94515]: DEBUG neutron.wsgi [-] (94515) accepted ('10.222.0.43', 51290) {{(pid=94515) server /usr/local/lib/python3.8/dist-packages/eventlet/wsgi.py:982}}
Aug 29 11:37:25.137782 dv-cinder-804757-4-iscsi neutron-server[94514]: DEBUG neutron.api.rpc.handlers.resources_rpc [None req-77b1c561-329c-44cb-9eac-bc08b8113f54 admin admin] Pushing event updated for resources: {'SecurityGroup': ['ID=63d0ceac-c863-4e1c-a0fe-8aee17f8ec67,revision_number=1']} {{(pid=94514) push /opt/stack/neutron/neutron/api/rpc/handlers/resources_rpc.py:237}}
Aug 29 11:37:25.143717 dv-cinder-804757-4-iscsi neutron-server[94516]: DEBUG neutron.plugins.ml2.rpc [None req-7a9a9607-c4b4-4338-beaf-4412082113a4 None None] Device fe64c2a7-dcab-4692-aa7e-b0b9fb47b9cb details requested by agent hyperv_hv-cinder-80475 with host hv-cinder-80475 {{(pid=94516) get_device_details /opt/stack/neutron/neutron/plugins/ml2/rpc.py:102}}
Aug 29 11:37:25.185435 dv-cinder-804757-4-iscsi neutron-server[94515]: INFO neutron.wsgi [req-54f7ba63-7746-49b0-8ce6-250f79b194f1 req-0b22b48e-dd74-4c8c-8778-1f6242188dc2 tempest-DeleteServersTestJSON-4889463 tempest-DeleteServersTestJSON-4889463-project] 10.222.0.43 "GET /v2.0/security-groups?id=ea21a8db-b5ca-4c28-ab90-c27d891dc590&fields=id&fields=name HTTP/1.1" status: 200 len: 286 time: 0.0564668
Aug 29 11:37:25.193723 dv-cinder-804757-4-iscsi neutron-server[94514]: DEBUG neutron_lib.callbacks.manager [None req-6df92b8d-a481-46b1-af9e-3cb369fe3eae admin admin] Notify callbacks [] for security_group, precommit_create {{(pid=94514) _notify_loop /usr/local/lib/python3.8/dist-packages/neutron_lib/callbacks/manager.py:192}}
Aug 29 11:37:25.215119 dv-cinder-804757-4-iscsi neutron-server[94515]: DEBUG neutron_lib.callbacks.manager [None req-29caa2e9-953c-446e-8822-c5e4ac3bf4c3 admin admin] Notify callbacks ['neutron.plugins.ml2.plugin.Ml2Plugin._subnet_delete_after_delete_handler-672174', 'neutron.plugins.ml2.ovo_rpc._ObjectChangeHandler.handle_event-374401', 'neutron.api.rpc.agentnotifiers.dhcp_rpc_agent_api.DhcpAgentNotifyAPI._native_event_send_dhcp_notification-1620861'] for subnet, after_delete {{(pid=94515) _notify_loop /usr/local/lib/python3.8/dist-packages/neutron_lib/callbacks/manager.py:192}}
Aug 29 11:37:25.217074 dv-cinder-804757-4-iscsi neutron-server[94515]: DEBUG neutron_lib.callbacks.manager [None req-1302b179-ff30-450a-981c-c76b66a6031e admin admin] Notify callbacks [] for security_group, before_delete {{(pid=94515) _notify_loop /usr/local/lib/python3.8/dist-packages/neutron_lib/callbacks/manager.py:192}}
Aug 29 11:37:25.253649 dv-cinder-804757-4-iscsi neutron-server[94515]: DEBUG neutron.api.rpc.handlers.resources_rpc [None req-29caa2e9-953c-446e-8822-c5e4ac3bf4c3 admin admin] Pushing event deleted for resources: {'Subnet': ['ID=7fd67bbd-f09f-40d8-9ec2-ada8fed6008a,revision_number=None']} {{(pid=94515) push /opt/stack/neutron/neutron/api/rpc/handlers/resources_rpc.py:237}}
Aug 29 11:37:25.253957 dv-cinder-804757-4-iscsi neutron-server[94516]: DEBUG neutron.plugins.ml2.db [None req-7a9a9607-c4b4-4338-beaf-4412082113a4 None None] For port fe64c2a7-dcab-4692-aa7e-b0b9fb47b9cb, host hv-cinder-80475, got binding levels [PortBindingLevel(driver='hyperv',host='hv-cinder-80475',level=0,port_id=fe64c2a7-dcab-4692-aa7e-b0b9fb47b9cb,segment=NetworkSegment(5b811ce0-56f8-4b8a-b2c6-1401eb5ac33e),segment_id=5b811ce0-56f8-4b8a-b2c6-1401eb5ac33e)] {{(pid=94516) get_binding_level_objs /opt/stack/neutron/neutron/plugins/ml2/db.py:74}}
Aug 29 11:37:25.264326 dv-cinder-804757-4-iscsi neutron-server[94515]: DEBUG neutron_lib.callbacks.manager [None req-29caa2e9-953c-446e-8822-c5e4ac3bf4c3 admin admin] Notify callbacks ['neutron.api.rpc.agentnotifiers.dhcp_rpc_agent_api.DhcpAgentNotifyAPI._send_dhcp_notification-1620879'] for subnet, before_response {{(pid=94515) _notify_loop /usr/local/lib/python3.8/dist-packages/neutron_lib/callbacks/manager.py:192}}
Aug 29 11:37:25.265884 dv-cinder-804757-4-iscsi neutron-server[94515]: INFO neutron.wsgi [None req-29caa2e9-953c-446e-8822-c5e4ac3bf4c3 admin admin] 10.222.0.43 "DELETE /v2.0/subnets/7fd67bbd-f09f-40d8-9ec2-ada8fed6008a HTTP/1.1" status: 204 len: 168 time: 0.3335614
Aug 29 11:37:25.268805 dv-cinder-804757-4-iscsi neutron-server[94514]: DEBUG neutron.wsgi [-] (94514) accepted ('10.222.0.43', 51292) {{(pid=94514) server /usr/local/lib/python3.8/dist-packages/eventlet/wsgi.py:982}}
Aug 29 11:37:25.270523 dv-cinder-804757-4-iscsi neutron-server[94515]: DEBUG neutron_lib.callbacks.manager [None req-1302b179-ff30-450a-981c-c76b66a6031e admin admin] Notify callbacks [] for security_group, precommit_delete {{(pid=94515) _notify_loop /usr/local/lib/python3.8/dist-packages/neutron_lib/callbacks/manager.py:192}}
Aug 29 11:37:25.275795 dv-cinder-804757-4-iscsi neutron-server[94516]: DEBUG neutron.plugins.ml2.rpc [None req-7a9a9607-c4b4-4338-beaf-4412082113a4 None None] Returning: {'device': 'fe64c2a7-dcab-4692-aa7e-b0b9fb47b9cb', 'network_id': 'f9bf374a-c889-42c0-8e4e-e26fd64f7fac', 'port_id': 'fe64c2a7-dcab-4692-aa7e-b0b9fb47b9cb', 'mac_address': 'fa:16:3e:61:c7:d6', 'admin_state_up': True, 'network_type': 'vlan', 'segmentation_id': 693, 'physical_network': 'physnet1', 'mtu': 1500, 'fixed_ips': [{'subnet_id': '0df4819b-d869-4129-9417-8e7443cca6c4', 'ip_address': '172.20.0.4'}], 'device_owner': 'compute:nova', 'allowed_address_pairs': [], 'port_security_enabled': True, 'qos_policy_id': None, 'network_qos_policy_id': None, 'profile': {}, 'propagate_uplink_status': False} {{(pid=94516) _get_device_details /opt/stack/neutron/neutron/plugins/ml2/rpc.py:184}}
Aug 29 11:37:25.309518 dv-cinder-804757-4-iscsi neutron-server[94514]: DEBUG neutron_lib.callbacks.manager [None req-6df92b8d-a481-46b1-af9e-3cb369fe3eae admin admin] Notify callbacks ['neutron.plugins.ml2.ovo_rpc._ObjectChangeHandler.handle_event-369397'] for security_group, after_create {{(pid=94514) _notify_loop /usr/local/lib/python3.8/dist-packages/neutron_lib/callbacks/manager.py:192}}
Aug 29 11:37:25.319519 dv-cinder-804757-4-iscsi neutron-server[94516]: DEBUG neutron_lib.callbacks.manager [None req-7a9a9607-c4b4-4338-beaf-4412082113a4 None None] Notify callbacks ['neutron.plugins.ml2.plugin.SecurityGroupDbMixin._ensure_default_security_group_handler-656474'] for port, before_update {{(pid=94516) _notify_loop /usr/local/lib/python3.8/dist-packages/neutron_lib/callbacks/manager.py:192}}
Aug 29 11:37:25.333288 dv-cinder-804757-4-iscsi neutron-server[94516]: DEBUG neutron.notifiers.nova [None req-7a9a9607-c4b4-4338-beaf-4412082113a4 None None] Ignoring state change previous_port_status: DOWN current_port_status: BUILD port_id fe64c2a7-dcab-4692-aa7e-b0b9fb47b9cb {{(pid=94516) record_port_status_changed /opt/stack/neutron/neutron/notifiers/nova.py:224}}
Aug 29 11:37:25.354286 dv-cinder-804757-4-iscsi neutron-server[94516]: DEBUG neutron.plugins.ml2.db [None req-7a9a9607-c4b4-4338-beaf-4412082113a4 None None] For port fe64c2a7-dcab-4692-aa7e-b0b9fb47b9cb, host hv-cinder-80475, got binding levels [PortBindingLevel(driver='hyperv',host='hv-cinder-80475',level=0,port_id=fe64c2a7-dcab-4692-aa7e-b0b9fb47b9cb,segment=NetworkSegment(5b811ce0-56f8-4b8a-b2c6-1401eb5ac33e),segment_id=5b811ce0-56f8-4b8a-b2c6-1401eb5ac33e)] {{(pid=94516) get_binding_level_objs /opt/stack/neutron/neutron/plugins/ml2/db.py:74}}
Aug 29 11:37:25.365618 dv-cinder-804757-4-iscsi neutron-server[94514]: INFO neutron.wsgi [None req-6df92b8d-a481-46b1-af9e-3cb369fe3eae admin admin] 10.222.0.43 "GET /v2.0/security-groups?tenant_id=397387475df24da8bd2fda6a5525ac84&name=default HTTP/1.1" status: 200 len: 2979 time: 0.4562330
Aug 29 11:37:25.368580 dv-cinder-804757-4-iscsi neutron-server[94515]: DEBUG neutron.wsgi [-] (94515) accepted ('10.222.0.43', 51294) {{(pid=94515) server /usr/local/lib/python3.8/dist-packages/eventlet/wsgi.py:982}}
Aug 29 11:37:25.371192 dv-cinder-804757-4-iscsi neutron-server[94514]: DEBUG neutron.api.rpc.handlers.resources_rpc [None req-6df92b8d-a481-46b1-af9e-3cb369fe3eae admin admin] Pushing event updated for resources: {'SecurityGroup': ['ID=33139ad4-bb0a-499a-a53a-00417ea2982f,revision_number=1']} {{(pid=94514) push /opt/stack/neutron/neutron/api/rpc/handlers/resources_rpc.py:237}}
Aug 29 11:37:25.380195 dv-cinder-804757-4-iscsi neutron-server[94514]: DEBUG neutron_lib.callbacks.manager [None req-490558e3-71f9-4897-a1b4-95cec5dc2767 admin admin] Notify callbacks ['neutron.plugins.ml2.plugin.External_net_db_mixin._before_network_delete_handler-773681'] for network, before_delete {{(pid=94514) _notify_loop /usr/local/lib/python3.8/dist-packages/neutron_lib/callbacks/manager.py:192}}
Aug 29 11:37:25.398739 dv-cinder-804757-4-iscsi neutron-server[94515]: DEBUG neutron_lib.callbacks.manager [None req-1302b179-ff30-450a-981c-c76b66a6031e admin admin] Notify callbacks ['neutron.plugins.ml2.ovo_rpc._ObjectChangeHandler.handle_event-369397'] for security_group, after_delete {{(pid=94515) _notify_loop /usr/local/lib/python3.8/dist-packages/neutron_lib/callbacks/manager.py:192}}
Aug 29 11:37:25.401721 dv-cinder-804757-4-iscsi neutron-server[94515]: DEBUG neutron_lib.callbacks.manager [None req-1302b179-ff30-450a-981c-c76b66a6031e admin admin] Notify callbacks [] for security_group, before_response {{(pid=94515) _notify_loop /usr/local/lib/python3.8/dist-packages/neutron_lib/callbacks/manager.py:192}}
Aug 29 11:37:25.402830 dv-cinder-804757-4-iscsi neutron-server[94515]: INFO neutron.wsgi [None req-1302b179-ff30-450a-981c-c76b66a6031e admin admin] 10.222.0.43 "DELETE /v2.0/security-groups/63d0ceac-c863-4e1c-a0fe-8aee17f8ec67 HTTP/1.1" status: 204 len: 168 time: 0.2666085
Aug 29 11:37:25.432165 dv-cinder-804757-4-iscsi neutron-server[94516]: DEBUG neutron_lib.callbacks.manager [None req-7a9a9607-c4b4-4338-beaf-4412082113a4 None None] Notify callbacks ['neutron.plugins.ml2.plugin.SecurityGroupServerNotifierRpcMixin._notify_sg_on_port_change-656405', 'neutron.plugins.ml2.ovo_rpc._ObjectChangeHandler.handle_event-2044864', 'neutron.api.rpc.agentnotifiers.dhcp_rpc_agent_api.DhcpAgentNotifyAPI._native_event_send_dhcp_notification-1620861', 'neutron.db.l3_db.L3RpcNotifierMixin._notify_gateway_port_ip_changed-8761516375601', 'neutron.db.l3_dvrscheduler_db._notify_l3_agent_port_update-8761515823144', 'neutron.db.l3_hascheduler_db._notify_l3_agent_ha_port_update-8761515823162'] for port, after_update {{(pid=94516) _notify_loop /usr/local/lib/python3.8/dist-packages/neutron_lib/callbacks/manager.py:192}}
Aug 29 11:37:25.433133 dv-cinder-804757-4-iscsi neutron-server[94516]: DEBUG neutron.plugins.ml2.rpc [None req-7a9a9607-c4b4-4338-beaf-4412082113a4 None None] Device 793d8eb0-94e4-4121-8fe3-3f3d88002e6c details requested by agent hyperv_hv-cinder-80475 with host hv-cinder-80475 {{(pid=94516) get_device_details /opt/stack/neutron/neutron/plugins/ml2/rpc.py:102}}
Aug 29 11:37:25.439682 dv-cinder-804757-4-iscsi neutron-server[94515]: DEBUG neutron.api.rpc.handlers.resources_rpc [None req-1302b179-ff30-450a-981c-c76b66a6031e admin admin] Pushing event deleted for resources: {'SecurityGroup': ['ID=63d0ceac-c863-4e1c-a0fe-8aee17f8ec67,revision_number=None']} {{(pid=94515) push /opt/stack/neutron/neutron/api/rpc/handlers/resources_rpc.py:237}}
Aug 29 11:37:25.467973 dv-cinder-804757-4-iscsi neutron-server[94515]: DEBUG neutron_lib.callbacks.manager [None req-42358991-82c4-4105-b224-b1e3cf8490c0 admin admin] Notify callbacks [] for security_group, before_delete {{(pid=94515) _notify_loop /usr/local/lib/python3.8/dist-packages/neutron_lib/callbacks/manager.py:192}}
Aug 29 11:37:25.479779 dv-cinder-804757-4-iscsi neutron-server[94514]: DEBUG neutron_lib.callbacks.manager [None req-490558e3-71f9-4897-a1b4-95cec5dc2767 admin admin] Notify callbacks ['neutron.plugins.ml2.plugin.Ml2Plugin._network_delete_precommit_handler-741722', 'neutron.services.segments.db._delete_segments_for_network-8761516351214'] for network, precommit_delete {{(pid=94514) _notify_loop /usr/local/lib/python3.8/dist-packages/neutron_lib/callbacks/manager.py:192}}
Aug 29 11:37:25.499565 dv-cinder-804757-4-iscsi neutron-server[94515]: DEBUG neutron_lib.callbacks.manager [None req-42358991-82c4-4105-b224-b1e3cf8490c0 admin admin] Notify callbacks [] for security_group, precommit_delete {{(pid=94515) _notify_loop /usr/local/lib/python3.8/dist-packages/neutron_lib/callbacks/manager.py:192}}
Aug 29 11:37:25.512161 dv-cinder-804757-4-iscsi neutron-server[94514]: DEBUG neutron_lib.callbacks.manager [None req-490558e3-71f9-4897-a1b4-95cec5dc2767 admin admin] Subscribe: > segment before_delete 55550000 {{(pid=94514) subscribe /usr/local/lib/python3.8/dist-packages/neutron_lib/callbacks/manager.py:45}}
Aug 29 11:37:25.512505 dv-cinder-804757-4-iscsi neutron-server[94514]: DEBUG neutron_lib.callbacks.manager [None req-490558e3-71f9-4897-a1b4-95cec5dc2767 admin admin] Subscribe: > subnet precommit_delete_associations 55550000 {{(pid=94514) subscribe /usr/local/lib/python3.8/dist-packages/neutron_lib/callbacks/manager.py:45}}
Aug 29 11:37:25.513284 dv-cinder-804757-4-iscsi neutron-server[94514]: DEBUG neutron_lib.callbacks.manager [None req-490558e3-71f9-4897-a1b4-95cec5dc2767 admin admin] Subscribe: > segment_host_mapping after_create 55550000 {{(pid=94514) subscribe /usr/local/lib/python3.8/dist-packages/neutron_lib/callbacks/manager.py:45}}
Aug 29 11:37:25.513691 dv-cinder-804757-4-iscsi neutron-server[94514]: DEBUG neutron_lib.callbacks.manager [None req-490558e3-71f9-4897-a1b4-95cec5dc2767 admin admin] Subscribe: > port after_create 55550000 {{(pid=94514) subscribe /usr/local/lib/python3.8/dist-packages/neutron_lib/callbacks/manager.py:45}}
Aug 29 11:37:25.513902 dv-cinder-804757-4-iscsi neutron-server[94514]: DEBUG neutron_lib.callbacks.manager [None req-490558e3-71f9-4897-a1b4-95cec5dc2767 admin admin] Subscribe: > port after_delete 55550000 {{(pid=94514) subscribe /usr/local/lib/python3.8/dist-packages/neutron_lib/callbacks/manager.py:45}}
Aug 29 11:37:25.514233 dv-cinder-804757-4-iscsi neutron-server[94514]: DEBUG neutron_lib.callbacks.manager [None req-490558e3-71f9-4897-a1b4-95cec5dc2767 admin admin] Subscribe: > port after_update 55550000 {{(pid=94514) subscribe /usr/local/lib/python3.8/dist-packages/neutron_lib/callbacks/manager.py:45}}
Aug 29 11:37:25.514545 dv-cinder-804757-4-iscsi neutron-server[94514]: DEBUG neutron_lib.callbacks.manager [None req-490558e3-71f9-4897-a1b4-95cec5dc2767 admin admin] Subscribe: > segment after_delete 55550000 {{(pid=94514) subscribe /usr/local/lib/python3.8/dist-packages/neutron_lib/callbacks/manager.py:45}}
Aug 29 11:37:25.514853 dv-cinder-804757-4-iscsi neutron-server[94514]: DEBUG neutron_lib.callbacks.manager [None req-490558e3-71f9-4897-a1b4-95cec5dc2767 admin admin] Subscribe: > subnet after_create 55550000 {{(pid=94514) subscribe /usr/local/lib/python3.8/dist-packages/neutron_lib/callbacks/manager.py:45}}
Aug 29 11:37:25.515160 dv-cinder-804757-4-iscsi neutron-server[94514]: DEBUG neutron_lib.callbacks.manager [None req-490558e3-71f9-4897-a1b4-95cec5dc2767 admin admin] Subscribe: > subnet after_delete 55550000 {{(pid=94514) subscribe /usr/local/lib/python3.8/dist-packages/neutron_lib/callbacks/manager.py:45}}
Aug 29 11:37:25.515543 dv-cinder-804757-4-iscsi neutron-server[94514]: DEBUG neutron_lib.callbacks.manager [None req-490558e3-71f9-4897-a1b4-95cec5dc2767 admin admin] Subscribe: > subnet after_update 55550000 {{(pid=94514) subscribe /usr/local/lib/python3.8/dist-packages/neutron_lib/callbacks/manager.py:45}}
Aug 29 11:37:25.537318 dv-cinder-804757-4-iscsi neutron-server[94516]: DEBUG neutron.api.rpc.handlers.resources_rpc [None req-7a9a9607-c4b4-4338-beaf-4412082113a4 None None] Pushing event updated for resources: {'Port': ['ID=fe64c2a7-dcab-4692-aa7e-b0b9fb47b9cb,revision_number=4']} {{(pid=94516) push /opt/stack/neutron/neutron/api/rpc/handlers/resources_rpc.py:237}}
Aug 29 11:37:25.542755 dv-cinder-804757-4-iscsi neutron-server[94516]: DEBUG neutron.plugins.ml2.db [None req-7a9a9607-c4b4-4338-beaf-4412082113a4 None None] For port 793d8eb0-94e4-4121-8fe3-3f3d88002e6c, host hv-cinder-80475, got binding levels [PortBindingLevel(driver='hyperv',host='hv-cinder-80475',level=0,port_id=793d8eb0-94e4-4121-8fe3-3f3d88002e6c,segment=NetworkSegment(5b811ce0-56f8-4b8a-b2c6-1401eb5ac33e),segment_id=5b811ce0-56f8-4b8a-b2c6-1401eb5ac33e)] {{(pid=94516) get_binding_level_objs /opt/stack/neutron/neutron/plugins/ml2/db.py:74}}
Aug 29 11:37:25.555287 dv-cinder-804757-4-iscsi neutron-server[94516]: DEBUG neutron.plugins.ml2.rpc [None req-7a9a9607-c4b4-4338-beaf-4412082113a4 None None] Returning: {'device': '793d8eb0-94e4-4121-8fe3-3f3d88002e6c', 'network_id': 'f9bf374a-c889-42c0-8e4e-e26fd64f7fac', 'port_id': '793d8eb0-94e4-4121-8fe3-3f3d88002e6c', 'mac_address': 'fa:16:3e:2e:e2:8b', 'admin_state_up': True, 'network_type': 'vlan', 'segmentation_id': 693, 'physical_network': 'physnet1', 'mtu': 1500, 'fixed_ips': [{'subnet_id': '0df4819b-d869-4129-9417-8e7443cca6c4', 'ip_address': '172.20.0.11'}], 'device_owner': 'compute:nova', 'allowed_address_pairs': [], 'port_security_enabled': True, 'qos_policy_id': None, 'network_qos_policy_id': None, 'profile': {}, 'propagate_uplink_status': False} {{(pid=94516) _get_device_details /opt/stack/neutron/neutron/plugins/ml2/rpc.py:184}}
Aug 29 11:37:25.642791 dv-cinder-804757-4-iscsi neutron-server[94515]: DEBUG neutron_lib.callbacks.manager [None req-42358991-82c4-4105-b224-b1e3cf8490c0 admin admin] Notify callbacks ['neutron.plugins.ml2.ovo_rpc._ObjectChangeHandler.handle_event-369397'] for security_group, after_delete {{(pid=94515) _notify_loop /usr/local/lib/python3.8/dist-packages/neutron_lib/callbacks/manager.py:192}}
Aug 29 11:37:25.645992 dv-cinder-804757-4-iscsi neutron-server[94515]: DEBUG neutron_lib.callbacks.manager [None req-42358991-82c4-4105-b224-b1e3cf8490c0 admin admin] Notify callbacks [] for security_group, before_response {{(pid=94515) _notify_loop /usr/local/lib/python3.8/dist-packages/neutron_lib/callbacks/manager.py:192}}
Aug 29 11:37:25.647417 dv-cinder-804757-4-iscsi neutron-server[94515]: INFO neutron.wsgi [None req-42358991-82c4-4105-b224-b1e3cf8490c0 admin admin] 10.222.0.43 "DELETE /v2.0/security-groups/33139ad4-bb0a-499a-a53a-00417ea2982f HTTP/1.1" status: 204 len: 168 time: 0.2776253
Aug 29 11:37:25.660391 dv-cinder-804757-4-iscsi neutron-server[94515]: DEBUG neutron.api.rpc.handlers.resources_rpc [None req-42358991-82c4-4105-b224-b1e3cf8490c0 admin admin] Pushing event deleted for resources: {'SecurityGroup': ['ID=33139ad4-bb0a-499a-a53a-00417ea2982f,revision_number=None']} {{(pid=94515) push /opt/stack/neutron/neutron/api/rpc/handlers/resources_rpc.py:237}}
Aug 29 11:37:25.709533 dv-cinder-804757-4-iscsi neutron-server[94516]: DEBUG neutron_lib.callbacks.manager [None req-7a9a9607-c4b4-4338-beaf-4412082113a4 None None] Notify callbacks ['neutron.plugins.ml2.plugin.SecurityGroupDbMixin._ensure_default_security_group_handler-656474'] for port, before_update {{(pid=94516) _notify_loop /usr/local/lib/python3.8/dist-packages/neutron_lib/callbacks/manager.py:192}}
Aug 29 11:37:25.721560 dv-cinder-804757-4-iscsi neutron-server[94514]: DEBUG neutron_lib.callbacks.manager [None req-490558e3-71f9-4897-a1b4-95cec5dc2767 admin admin] Subscribe: > subnet after_create 55550000 {{(pid=94514) subscribe /usr/local/lib/python3.8/dist-packages/neutron_lib/callbacks/manager.py:45}}
Aug 29 11:37:25.721762 dv-cinder-804757-4-iscsi neutron-server[94514]: DEBUG neutron_lib.callbacks.manager [None req-490558e3-71f9-4897-a1b4-95cec5dc2767 admin admin] Subscribe: > subnet after_delete 55550000 {{(pid=94514) subscribe /usr/local/lib/python3.8/dist-packages/neutron_lib/callbacks/manager.py:45}}
Aug 29 11:37:25.722046 dv-cinder-804757-4-iscsi neutron-server[94514]: DEBUG neutron_lib.callbacks.manager [None req-490558e3-71f9-4897-a1b4-95cec5dc2767 admin admin] Subscribe: > subnet before_create 55550000 {{(pid=94514) subscribe /usr/local/lib/python3.8/dist-packages/neutron_lib/callbacks/manager.py:45}}
Aug 29 11:37:25.722465 dv-cinder-804757-4-iscsi neutron-server[94514]: DEBUG neutron_lib.callbacks.manager [None req-490558e3-71f9-4897-a1b4-95cec5dc2767 admin admin] Subscribe: > subnet before_update 55550000 {{(pid=94514) subscribe /usr/local/lib/python3.8/dist-packages/neutron_lib/callbacks/manager.py:45}}
Aug 29 11:37:25.723503 dv-cinder-804757-4-iscsi neutron-server[94514]: DEBUG neutron.services.segments.db [None req-490558e3-71f9-4897-a1b4-95cec5dc2767 admin admin] neutron.services.segments.plugin.Plugin method get_segments called with arguments (,) {'filters': {'network_id': ['feafb7e2-3097-4b6c-ae65-c5b026117252']}} {{(pid=94514) wrapper /usr/local/lib/python3.8/dist-packages/oslo_log/helpers.py:65}}
Aug 29 11:37:25.726226 dv-cinder-804757-4-iscsi neutron-server[94516]: DEBUG neutron.notifiers.nova [None req-7a9a9607-c4b4-4338-beaf-4412082113a4 None None] Ignoring state change previous_port_status: DOWN current_port_status: BUILD port_id 793d8eb0-94e4-4121-8fe3-3f3d88002e6c {{(pid=94516) record_port_status_changed /opt/stack/neutron/neutron/notifiers/nova.py:224}}
Aug 29 11:37:25.747983 dv-cinder-804757-4-iscsi neutron-server[94516]: DEBUG neutron.plugins.ml2.db [None req-7a9a9607-c4b4-4338-beaf-4412082113a4 None None] For port 793d8eb0-94e4-4121-8fe3-3f3d88002e6c, host hv-cinder-80475, got binding levels [PortBindingLevel(driver='hyperv',host='hv-cinder-80475',level=0,port_id=793d8eb0-94e4-4121-8fe3-3f3d88002e6c,segment=NetworkSegment(5b811ce0-56f8-4b8a-b2c6-1401eb5ac33e),segment_id=5b811ce0-56f8-4b8a-b2c6-1401eb5ac33e)] {{(pid=94516) get_binding_level_objs /opt/stack/neutron/neutron/plugins/ml2/db.py:74}}
Aug 29 11:37:25.750048 dv-cinder-804757-4-iscsi neutron-server[94514]: DEBUG neutron.services.segments.db [None req-490558e3-71f9-4897-a1b4-95cec5dc2767 admin admin] neutron.services.segments.plugin.Plugin method delete_segment called with arguments (, '6d2319a3-aefa-4d58-b0e7-44c533b3648c') {'for_net_delete': True} {{(pid=94514) wrapper /usr/local/lib/python3.8/dist-packages/oslo_log/helpers.py:65}}
Aug 29 11:37:25.750349 dv-cinder-804757-4-iscsi neutron-server[94514]: DEBUG neutron.services.segments.db [None req-490558e3-71f9-4897-a1b4-95cec5dc2767 admin admin] neutron.services.segments.plugin.Plugin method get_segment called with arguments (, '6d2319a3-aefa-4d58-b0e7-44c533b3648c') {} {{(pid=94514) wrapper /usr/local/lib/python3.8/dist-packages/oslo_log/helpers.py:65}}
Aug 29 11:37:25.768674 dv-cinder-804757-4-iscsi neutron-server[94516]: DEBUG neutron.notifiers.nova [-] Sending events: [{'server_uuid': '24ecca81-52a5-450d-87ec-540975645dc2', 'name': 'network-vif-plugged', 'status': 'completed', 'tag': '43575a05-341e-43b8-81af-1a143dd9fe37'}] {{(pid=94516) send_events /opt/stack/neutron/neutron/notifiers/nova.py:262}}
Aug 29 11:37:25.773382 dv-cinder-804757-4-iscsi neutron-server[94516]: DEBUG novaclient.v2.client [-] REQ: curl -g -i --cacert "/opt/stack/data/ca-bundle.pem" -X POST http://10.222.0.43/compute/v2.1/os-server-external-events -H "Accept: application/json" -H "Content-Type: application/json" -H "User-Agent: python-novaclient" -H "X-Auth-Token: {SHA256}46487dd483036efbda3b2b1d3ecb8b5c537e219e32f41946ef1ba010bd17674f" -H "X-OpenStack-Nova-API-Version: 2.1" -H "X-OpenStack-Request-ID: req-f84cbb0b-aab9-456c-8970-ac59b65d9281" -d '{"events": [{"server_uuid": "24ecca81-52a5-450d-87ec-540975645dc2", "name": "network-vif-plugged", "status": "completed", "tag": "43575a05-341e-43b8-81af-1a143dd9fe37"}]}' {{(pid=94516) _http_log_request /usr/local/lib/python3.8/dist-packages/keystoneauth1/session.py:519}}
