Nov 02 07:27:53.376616 dv-cinder-804757-31-iscsi neutron-server[104620]: DEBUG neutron_lib.callbacks.manager [None req-c79b1ea9-6677-4cd1-9095-b1fa337e9f83 admin admin] Publish callbacks ['neutron.plugins.ml2.ovo_rpc._ObjectChangeHandler.handle_event-403033', 'neutron.api.rpc.agentnotifiers.dhcp_rpc_agent_api.DhcpAgentNotifyAPI._native_event_send_dhcp_notification-1636369'] for network (a5748268-9cdd-4be0-b219-c9378923b3cb), after_create {{(pid=104620) _notify_loop /usr/local/lib/python3.8/dist-packages/neutron_lib/callbacks/manager.py:176}}
Nov 02 07:27:53.377591 dv-cinder-804757-31-iscsi neutron-server[104620]: DEBUG neutron.pecan_wsgi.hooks.policy_enforcement [None req-c79b1ea9-6677-4cd1-9095-b1fa337e9f83 admin admin] Attributes excluded by policy engine: ['standard_attr_id', 'vlan_transparent'] {{(pid=104620) _exclude_attributes_by_policy /opt/stack/neutron/neutron/pecan_wsgi/hooks/policy_enforcement.py:259}}
Nov 02 07:27:53.378507 dv-cinder-804757-31-iscsi neutron-server[104620]: DEBUG neutron_lib.callbacks.manager [None req-c79b1ea9-6677-4cd1-9095-b1fa337e9f83 admin admin] Publish callbacks ['neutron.api.rpc.agentnotifiers.dhcp_rpc_agent_api.DhcpAgentNotifyAPI._send_dhcp_notification-1636355'] for network (None), before_response {{(pid=104620) _notify_loop /usr/local/lib/python3.8/dist-packages/neutron_lib/callbacks/manager.py:176}}
Nov 02 07:27:53.379390 dv-cinder-804757-31-iscsi neutron-server[104619]: DEBUG neutron_lib.callbacks.manager [None req-1f8b3aae-dde5-43f8-acbe-195b2e6d2d4a admin admin] Publish callbacks ['neutron.services.auto_allocate.db._ensure_external_network_default_value_callback-8773425528796'] for network (f4ec0f37-3e8a-438e-b9a1-d8eb40fd315b), precommit_create {{(pid=104619) _notify_loop /usr/local/lib/python3.8/dist-packages/neutron_lib/callbacks/manager.py:176}}
Nov 02 07:27:53.409325 dv-cinder-804757-31-iscsi neutron-server[104620]: DEBUG neutron_lib.callbacks.manager [None req-deb78504-8597-41f3-b16e-9f60cfb5c406 admin admin] Publish callbacks [] for security_group (None), before_create {{(pid=104620) _notify_loop /usr/local/lib/python3.8/dist-packages/neutron_lib/callbacks/manager.py:176}}
Nov 02 07:27:53.418152 dv-cinder-804757-31-iscsi neutron-server[104619]: DEBUG neutron_lib.callbacks.manager [None req-1f8b3aae-dde5-43f8-acbe-195b2e6d2d4a admin admin] Publish callbacks ['neutron.plugins.ml2.ovo_rpc._ObjectChangeHandler.handle_event-403033', 'neutron.api.rpc.agentnotifiers.dhcp_rpc_agent_api.DhcpAgentNotifyAPI._native_event_send_dhcp_notification-1636369'] for network (f4ec0f37-3e8a-438e-b9a1-d8eb40fd315b), after_create {{(pid=104619) _notify_loop /usr/local/lib/python3.8/dist-packages/neutron_lib/callbacks/manager.py:176}}
Nov 02 07:27:53.420288 dv-cinder-804757-31-iscsi neutron-server[104619]: DEBUG neutron.pecan_wsgi.hooks.policy_enforcement [None req-1f8b3aae-dde5-43f8-acbe-195b2e6d2d4a admin admin] Attributes excluded by policy engine: ['standard_attr_id', 'vlan_transparent'] {{(pid=104619) _exclude_attributes_by_policy /opt/stack/neutron/neutron/pecan_wsgi/hooks/policy_enforcement.py:259}}
Nov 02 07:27:53.421067 dv-cinder-804757-31-iscsi neutron-server[104619]: DEBUG neutron_lib.callbacks.manager [None req-1f8b3aae-dde5-43f8-acbe-195b2e6d2d4a admin admin] Publish callbacks ['neutron.api.rpc.agentnotifiers.dhcp_rpc_agent_api.DhcpAgentNotifyAPI._send_dhcp_notification-1636355'] for network (None), before_response {{(pid=104619) _notify_loop /usr/local/lib/python3.8/dist-packages/neutron_lib/callbacks/manager.py:176}}
Nov 02 07:27:53.486835 dv-cinder-804757-31-iscsi neutron-server[104619]: INFO neutron.wsgi [None req-1f8b3aae-dde5-43f8-acbe-195b2e6d2d4a admin admin] 10.222.0.30 "POST /networking/v2.0/networks HTTP/1.1" status: 201 len: 887 time: 0.6698258
Nov 02 07:27:53.490153 dv-cinder-804757-31-iscsi neutron-server[104619]: DEBUG neutron.wsgi [-] (104619) accepted ('10.222.0.30', 55918) {{(pid=104619) server /usr/local/lib/python3.8/dist-packages/eventlet/wsgi.py:1004}}
Nov 02 07:27:53.519573 dv-cinder-804757-31-iscsi neutron-server[104619]: DEBUG neutron.api.v2.base [None req-6a95875d-a43c-4db5-bd94-adf80efc752f admin admin] Request body: {'subnet': {'network_id': 'f4ec0f37-3e8a-438e-b9a1-d8eb40fd315b', 'cidr': '172.20.0.0/28', 'name': 'tempest-AttachVolumeNegativeTest-301752398-subnet', 'tenant_id': '4fc2ce1f15e34c7491c2bdcbfc26c7f0', 'enable_dhcp': True, 'ip_version': 4}} {{(pid=104619) prepare_request_body /opt/stack/neutron/neutron/api/v2/base.py:730}}
Nov 02 07:27:53.573322 dv-cinder-804757-31-iscsi neutron-server[104620]: DEBUG neutron_lib.callbacks.manager [None req-4fe18ec5-37e4-4863-855d-1c276b2c67c6 admin admin] Publish callbacks [] for security_group (8e975d6a-6df5-4a36-8482-c8632ad8047c), precommit_create {{(pid=104620) _notify_loop /usr/local/lib/python3.8/dist-packages/neutron_lib/callbacks/manager.py:176}}
Nov 02 07:27:53.575316 dv-cinder-804757-31-iscsi neutron-server[104619]: DEBUG neutron.api.rpc.handlers.resources_rpc [None req-1f8b3aae-dde5-43f8-acbe-195b2e6d2d4a admin admin] Pushing event updated for resources: {'Network': ['ID=f4ec0f37-3e8a-438e-b9a1-d8eb40fd315b,revision_number=1']} {{(pid=104619) push /opt/stack/neutron/neutron/api/rpc/handlers/resources_rpc.py:237}}
Nov 02 07:27:53.583704 dv-cinder-804757-31-iscsi neutron-server[104620]: DEBUG neutron.api.rpc.handlers.resources_rpc [None req-c79b1ea9-6677-4cd1-9095-b1fa337e9f83 admin admin] Pushing event updated for resources: {'Network': ['ID=a5748268-9cdd-4be0-b219-c9378923b3cb,revision_number=1']} {{(pid=104620) push /opt/stack/neutron/neutron/api/rpc/handlers/resources_rpc.py:237}}
Nov 02 07:27:53.587208 dv-cinder-804757-31-iscsi neutron-server[104620]: DEBUG neutron_lib.callbacks.manager [None req-4fe18ec5-37e4-4863-855d-1c276b2c67c6 admin admin] Publish callbacks ['neutron.plugins.ml2.ovo_rpc._ObjectChangeHandler.handle_event-402954'] for security_group (8e975d6a-6df5-4a36-8482-c8632ad8047c), after_create {{(pid=104620) _notify_loop /usr/local/lib/python3.8/dist-packages/neutron_lib/callbacks/manager.py:176}}
Nov 02 07:27:53.590133 dv-cinder-804757-31-iscsi neutron-server[104621]: DEBUG neutron.plugins.ml2.rpc [None req-bc311412-a085-4124-9c31-ffadd4fe0efe None None] Network f4ec0f37-3e8a-438e-b9a1-d8eb40fd315b details requested by agent ovs-agent-dv-cinder-804757-31-iscsi with host dv-cinder-804757-31-iscsi {{(pid=104621) get_network_details /opt/stack/neutron/neutron/plugins/ml2/rpc.py:248}}
Nov 02 07:27:53.599044 dv-cinder-804757-31-iscsi neutron-server[104620]: DEBUG neutron.plugins.ml2.drivers.helpers [None req-4fe18ec5-37e4-4863-855d-1c276b2c67c6 admin admin] vlan segment allocate from pool success with {'physical_network': 'physnet1', 'vlan_id': 672} {{(pid=104620) allocate_partially_specified_segment /opt/stack/neutron/neutron/plugins/ml2/drivers/helpers.py:153}}
Nov 02 07:27:53.599286 dv-cinder-804757-31-iscsi neutron-server[104621]: DEBUG neutron.plugins.ml2.rpc [None req-bc311412-a085-4124-9c31-ffadd4fe0efe None None] Network a5748268-9cdd-4be0-b219-c9378923b3cb details requested by agent ovs-agent-dv-cinder-804757-31-iscsi with host dv-cinder-804757-31-iscsi {{(pid=104621) get_network_details /opt/stack/neutron/neutron/plugins/ml2/rpc.py:248}}
Nov 02 07:27:53.608220 dv-cinder-804757-31-iscsi neutron-server[104619]: DEBUG neutron.pecan_wsgi.hooks.quota_enforcement [None req-6a95875d-a43c-4db5-bd94-adf80efc752f admin admin] Made reservation on behalf of 4fc2ce1f15e34c7491c2bdcbfc26c7f0 for: {'subnet': 1} {{(pid=104619) before /opt/stack/neutron/neutron/pecan_wsgi/hooks/quota_enforcement.py:53}}
Nov 02 07:27:53.610786 dv-cinder-804757-31-iscsi neutron-server[104620]: DEBUG neutron_lib.callbacks.manager [None req-4fe18ec5-37e4-4863-855d-1c276b2c67c6 admin admin] Publish callbacks ['neutron.plugins.ml2.plugin.Ml2Plugin._handle_segment_change-661248'] for segment (2eaeef54-e2d5-48a4-8d72-c9f63061cdc1), precommit_create {{(pid=104620) _notify_loop /usr/local/lib/python3.8/dist-packages/neutron_lib/callbacks/manager.py:176}}
Nov 02 07:27:53.610913 dv-cinder-804757-31-iscsi neutron-server[104619]: DEBUG neutron_lib.callbacks.manager [None req-6a95875d-a43c-4db5-bd94-adf80efc752f admin admin] Publish callbacks [] for subnet (None), before_create {{(pid=104619) _notify_loop /usr/local/lib/python3.8/dist-packages/neutron_lib/callbacks/manager.py:176}}
Nov 02 07:27:53.611397 dv-cinder-804757-31-iscsi neutron-server[104620]: INFO neutron.db.segments_db [None req-4fe18ec5-37e4-4863-855d-1c276b2c67c6 admin admin] Added segment 2eaeef54-e2d5-48a4-8d72-c9f63061cdc1 of type vlan for network e1e6e350-b39b-4a30-8d84-24cc032bac1e
Nov 02 07:27:53.661688 dv-cinder-804757-31-iscsi neutron-server[104620]: DEBUG neutron_lib.callbacks.manager [None req-4fe18ec5-37e4-4863-855d-1c276b2c67c6 admin admin] Publish callbacks ['neutron.services.auto_allocate.db._ensure_external_network_default_value_callback-8773425528796'] for network (e1e6e350-b39b-4a30-8d84-24cc032bac1e), precommit_create {{(pid=104620) _notify_loop /usr/local/lib/python3.8/dist-packages/neutron_lib/callbacks/manager.py:176}}
Nov 02 07:27:53.714331 dv-cinder-804757-31-iscsi neutron-server[104620]: DEBUG dbcounter [-] [104620] Writing DB stats neutron:SELECT=66,neutron:INSERT=27,neutron:UPDATE=5,neutron:DELETE=2 {{(pid=104620) stat_writer /usr/local/lib/python3.8/dist-packages/dbcounter.py:114}}
Nov 02 07:27:53.719105 dv-cinder-804757-31-iscsi neutron-server[104620]: DEBUG neutron.api.rpc.handlers.resources_rpc [None req-4fe18ec5-37e4-4863-855d-1c276b2c67c6 admin admin] Pushing event updated for resources: {'SecurityGroup': ['ID=8e975d6a-6df5-4a36-8482-c8632ad8047c,revision_number=1']} {{(pid=104620) push /opt/stack/neutron/neutron/api/rpc/handlers/resources_rpc.py:237}}
Nov 02 07:27:53.736225 dv-cinder-804757-31-iscsi neutron-server[104620]: DEBUG neutron_lib.callbacks.manager [None req-4fe18ec5-37e4-4863-855d-1c276b2c67c6 admin admin] Publish callbacks ['neutron.plugins.ml2.ovo_rpc._ObjectChangeHandler.handle_event-403033', 'neutron.api.rpc.agentnotifiers.dhcp_rpc_agent_api.DhcpAgentNotifyAPI._native_event_send_dhcp_notification-1636369'] for network (e1e6e350-b39b-4a30-8d84-24cc032bac1e), after_create {{(pid=104620) _notify_loop /usr/local/lib/python3.8/dist-packages/neutron_lib/callbacks/manager.py:176}}
Nov 02 07:27:53.737572 dv-cinder-804757-31-iscsi neutron-server[104620]: DEBUG neutron.pecan_wsgi.hooks.policy_enforcement [None req-4fe18ec5-37e4-4863-855d-1c276b2c67c6 admin admin] Attributes excluded by policy engine: ['standard_attr_id', 'vlan_transparent'] {{(pid=104620) _exclude_attributes_by_policy /opt/stack/neutron/neutron/pecan_wsgi/hooks/policy_enforcement.py:259}}
Nov 02 07:27:53.738368 dv-cinder-804757-31-iscsi neutron-server[104620]: DEBUG neutron_lib.callbacks.manager [None req-4fe18ec5-37e4-4863-855d-1c276b2c67c6 admin admin] Publish callbacks ['neutron.api.rpc.agentnotifiers.dhcp_rpc_agent_api.DhcpAgentNotifyAPI._send_dhcp_notification-1636355'] for network (None), before_response {{(pid=104620) _notify_loop /usr/local/lib/python3.8/dist-packages/neutron_lib/callbacks/manager.py:176}}
Nov 02 07:27:53.774148 dv-cinder-804757-31-iscsi neutron-server[104620]: INFO neutron.wsgi [None req-c79b1ea9-6677-4cd1-9095-b1fa337e9f83 admin admin] 10.222.0.30 "POST /networking/v2.0/networks HTTP/1.1" status: 201 len: 885 time: 1.2625825
Nov 02 07:27:53.775177 dv-cinder-804757-31-iscsi neutron-server[104620]: DEBUG neutron.wsgi [-] (104620) accepted ('10.222.0.30', 55928) {{(pid=104620) server /usr/local/lib/python3.8/dist-packages/eventlet/wsgi.py:1004}}
Nov 02 07:27:53.912174 dv-cinder-804757-31-iscsi neutron-server[104620]: DEBUG neutron.api.v2.base [None req-76e548e5-00e5-437f-a2df-8e50c818d3d4 admin admin] Request body: {'subnet': {'network_id': 'a5748268-9cdd-4be0-b219-c9378923b3cb', 'cidr': '172.20.0.0/28', 'name': 'tempest-DeleteServersTestJSON-1693282499-subnet', 'tenant_id': '9de64ee9457449bea0deedc51fd538f7', 'enable_dhcp': True, 'ip_version': 4}} {{(pid=104620) prepare_request_body /opt/stack/neutron/neutron/api/v2/base.py:730}}
Nov 02 07:27:53.916380 dv-cinder-804757-31-iscsi neutron-server[104620]: DEBUG dbcounter [-] [104620] Writing DB stats neutron:SELECT=83,neutron:INSERT=12,neutron:UPDATE=3,neutron:DELETE=2 {{(pid=104620) stat_writer /usr/local/lib/python3.8/dist-packages/dbcounter.py:114}}
Nov 02 07:27:53.920077 dv-cinder-804757-31-iscsi neutron-server[104620]: DEBUG neutron.api.rpc.handlers.resources_rpc [None req-4fe18ec5-37e4-4863-855d-1c276b2c67c6 admin admin] Pushing event updated for resources: {'Network': ['ID=e1e6e350-b39b-4a30-8d84-24cc032bac1e,revision_number=1']} {{(pid=104620) push /opt/stack/neutron/neutron/api/rpc/handlers/resources_rpc.py:237}}
Nov 02 07:27:53.933219 dv-cinder-804757-31-iscsi neutron-server[104621]: DEBUG neutron.plugins.ml2.rpc [None req-bc311412-a085-4124-9c31-ffadd4fe0efe None None] Network e1e6e350-b39b-4a30-8d84-24cc032bac1e details requested by agent ovs-agent-dv-cinder-804757-31-iscsi with host dv-cinder-804757-31-iscsi {{(pid=104621) get_network_details /opt/stack/neutron/neutron/plugins/ml2/rpc.py:248}}
Nov 02 07:27:53.934945 dv-cinder-804757-31-iscsi neutron-server[104620]: INFO neutron.wsgi [None req-4fe18ec5-37e4-4863-855d-1c276b2c67c6 admin admin] 10.222.0.30 "POST /networking/v2.0/networks HTTP/1.1" status: 201 len: 898 time: 1.2636740
Nov 02 07:27:53.936911 dv-cinder-804757-31-iscsi neutron-server[104620]: DEBUG neutron.wsgi [-] (104620) accepted ('10.222.0.30', 55932) {{(pid=104620) server /usr/local/lib/python3.8/dist-packages/eventlet/wsgi.py:1004}}
Nov 02 07:27:53.946532 dv-cinder-804757-31-iscsi neutron-server[104620]: DEBUG neutron.api.v2.base [None req-490e27b0-1f8f-470d-918b-223405ab9757 admin admin] Request body: {'subnet': {'network_id': 'e1e6e350-b39b-4a30-8d84-24cc032bac1e', 'cidr': '172.20.0.0/28', 'name': 'tempest-EncryptedVolumesExtendAttachedTest-2045178842-subnet', 'tenant_id': '9a9f191b424a43e4bc897e33be76e68e', 'enable_dhcp': False, 'ip_version': 4}} {{(pid=104620) prepare_request_body /opt/stack/neutron/neutron/api/v2/base.py:730}}
Nov 02 07:27:53.981649 dv-cinder-804757-31-iscsi neutron-server[104620]: DEBUG neutron.pecan_wsgi.hooks.quota_enforcement [None req-490e27b0-1f8f-470d-918b-223405ab9757 admin admin] Made reservation on behalf of 9a9f191b424a43e4bc897e33be76e68e for: {'subnet': 1} {{(pid=104620) before /opt/stack/neutron/neutron/pecan_wsgi/hooks/quota_enforcement.py:53}}
Nov 02 07:27:53.985200 dv-cinder-804757-31-iscsi neutron-server[104620]: DEBUG neutron_lib.callbacks.manager [None req-490e27b0-1f8f-470d-918b-223405ab9757 admin admin] Publish callbacks [] for subnet (None), before_create {{(pid=104620) _notify_loop /usr/local/lib/python3.8/dist-packages/neutron_lib/callbacks/manager.py:176}}
Nov 02 07:27:54.006176 dv-cinder-804757-31-iscsi neutron-server[104620]: DEBUG neutron.pecan_wsgi.hooks.quota_enforcement [None req-76e548e5-00e5-437f-a2df-8e50c818d3d4 admin admin] Made reservation on behalf of 9de64ee9457449bea0deedc51fd538f7 for: {'subnet': 1} {{(pid=104620) before /opt/stack/neutron/neutron/pecan_wsgi/hooks/quota_enforcement.py:53}}
Nov 02 07:27:54.009239 dv-cinder-804757-31-iscsi neutron-server[104620]: DEBUG neutron_lib.callbacks.manager [None req-76e548e5-00e5-437f-a2df-8e50c818d3d4 admin admin] Publish callbacks [] for subnet (None), before_create {{(pid=104620) _notify_loop /usr/local/lib/python3.8/dist-packages/neutron_lib/callbacks/manager.py:176}}
Nov 02 07:27:54.106243 dv-cinder-804757-31-iscsi neutron-server[104619]: DEBUG neutron_lib.callbacks.manager [None req-6a95875d-a43c-4db5-bd94-adf80efc752f admin admin] Publish callbacks ['neutron.plugins.ml2.ovo_rpc._ObjectChangeHandler.handle_event-403186', 'neutron.api.rpc.agentnotifiers.dhcp_rpc_agent_api.DhcpAgentNotifyAPI._native_event_send_dhcp_notification-1636369'] for subnet (9e25609f-8014-4daa-aabc-79fd9897502d), after_create {{(pid=104619) _notify_loop /usr/local/lib/python3.8/dist-packages/neutron_lib/callbacks/manager.py:176}}
Nov 02 07:27:54.241529 dv-cinder-804757-31-iscsi neutron-server[104619]: DEBUG neutron.api.rpc.handlers.resources_rpc [None req-6a95875d-a43c-4db5-bd94-adf80efc752f admin admin] Pushing event updated for resources: {'Subnet': ['ID=9e25609f-8014-4daa-aabc-79fd9897502d,revision_number=0']} {{(pid=104619) push /opt/stack/neutron/neutron/api/rpc/handlers/resources_rpc.py:237}}
Nov 02 07:27:54.276433 dv-cinder-804757-31-iscsi neutron-server[104619]: DEBUG neutron.plugins.ml2.drivers.mech_agent [None req-6a95875d-a43c-4db5-bd94-adf80efc752f admin admin] Checking segment: {'id': '92f04683-f999-433d-9bf0-3a5a3180009e', 'network_type': 'vlan', 'physical_network': 'physnet1', 'segmentation_id': 653, 'network_id': 'f4ec0f37-3e8a-438e-b9a1-d8eb40fd315b'} for mappings: {'physnet1': 'br-data'} with network types: ['local', 'flat', 'vlan'] {{(pid=104619) check_segment_for_agent /opt/stack/neutron/neutron/plugins/ml2/drivers/mech_agent.py:399}}
Nov 02 07:27:54.276790 dv-cinder-804757-31-iscsi neutron-server[104619]: DEBUG neutron.scheduler.dhcp_agent_scheduler [None req-6a95875d-a43c-4db5-bd94-adf80efc752f admin admin] Network hostable DHCP agents. Network: f4ec0f37-3e8a-438e-b9a1-d8eb40fd315b, hostable agents: ['f899e073-5a98-40cf-892f-69c55b41850b'], hosted agents: [] {{(pid=104619) _get_network_hostable_dhcp_agents /opt/stack/neutron/neutron/scheduler/dhcp_agent_scheduler.py:329}}
Nov 02 07:27:54.284696 dv-cinder-804757-31-iscsi neutron-server[104619]: DEBUG dbcounter [-] [104619] Writing DB stats neutron:SELECT=80,neutron:INSERT=16,neutron:UPDATE=3,neutron:DELETE=1 {{(pid=104619) stat_writer /usr/local/lib/python3.8/dist-packages/dbcounter.py:114}}
Nov 02 07:27:54.302703 dv-cinder-804757-31-iscsi neutron-server[104619]: DEBUG neutron.scheduler.dhcp_agent_scheduler [None req-6a95875d-a43c-4db5-bd94-adf80efc752f admin admin] Network f4ec0f37-3e8a-438e-b9a1-d8eb40fd315b is scheduled to be hosted by DHCP agent f899e073-5a98-40cf-892f-69c55b41850b with binding_index 1 {{(pid=104619) bind /opt/stack/neutron/neutron/scheduler/dhcp_agent_scheduler.py:227}}
Nov 02 07:27:54.318835 dv-cinder-804757-31-iscsi neutron-server[104619]: DEBUG neutron.scheduler.base_scheduler [None req-6a95875d-a43c-4db5-bd94-adf80efc752f admin admin] Resources bound (agent type, host, resource id): (DHCP agent, dv-cinder-804757-31-iscsi, f4ec0f37-3e8a-438e-b9a1-d8eb40fd315b) {{(pid=104619) schedule /opt/stack/neutron/neutron/scheduler/base_scheduler.py:57}}
Nov 02 07:27:54.328568 dv-cinder-804757-31-iscsi neutron-server[104619]: DEBUG neutron.pecan_wsgi.hooks.policy_enforcement [None req-6a95875d-a43c-4db5-bd94-adf80efc752f admin admin] Attributes excluded by policy engine: ['standard_attr_id', 'shared', 'network'] {{(pid=104619) _exclude_attributes_by_policy /opt/stack/neutron/neutron/pecan_wsgi/hooks/policy_enforcement.py:259}}
Nov 02 07:27:54.329402 dv-cinder-804757-31-iscsi neutron-server[104619]: DEBUG neutron_lib.callbacks.manager [None req-6a95875d-a43c-4db5-bd94-adf80efc752f admin admin] Publish callbacks ['neutron.api.rpc.agentnotifiers.dhcp_rpc_agent_api.DhcpAgentNotifyAPI._send_dhcp_notification-1636355'] for subnet (None), before_response {{(pid=104619) _notify_loop /usr/local/lib/python3.8/dist-packages/neutron_lib/callbacks/manager.py:176}}
Nov 02 07:27:54.329595 dv-cinder-804757-31-iscsi neutron-server[104621]: DEBUG neutron.api.rpc.handlers.dhcp_rpc [None req-26093ef8-b295-4989-9ee2-ce87ef5cb071 None None] Network f4ec0f37-3e8a-438e-b9a1-d8eb40fd315b requested from dv-cinder-804757-31-iscsi {{(pid=104621) get_network_info /opt/stack/neutron/neutron/api/rpc/handlers/dhcp_rpc.py:193}}
Nov 02 07:27:54.348231 dv-cinder-804757-31-iscsi neutron-server[104620]: DEBUG neutron_lib.callbacks.manager [None req-deb78504-8597-41f3-b16e-9f60cfb5c406 admin admin] Publish callbacks [] for security_group (9a9da8ab-702e-4916-bd00-23cad9bac109), precommit_create {{(pid=104620) _notify_loop /usr/local/lib/python3.8/dist-packages/neutron_lib/callbacks/manager.py:176}}
Nov 02 07:27:54.354822 dv-cinder-804757-31-iscsi neutron-server[104619]: INFO neutron.wsgi [None req-6a95875d-a43c-4db5-bd94-adf80efc752f admin admin] 10.222.0.30 "POST /networking/v2.0/subnets HTTP/1.1" status: 201 len: 850 time: 0.8434875
Nov 02 07:27:54.356413 dv-cinder-804757-31-iscsi neutron-server[104620]: DEBUG dbcounter [-] [104620] Writing DB stats neutron:SELECT=81,neutron:INSERT=17,neutron:UPDATE=2 {{(pid=104620) stat_writer /usr/local/lib/python3.8/dist-packages/dbcounter.py:114}}
Nov 02 07:27:54.357522 dv-cinder-804757-31-iscsi neutron-server[104620]: DEBUG neutron.wsgi [-] (104620) accepted ('10.222.0.30', 55964) {{(pid=104620) server /usr/local/lib/python3.8/dist-packages/eventlet/wsgi.py:1004}}
Nov 02 07:27:54.366696 dv-cinder-804757-31-iscsi neutron-server[104620]: DEBUG neutron.api.v2.base [None req-f65eb47b-7d83-4f2e-9c68-080ea6d75919 admin admin] Request body: {'router': {'name': 'tempest-AttachVolumeNegativeTest-301752398-router', 'tenant_id': '4fc2ce1f15e34c7491c2bdcbfc26c7f0', 'external_gateway_info': {'network_id': 'de008a11-78f4-4381-aedc-f1cb2c654591'}}} {{(pid=104620) prepare_request_body /opt/stack/neutron/neutron/api/v2/base.py:730}}
Nov 02 07:27:54.370534 dv-cinder-804757-31-iscsi neutron-server[104620]: DEBUG neutron_lib.callbacks.manager [None req-deb78504-8597-41f3-b16e-9f60cfb5c406 admin admin] Publish callbacks ['neutron.plugins.ml2.ovo_rpc._ObjectChangeHandler.handle_event-402954'] for security_group (9a9da8ab-702e-4916-bd00-23cad9bac109), after_create {{(pid=104620) _notify_loop /usr/local/lib/python3.8/dist-packages/neutron_lib/callbacks/manager.py:176}}
Nov 02 07:27:54.393870 dv-cinder-804757-31-iscsi neutron-server[104620]: DEBUG neutron_lib.callbacks.manager [None req-76e548e5-00e5-437f-a2df-8e50c818d3d4 admin admin] Publish callbacks ['neutron.plugins.ml2.ovo_rpc._ObjectChangeHandler.handle_event-403186', 'neutron.api.rpc.agentnotifiers.dhcp_rpc_agent_api.DhcpAgentNotifyAPI._native_event_send_dhcp_notification-1636369'] for subnet (13efa821-df9d-42ee-ac1c-45fb11fd7e06), after_create {{(pid=104620) _notify_loop /usr/local/lib/python3.8/dist-packages/neutron_lib/callbacks/manager.py:176}}
Nov 02 07:27:54.472836 dv-cinder-804757-31-iscsi neutron-server[104620]: DEBUG neutron.plugins.ml2.drivers.helpers [None req-deb78504-8597-41f3-b16e-9f60cfb5c406 admin admin] vlan segment allocate from pool success with {'physical_network': 'physnet1', 'vlan_id': 674} {{(pid=104620) allocate_partially_specified_segment /opt/stack/neutron/neutron/plugins/ml2/drivers/helpers.py:153}}
Nov 02 07:27:54.506860 dv-cinder-804757-31-iscsi neutron-server[104621]: DEBUG neutron.api.rpc.handlers.dhcp_rpc [None req-8b7d94d2-d567-48a8-8326-0826c8635d44 None None] Create dhcp port {'port': {'name': '', 'admin_state_up': True, 'device_id': 'dhcp5f6d49fc-dc13-557b-a192-e320db175237-f4ec0f37-3e8a-438e-b9a1-d8eb40fd315b', 'network_id': 'f4ec0f37-3e8a-438e-b9a1-d8eb40fd315b', 'project_id': '4fc2ce1f15e34c7491c2bdcbfc26c7f0', 'fixed_ips': [{'subnet_id': '9e25609f-8014-4daa-aabc-79fd9897502d'}]}} from dv-cinder-804757-31-iscsi. {{(pid=104621) create_dhcp_port /opt/stack/neutron/neutron/api/rpc/handlers/dhcp_rpc.py:282}}
Nov 02 07:27:54.515912 dv-cinder-804757-31-iscsi neutron-server[104621]: DEBUG neutron_lib.callbacks.manager [None req-8b7d94d2-d567-48a8-8326-0826c8635d44 None None] Publish callbacks ['neutron.plugins.ml2.plugin.SecurityGroupDbMixin._ensure_default_security_group_handler-1313212'] for port (None), before_create {{(pid=104621) _notify_loop /usr/local/lib/python3.8/dist-packages/neutron_lib/callbacks/manager.py:176}}
Nov 02 07:27:54.566503 dv-cinder-804757-31-iscsi neutron-server[104620]: DEBUG neutron_lib.callbacks.manager [None req-deb78504-8597-41f3-b16e-9f60cfb5c406 admin admin] Publish callbacks ['neutron.plugins.ml2.plugin.Ml2Plugin._handle_segment_change-661248'] for segment (9d36d73b-66e6-44c1-a426-724be864d3f9), precommit_create {{(pid=104620) _notify_loop /usr/local/lib/python3.8/dist-packages/neutron_lib/callbacks/manager.py:176}}
Nov 02 07:27:54.566869 dv-cinder-804757-31-iscsi neutron-server[104620]: INFO neutron.db.segments_db [None req-deb78504-8597-41f3-b16e-9f60cfb5c406 admin admin] Added segment 9d36d73b-66e6-44c1-a426-724be864d3f9 of type vlan for network 86a2ddc9-6edb-4b3a-9ada-2cb2dd35a1e1
Nov 02 07:27:54.596747 dv-cinder-804757-31-iscsi neutron-server[104620]: DEBUG neutron_lib.callbacks.manager [None req-f65eb47b-7d83-4f2e-9c68-080ea6d75919 admin admin] Publish callbacks ['neutron.services.l3_router.l3_router_plugin.L3_HA_NAT_db_mixin._before_router_create_handler-401566', 'neutron.services.l3_router.service_providers.driver_controller.DriverController._check_router_request-109445'] for router (994c5afa-fd1a-452a-8574-32130c0b281d), before_create {{(pid=104620) _notify_loop /usr/local/lib/python3.8/dist-packages/neutron_lib/callbacks/manager.py:176}}
Nov 02 07:27:54.601117 dv-cinder-804757-31-iscsi neutron-server[104620]: DEBUG neutron_lib.callbacks.manager [None req-f65eb47b-7d83-4f2e-9c68-080ea6d75919 admin admin] Publish callbacks ['neutron.services.l3_router.l3_router_plugin.L3_HA_NAT_db_mixin._precommit_router_create-399282', 'neutron.services.l3_router.l3_router_plugin.DVRResourceOperationHandler._set_distributed_flag-402810', 'neutron.services.l3_router.l3_router_plugin.RouterAvailabilityZoneMixin._process_az_request-514619', 'neutron.services.l3_router.service_providers.driver_controller.DriverController._set_router_provider-109468'] for router (994c5afa-fd1a-452a-8574-32130c0b281d), precommit_create {{(pid=104620) _notify_loop /usr/local/lib/python3.8/dist-packages/neutron_lib/callbacks/manager.py:176}}
Nov 02 07:27:54.639804 dv-cinder-804757-31-iscsi neutron-server[104620]: DEBUG neutron.api.rpc.handlers.resources_rpc [None req-deb78504-8597-41f3-b16e-9f60cfb5c406 admin admin] Pushing event updated for resources: {'SecurityGroup': ['ID=9a9da8ab-702e-4916-bd00-23cad9bac109,revision_number=1']} {{(pid=104620) push /opt/stack/neutron/neutron/api/rpc/handlers/resources_rpc.py:237}}
Nov 02 07:27:54.658524 dv-cinder-804757-31-iscsi neutron-server[104620]: DEBUG neutron.api.rpc.handlers.resources_rpc [None req-76e548e5-00e5-437f-a2df-8e50c818d3d4 admin admin] Pushing event updated for resources: {'Subnet': ['ID=13efa821-df9d-42ee-ac1c-45fb11fd7e06,revision_number=0']} {{(pid=104620) push /opt/stack/neutron/neutron/api/rpc/handlers/resources_rpc.py:237}}
Nov 02 07:27:54.719718 dv-cinder-804757-31-iscsi neutron-server[104620]: DEBUG neutron_lib.callbacks.manager [None req-deb78504-8597-41f3-b16e-9f60cfb5c406 admin admin] Publish callbacks ['neutron.services.auto_allocate.db._ensure_external_network_default_value_callback-8773425528796'] for network (86a2ddc9-6edb-4b3a-9ada-2cb2dd35a1e1), precommit_create {{(pid=104620) _notify_loop /usr/local/lib/python3.8/dist-packages/neutron_lib/callbacks/manager.py:176}}
Nov 02 07:27:54.731245 dv-cinder-804757-31-iscsi neutron-server[104620]: DEBUG neutron_lib.callbacks.manager [None req-490e27b0-1f8f-470d-918b-223405ab9757 admin admin] Publish callbacks ['neutron.plugins.ml2.ovo_rpc._ObjectChangeHandler.handle_event-403186', 'neutron.api.rpc.agentnotifiers.dhcp_rpc_agent_api.DhcpAgentNotifyAPI._native_event_send_dhcp_notification-1636369'] for subnet (4cceb7ed-19b8-45a1-af3a-0df551184b66), after_create {{(pid=104620) _notify_loop /usr/local/lib/python3.8/dist-packages/neutron_lib/callbacks/manager.py:176}}
Nov 02 07:27:54.746597 dv-cinder-804757-31-iscsi neutron-server[104620]: DEBUG neutron.plugins.ml2.drivers.mech_agent [None req-76e548e5-00e5-437f-a2df-8e50c818d3d4 admin admin] Checking segment: {'id': '1770afdf-7491-4286-ba51-3843af4d30d8', 'network_type': 'vlan', 'physical_network': 'physnet1', 'segmentation_id': 664, 'network_id': 'a5748268-9cdd-4be0-b219-c9378923b3cb'} for mappings: {'physnet1': 'br-data'} with network types: ['local', 'flat', 'vlan'] {{(pid=104620) check_segment_for_agent /opt/stack/neutron/neutron/plugins/ml2/drivers/mech_agent.py:399}}
Nov 02 07:27:54.747150 dv-cinder-804757-31-iscsi neutron-server[104620]: DEBUG neutron.scheduler.dhcp_agent_scheduler [None req-76e548e5-00e5-437f-a2df-8e50c818d3d4 admin admin] Network hostable DHCP agents. Network: a5748268-9cdd-4be0-b219-c9378923b3cb, hostable agents: ['f899e073-5a98-40cf-892f-69c55b41850b'], hosted agents: [] {{(pid=104620) _get_network_hostable_dhcp_agents /opt/stack/neutron/neutron/scheduler/dhcp_agent_scheduler.py:329}}
Nov 02 07:27:54.747289 dv-cinder-804757-31-iscsi neutron-server[104621]: DEBUG neutron.db.db_base_plugin_common [None req-8b7d94d2-d567-48a8-8326-0826c8635d44 None None] Allocated IP 172.20.0.2 (f4ec0f37-3e8a-438e-b9a1-d8eb40fd315b/9e25609f-8014-4daa-aabc-79fd9897502d/2dc20a3e-55d5-416e-b226-a1ef11b1a447) {{(pid=104621) _store_ip_allocation /opt/stack/neutron/neutron/db/db_base_plugin_common.py:131}}
Nov 02 07:27:54.834420 dv-cinder-804757-31-iscsi neutron-server[104620]: DEBUG neutron_lib.callbacks.manager [None req-f65eb47b-7d83-4f2e-9c68-080ea6d75919 admin admin] Publish callbacks [] for router_controller (994c5afa-fd1a-452a-8574-32130c0b281d), precommit_add_association {{(pid=104620) _notify_loop /usr/local/lib/python3.8/dist-packages/neutron_lib/callbacks/manager.py:176}}
Nov 02 07:27:54.855715 dv-cinder-804757-31-iscsi neutron-server[104620]: DEBUG neutron.api.rpc.handlers.resources_rpc [None req-490e27b0-1f8f-470d-918b-223405ab9757 admin admin] Pushing event updated for resources: {'Subnet': ['ID=4cceb7ed-19b8-45a1-af3a-0df551184b66,revision_number=0']} {{(pid=104620) push /opt/stack/neutron/neutron/api/rpc/handlers/resources_rpc.py:237}}
Nov 02 07:27:54.888130 dv-cinder-804757-31-iscsi neutron-server[104620]: DEBUG neutron_lib.callbacks.manager [None req-deb78504-8597-41f3-b16e-9f60cfb5c406 admin admin] Publish callbacks ['neutron.plugins.ml2.ovo_rpc._ObjectChangeHandler.handle_event-403033', 'neutron.api.rpc.agentnotifiers.dhcp_rpc_agent_api.DhcpAgentNotifyAPI._native_event_send_dhcp_notification-1636369'] for network (86a2ddc9-6edb-4b3a-9ada-2cb2dd35a1e1), after_create {{(pid=104620) _notify_loop /usr/local/lib/python3.8/dist-packages/neutron_lib/callbacks/manager.py:176}}
Nov 02 07:27:54.889144 dv-cinder-804757-31-iscsi neutron-server[104620]: DEBUG neutron.pecan_wsgi.hooks.policy_enforcement [None req-deb78504-8597-41f3-b16e-9f60cfb5c406 admin admin] Attributes excluded by policy engine: ['standard_attr_id', 'vlan_transparent'] {{(pid=104620) _exclude_attributes_by_policy /opt/stack/neutron/neutron/pecan_wsgi/hooks/policy_enforcement.py:259}}
Nov 02 07:27:54.889716 dv-cinder-804757-31-iscsi neutron-server[104620]: DEBUG neutron_lib.callbacks.manager [None req-deb78504-8597-41f3-b16e-9f60cfb5c406 admin admin] Publish callbacks ['neutron.api.rpc.agentnotifiers.dhcp_rpc_agent_api.DhcpAgentNotifyAPI._send_dhcp_notification-1636355'] for network (None), before_response {{(pid=104620) _notify_loop /usr/local/lib/python3.8/dist-packages/neutron_lib/callbacks/manager.py:176}}
Nov 02 07:27:54.900435 dv-cinder-804757-31-iscsi neutron-server[104622]: DEBUG dbcounter [-] [104622] Writing DB stats neutron:SELECT=5 {{(pid=104622) stat_writer /usr/local/lib/python3.8/dist-packages/dbcounter.py:114}}
Nov 02 07:27:54.903773 dv-cinder-804757-31-iscsi neutron-server[104622]: DEBUG dbcounter [-] [104622] Writing DB stats neutron:SELECT=4,neutron:DELETE=1 {{(pid=104622) stat_writer /usr/local/lib/python3.8/dist-packages/dbcounter.py:114}}
Nov 02 07:27:54.905969 dv-cinder-804757-31-iscsi neutron-server[104620]: DEBUG dbcounter [-] [104620] Writing DB stats neutron:SELECT=81,neutron:INSERT=16,neutron:UPDATE=3 {{(pid=104620) stat_writer /usr/local/lib/python3.8/dist-packages/dbcounter.py:114}}
Nov 02 07:27:54.913632 dv-cinder-804757-31-iscsi neutron-server[104620]: DEBUG neutron.scheduler.dhcp_agent_scheduler [None req-76e548e5-00e5-437f-a2df-8e50c818d3d4 admin admin] Network a5748268-9cdd-4be0-b219-c9378923b3cb is scheduled to be hosted by DHCP agent f899e073-5a98-40cf-892f-69c55b41850b with binding_index 1 {{(pid=104620) bind /opt/stack/neutron/neutron/scheduler/dhcp_agent_scheduler.py:227}}
Nov 02 07:27:54.953274 dv-cinder-804757-31-iscsi neutron-server[104621]: DEBUG neutron_lib.callbacks.manager [None req-8b7d94d2-d567-48a8-8326-0826c8635d44 None None] Publish callbacks [] for port (2dc20a3e-55d5-416e-b226-a1ef11b1a447), precommit_create {{(pid=104621) _notify_loop /usr/local/lib/python3.8/dist-packages/neutron_lib/callbacks/manager.py:176}}
Nov 02 07:27:54.966634 dv-cinder-804757-31-iscsi neutron-server[104621]: DEBUG neutron_lib.callbacks.manager [None req-8b7d94d2-d567-48a8-8326-0826c8635d44 None None] Publish callbacks ['neutron.plugins.ml2.plugin.SecurityGroupServerNotifierRpcMixin._notify_sg_on_port_change-1313275', 'neutron.plugins.ml2.ovo_rpc._ObjectChangeHandler.handle_event-121689', 'neutron.api.rpc.agentnotifiers.dhcp_rpc_agent_api.DhcpAgentNotifyAPI._native_event_send_dhcp_notification-1636369', 'neutron.db.l3_dvrscheduler_db._notify_l3_agent_new_port-8773425483421'] for port (2dc20a3e-55d5-416e-b226-a1ef11b1a447), after_create {{(pid=104621) _notify_loop /usr/local/lib/python3.8/dist-packages/neutron_lib/callbacks/manager.py:176}}
Nov 02 07:27:55.003462 dv-cinder-804757-31-iscsi neutron-server[104619]: DEBUG neutron.wsgi [-] (104619) accepted ('10.222.0.30', 56000) {{(pid=104619) server /usr/local/lib/python3.8/dist-packages/eventlet/wsgi.py:1004}}
Nov 02 07:27:55.009453 dv-cinder-804757-31-iscsi neutron-server[104620]: DEBUG neutron.scheduler.base_scheduler [None req-76e548e5-00e5-437f-a2df-8e50c818d3d4 admin admin] Resources bound (agent type, host, resource id): (DHCP agent, dv-cinder-804757-31-iscsi, a5748268-9cdd-4be0-b219-c9378923b3cb) {{(pid=104620) schedule /opt/stack/neutron/neutron/scheduler/base_scheduler.py:57}}
Nov 02 07:27:55.011611 dv-cinder-804757-31-iscsi neutron-server[104620]: DEBUG neutron.plugins.ml2.drivers.mech_agent [None req-490e27b0-1f8f-470d-918b-223405ab9757 admin admin] Checking segment: {'id': '2eaeef54-e2d5-48a4-8d72-c9f63061cdc1', 'network_type': 'vlan', 'physical_network': 'physnet1', 'segmentation_id': 672, 'network_id': 'e1e6e350-b39b-4a30-8d84-24cc032bac1e'} for mappings: {'physnet1': 'br-data'} with network types: ['local', 'flat', 'vlan'] {{(pid=104620) check_segment_for_agent /opt/stack/neutron/neutron/plugins/ml2/drivers/mech_agent.py:399}}
Nov 02 07:27:55.012240 dv-cinder-804757-31-iscsi neutron-server[104620]: DEBUG neutron.scheduler.dhcp_agent_scheduler [None req-490e27b0-1f8f-470d-918b-223405ab9757 admin admin] Network hostable DHCP agents. Network: e1e6e350-b39b-4a30-8d84-24cc032bac1e, hostable agents: ['f899e073-5a98-40cf-892f-69c55b41850b'], hosted agents: [] {{(pid=104620) _get_network_hostable_dhcp_agents /opt/stack/neutron/neutron/scheduler/dhcp_agent_scheduler.py:329}}
Nov 02 07:27:55.022128 dv-cinder-804757-31-iscsi neutron-server[104621]: DEBUG neutron.api.rpc.handlers.dhcp_rpc [None req-3beffb45-7590-4c73-bf40-b9a1734f7c5a None None] Network a5748268-9cdd-4be0-b219-c9378923b3cb requested from dv-cinder-804757-31-iscsi {{(pid=104621) get_network_info /opt/stack/neutron/neutron/api/rpc/handlers/dhcp_rpc.py:193}}
Nov 02 07:27:55.056616 dv-cinder-804757-31-iscsi neutron-server[104620]: INFO neutron.wsgi [None req-deb78504-8597-41f3-b16e-9f60cfb5c406 admin admin] 10.222.0.30 "POST /networking/v2.0/networks HTTP/1.1" status: 201 len: 892 time: 2.1684465
Nov 02 07:27:55.058172 dv-cinder-804757-31-iscsi neutron-server[104620]: DEBUG neutron.pecan_wsgi.hooks.policy_enforcement [None req-76e548e5-00e5-437f-a2df-8e50c818d3d4 admin admin] Attributes excluded by policy engine: ['standard_attr_id', 'shared', 'network'] {{(pid=104620) _exclude_attributes_by_policy /opt/stack/neutron/neutron/pecan_wsgi/hooks/policy_enforcement.py:259}}
Nov 02 07:27:55.058954 dv-cinder-804757-31-iscsi neutron-server[104620]: DEBUG neutron_lib.callbacks.manager [None req-76e548e5-00e5-437f-a2df-8e50c818d3d4 admin admin] Publish callbacks ['neutron.api.rpc.agentnotifiers.dhcp_rpc_agent_api.DhcpAgentNotifyAPI._send_dhcp_notification-1636355'] for subnet (None), before_response {{(pid=104620) _notify_loop /usr/local/lib/python3.8/dist-packages/neutron_lib/callbacks/manager.py:176}}
Nov 02 07:27:55.061852 dv-cinder-804757-31-iscsi neutron-server[104619]: DEBUG neutron.wsgi [-] (104619) accepted ('10.222.0.30', 56006) {{(pid=104619) server /usr/local/lib/python3.8/dist-packages/eventlet/wsgi.py:1004}}
Nov 02 07:27:55.067309 dv-cinder-804757-31-iscsi neutron-server[104620]: DEBUG neutron.api.rpc.handlers.resources_rpc [None req-deb78504-8597-41f3-b16e-9f60cfb5c406 admin admin] Pushing event updated for resources: {'Network': ['ID=86a2ddc9-6edb-4b3a-9ada-2cb2dd35a1e1,revision_number=1']} {{(pid=104620) push /opt/stack/neutron/neutron/api/rpc/handlers/resources_rpc.py:237}}
Nov 02 07:27:55.070253 dv-cinder-804757-31-iscsi neutron-server[104619]: DEBUG neutron.api.v2.base [None req-7b396016-57ee-429e-8465-a1143e38184f admin admin] Request body: {'subnet': {'network_id': '86a2ddc9-6edb-4b3a-9ada-2cb2dd35a1e1', 'cidr': '172.20.0.0/28', 'name': 'tempest-ServerRescueNegativeTestJSON-1310587846-subnet', 'tenant_id': '1dfbab8dc316469880ccb755f4d91a32', 'enable_dhcp': True, 'ip_version': 4}} {{(pid=104619) prepare_request_body /opt/stack/neutron/neutron/api/v2/base.py:730}}
Nov 02 07:27:55.104913 dv-cinder-804757-31-iscsi neutron-server[104619]: DEBUG neutron.pecan_wsgi.hooks.quota_enforcement [None req-7b396016-57ee-429e-8465-a1143e38184f admin admin] Made reservation on behalf of 1dfbab8dc316469880ccb755f4d91a32 for: {'subnet': 1} {{(pid=104619) before /opt/stack/neutron/neutron/pecan_wsgi/hooks/quota_enforcement.py:53}}
Nov 02 07:27:55.105264 dv-cinder-804757-31-iscsi neutron-server[104621]: DEBUG neutron.plugins.ml2.rpc [None req-bc311412-a085-4124-9c31-ffadd4fe0efe None None] Network 86a2ddc9-6edb-4b3a-9ada-2cb2dd35a1e1 details requested by agent ovs-agent-dv-cinder-804757-31-iscsi with host dv-cinder-804757-31-iscsi {{(pid=104621) get_network_details /opt/stack/neutron/neutron/plugins/ml2/rpc.py:248}}
Nov 02 07:27:55.109074 dv-cinder-804757-31-iscsi neutron-server[104620]: DEBUG neutron_lib.callbacks.manager [None req-f65eb47b-7d83-4f2e-9c68-080ea6d75919 admin admin] Publish callbacks [] for router_gateway (994c5afa-fd1a-452a-8574-32130c0b281d), precommit_update {{(pid=104620) _notify_loop /usr/local/lib/python3.8/dist-packages/neutron_lib/callbacks/manager.py:176}}
Nov 02 07:27:55.110204 dv-cinder-804757-31-iscsi neutron-server[104621]: DEBUG neutron.scheduler.dhcp_agent_scheduler [None req-8b7d94d2-d567-48a8-8326-0826c8635d44 None None] Network f4ec0f37-3e8a-438e-b9a1-d8eb40fd315b is already hosted by enough agents. {{(pid=104621) _get_dhcp_agents_hosting_network /opt/stack/neutron/neutron/scheduler/dhcp_agent_scheduler.py:275}}
Nov 02 07:27:55.111315 dv-cinder-804757-31-iscsi neutron-server[104619]: DEBUG neutron_lib.callbacks.manager [None req-7b396016-57ee-429e-8465-a1143e38184f admin admin] Publish callbacks [] for subnet (None), before_create {{(pid=104619) _notify_loop /usr/local/lib/python3.8/dist-packages/neutron_lib/callbacks/manager.py:176}}
Nov 02 07:27:55.127401 dv-cinder-804757-31-iscsi neutron-server[104620]: INFO neutron.wsgi [None req-76e548e5-00e5-437f-a2df-8e50c818d3d4 admin admin] 10.222.0.30 "POST /networking/v2.0/subnets HTTP/1.1" status: 201 len: 848 time: 1.2186637
Nov 02 07:27:55.131947 dv-cinder-804757-31-iscsi neutron-server[104620]: DEBUG neutron.wsgi [-] (104620) accepted ('10.222.0.30', 56010) {{(pid=104620) server /usr/local/lib/python3.8/dist-packages/eventlet/wsgi.py:1004}}
Nov 02 07:27:55.151964 dv-cinder-804757-31-iscsi neutron-server[104620]: DEBUG neutron.api.v2.base [None req-5f26adab-1d19-4a7b-8ba3-c769f0de35d3 admin admin] Request body: {'router': {'name': 'tempest-DeleteServersTestJSON-1693282499-router', 'tenant_id': '9de64ee9457449bea0deedc51fd538f7', 'external_gateway_info': {'network_id': 'de008a11-78f4-4381-aedc-f1cb2c654591'}}} {{(pid=104620) prepare_request_body /opt/stack/neutron/neutron/api/v2/base.py:730}}
Nov 02 07:27:55.156022 dv-cinder-804757-31-iscsi neutron-server[104620]: DEBUG neutron.scheduler.dhcp_agent_scheduler [None req-490e27b0-1f8f-470d-918b-223405ab9757 admin admin] Network e1e6e350-b39b-4a30-8d84-24cc032bac1e is scheduled to be hosted by DHCP agent f899e073-5a98-40cf-892f-69c55b41850b with binding_index 1 {{(pid=104620) bind /opt/stack/neutron/neutron/scheduler/dhcp_agent_scheduler.py:227}}
Nov 02 07:27:55.180042 dv-cinder-804757-31-iscsi neutron-server[104620]: DEBUG neutron.scheduler.base_scheduler [None req-490e27b0-1f8f-470d-918b-223405ab9757 admin admin] Resources bound (agent type, host, resource id): (DHCP agent, dv-cinder-804757-31-iscsi, e1e6e350-b39b-4a30-8d84-24cc032bac1e) {{(pid=104620) schedule /opt/stack/neutron/neutron/scheduler/base_scheduler.py:57}}
Nov 02 07:27:55.185977 dv-cinder-804757-31-iscsi neutron-server[104621]: DEBUG dbcounter [-] [104621] Writing DB stats neutron:SELECT=91,neutron:UPDATE=5,neutron:INSERT=4 {{(pid=104621) stat_writer /usr/local/lib/python3.8/dist-packages/dbcounter.py:114}}
Nov 02 07:27:55.191590 dv-cinder-804757-31-iscsi neutron-server[104621]: DEBUG neutron.api.rpc.handlers.resources_rpc [None req-8b7d94d2-d567-48a8-8326-0826c8635d44 None None] Pushing event updated for resources: {'Port': ['ID=2dc20a3e-55d5-416e-b226-a1ef11b1a447,revision_number=1']} {{(pid=104621) push /opt/stack/neutron/neutron/api/rpc/handlers/resources_rpc.py:237}}
Nov 02 07:27:55.198848 dv-cinder-804757-31-iscsi neutron-server[104621]: DEBUG neutron.api.rpc.handlers.dhcp_rpc [None req-843e4c27-8437-4701-8765-dde7a310a86a None None] Network e1e6e350-b39b-4a30-8d84-24cc032bac1e requested from dv-cinder-804757-31-iscsi {{(pid=104621) get_network_info /opt/stack/neutron/neutron/api/rpc/handlers/dhcp_rpc.py:193}}
Nov 02 07:27:55.214802 dv-cinder-804757-31-iscsi neutron-server[104621]: DEBUG neutron.api.rpc.callbacks.version_manager [None req-8b7d94d2-d567-48a8-8326-0826c8635d44 None None] Version for resource type AddressGroup changed None to 1.2 on consumer Open vSwitch agent@dv-cinder-804757-31-iscsi {{(pid=104621) _set_version /opt/stack/neutron/neutron/api/rpc/callbacks/version_manager.py:113}}
Nov 02 07:27:55.215155 dv-cinder-804757-31-iscsi neutron-server[104621]: DEBUG neutron.api.rpc.callbacks.version_manager [None req-8b7d94d2-d567-48a8-8326-0826c8635d44 None None] Version for resource type Agent changed None to 1.1 on consumer Open vSwitch agent@dv-cinder-804757-31-iscsi {{(pid=104621) _set_version /opt/stack/neutron/neutron/api/rpc/callbacks/version_manager.py:113}}
Nov 02 07:27:55.215547 dv-cinder-804757-31-iscsi neutron-server[104621]: DEBUG neutron.api.rpc.callbacks.version_manager [None req-8b7d94d2-d567-48a8-8326-0826c8635d44 None None] Version for resource type ConntrackHelper changed None to 1.0 on consumer Open vSwitch agent@dv-cinder-804757-31-iscsi {{(pid=104621) _set_version /opt/stack/neutron/neutron/api/rpc/callbacks/version_manager.py:113}}
Nov 02 07:27:55.215924 dv-cinder-804757-31-iscsi neutron-server[104621]: DEBUG neutron.api.rpc.callbacks.version_manager [None req-8b7d94d2-d567-48a8-8326-0826c8635d44 None None] Version for resource type LocalIPAssociation changed None to 1.0 on consumer Open vSwitch agent@dv-cinder-804757-31-iscsi {{(pid=104621) _set_version /opt/stack/neutron/neutron/api/rpc/callbacks/version_manager.py:113}}
Nov 02 07:27:55.216271 dv-cinder-804757-31-iscsi neutron-server[104621]: DEBUG neutron.api.rpc.callbacks.version_manager [None req-8b7d94d2-d567-48a8-8326-0826c8635d44 None None] Version for resource type Log changed None to 1.0 on consumer Open vSwitch agent@dv-cinder-804757-31-iscsi {{(pid=104621) _set_version /opt/stack/neutron/neutron/api/rpc/callbacks/version_manager.py:113}}
Nov 02 07:27:55.216598 dv-cinder-804757-31-iscsi neutron-server[104621]: DEBUG neutron.api.rpc.callbacks.version_manager [None req-8b7d94d2-d567-48a8-8326-0826c8635d44 None None] Version for resource type NDPProxy changed None to 1.0 on consumer Open vSwitch agent@dv-cinder-804757-31-iscsi {{(pid=104621) _set_version /opt/stack/neutron/neutron/api/rpc/callbacks/version_manager.py:113}}
Nov 02 07:27:55.217319 dv-cinder-804757-31-iscsi neutron-server[104621]: DEBUG neutron.api.rpc.callbacks.version_manager [None req-8b7d94d2-d567-48a8-8326-0826c8635d44 None None] Version for resource type Network changed None to 1.1 on consumer Open vSwitch agent@dv-cinder-804757-31-iscsi {{(pid=104621) _set_version /opt/stack/neutron/neutron/api/rpc/callbacks/version_manager.py:113}}
Nov 02 07:27:55.217319 dv-cinder-804757-31-iscsi neutron-server[104621]: DEBUG neutron.api.rpc.callbacks.version_manager [None req-8b7d94d2-d567-48a8-8326-0826c8635d44 None None] Version for resource type Port changed None to 1.7 on consumer Open vSwitch agent@dv-cinder-804757-31-iscsi {{(pid=104621) _set_version /opt/stack/neutron/neutron/api/rpc/callbacks/version_manager.py:113}}
Nov 02 07:27:55.217594 dv-cinder-804757-31-iscsi neutron-server[104621]: DEBUG neutron.api.rpc.callbacks.version_manager [None req-8b7d94d2-d567-48a8-8326-0826c8635d44 None None] Version for resource type PortForwarding changed None to 1.3 on consumer Open vSwitch agent@dv-cinder-804757-31-iscsi {{(pid=104621) _set_version /opt/stack/neutron/neutron/api/rpc/callbacks/version_manager.py:113}}
Nov 02 07:27:55.217883 dv-cinder-804757-31-iscsi neutron-server[104621]: DEBUG neutron.api.rpc.callbacks.version_manager [None req-8b7d94d2-d567-48a8-8326-0826c8635d44 None None] Version for resource type QosPolicy changed None to 1.10 on consumer Open vSwitch agent@dv-cinder-804757-31-iscsi {{(pid=104621) _set_version /opt/stack/neutron/neutron/api/rpc/callbacks/version_manager.py:113}}
Nov 02 07:27:55.218214 dv-cinder-804757-31-iscsi neutron-server[104621]: DEBUG neutron.api.rpc.callbacks.version_manager [None req-8b7d94d2-d567-48a8-8326-0826c8635d44 None None] Version for resource type SecurityGroup changed None to 1.5 on consumer Open vSwitch agent@dv-cinder-804757-31-iscsi {{(pid=104621) _set_version /opt/stack/neutron/neutron/api/rpc/callbacks/version_manager.py:113}}
Nov 02 07:27:55.218551 dv-cinder-804757-31-iscsi neutron-server[104621]: DEBUG neutron.api.rpc.callbacks.version_manager [None req-8b7d94d2-d567-48a8-8326-0826c8635d44 None None] Version for resource type SecurityGroupRule changed None to 1.2 on consumer Open vSwitch agent@dv-cinder-804757-31-iscsi {{(pid=104621) _set_version /opt/stack/neutron/neutron/api/rpc/callbacks/version_manager.py:113}}
Nov 02 07:27:55.234336 dv-cinder-804757-31-iscsi neutron-server[104621]: DEBUG neutron.api.rpc.callbacks.version_manager [None req-8b7d94d2-d567-48a8-8326-0826c8635d44 None None] Version for resource type SubPort changed None to 1.0 on consumer Open vSwitch agent@dv-cinder-804757-31-iscsi {{(pid=104621) _set_version /opt/stack/neutron/neutron/api/rpc/callbacks/version_manager.py:113}}
Nov 02 07:27:55.234569 dv-cinder-804757-31-iscsi neutron-server[104621]: DEBUG neutron.api.rpc.callbacks.version_manager [None req-8b7d94d2-d567-48a8-8326-0826c8635d44 None None] Version for resource type Subnet changed None to 1.1 on consumer Open vSwitch agent@dv-cinder-804757-31-iscsi {{(pid=104621) _set_version /opt/stack/neutron/neutron/api/rpc/callbacks/version_manager.py:113}}
Nov 02 07:27:55.234913 dv-cinder-804757-31-iscsi neutron-server[104621]: DEBUG neutron.api.rpc.callbacks.version_manager [None req-8b7d94d2-d567-48a8-8326-0826c8635d44 None None] Version for resource type Trunk changed None to 1.1 on consumer Open vSwitch agent@dv-cinder-804757-31-iscsi {{(pid=104621) _set_version /opt/stack/neutron/neutron/api/rpc/callbacks/version_manager.py:113}}
Nov 02 07:27:55.236193 dv-cinder-804757-31-iscsi neutron-server[104621]: DEBUG neutron.api.rpc.callbacks.version_manager [None req-8b7d94d2-d567-48a8-8326-0826c8635d44 None None] Tracked resource versions report:
Nov 02 07:27:55.236193 dv-cinder-804757-31-iscsi neutron-server[104621]: pushed versions:
Nov 02 07:27:55.236193 dv-cinder-804757-31-iscsi neutron-server[104621]: { 'AddressGroup': {'1.2'},
Nov 02 07:27:55.236193 dv-cinder-804757-31-iscsi neutron-server[104621]: 'Agent': {'1.1'},
Nov 02 07:27:55.236193 dv-cinder-804757-31-iscsi neutron-server[104621]: 'ConntrackHelper': {'1.0'},
Nov 02 07:27:55.236193 dv-cinder-804757-31-iscsi neutron-server[104621]: 'LocalIPAssociation': {'1.0'},
Nov 02 07:27:55.236193 dv-cinder-804757-31-iscsi neutron-server[104621]: 'Log': {'1.0'},
Nov 02 07:27:55.236193 dv-cinder-804757-31-iscsi neutron-server[104621]: 'NDPProxy': {'1.0'},
Nov 02 07:27:55.236193 dv-cinder-804757-31-iscsi neutron-server[104621]: 'Network': {'1.1'},
Nov 02 07:27:55.236193 dv-cinder-804757-31-iscsi neutron-server[104621]: 'Port': {'1.7'},
Nov 02 07:27:55.236193 dv-cinder-804757-31-iscsi neutron-server[104621]: 'PortForwarding': {'1.3'},
Nov 02 07:27:55.236193 dv-cinder-804757-31-iscsi neutron-server[104621]: 'QosPolicy': {'1.10'},
Nov 02 07:27:55.236193 dv-cinder-804757-31-iscsi neutron-server[104621]: 'SecurityGroup': {'1.5'},
Nov 02 07:27:55.236193 dv-cinder-804757-31-iscsi neutron-server[104621]: 'SecurityGroupRule': {'1.2'},
Nov 02 07:27:55.236193 dv-cinder-804757-31-iscsi neutron-server[104621]: 'SubPort': {'1.0'},
Nov 02 07:27:55.236193 dv-cinder-804757-31-iscsi neutron-server[104621]: 'Subnet': {'1.1'},
Nov 02 07:27:55.236193 dv-cinder-804757-31-iscsi neutron-server[104621]: 'Trunk': {'1.1'}}
Nov 02 07:27:55.236193 dv-cinder-804757-31-iscsi neutron-server[104621]: consumer versions:
Nov 02 07:27:55.236193 dv-cinder-804757-31-iscsi neutron-server[104621]: { DHCP agent@dv-cinder-804757-31-iscsi: {},
Nov 02 07:27:55.236193 dv-cinder-804757-31-iscsi neutron-server[104621]: HyperV agent@hv-cinder-80475: {},
Nov 02 07:27:55.236193 dv-cinder-804757-31-iscsi neutron-server[104621]: L3 agent@dv-cinder-804757-31-iscsi: {},
Nov 02 07:27:55.236193 dv-cinder-804757-31-iscsi neutron-server[104621]: Metadata agent@dv-cinder-804757-31-iscsi: {},
