Aug 27 09:48:10.072642 dv-cinder-804757-3-smb devstack@n-api.service[114855]: DEBUG oslo_concurrency.lockutils [req-d5757715-db9e-48e7-b698-af5be8ea0f36 req-fc6b1e1d-1261-4108-bcbf-15687261ed3b service nova] Lock "b953cdf3-b6b0-4715-97e3-0fd82f9937a9" acquired by "nova.context.set_target_cell..get_or_set_cached_cell_and_set_connections" :: waited 0.000s {{(pid=114855) inner /usr/local/lib/python3.8/dist-packages/oslo_concurrency/lockutils.py:355}}
Aug 27 09:48:10.073364 dv-cinder-804757-3-smb devstack@n-api.service[114855]: DEBUG oslo_concurrency.lockutils [req-d5757715-db9e-48e7-b698-af5be8ea0f36 req-fc6b1e1d-1261-4108-bcbf-15687261ed3b service nova] Lock "b953cdf3-b6b0-4715-97e3-0fd82f9937a9" released by "nova.context.set_target_cell..get_or_set_cached_cell_and_set_connections" :: held 0.001s {{(pid=114855) inner /usr/local/lib/python3.8/dist-packages/oslo_concurrency/lockutils.py:367}}
Aug 27 09:48:10.090262 dv-cinder-804757-3-smb devstack@n-api.service[114855]: INFO nova.api.openstack.compute.server_external_events [req-d5757715-db9e-48e7-b698-af5be8ea0f36 req-fc6b1e1d-1261-4108-bcbf-15687261ed3b service nova] Creating event network-vif-deleted:0318b260-44db-4036-b572-17492ba903f3 for instance b18575df-1316-43d0-8867-ad40563d609b on hv-cinder-80475
Aug 27 09:48:10.095979 dv-cinder-804757-3-smb devstack@n-api.service[114855]: INFO nova.api.openstack.requestlog [req-d5757715-db9e-48e7-b698-af5be8ea0f36 req-fc6b1e1d-1261-4108-bcbf-15687261ed3b service nova] 10.222.0.64 "POST /compute/v2.1/os-server-external-events" status: 200 len: 183 microversion: 2.1 time: 0.037668
Aug 27 09:48:10.100473 dv-cinder-804757-3-smb devstack@n-api.service[114855]: [pid: 114855|app: 0|req: 96/195] 10.222.0.64 () {64 vars in 1318 bytes} [Fri Aug 27 09:48:10 2021] POST /compute/v2.1/os-server-external-events => generated 183 bytes in 44 msecs (HTTP/1.1 200) 9 headers in 357 bytes (1 switches on core 0)
Aug 27 09:48:10.201823 dv-cinder-804757-3-smb devstack@n-api.service[114855]: DEBUG nova.api.openstack.wsgi [None req-31e35db7-bb53-4c02-ae01-0542b4eea784 tempest-AttachVolumeShelveTestJSON-860192111 tempest-AttachVolumeShelveTestJSON-860192111-project] Action: 'action', calling method: >, body: {"os-getConsoleOutput": {}} {{(pid=114855) _process_stack /opt/stack/nova/nova/api/openstack/wsgi.py:511}}
Aug 27 09:48:10.203162 dv-cinder-804757-3-smb devstack@n-api.service[114855]: DEBUG nova.compute.api [None req-31e35db7-bb53-4c02-ae01-0542b4eea784 tempest-AttachVolumeShelveTestJSON-860192111 tempest-AttachVolumeShelveTestJSON-860192111-project] [instance: b0fe361a-5ce0-43cd-ab2b-b765a41e07d5] Fetching instance by UUID {{(pid=114855) get /opt/stack/nova/nova/compute/api.py:2826}}
Aug 27 09:48:10.216578 dv-cinder-804757-3-smb devstack@n-api.service[114855]: DEBUG oslo_concurrency.lockutils [None req-31e35db7-bb53-4c02-ae01-0542b4eea784 tempest-AttachVolumeShelveTestJSON-860192111 tempest-AttachVolumeShelveTestJSON-860192111-project] Lock "b953cdf3-b6b0-4715-97e3-0fd82f9937a9" acquired by "nova.context.set_target_cell..get_or_set_cached_cell_and_set_connections" :: waited 0.000s {{(pid=114855) inner /usr/local/lib/python3.8/dist-packages/oslo_concurrency/lockutils.py:355}}
Aug 27 09:48:10.216578 dv-cinder-804757-3-smb devstack@n-api.service[114855]: DEBUG oslo_concurrency.lockutils [None req-31e35db7-bb53-4c02-ae01-0542b4eea784 tempest-AttachVolumeShelveTestJSON-860192111 tempest-AttachVolumeShelveTestJSON-860192111-project] Lock "b953cdf3-b6b0-4715-97e3-0fd82f9937a9" released by "nova.context.set_target_cell..get_or_set_cached_cell_and_set_connections" :: held 0.001s {{(pid=114855) inner /usr/local/lib/python3.8/dist-packages/oslo_concurrency/lockutils.py:367}}
Aug 27 09:48:10.216578 dv-cinder-804757-3-smb devstack@n-api.service[114855]: DEBUG oslo_concurrency.lockutils [None req-31e35db7-bb53-4c02-ae01-0542b4eea784 tempest-AttachVolumeShelveTestJSON-860192111 tempest-AttachVolumeShelveTestJSON-860192111-project] Lock "b953cdf3-b6b0-4715-97e3-0fd82f9937a9" acquired by "nova.context.set_target_cell..get_or_set_cached_cell_and_set_connections" :: waited 0.000s {{(pid=114855) inner /usr/local/lib/python3.8/dist-packages/oslo_concurrency/lockutils.py:355}}
Aug 27 09:48:10.216953 dv-cinder-804757-3-smb devstack@n-api.service[114855]: DEBUG oslo_concurrency.lockutils [None req-31e35db7-bb53-4c02-ae01-0542b4eea784 tempest-AttachVolumeShelveTestJSON-860192111 tempest-AttachVolumeShelveTestJSON-860192111-project] Lock "b953cdf3-b6b0-4715-97e3-0fd82f9937a9" released by "nova.context.set_target_cell..get_or_set_cached_cell_and_set_connections" :: held 0.000s {{(pid=114855) inner /usr/local/lib/python3.8/dist-packages/oslo_concurrency/lockutils.py:367}}
Aug 27 09:48:10.333800 dv-cinder-804757-3-smb devstack@n-api.service[114855]: INFO nova.api.openstack.requestlog [None req-31e35db7-bb53-4c02-ae01-0542b4eea784 tempest-AttachVolumeShelveTestJSON-860192111 tempest-AttachVolumeShelveTestJSON-860192111-project] 10.222.0.64 "POST /compute/v2.1/servers/b0fe361a-5ce0-43cd-ab2b-b765a41e07d5/action" status: 200 len: 28481 microversion: 2.20 time: 0.133751
Aug 27 09:48:10.335896 dv-cinder-804757-3-smb devstack@n-api.service[114855]: [pid: 114855|app: 0|req: 97/196] 10.222.0.64 () {62 vars in 1319 bytes} [Fri Aug 27 09:48:10 2021] POST /compute/v2.1/servers/b0fe361a-5ce0-43cd-ab2b-b765a41e07d5/action => generated 28481 bytes in 139 msecs (HTTP/1.1 200) 9 headers in 361 bytes (1 switches on core 0)
Aug 27 09:48:10.580047 dv-cinder-804757-3-smb devstack@n-api.service[114855]: DEBUG nova.api.openstack.wsgi [None req-e5a60077-2e97-4ea9-8deb-b51f36d1238a tempest-VolumesActionsTest-758374184 tempest-VolumesActionsTest-758374184-project] Calling method '>' {{(pid=114855) _process_stack /opt/stack/nova/nova/api/openstack/wsgi.py:513}}
Aug 27 09:48:10.580774 dv-cinder-804757-3-smb devstack@n-api.service[114855]: DEBUG nova.compute.api [None req-e5a60077-2e97-4ea9-8deb-b51f36d1238a tempest-VolumesActionsTest-758374184 tempest-VolumesActionsTest-758374184-project] [instance: b18575df-1316-43d0-8867-ad40563d609b] Fetching instance by UUID {{(pid=114855) get /opt/stack/nova/nova/compute/api.py:2826}}
Aug 27 09:48:10.589573 dv-cinder-804757-3-smb devstack@n-api.service[114855]: DEBUG oslo_concurrency.lockutils [None req-e5a60077-2e97-4ea9-8deb-b51f36d1238a tempest-VolumesActionsTest-758374184 tempest-VolumesActionsTest-758374184-project] Lock "b953cdf3-b6b0-4715-97e3-0fd82f9937a9" acquired by "nova.context.set_target_cell..get_or_set_cached_cell_and_set_connections" :: waited 0.000s {{(pid=114855) inner /usr/local/lib/python3.8/dist-packages/oslo_concurrency/lockutils.py:355}}
Aug 27 09:48:10.591129 dv-cinder-804757-3-smb devstack@n-api.service[114855]: DEBUG oslo_concurrency.lockutils [None req-e5a60077-2e97-4ea9-8deb-b51f36d1238a tempest-VolumesActionsTest-758374184 tempest-VolumesActionsTest-758374184-project] Lock "b953cdf3-b6b0-4715-97e3-0fd82f9937a9" released by "nova.context.set_target_cell..get_or_set_cached_cell_and_set_connections" :: held 0.002s {{(pid=114855) inner /usr/local/lib/python3.8/dist-packages/oslo_concurrency/lockutils.py:367}}
Aug 27 09:48:10.593234 dv-cinder-804757-3-smb devstack@n-api.service[114855]: DEBUG oslo_concurrency.lockutils [None req-e5a60077-2e97-4ea9-8deb-b51f36d1238a tempest-VolumesActionsTest-758374184 tempest-VolumesActionsTest-758374184-project] Lock "b953cdf3-b6b0-4715-97e3-0fd82f9937a9" acquired by "nova.context.set_target_cell..get_or_set_cached_cell_and_set_connections" :: waited 0.000s {{(pid=114855) inner /usr/local/lib/python3.8/dist-packages/oslo_concurrency/lockutils.py:355}}
Aug 27 09:48:10.595799 dv-cinder-804757-3-smb devstack@n-api.service[114855]: DEBUG oslo_concurrency.lockutils [None req-e5a60077-2e97-4ea9-8deb-b51f36d1238a tempest-VolumesActionsTest-758374184 tempest-VolumesActionsTest-758374184-project] Lock "b953cdf3-b6b0-4715-97e3-0fd82f9937a9" released by "nova.context.set_target_cell..get_or_set_cached_cell_and_set_connections" :: held 0.003s {{(pid=114855) inner /usr/local/lib/python3.8/dist-packages/oslo_concurrency/lockutils.py:367}}
Aug 27 09:48:10.617323 dv-cinder-804757-3-smb devstack@n-api.service[114854]: DEBUG nova.virt.hardware [None req-8b40c0d8-10ef-4498-a70f-dfa6e355018b tempest-AttachVolumeNegativeTest-599689288 tempest-AttachVolumeNegativeTest-599689288-project] Flavor limits 0:0:0 {{(pid=114854) get_cpu_topology_constraints /opt/stack/nova/nova/virt/hardware.py:343}}
Aug 27 09:48:10.617937 dv-cinder-804757-3-smb devstack@n-api.service[114854]: DEBUG nova.virt.hardware [None req-8b40c0d8-10ef-4498-a70f-dfa6e355018b tempest-AttachVolumeNegativeTest-599689288 tempest-AttachVolumeNegativeTest-599689288-project] Image limits 0:0:0 {{(pid=114854) get_cpu_topology_constraints /opt/stack/nova/nova/virt/hardware.py:347}}
Aug 27 09:48:10.618469 dv-cinder-804757-3-smb devstack@n-api.service[114854]: DEBUG nova.virt.hardware [None req-8b40c0d8-10ef-4498-a70f-dfa6e355018b tempest-AttachVolumeNegativeTest-599689288 tempest-AttachVolumeNegativeTest-599689288-project] Flavor pref 0:0:0 {{(pid=114854) get_cpu_topology_constraints /opt/stack/nova/nova/virt/hardware.py:383}}
Aug 27 09:48:10.619036 dv-cinder-804757-3-smb devstack@n-api.service[114854]: DEBUG nova.virt.hardware [None req-8b40c0d8-10ef-4498-a70f-dfa6e355018b tempest-AttachVolumeNegativeTest-599689288 tempest-AttachVolumeNegativeTest-599689288-project] Image pref 0:0:0 {{(pid=114854) get_cpu_topology_constraints /opt/stack/nova/nova/virt/hardware.py:387}}
Aug 27 09:48:10.619604 dv-cinder-804757-3-smb devstack@n-api.service[114854]: DEBUG nova.virt.hardware [None req-8b40c0d8-10ef-4498-a70f-dfa6e355018b tempest-AttachVolumeNegativeTest-599689288 tempest-AttachVolumeNegativeTest-599689288-project] Chose sockets=0, cores=0, threads=0; limits were sockets=65536, cores=65536, threads=65536 {{(pid=114854) get_cpu_topology_constraints /opt/stack/nova/nova/virt/hardware.py:425}}
Aug 27 09:48:10.648605 dv-cinder-804757-3-smb devstack@n-api.service[114855]: DEBUG oslo_concurrency.lockutils [None req-e5a60077-2e97-4ea9-8deb-b51f36d1238a tempest-VolumesActionsTest-758374184 tempest-VolumesActionsTest-758374184-project] Lock "b953cdf3-b6b0-4715-97e3-0fd82f9937a9" acquired by "nova.context.set_target_cell..get_or_set_cached_cell_and_set_connections" :: waited 0.000s {{(pid=114855) inner /usr/local/lib/python3.8/dist-packages/oslo_concurrency/lockutils.py:355}}
Aug 27 09:48:10.649192 dv-cinder-804757-3-smb devstack@n-api.service[114855]: DEBUG oslo_concurrency.lockutils [None req-e5a60077-2e97-4ea9-8deb-b51f36d1238a tempest-VolumesActionsTest-758374184 tempest-VolumesActionsTest-758374184-project] Lock "b953cdf3-b6b0-4715-97e3-0fd82f9937a9" released by "nova.context.set_target_cell..get_or_set_cached_cell_and_set_connections" :: held 0.001s {{(pid=114855) inner /usr/local/lib/python3.8/dist-packages/oslo_concurrency/lockutils.py:367}}
Aug 27 09:48:10.649704 dv-cinder-804757-3-smb devstack@n-api.service[114855]: DEBUG nova.objects.instance [None req-e5a60077-2e97-4ea9-8deb-b51f36d1238a tempest-VolumesActionsTest-758374184 tempest-VolumesActionsTest-758374184-project] Lazy-loading 'fault' on Instance uuid b18575df-1316-43d0-8867-ad40563d609b {{(pid=114855) obj_load_attr /opt/stack/nova/nova/objects/instance.py:1098}}
Aug 27 09:48:10.654670 dv-cinder-804757-3-smb devstack@n-api.service[114854]: DEBUG oslo_concurrency.lockutils [None req-8b40c0d8-10ef-4498-a70f-dfa6e355018b tempest-AttachVolumeNegativeTest-599689288 tempest-AttachVolumeNegativeTest-599689288-project] Lock "00000000-0000-0000-0000-000000000000" acquired by "nova.context.set_target_cell..get_or_set_cached_cell_and_set_connections" :: waited 0.000s {{(pid=114854) inner /usr/local/lib/python3.8/dist-packages/oslo_concurrency/lockutils.py:355}}
Aug 27 09:48:10.655114 dv-cinder-804757-3-smb devstack@n-api.service[114854]: DEBUG oslo_concurrency.lockutils [None req-8b40c0d8-10ef-4498-a70f-dfa6e355018b tempest-AttachVolumeNegativeTest-599689288 tempest-AttachVolumeNegativeTest-599689288-project] Lock "00000000-0000-0000-0000-000000000000" released by "nova.context.set_target_cell..get_or_set_cached_cell_and_set_connections" :: held 0.001s {{(pid=114854) inner /usr/local/lib/python3.8/dist-packages/oslo_concurrency/lockutils.py:367}}
Aug 27 09:48:10.658909 dv-cinder-804757-3-smb devstack@n-api.service[114854]: DEBUG oslo_concurrency.lockutils [None req-8b40c0d8-10ef-4498-a70f-dfa6e355018b tempest-AttachVolumeNegativeTest-599689288 tempest-AttachVolumeNegativeTest-599689288-project] Lock "b953cdf3-b6b0-4715-97e3-0fd82f9937a9" acquired by "nova.context.set_target_cell..get_or_set_cached_cell_and_set_connections" :: waited 0.003s {{(pid=114854) inner /usr/local/lib/python3.8/dist-packages/oslo_concurrency/lockutils.py:355}}
Aug 27 09:48:10.659540 dv-cinder-804757-3-smb devstack@n-api.service[114854]: DEBUG oslo_concurrency.lockutils [None req-8b40c0d8-10ef-4498-a70f-dfa6e355018b tempest-AttachVolumeNegativeTest-599689288 tempest-AttachVolumeNegativeTest-599689288-project] Lock "b953cdf3-b6b0-4715-97e3-0fd82f9937a9" released by "nova.context.set_target_cell..get_or_set_cached_cell_and_set_connections" :: held 0.001s {{(pid=114854) inner /usr/local/lib/python3.8/dist-packages/oslo_concurrency/lockutils.py:367}}
Aug 27 09:48:10.703271 dv-cinder-804757-3-smb devstack@n-api.service[114855]: DEBUG nova.policy [None req-e5a60077-2e97-4ea9-8deb-b51f36d1238a tempest-VolumesActionsTest-758374184 tempest-VolumesActionsTest-758374184-project] Policy check for os_compute_api:os-extended-server-attributes failed with credentials {'is_admin': False, 'user_id': '730206b3586c446c874a60def4f543c4', 'user_domain_id': 'default', 'system_scope': None, 'domain_id': None, 'project_id': 'db271187326f4170b31e2fd621425ede', 'project_domain_id': 'default', 'roles': ['member', 'reader'], 'is_admin_project': True, 'service_user_id': None, 'service_user_domain_id': None, 'service_project_id': None, 'service_project_domain_id': None, 'service_roles': []} {{(pid=114855) authorize /opt/stack/nova/nova/policy.py:199}}
Aug 27 09:48:10.704131 dv-cinder-804757-3-smb devstack@n-api.service[114854]: DEBUG nova.quota [None req-8b40c0d8-10ef-4498-a70f-dfa6e355018b tempest-AttachVolumeNegativeTest-599689288 tempest-AttachVolumeNegativeTest-599689288-project] Getting quotas for project 380fc76837ab4e6ba015b496f87f03a8. Resources: {'cores', 'instances', 'ram'} {{(pid=114854) _get_quotas /opt/stack/nova/nova/quota.py:387}}
Aug 27 09:48:10.713982 dv-cinder-804757-3-smb devstack@n-api.service[114854]: DEBUG nova.quota [None req-8b40c0d8-10ef-4498-a70f-dfa6e355018b tempest-AttachVolumeNegativeTest-599689288 tempest-AttachVolumeNegativeTest-599689288-project] Getting quotas for user daf9e96cca0a4bafba21aba55a551da7 and project 380fc76837ab4e6ba015b496f87f03a8. Resources: {'cores', 'instances', 'ram'} {{(pid=114854) _get_quotas /opt/stack/nova/nova/quota.py:377}}
Aug 27 09:48:10.715489 dv-cinder-804757-3-smb devstack@n-api.service[114855]: INFO nova.api.openstack.requestlog [None req-e5a60077-2e97-4ea9-8deb-b51f36d1238a tempest-VolumesActionsTest-758374184 tempest-VolumesActionsTest-758374184-project] 10.222.0.64 "GET /compute/v2.1/servers/b18575df-1316-43d0-8867-ad40563d609b" status: 200 len: 1304 microversion: 2.1 time: 0.139752
Aug 27 09:48:10.716358 dv-cinder-804757-3-smb devstack@n-api.service[114855]: [pid: 114855|app: 0|req: 98/197] 10.222.0.64 () {58 vars in 1236 bytes} [Fri Aug 27 09:48:10 2021] GET /compute/v2.1/servers/b18575df-1316-43d0-8867-ad40563d609b => generated 1304 bytes in 142 msecs (HTTP/1.1 200) 9 headers in 358 bytes (2 switches on core 0)
Aug 27 09:48:10.743228 dv-cinder-804757-3-smb devstack@n-api.service[114854]: DEBUG nova.compute.api [None req-8b40c0d8-10ef-4498-a70f-dfa6e355018b tempest-AttachVolumeNegativeTest-599689288 tempest-AttachVolumeNegativeTest-599689288-project] Going to run 1 instances... {{(pid=114854) _provision_instances /opt/stack/nova/nova/compute/api.py:1315}}
Aug 27 09:48:10.745605 dv-cinder-804757-3-smb devstack@n-api.service[114854]: DEBUG nova.compute.api [None req-8b40c0d8-10ef-4498-a70f-dfa6e355018b tempest-AttachVolumeNegativeTest-599689288 tempest-AttachVolumeNegativeTest-599689288-project] [instance: 95a73770-399c-45f9-b6a0-0581091b97d5] block_device_mapping [BlockDeviceMapping(attachment_id=,boot_index=0,connection_info=None,created_at=,delete_on_termination=True,deleted=,deleted_at=,destination_type='local',device_name=None,device_type='disk',disk_bus=None,guest_format=None,id=,image_id='1fde3a6e-0dd2-459c-bc50-ff4d081bc342',instance=,instance_uuid=,no_device=False,snapshot_id=None,source_type='image',tag=None,updated_at=,uuid=,volume_id=None,volume_size=None,volume_type=None)] {{(pid=114854) _bdm_validate_set_size_and_instance /opt/stack/nova/nova/compute/api.py:1720}}
Aug 27 09:48:10.829461 dv-cinder-804757-3-smb devstack@n-api.service[114854]: INFO nova.api.openstack.requestlog [None req-8b40c0d8-10ef-4498-a70f-dfa6e355018b tempest-AttachVolumeNegativeTest-599689288 tempest-AttachVolumeNegativeTest-599689288-project] 10.222.0.64 "POST /compute/v2.1/servers" status: 202 len: 380 microversion: 2.1 time: 0.902864
Aug 27 09:48:10.830421 dv-cinder-804757-3-smb devstack@n-api.service[114854]: [pid: 114854|app: 0|req: 100/198] 10.222.0.64 () {60 vars in 1147 bytes} [Fri Aug 27 09:48:09 2021] POST /compute/v2.1/servers => generated 380 bytes in 904 msecs (HTTP/1.1 202) 10 headers in 451 bytes (1 switches on core 0)
Aug 27 09:48:10.840472 dv-cinder-804757-3-smb devstack@n-api.service[114855]: DEBUG nova.api.openstack.wsgi [None req-8368592b-7397-46fa-a845-1750df8c5c19 tempest-AttachVolumeNegativeTest-599689288 tempest-AttachVolumeNegativeTest-599689288-project] Calling method '>' {{(pid=114855) _process_stack /opt/stack/nova/nova/api/openstack/wsgi.py:513}}
Aug 27 09:48:10.841409 dv-cinder-804757-3-smb devstack@n-api.service[114855]: DEBUG nova.compute.api [None req-8368592b-7397-46fa-a845-1750df8c5c19 tempest-AttachVolumeNegativeTest-599689288 tempest-AttachVolumeNegativeTest-599689288-project] [instance: 95a73770-399c-45f9-b6a0-0581091b97d5] Fetching instance by UUID {{(pid=114855) get /opt/stack/nova/nova/compute/api.py:2826}}
Aug 27 09:48:10.910366 dv-cinder-804757-3-smb devstack@n-api.service[114855]: DEBUG nova.policy [None req-8368592b-7397-46fa-a845-1750df8c5c19 tempest-AttachVolumeNegativeTest-599689288 tempest-AttachVolumeNegativeTest-599689288-project] Policy check for os_compute_api:os-extended-server-attributes failed with credentials {'is_admin': False, 'user_id': 'daf9e96cca0a4bafba21aba55a551da7', 'user_domain_id': 'default', 'system_scope': None, 'domain_id': None, 'project_id': '380fc76837ab4e6ba015b496f87f03a8', 'project_domain_id': 'default', 'roles': ['member', 'reader'], 'is_admin_project': True, 'service_user_id': None, 'service_user_domain_id': None, 'service_project_id': None, 'service_project_domain_id': None, 'service_roles': []} {{(pid=114855) authorize /opt/stack/nova/nova/policy.py:199}}
Aug 27 09:48:10.915402 dv-cinder-804757-3-smb devstack@n-api.service[114854]: DEBUG nova.api.openstack.wsgi [None req-c44b719e-caa5-460b-a54a-1c4865448b78 tempest-ServerRescueNegativeTestJSON-1684038767 tempest-ServerRescueNegativeTestJSON-1684038767-project] Calling method '>' {{(pid=114854) _process_stack /opt/stack/nova/nova/api/openstack/wsgi.py:513}}
Aug 27 09:48:10.916036 dv-cinder-804757-3-smb devstack@n-api.service[114854]: DEBUG nova.compute.api [None req-c44b719e-caa5-460b-a54a-1c4865448b78 tempest-ServerRescueNegativeTestJSON-1684038767 tempest-ServerRescueNegativeTestJSON-1684038767-project] [instance: 0c44ea21-a32c-44ea-a59d-1615b70ea380] Fetching instance by UUID {{(pid=114854) get /opt/stack/nova/nova/compute/api.py:2826}}
Aug 27 09:48:10.921521 dv-cinder-804757-3-smb devstack@n-api.service[114855]: INFO nova.api.openstack.requestlog [None req-8368592b-7397-46fa-a845-1750df8c5c19 tempest-AttachVolumeNegativeTest-599689288 tempest-AttachVolumeNegativeTest-599689288-project] 10.222.0.64 "GET /compute/v2.1/servers/95a73770-399c-45f9-b6a0-0581091b97d5" status: 200 len: 1217 microversion: 2.1 time: 0.085115
Aug 27 09:48:10.922578 dv-cinder-804757-3-smb devstack@n-api.service[114855]: [pid: 114855|app: 0|req: 99/199] 10.222.0.64 () {58 vars in 1236 bytes} [Fri Aug 27 09:48:10 2021] GET /compute/v2.1/servers/95a73770-399c-45f9-b6a0-0581091b97d5 => generated 1217 bytes in 87 msecs (HTTP/1.1 200) 9 headers in 358 bytes (1 switches on core 0)
Aug 27 09:48:10.924308 dv-cinder-804757-3-smb devstack@n-api.service[114854]: DEBUG oslo_concurrency.lockutils [None req-c44b719e-caa5-460b-a54a-1c4865448b78 tempest-ServerRescueNegativeTestJSON-1684038767 tempest-ServerRescueNegativeTestJSON-1684038767-project] Lock "b953cdf3-b6b0-4715-97e3-0fd82f9937a9" acquired by "nova.context.set_target_cell..get_or_set_cached_cell_and_set_connections" :: waited 0.000s {{(pid=114854) inner /usr/local/lib/python3.8/dist-packages/oslo_concurrency/lockutils.py:355}}
Aug 27 09:48:10.924787 dv-cinder-804757-3-smb devstack@n-api.service[114854]: DEBUG oslo_concurrency.lockutils [None req-c44b719e-caa5-460b-a54a-1c4865448b78 tempest-ServerRescueNegativeTestJSON-1684038767 tempest-ServerRescueNegativeTestJSON-1684038767-project] Lock "b953cdf3-b6b0-4715-97e3-0fd82f9937a9" released by "nova.context.set_target_cell..get_or_set_cached_cell_and_set_connections" :: held 0.001s {{(pid=114854) inner /usr/local/lib/python3.8/dist-packages/oslo_concurrency/lockutils.py:367}}
Aug 27 09:48:10.925556 dv-cinder-804757-3-smb devstack@n-api.service[114854]: DEBUG oslo_concurrency.lockutils [None req-c44b719e-caa5-460b-a54a-1c4865448b78 tempest-ServerRescueNegativeTestJSON-1684038767 tempest-ServerRescueNegativeTestJSON-1684038767-project] Lock "b953cdf3-b6b0-4715-97e3-0fd82f9937a9" acquired by "nova.context.set_target_cell..get_or_set_cached_cell_and_set_connections" :: waited 0.000s {{(pid=114854) inner /usr/local/lib/python3.8/dist-packages/oslo_concurrency/lockutils.py:355}}
Aug 27 09:48:10.925988 dv-cinder-804757-3-smb devstack@n-api.service[114854]: DEBUG oslo_concurrency.lockutils [None req-c44b719e-caa5-460b-a54a-1c4865448b78 tempest-ServerRescueNegativeTestJSON-1684038767 tempest-ServerRescueNegativeTestJSON-1684038767-project] Lock "b953cdf3-b6b0-4715-97e3-0fd82f9937a9" released by "nova.context.set_target_cell..get_or_set_cached_cell_and_set_connections" :: held 0.000s {{(pid=114854) inner /usr/local/lib/python3.8/dist-packages/oslo_concurrency/lockutils.py:367}}
Aug 27 09:48:11.074291 dv-cinder-804757-3-smb devstack@n-api.service[114855]: DEBUG nova.api.openstack.wsgi [None req-62c432e0-4adc-42ef-85bf-28e181f91aa6 tempest-VolumesSnapshotTestJSON-1208246850 tempest-VolumesSnapshotTestJSON-1208246850-project] Calling method '>' {{(pid=114855) _process_stack /opt/stack/nova/nova/api/openstack/wsgi.py:513}}
Aug 27 09:48:11.074916 dv-cinder-804757-3-smb devstack@n-api.service[114855]: DEBUG nova.compute.api [None req-62c432e0-4adc-42ef-85bf-28e181f91aa6 tempest-VolumesSnapshotTestJSON-1208246850 tempest-VolumesSnapshotTestJSON-1208246850-project] [instance: e4848bfa-1797-446e-a8d9-bf7d96572ecd] Fetching instance by UUID {{(pid=114855) get /opt/stack/nova/nova/compute/api.py:2826}}
Aug 27 09:48:11.086540 dv-cinder-804757-3-smb devstack@n-api.service[114855]: DEBUG oslo_concurrency.lockutils [None req-62c432e0-4adc-42ef-85bf-28e181f91aa6 tempest-VolumesSnapshotTestJSON-1208246850 tempest-VolumesSnapshotTestJSON-1208246850-project] Lock "b953cdf3-b6b0-4715-97e3-0fd82f9937a9" acquired by "nova.context.set_target_cell..get_or_set_cached_cell_and_set_connections" :: waited 0.000s {{(pid=114855) inner /usr/local/lib/python3.8/dist-packages/oslo_concurrency/lockutils.py:355}}
Aug 27 09:48:11.086540 dv-cinder-804757-3-smb devstack@n-api.service[114855]: DEBUG oslo_concurrency.lockutils [None req-62c432e0-4adc-42ef-85bf-28e181f91aa6 tempest-VolumesSnapshotTestJSON-1208246850 tempest-VolumesSnapshotTestJSON-1208246850-project] Lock "b953cdf3-b6b0-4715-97e3-0fd82f9937a9" released by "nova.context.set_target_cell..get_or_set_cached_cell_and_set_connections" :: held 0.001s {{(pid=114855) inner /usr/local/lib/python3.8/dist-packages/oslo_concurrency/lockutils.py:367}}
Aug 27 09:48:11.086540 dv-cinder-804757-3-smb devstack@n-api.service[114855]: DEBUG oslo_concurrency.lockutils [None req-62c432e0-4adc-42ef-85bf-28e181f91aa6 tempest-VolumesSnapshotTestJSON-1208246850 tempest-VolumesSnapshotTestJSON-1208246850-project] Lock "b953cdf3-b6b0-4715-97e3-0fd82f9937a9" acquired by "nova.context.set_target_cell..get_or_set_cached_cell_and_set_connections" :: waited 0.000s {{(pid=114855) inner /usr/local/lib/python3.8/dist-packages/oslo_concurrency/lockutils.py:355}}
Aug 27 09:48:11.086540 dv-cinder-804757-3-smb devstack@n-api.service[114855]: DEBUG oslo_concurrency.lockutils [None req-62c432e0-4adc-42ef-85bf-28e181f91aa6 tempest-VolumesSnapshotTestJSON-1208246850 tempest-VolumesSnapshotTestJSON-1208246850-project] Lock "b953cdf3-b6b0-4715-97e3-0fd82f9937a9" released by "nova.context.set_target_cell..get_or_set_cached_cell_and_set_connections" :: held 0.000s {{(pid=114855) inner /usr/local/lib/python3.8/dist-packages/oslo_concurrency/lockutils.py:367}}
Aug 27 09:48:11.105646 dv-cinder-804757-3-smb devstack@n-api.service[114854]: DEBUG nova.policy [None req-c44b719e-caa5-460b-a54a-1c4865448b78 tempest-ServerRescueNegativeTestJSON-1684038767 tempest-ServerRescueNegativeTestJSON-1684038767-project] Policy check for os_compute_api:os-extended-server-attributes failed with credentials {'is_admin': False, 'user_id': 'f3c389961ac14d59b996533eb5af4a68', 'user_domain_id': 'default', 'system_scope': None, 'domain_id': None, 'project_id': '27fafbd14dd1463189b851d7d6514f1b', 'project_domain_id': 'default', 'roles': ['member', 'reader'], 'is_admin_project': True, 'service_user_id': None, 'service_user_domain_id': None, 'service_project_id': None, 'service_project_domain_id': None, 'service_roles': []} {{(pid=114854) authorize /opt/stack/nova/nova/policy.py:199}}
Aug 27 09:48:11.131177 dv-cinder-804757-3-smb devstack@n-api.service[114854]: INFO nova.api.openstack.requestlog [None req-c44b719e-caa5-460b-a54a-1c4865448b78 tempest-ServerRescueNegativeTestJSON-1684038767 tempest-ServerRescueNegativeTestJSON-1684038767-project] 10.222.0.64 "GET /compute/v2.1/servers/0c44ea21-a32c-44ea-a59d-1615b70ea380" status: 200 len: 1521 microversion: 2.1 time: 0.219530
Aug 27 09:48:11.134020 dv-cinder-804757-3-smb devstack@n-api.service[114854]: [pid: 114854|app: 0|req: 101/200] 10.222.0.64 () {58 vars in 1236 bytes} [Fri Aug 27 09:48:10 2021] GET /compute/v2.1/servers/0c44ea21-a32c-44ea-a59d-1615b70ea380 => generated 1521 bytes in 223 msecs (HTTP/1.1 200) 9 headers in 358 bytes (1 switches on core 0)
Aug 27 09:48:11.309692 dv-cinder-804757-3-smb devstack@n-api.service[114855]: DEBUG nova.policy [None req-62c432e0-4adc-42ef-85bf-28e181f91aa6 tempest-VolumesSnapshotTestJSON-1208246850 tempest-VolumesSnapshotTestJSON-1208246850-project] Policy check for os_compute_api:os-extended-server-attributes failed with credentials {'is_admin': False, 'user_id': 'b266ce79a4b14345ac774d05fb5237c1', 'user_domain_id': 'default', 'system_scope': None, 'domain_id': None, 'project_id': '8f84abd7257447eda4979fa67568a100', 'project_domain_id': 'default', 'roles': ['member', 'reader'], 'is_admin_project': True, 'service_user_id': None, 'service_user_domain_id': None, 'service_project_id': None, 'service_project_domain_id': None, 'service_roles': []} {{(pid=114855) authorize /opt/stack/nova/nova/policy.py:199}}
Aug 27 09:48:11.317601 dv-cinder-804757-3-smb devstack@n-api.service[114855]: INFO nova.api.openstack.requestlog [None req-62c432e0-4adc-42ef-85bf-28e181f91aa6 tempest-VolumesSnapshotTestJSON-1208246850 tempest-VolumesSnapshotTestJSON-1208246850-project] 10.222.0.64 "GET /compute/v2.1/servers/e4848bfa-1797-446e-a8d9-bf7d96572ecd" status: 200 len: 1319 microversion: 2.1 time: 0.248101
Aug 27 09:48:11.318958 dv-cinder-804757-3-smb devstack@n-api.service[114855]: [pid: 114855|app: 0|req: 100/201] 10.222.0.64 () {58 vars in 1236 bytes} [Fri Aug 27 09:48:11 2021] GET /compute/v2.1/servers/e4848bfa-1797-446e-a8d9-bf7d96572ecd => generated 1319 bytes in 250 msecs (HTTP/1.1 200) 9 headers in 358 bytes (1 switches on core 0)
Aug 27 09:48:11.347076 dv-cinder-804757-3-smb devstack@n-api.service[114854]: DEBUG nova.api.openstack.wsgi [None req-6a41c91c-48ee-4372-8762-5d72472952c8 tempest-AttachVolumeShelveTestJSON-860192111 tempest-AttachVolumeShelveTestJSON-860192111-project] Action: 'action', calling method: >, body: {"os-getConsoleOutput": {}} {{(pid=114854) _process_stack /opt/stack/nova/nova/api/openstack/wsgi.py:511}}
Aug 27 09:48:11.348821 dv-cinder-804757-3-smb devstack@n-api.service[114854]: DEBUG nova.compute.api [None req-6a41c91c-48ee-4372-8762-5d72472952c8 tempest-AttachVolumeShelveTestJSON-860192111 tempest-AttachVolumeShelveTestJSON-860192111-project] [instance: b0fe361a-5ce0-43cd-ab2b-b765a41e07d5] Fetching instance by UUID {{(pid=114854) get /opt/stack/nova/nova/compute/api.py:2826}}
Aug 27 09:48:11.355276 dv-cinder-804757-3-smb devstack@n-api.service[114854]: DEBUG oslo_concurrency.lockutils [None req-6a41c91c-48ee-4372-8762-5d72472952c8 tempest-AttachVolumeShelveTestJSON-860192111 tempest-AttachVolumeShelveTestJSON-860192111-project] Lock "b953cdf3-b6b0-4715-97e3-0fd82f9937a9" acquired by "nova.context.set_target_cell..get_or_set_cached_cell_and_set_connections" :: waited 0.000s {{(pid=114854) inner /usr/local/lib/python3.8/dist-packages/oslo_concurrency/lockutils.py:355}}
Aug 27 09:48:11.355729 dv-cinder-804757-3-smb devstack@n-api.service[114854]: DEBUG oslo_concurrency.lockutils [None req-6a41c91c-48ee-4372-8762-5d72472952c8 tempest-AttachVolumeShelveTestJSON-860192111 tempest-AttachVolumeShelveTestJSON-860192111-project] Lock "b953cdf3-b6b0-4715-97e3-0fd82f9937a9" released by "nova.context.set_target_cell..get_or_set_cached_cell_and_set_connections" :: held 0.001s {{(pid=114854) inner /usr/local/lib/python3.8/dist-packages/oslo_concurrency/lockutils.py:367}}
Aug 27 09:48:11.356698 dv-cinder-804757-3-smb devstack@n-api.service[114854]: DEBUG oslo_concurrency.lockutils [None req-6a41c91c-48ee-4372-8762-5d72472952c8 tempest-AttachVolumeShelveTestJSON-860192111 tempest-AttachVolumeShelveTestJSON-860192111-project] Lock "b953cdf3-b6b0-4715-97e3-0fd82f9937a9" acquired by "nova.context.set_target_cell..get_or_set_cached_cell_and_set_connections" :: waited 0.000s {{(pid=114854) inner /usr/local/lib/python3.8/dist-packages/oslo_concurrency/lockutils.py:355}}
Aug 27 09:48:11.357212 dv-cinder-804757-3-smb devstack@n-api.service[114854]: DEBUG oslo_concurrency.lockutils [None req-6a41c91c-48ee-4372-8762-5d72472952c8 tempest-AttachVolumeShelveTestJSON-860192111 tempest-AttachVolumeShelveTestJSON-860192111-project] Lock "b953cdf3-b6b0-4715-97e3-0fd82f9937a9" released by "nova.context.set_target_cell..get_or_set_cached_cell_and_set_connections" :: held 0.000s {{(pid=114854) inner /usr/local/lib/python3.8/dist-packages/oslo_concurrency/lockutils.py:367}}
Aug 27 09:48:11.459312 dv-cinder-804757-3-smb devstack@n-api.service[114854]: INFO nova.api.openstack.requestlog [None req-6a41c91c-48ee-4372-8762-5d72472952c8 tempest-AttachVolumeShelveTestJSON-860192111 tempest-AttachVolumeShelveTestJSON-860192111-project] 10.222.0.64 "POST /compute/v2.1/servers/b0fe361a-5ce0-43cd-ab2b-b765a41e07d5/action" status: 200 len: 28649 microversion: 2.20 time: 0.116609
Aug 27 09:48:11.460065 dv-cinder-804757-3-smb devstack@n-api.service[114854]: [pid: 114854|app: 0|req: 102/202] 10.222.0.64 () {62 vars in 1319 bytes} [Fri Aug 27 09:48:11 2021] POST /compute/v2.1/servers/b0fe361a-5ce0-43cd-ab2b-b765a41e07d5/action => generated 28649 bytes in 118 msecs (HTTP/1.1 200) 9 headers in 361 bytes (1 switches on core 0)
Aug 27 09:48:11.733019 dv-cinder-804757-3-smb devstack@n-api.service[114855]: DEBUG nova.api.openstack.wsgi [None req-8944e80a-4997-4fde-aab9-a5885f2ace44 tempest-VolumesActionsTest-758374184 tempest-VolumesActionsTest-758374184-project] Calling method '>' {{(pid=114855) _process_stack /opt/stack/nova/nova/api/openstack/wsgi.py:513}}
Aug 27 09:48:11.733625 dv-cinder-804757-3-smb devstack@n-api.service[114855]: DEBUG nova.compute.api [None req-8944e80a-4997-4fde-aab9-a5885f2ace44 tempest-VolumesActionsTest-758374184 tempest-VolumesActionsTest-758374184-project] [instance: b18575df-1316-43d0-8867-ad40563d609b] Fetching instance by UUID {{(pid=114855) get /opt/stack/nova/nova/compute/api.py:2826}}
Aug 27 09:48:11.740715 dv-cinder-804757-3-smb devstack@n-api.service[114855]: DEBUG oslo_concurrency.lockutils [None req-8944e80a-4997-4fde-aab9-a5885f2ace44 tempest-VolumesActionsTest-758374184 tempest-VolumesActionsTest-758374184-project] Lock "b953cdf3-b6b0-4715-97e3-0fd82f9937a9" acquired by "nova.context.set_target_cell..get_or_set_cached_cell_and_set_connections" :: waited 0.000s {{(pid=114855) inner /usr/local/lib/python3.8/dist-packages/oslo_concurrency/lockutils.py:355}}
Aug 27 09:48:11.741511 dv-cinder-804757-3-smb devstack@n-api.service[114855]: DEBUG oslo_concurrency.lockutils [None req-8944e80a-4997-4fde-aab9-a5885f2ace44 tempest-VolumesActionsTest-758374184 tempest-VolumesActionsTest-758374184-project] Lock "b953cdf3-b6b0-4715-97e3-0fd82f9937a9" released by "nova.context.set_target_cell..get_or_set_cached_cell_and_set_connections" :: held 0.001s {{(pid=114855) inner /usr/local/lib/python3.8/dist-packages/oslo_concurrency/lockutils.py:367}}
Aug 27 09:48:11.742399 dv-cinder-804757-3-smb devstack@n-api.service[114855]: DEBUG oslo_concurrency.lockutils [None req-8944e80a-4997-4fde-aab9-a5885f2ace44 tempest-VolumesActionsTest-758374184 tempest-VolumesActionsTest-758374184-project] Lock "b953cdf3-b6b0-4715-97e3-0fd82f9937a9" acquired by "nova.context.set_target_cell..get_or_set_cached_cell_and_set_connections" :: waited 0.000s {{(pid=114855) inner /usr/local/lib/python3.8/dist-packages/oslo_concurrency/lockutils.py:355}}
Aug 27 09:48:11.742891 dv-cinder-804757-3-smb devstack@n-api.service[114855]: DEBUG oslo_concurrency.lockutils [None req-8944e80a-4997-4fde-aab9-a5885f2ace44 tempest-VolumesActionsTest-758374184 tempest-VolumesActionsTest-758374184-project] Lock "b953cdf3-b6b0-4715-97e3-0fd82f9937a9" released by "nova.context.set_target_cell..get_or_set_cached_cell_and_set_connections" :: held 0.000s {{(pid=114855) inner /usr/local/lib/python3.8/dist-packages/oslo_concurrency/lockutils.py:367}}
Aug 27 09:48:11.758650 dv-cinder-804757-3-smb devstack@n-api.service[114855]: INFO nova.api.openstack.wsgi [None req-8944e80a-4997-4fde-aab9-a5885f2ace44 tempest-VolumesActionsTest-758374184 tempest-VolumesActionsTest-758374184-project] HTTP exception thrown: Instance b18575df-1316-43d0-8867-ad40563d609b could not be found.
Aug 27 09:48:11.759370 dv-cinder-804757-3-smb devstack@n-api.service[114855]: DEBUG nova.api.openstack.wsgi [None req-8944e80a-4997-4fde-aab9-a5885f2ace44 tempest-VolumesActionsTest-758374184 tempest-VolumesActionsTest-758374184-project] Returning 404 to user: Instance b18575df-1316-43d0-8867-ad40563d609b could not be found. {{(pid=114855) __call__ /opt/stack/nova/nova/api/openstack/wsgi.py:927}}
Aug 27 09:48:11.760263 dv-cinder-804757-3-smb devstack@n-api.service[114855]: INFO nova.api.openstack.requestlog [None req-8944e80a-4997-4fde-aab9-a5885f2ace44 tempest-VolumesActionsTest-758374184 tempest-VolumesActionsTest-758374184-project] 10.222.0.64 "GET /compute/v2.1/servers/b18575df-1316-43d0-8867-ad40563d609b" status: 404 len: 111 microversion: 2.1 time: 0.031189
Aug 27 09:48:11.761060 dv-cinder-804757-3-smb devstack@n-api.service[114855]: [pid: 114855|app: 0|req: 101/203] 10.222.0.64 () {58 vars in 1236 bytes} [Fri Aug 27 09:48:11 2021] GET /compute/v2.1/servers/b18575df-1316-43d0-8867-ad40563d609b => generated 111 bytes in 32 msecs (HTTP/1.1 404) 9 headers in 379 bytes (1 switches on core 0)
Aug 27 09:48:11.792508 dv-cinder-804757-3-smb devstack@n-api.service[114854]: DEBUG nova.api.openstack.wsgi [req-44acbcf4-eb17-4dc2-ab2c-7b978b7392fb req-c6a74d8c-aeb6-4d1a-8557-f25d9d26a31b service nova] Action: 'create', calling method: >, body: {"events": [{"server_uuid": "e4848bfa-1797-446e-a8d9-bf7d96572ecd", "name": "network-vif-plugged", "status": "completed", "tag": "10bba192-8b0e-4656-a02b-8a86bdbf9e36"}]} {{(pid=114854) _process_stack /opt/stack/nova/nova/api/openstack/wsgi.py:511}}
Aug 27 09:48:11.794105 dv-cinder-804757-3-smb devstack@n-api.service[114854]: /usr/local/lib/python3.8/dist-packages/oslo_policy/policy.py:1064: UserWarning: Policy os_compute_api:os-server-external-events:create failed scope check. The token used to make the request was project scoped but the policy requires ['system'] scope. This behavior may change in the future where using the intended scope is required
Aug 27 09:48:11.794105 dv-cinder-804757-3-smb devstack@n-api.service[114854]: warnings.warn(msg)
Aug 27 09:48:11.804429 dv-cinder-804757-3-smb devstack@n-api.service[114854]: DEBUG oslo_concurrency.lockutils [req-44acbcf4-eb17-4dc2-ab2c-7b978b7392fb req-c6a74d8c-aeb6-4d1a-8557-f25d9d26a31b service nova] Lock "b953cdf3-b6b0-4715-97e3-0fd82f9937a9" acquired by "nova.context.set_target_cell..get_or_set_cached_cell_and_set_connections" :: waited 0.000s {{(pid=114854) inner /usr/local/lib/python3.8/dist-packages/oslo_concurrency/lockutils.py:355}}
Aug 27 09:48:11.805313 dv-cinder-804757-3-smb devstack@n-api.service[114854]: DEBUG oslo_concurrency.lockutils [req-44acbcf4-eb17-4dc2-ab2c-7b978b7392fb req-c6a74d8c-aeb6-4d1a-8557-f25d9d26a31b service nova] Lock "b953cdf3-b6b0-4715-97e3-0fd82f9937a9" released by "nova.context.set_target_cell..get_or_set_cached_cell_and_set_connections" :: held 0.001s {{(pid=114854) inner /usr/local/lib/python3.8/dist-packages/oslo_concurrency/lockutils.py:367}}
Aug 27 09:48:11.818431 dv-cinder-804757-3-smb devstack@n-api.service[114854]: INFO nova.api.openstack.compute.server_external_events [req-44acbcf4-eb17-4dc2-ab2c-7b978b7392fb req-c6a74d8c-aeb6-4d1a-8557-f25d9d26a31b service nova] Creating event network-vif-plugged:10bba192-8b0e-4656-a02b-8a86bdbf9e36 for instance e4848bfa-1797-446e-a8d9-bf7d96572ecd on hv-cinder-80475
Aug 27 09:48:11.828773 dv-cinder-804757-3-smb devstack@n-api.service[114854]: INFO nova.api.openstack.requestlog [req-44acbcf4-eb17-4dc2-ab2c-7b978b7392fb req-c6a74d8c-aeb6-4d1a-8557-f25d9d26a31b service nova] 10.222.0.64 "POST /compute/v2.1/os-server-external-events" status: 200 len: 183 microversion: 2.1 time: 0.040349
Aug 27 09:48:11.830009 dv-cinder-804757-3-smb devstack@n-api.service[114854]: [pid: 114854|app: 0|req: 103/204] 10.222.0.64 () {64 vars in 1318 bytes} [Fri Aug 27 09:48:11 2021] POST /compute/v2.1/os-server-external-events => generated 183 bytes in 43 msecs (HTTP/1.1 200) 9 headers in 357 bytes (1 switches on core 0)
Aug 27 09:48:11.938992 dv-cinder-804757-3-smb devstack@n-api.service[114855]: DEBUG nova.api.openstack.wsgi [None req-0007d344-2e5b-40ab-ba15-15646f817667 tempest-AttachVolumeNegativeTest-599689288 tempest-AttachVolumeNegativeTest-599689288-project] Calling method '>' {{(pid=114855) _process_stack /opt/stack/nova/nova/api/openstack/wsgi.py:513}}
Aug 27 09:48:11.939948 dv-cinder-804757-3-smb devstack@n-api.service[114855]: DEBUG nova.compute.api [None req-0007d344-2e5b-40ab-ba15-15646f817667 tempest-AttachVolumeNegativeTest-599689288 tempest-AttachVolumeNegativeTest-599689288-project] [instance: 95a73770-399c-45f9-b6a0-0581091b97d5] Fetching instance by UUID {{(pid=114855) get /opt/stack/nova/nova/compute/api.py:2826}}
Aug 27 09:48:11.952791 dv-cinder-804757-3-smb devstack@n-api.service[114855]: DEBUG oslo_concurrency.lockutils [None req-0007d344-2e5b-40ab-ba15-15646f817667 tempest-AttachVolumeNegativeTest-599689288 tempest-AttachVolumeNegativeTest-599689288-project] Lock "b953cdf3-b6b0-4715-97e3-0fd82f9937a9" acquired by "nova.context.set_target_cell..get_or_set_cached_cell_and_set_connections" :: waited 0.000s {{(pid=114855) inner /usr/local/lib/python3.8/dist-packages/oslo_concurrency/lockutils.py:355}}
Aug 27 09:48:11.955318 dv-cinder-804757-3-smb devstack@n-api.service[114855]: DEBUG oslo_concurrency.lockutils [None req-0007d344-2e5b-40ab-ba15-15646f817667 tempest-AttachVolumeNegativeTest-599689288 tempest-AttachVolumeNegativeTest-599689288-project] Lock "b953cdf3-b6b0-4715-97e3-0fd82f9937a9" released by "nova.context.set_target_cell..get_or_set_cached_cell_and_set_connections" :: held 0.003s {{(pid=114855) inner /usr/local/lib/python3.8/dist-packages/oslo_concurrency/lockutils.py:367}}
Aug 27 09:48:11.956262 dv-cinder-804757-3-smb devstack@n-api.service[114855]: DEBUG oslo_concurrency.lockutils [None req-0007d344-2e5b-40ab-ba15-15646f817667 tempest-AttachVolumeNegativeTest-599689288 tempest-AttachVolumeNegativeTest-599689288-project] Lock "b953cdf3-b6b0-4715-97e3-0fd82f9937a9" acquired by "nova.context.set_target_cell..get_or_set_cached_cell_and_set_connections" :: waited 0.000s {{(pid=114855) inner /usr/local/lib/python3.8/dist-packages/oslo_concurrency/lockutils.py:355}}
Aug 27 09:48:11.956716 dv-cinder-804757-3-smb devstack@n-api.service[114855]: DEBUG oslo_concurrency.lockutils [None req-0007d344-2e5b-40ab-ba15-15646f817667 tempest-AttachVolumeNegativeTest-599689288 tempest-AttachVolumeNegativeTest-599689288-project] Lock "b953cdf3-b6b0-4715-97e3-0fd82f9937a9" released by "nova.context.set_target_cell..get_or_set_cached_cell_and_set_connections" :: held 0.001s {{(pid=114855) inner /usr/local/lib/python3.8/dist-packages/oslo_concurrency/lockutils.py:367}}
Aug 27 09:48:12.043047 dv-cinder-804757-3-smb devstack@n-api.service[114855]: DEBUG nova.policy [None req-0007d344-2e5b-40ab-ba15-15646f817667 tempest-AttachVolumeNegativeTest-599689288 tempest-AttachVolumeNegativeTest-599689288-project] Policy check for os_compute_api:os-extended-server-attributes failed with credentials {'is_admin': False, 'user_id': 'daf9e96cca0a4bafba21aba55a551da7', 'user_domain_id': 'default', 'system_scope': None, 'domain_id': None, 'project_id': '380fc76837ab4e6ba015b496f87f03a8', 'project_domain_id': 'default', 'roles': ['member', 'reader'], 'is_admin_project': True, 'service_user_id': None, 'service_user_domain_id': None, 'service_project_id': None, 'service_project_domain_id': None, 'service_roles': []} {{(pid=114855) authorize /opt/stack/nova/nova/policy.py:199}}
Aug 27 09:48:12.058452 dv-cinder-804757-3-smb devstack@n-api.service[114855]: INFO nova.api.openstack.requestlog [None req-0007d344-2e5b-40ab-ba15-15646f817667 tempest-AttachVolumeNegativeTest-599689288 tempest-AttachVolumeNegativeTest-599689288-project] 10.222.0.64 "GET /compute/v2.1/servers/95a73770-399c-45f9-b6a0-0581091b97d5" status: 200 len: 1269 microversion: 2.1 time: 0.122912
Aug 27 09:48:12.067590 dv-cinder-804757-3-smb devstack@n-api.service[114855]: [pid: 114855|app: 0|req: 102/205] 10.222.0.64 () {58 vars in 1236 bytes} [Fri Aug 27 09:48:11 2021] GET /compute/v2.1/servers/95a73770-399c-45f9-b6a0-0581091b97d5 => generated 1269 bytes in 124 msecs (HTTP/1.1 200) 9 headers in 358 bytes (1 switches on core 0)
Aug 27 09:48:12.148552 dv-cinder-804757-3-smb devstack@n-api.service[114854]: DEBUG nova.api.openstack.wsgi [None req-f55e25a6-2205-45da-bc93-dfa50d7df711 tempest-ServerRescueNegativeTestJSON-1684038767 tempest-ServerRescueNegativeTestJSON-1684038767-project] Calling method '>' {{(pid=114854) _process_stack /opt/stack/nova/nova/api/openstack/wsgi.py:513}}
Aug 27 09:48:12.149532 dv-cinder-804757-3-smb devstack@n-api.service[114854]: DEBUG nova.compute.api [None req-f55e25a6-2205-45da-bc93-dfa50d7df711 tempest-ServerRescueNegativeTestJSON-1684038767 tempest-ServerRescueNegativeTestJSON-1684038767-project] [instance: 0c44ea21-a32c-44ea-a59d-1615b70ea380] Fetching instance by UUID {{(pid=114854) get /opt/stack/nova/nova/compute/api.py:2826}}
Aug 27 09:48:12.160268 dv-cinder-804757-3-smb devstack@n-api.service[114854]: DEBUG oslo_concurrency.lockutils [None req-f55e25a6-2205-45da-bc93-dfa50d7df711 tempest-ServerRescueNegativeTestJSON-1684038767 tempest-ServerRescueNegativeTestJSON-1684038767-project] Lock "b953cdf3-b6b0-4715-97e3-0fd82f9937a9" acquired by "nova.context.set_target_cell..get_or_set_cached_cell_and_set_connections" :: waited 0.000s {{(pid=114854) inner /usr/local/lib/python3.8/dist-packages/oslo_concurrency/lockutils.py:355}}
Aug 27 09:48:12.160782 dv-cinder-804757-3-smb devstack@n-api.service[114854]: DEBUG oslo_concurrency.lockutils [None req-f55e25a6-2205-45da-bc93-dfa50d7df711 tempest-ServerRescueNegativeTestJSON-1684038767 tempest-ServerRescueNegativeTestJSON-1684038767-project] Lock "b953cdf3-b6b0-4715-97e3-0fd82f9937a9" released by "nova.context.set_target_cell..get_or_set_cached_cell_and_set_connections" :: held 0.001s {{(pid=114854) inner /usr/local/lib/python3.8/dist-packages/oslo_concurrency/lockutils.py:367}}
Aug 27 09:48:12.161555 dv-cinder-804757-3-smb devstack@n-api.service[114854]: DEBUG oslo_concurrency.lockutils [None req-f55e25a6-2205-45da-bc93-dfa50d7df711 tempest-ServerRescueNegativeTestJSON-1684038767 tempest-ServerRescueNegativeTestJSON-1684038767-project] Lock "b953cdf3-b6b0-4715-97e3-0fd82f9937a9" acquired by "nova.context.set_target_cell..get_or_set_cached_cell_and_set_connections" :: waited 0.000s {{(pid=114854) inner /usr/local/lib/python3.8/dist-packages/oslo_concurrency/lockutils.py:355}}
Aug 27 09:48:12.161987 dv-cinder-804757-3-smb devstack@n-api.service[114854]: DEBUG oslo_concurrency.lockutils [None req-f55e25a6-2205-45da-bc93-dfa50d7df711 tempest-ServerRescueNegativeTestJSON-1684038767 tempest-ServerRescueNegativeTestJSON-1684038767-project] Lock "b953cdf3-b6b0-4715-97e3-0fd82f9937a9" released by "nova.context.set_target_cell..get_or_set_cached_cell_and_set_connections" :: held 0.000s {{(pid=114854) inner /usr/local/lib/python3.8/dist-packages/oslo_concurrency/lockutils.py:367}}
Aug 27 09:48:12.315306 dv-cinder-804757-3-smb devstack@n-api.service[114854]: DEBUG nova.policy [None req-f55e25a6-2205-45da-bc93-dfa50d7df711 tempest-ServerRescueNegativeTestJSON-1684038767 tempest-ServerRescueNegativeTestJSON-1684038767-project] Policy check for os_compute_api:os-extended-server-attributes failed with credentials {'is_admin': False, 'user_id': 'f3c389961ac14d59b996533eb5af4a68', 'user_domain_id': 'default', 'system_scope': None, 'domain_id': None, 'project_id': '27fafbd14dd1463189b851d7d6514f1b', 'project_domain_id': 'default', 'roles': ['member', 'reader'], 'is_admin_project': True, 'service_user_id': None, 'service_user_domain_id': None, 'service_project_id': None, 'service_project_domain_id': None, 'service_roles': []} {{(pid=114854) authorize /opt/stack/nova/nova/policy.py:199}}
Aug 27 09:48:12.323145 dv-cinder-804757-3-smb devstack@n-api.service[114854]: INFO nova.api.openstack.requestlog [None req-f55e25a6-2205-45da-bc93-dfa50d7df711 tempest-ServerRescueNegativeTestJSON-1684038767 tempest-ServerRescueNegativeTestJSON-1684038767-project] 10.222.0.64 "GET /compute/v2.1/servers/0c44ea21-a32c-44ea-a59d-1615b70ea380" status: 200 len: 1521 microversion: 2.1 time: 0.179327
Aug 27 09:48:12.323713 dv-cinder-804757-3-smb devstack@n-api.service[114854]: [pid: 114854|app: 0|req: 104/206] 10.222.0.64 () {58 vars in 1236 bytes} [Fri Aug 27 09:48:12 2021] GET /compute/v2.1/servers/0c44ea21-a32c-44ea-a59d-1615b70ea380 => generated 1521 bytes in 181 msecs (HTTP/1.1 200) 9 headers in 358 bytes (1 switches on core 0)
Aug 27 09:48:12.336544 dv-cinder-804757-3-smb devstack@n-api.service[114855]: DEBUG nova.api.openstack.wsgi [None req-5d0d9600-7a8f-49f2-8bf4-5a304b019cd0 tempest-VolumesSnapshotTestJSON-1208246850 tempest-VolumesSnapshotTestJSON-1208246850-project] Calling method '>' {{(pid=114855) _process_stack /opt/stack/nova/nova/api/openstack/wsgi.py:513}}
Aug 27 09:48:12.337209 dv-cinder-804757-3-smb devstack@n-api.service[114855]: DEBUG nova.compute.api [None req-5d0d9600-7a8f-49f2-8bf4-5a304b019cd0 tempest-VolumesSnapshotTestJSON-1208246850 tempest-VolumesSnapshotTestJSON-1208246850-project] [instance: e4848bfa-1797-446e-a8d9-bf7d96572ecd] Fetching instance by UUID {{(pid=114855) get /opt/stack/nova/nova/compute/api.py:2826}}
Aug 27 09:48:12.343716 dv-cinder-804757-3-smb devstack@n-api.service[114855]: DEBUG oslo_concurrency.lockutils [None req-5d0d9600-7a8f-49f2-8bf4-5a304b019cd0 tempest-VolumesSnapshotTestJSON-1208246850 tempest-VolumesSnapshotTestJSON-1208246850-project] Lock "b953cdf3-b6b0-4715-97e3-0fd82f9937a9" acquired by "nova.context.set_target_cell..get_or_set_cached_cell_and_set_connections" :: waited 0.000s {{(pid=114855) inner /usr/local/lib/python3.8/dist-packages/oslo_concurrency/lockutils.py:355}}
Aug 27 09:48:12.344164 dv-cinder-804757-3-smb devstack@n-api.service[114855]: DEBUG oslo_concurrency.lockutils [None req-5d0d9600-7a8f-49f2-8bf4-5a304b019cd0 tempest-VolumesSnapshotTestJSON-1208246850 tempest-VolumesSnapshotTestJSON-1208246850-project] Lock "b953cdf3-b6b0-4715-97e3-0fd82f9937a9" released by "nova.context.set_target_cell..get_or_set_cached_cell_and_set_connections" :: held 0.001s {{(pid=114855) inner /usr/local/lib/python3.8/dist-packages/oslo_concurrency/lockutils.py:367}}
Aug 27 09:48:12.347014 dv-cinder-804757-3-smb devstack@n-api.service[114855]: DEBUG oslo_concurrency.lockutils [None req-5d0d9600-7a8f-49f2-8bf4-5a304b019cd0 tempest-VolumesSnapshotTestJSON-1208246850 tempest-VolumesSnapshotTestJSON-1208246850-project] Lock "b953cdf3-b6b0-4715-97e3-0fd82f9937a9" acquired by "nova.context.set_target_cell..get_or_set_cached_cell_and_set_connections" :: waited 0.000s {{(pid=114855) inner /usr/local/lib/python3.8/dist-packages/oslo_concurrency/lockutils.py:355}}
