Jun 20 06:33:09.983366 dv-cinder-804757-29-smb neutron-server[104661]: DEBUG neutron_lib.callbacks.manager [None req-b4ae3d41-565c-46f7-899a-921d63a9315e admin admin] Publish callbacks [] for security_group (3b4246d4-71f0-4ab4-b2f8-fc280b50c24a), before_delete {{(pid=104661) _notify_loop /usr/local/lib/python3.8/dist-packages/neutron_lib/callbacks/manager.py:176}}
Jun 20 06:33:10.006480 dv-cinder-804757-29-smb neutron-server[104661]: DEBUG neutron_lib.callbacks.manager [None req-b4ae3d41-565c-46f7-899a-921d63a9315e admin admin] Publish callbacks [] for security_group (3b4246d4-71f0-4ab4-b2f8-fc280b50c24a), precommit_delete {{(pid=104661) _notify_loop /usr/local/lib/python3.8/dist-packages/neutron_lib/callbacks/manager.py:176}}
Jun 20 06:33:10.187472 dv-cinder-804757-29-smb neutron-server[104661]: DEBUG neutron_lib.callbacks.manager [None req-b4ae3d41-565c-46f7-899a-921d63a9315e admin admin] Publish callbacks ['neutron.plugins.ml2.ovo_rpc._ObjectChangeHandler.handle_event-818963'] for security_group (3b4246d4-71f0-4ab4-b2f8-fc280b50c24a), after_delete {{(pid=104661) _notify_loop /usr/local/lib/python3.8/dist-packages/neutron_lib/callbacks/manager.py:176}}
Jun 20 06:33:10.190132 dv-cinder-804757-29-smb neutron-server[104661]: DEBUG neutron_lib.callbacks.manager [None req-b4ae3d41-565c-46f7-899a-921d63a9315e admin admin] Publish callbacks [] for security_group (None), before_response {{(pid=104661) _notify_loop /usr/local/lib/python3.8/dist-packages/neutron_lib/callbacks/manager.py:176}}
Jun 20 06:33:10.223850 dv-cinder-804757-29-smb neutron-server[104661]: INFO neutron.wsgi [None req-b4ae3d41-565c-46f7-899a-921d63a9315e admin admin] 10.222.0.43 "DELETE /v2.0/security-groups/3b4246d4-71f0-4ab4-b2f8-fc280b50c24a HTTP/1.1" status: 204 len: 168 time: 0.2578647
Jun 20 06:33:10.223850 dv-cinder-804757-29-smb neutron-server[104661]: DEBUG neutron.api.rpc.handlers.resources_rpc [None req-b4ae3d41-565c-46f7-899a-921d63a9315e admin admin] Pushing event deleted for resources: {'SecurityGroup': ['ID=3b4246d4-71f0-4ab4-b2f8-fc280b50c24a,revision_number=None']} {{(pid=104661) push /opt/stack/neutron/neutron/api/rpc/handlers/resources_rpc.py:237}}
Jun 20 06:33:10.354864 dv-cinder-804757-29-smb neutron-server[104660]: DEBUG neutron.pecan_wsgi.hooks.policy_enforcement [req-17d417a7-1a68-4b4d-a9bb-c8818376152a req-daf60e47-df17-4157-93a8-b9599cc31d07 tempest-ServerRescueNegativeTestJSON-1642698357 tempest-ServerRescueNegativeTestJSON-1642698357-project] Attributes excluded by policy engine: ['standard_attr_id', 'binding:profile', 'binding:host_id', 'binding:vif_type', 'binding:vif_details'] {{(pid=104660) _exclude_attributes_by_policy /opt/stack/neutron/neutron/pecan_wsgi/hooks/policy_enforcement.py:259}}
Jun 20 06:33:10.356535 dv-cinder-804757-29-smb neutron-server[104660]: INFO neutron.wsgi [req-17d417a7-1a68-4b4d-a9bb-c8818376152a req-daf60e47-df17-4157-93a8-b9599cc31d07 tempest-ServerRescueNegativeTestJSON-1642698357 tempest-ServerRescueNegativeTestJSON-1642698357-project] 10.222.0.43 "GET /v2.0/ports?device_id=a2221b4a-30b5-47da-8b0c-302cdf2ec979 HTTP/1.1" status: 200 len: 945 time: 0.0552032
Jun 20 06:33:10.417910 dv-cinder-804757-29-smb neutron-server[104660]: INFO neutron.wsgi [req-17d417a7-1a68-4b4d-a9bb-c8818376152a req-6018df42-062b-421b-ab50-5504b2b98d44 tempest-ServerRescueNegativeTestJSON-1642698357 tempest-ServerRescueNegativeTestJSON-1642698357-project] 10.222.0.43 "GET /v2.0/security-groups?id=ee3012c7-7915-4bac-b673-236c9e1533e6&fields=id&fields=name HTTP/1.1" status: 200 len: 286 time: 0.0559173
Jun 20 06:33:11.053228 dv-cinder-804757-29-smb neutron-server[104661]: DEBUG neutron.wsgi [-] (104661) accepted ('10.222.0.43', 52554) {{(pid=104661) server /usr/local/lib/python3.8/dist-packages/eventlet/wsgi.py:1004}}
Jun 20 06:33:11.072366 dv-cinder-804757-29-smb neutron-server[104661]: DEBUG neutron_lib.callbacks.manager [None req-3de2d399-38fb-4374-a836-a4b76094ee5a admin admin] Publish callbacks [] for security_group (None), before_create {{(pid=104661) _notify_loop /usr/local/lib/python3.8/dist-packages/neutron_lib/callbacks/manager.py:176}}
Jun 20 06:33:11.126097 dv-cinder-804757-29-smb neutron-server[104661]: DEBUG dbcounter [-] [104661] Writing DB stats neutron:SELECT=83,neutron:DELETE=9,neutron:UPDATE=2,neutron:INSERT=6 {{(pid=104661) stat_writer /usr/local/lib/python3.8/dist-packages/dbcounter.py:114}}
Jun 20 06:33:11.142001 dv-cinder-804757-29-smb neutron-server[104661]: DEBUG neutron.wsgi [-] (104661) accepted ('10.222.0.43', 52558) {{(pid=104661) server /usr/local/lib/python3.8/dist-packages/eventlet/wsgi.py:1004}}
Jun 20 06:33:11.193109 dv-cinder-804757-29-smb neutron-server[104661]: DEBUG neutron_lib.callbacks.manager [None req-3de2d399-38fb-4374-a836-a4b76094ee5a admin admin] Publish callbacks [] for security_group (97fbcfa5-e52b-43fa-8516-5c5627fa5e9c), precommit_create {{(pid=104661) _notify_loop /usr/local/lib/python3.8/dist-packages/neutron_lib/callbacks/manager.py:176}}
Jun 20 06:33:11.256112 dv-cinder-804757-29-smb neutron-server[104661]: DEBUG neutron_lib.callbacks.manager [None req-3de2d399-38fb-4374-a836-a4b76094ee5a admin admin] Publish callbacks ['neutron.plugins.ml2.ovo_rpc._ObjectChangeHandler.handle_event-818963'] for security_group (97fbcfa5-e52b-43fa-8516-5c5627fa5e9c), after_create {{(pid=104661) _notify_loop /usr/local/lib/python3.8/dist-packages/neutron_lib/callbacks/manager.py:176}}
Jun 20 06:33:11.289493 dv-cinder-804757-29-smb neutron-server[104661]: DEBUG dbcounter [-] [104661] Writing DB stats neutron:SELECT=79,neutron:DELETE=4,neutron:INSERT=16,neutron:UPDATE=1 {{(pid=104661) stat_writer /usr/local/lib/python3.8/dist-packages/dbcounter.py:114}}
Jun 20 06:33:11.308981 dv-cinder-804757-29-smb neutron-server[104661]: DEBUG neutron_lib.callbacks.manager [None req-0fe46880-c6b4-435c-98a6-ae9c9408c656 admin admin] Publish callbacks [] for security_group (None), before_create {{(pid=104661) _notify_loop /usr/local/lib/python3.8/dist-packages/neutron_lib/callbacks/manager.py:176}}
Jun 20 06:33:11.318658 dv-cinder-804757-29-smb neutron-server[104661]: DEBUG neutron.api.rpc.handlers.resources_rpc [None req-3de2d399-38fb-4374-a836-a4b76094ee5a admin admin] Pushing event updated for resources: {'SecurityGroup': ['ID=97fbcfa5-e52b-43fa-8516-5c5627fa5e9c,revision_number=1']} {{(pid=104661) push /opt/stack/neutron/neutron/api/rpc/handlers/resources_rpc.py:237}}
Jun 20 06:33:11.332974 dv-cinder-804757-29-smb neutron-server[104661]: INFO neutron.wsgi [None req-3de2d399-38fb-4374-a836-a4b76094ee5a admin admin] 10.222.0.43 "GET /v2.0/security-groups?tenant_id=ce32d1d147a24923bac158cc73e83b34&name=default HTTP/1.1" status: 200 len: 2996 time: 0.2758896
Jun 20 06:33:11.333420 dv-cinder-804757-29-smb neutron-server[104660]: DEBUG neutron.wsgi [-] (104660) accepted ('10.222.0.43', 52564) {{(pid=104660) server /usr/local/lib/python3.8/dist-packages/eventlet/wsgi.py:1004}}
Jun 20 06:33:11.398889 dv-cinder-804757-29-smb neutron-server[104660]: DEBUG neutron_lib.callbacks.manager [None req-6a76e64f-28d7-46f6-9a59-5a6b10e88900 admin admin] Publish callbacks [] for security_group (97fbcfa5-e52b-43fa-8516-5c5627fa5e9c), before_delete {{(pid=104660) _notify_loop /usr/local/lib/python3.8/dist-packages/neutron_lib/callbacks/manager.py:176}}
Jun 20 06:33:11.402522 dv-cinder-804757-29-smb neutron-server[104660]: DEBUG dbcounter [-] [104660] Writing DB stats neutron:DELETE=3,neutron:SELECT=85,neutron:INSERT=11,neutron:UPDATE=1 {{(pid=104660) stat_writer /usr/local/lib/python3.8/dist-packages/dbcounter.py:114}}
Jun 20 06:33:11.410783 dv-cinder-804757-29-smb neutron-server[104661]: DEBUG neutron_lib.callbacks.manager [None req-0fe46880-c6b4-435c-98a6-ae9c9408c656 admin admin] Publish callbacks [] for security_group (bd497643-4e29-4300-937a-073ba7cac554), precommit_create {{(pid=104661) _notify_loop /usr/local/lib/python3.8/dist-packages/neutron_lib/callbacks/manager.py:176}}
Jun 20 06:33:11.424433 dv-cinder-804757-29-smb neutron-server[104660]: DEBUG neutron_lib.callbacks.manager [None req-6a76e64f-28d7-46f6-9a59-5a6b10e88900 admin admin] Publish callbacks [] for security_group (97fbcfa5-e52b-43fa-8516-5c5627fa5e9c), precommit_delete {{(pid=104660) _notify_loop /usr/local/lib/python3.8/dist-packages/neutron_lib/callbacks/manager.py:176}}
Jun 20 06:33:11.485082 dv-cinder-804757-29-smb neutron-server[104661]: DEBUG neutron_lib.callbacks.manager [None req-0fe46880-c6b4-435c-98a6-ae9c9408c656 admin admin] Publish callbacks ['neutron.plugins.ml2.ovo_rpc._ObjectChangeHandler.handle_event-818963'] for security_group (bd497643-4e29-4300-937a-073ba7cac554), after_create {{(pid=104661) _notify_loop /usr/local/lib/python3.8/dist-packages/neutron_lib/callbacks/manager.py:176}}
Jun 20 06:33:11.533599 dv-cinder-804757-29-smb neutron-server[104661]: INFO neutron.wsgi [None req-0fe46880-c6b4-435c-98a6-ae9c9408c656 admin admin] 10.222.0.43 "GET /v2.0/security-groups?tenant_id=2d9c3e3e5e8946a7a630a0fa9f824c51&name=default HTTP/1.1" status: 200 len: 2996 time: 0.3902178
Jun 20 06:33:11.535088 dv-cinder-804757-29-smb neutron-server[104661]: DEBUG neutron.api.rpc.handlers.resources_rpc [None req-0fe46880-c6b4-435c-98a6-ae9c9408c656 admin admin] Pushing event updated for resources: {'SecurityGroup': ['ID=bd497643-4e29-4300-937a-073ba7cac554,revision_number=1']} {{(pid=104661) push /opt/stack/neutron/neutron/api/rpc/handlers/resources_rpc.py:237}}
Jun 20 06:33:11.537315 dv-cinder-804757-29-smb neutron-server[104661]: DEBUG neutron.wsgi [-] (104661) accepted ('10.222.0.43', 52568) {{(pid=104661) server /usr/local/lib/python3.8/dist-packages/eventlet/wsgi.py:1004}}
Jun 20 06:33:11.547389 dv-cinder-804757-29-smb neutron-server[104660]: DEBUG neutron.pecan_wsgi.hooks.policy_enforcement [req-4dad240f-5636-4119-ae28-3a845974ddb9 req-ad88f7d0-9503-4ad3-87af-241a6a87c1dc tempest-ServerRescueNegativeTestJSON-1642698357 tempest-ServerRescueNegativeTestJSON-1642698357-project] Attributes excluded by policy engine: ['standard_attr_id', 'binding:profile', 'binding:host_id', 'binding:vif_type', 'binding:vif_details'] {{(pid=104660) _exclude_attributes_by_policy /opt/stack/neutron/neutron/pecan_wsgi/hooks/policy_enforcement.py:259}}
Jun 20 06:33:11.547389 dv-cinder-804757-29-smb neutron-server[104660]: INFO neutron.wsgi [req-4dad240f-5636-4119-ae28-3a845974ddb9 req-ad88f7d0-9503-4ad3-87af-241a6a87c1dc tempest-ServerRescueNegativeTestJSON-1642698357 tempest-ServerRescueNegativeTestJSON-1642698357-project] 10.222.0.43 "GET /v2.0/ports?device_id=a2221b4a-30b5-47da-8b0c-302cdf2ec979 HTTP/1.1" status: 200 len: 945 time: 0.0561926
Jun 20 06:33:11.570325 dv-cinder-804757-29-smb neutron-server[104660]: DEBUG neutron_lib.callbacks.manager [None req-6a76e64f-28d7-46f6-9a59-5a6b10e88900 admin admin] Publish callbacks ['neutron.plugins.ml2.ovo_rpc._ObjectChangeHandler.handle_event-818963'] for security_group (97fbcfa5-e52b-43fa-8516-5c5627fa5e9c), after_delete {{(pid=104660) _notify_loop /usr/local/lib/python3.8/dist-packages/neutron_lib/callbacks/manager.py:176}}
Jun 20 06:33:11.573062 dv-cinder-804757-29-smb neutron-server[104660]: DEBUG neutron_lib.callbacks.manager [None req-6a76e64f-28d7-46f6-9a59-5a6b10e88900 admin admin] Publish callbacks [] for security_group (None), before_response {{(pid=104660) _notify_loop /usr/local/lib/python3.8/dist-packages/neutron_lib/callbacks/manager.py:176}}
Jun 20 06:33:11.574194 dv-cinder-804757-29-smb neutron-server[104660]: INFO neutron.wsgi [None req-6a76e64f-28d7-46f6-9a59-5a6b10e88900 admin admin] 10.222.0.43 "DELETE /v2.0/security-groups/97fbcfa5-e52b-43fa-8516-5c5627fa5e9c HTTP/1.1" status: 204 len: 168 time: 0.2400668
Jun 20 06:33:11.594508 dv-cinder-804757-29-smb neutron-server[104661]: DEBUG neutron_lib.callbacks.manager [None req-dfc4f177-9444-433e-b29a-2902c0f740d8 admin admin] Publish callbacks [] for security_group (bd497643-4e29-4300-937a-073ba7cac554), before_delete {{(pid=104661) _notify_loop /usr/local/lib/python3.8/dist-packages/neutron_lib/callbacks/manager.py:176}}
Jun 20 06:33:11.610252 dv-cinder-804757-29-smb neutron-server[104660]: DEBUG neutron.api.rpc.handlers.resources_rpc [None req-6a76e64f-28d7-46f6-9a59-5a6b10e88900 admin admin] Pushing event deleted for resources: {'SecurityGroup': ['ID=97fbcfa5-e52b-43fa-8516-5c5627fa5e9c,revision_number=None']} {{(pid=104660) push /opt/stack/neutron/neutron/api/rpc/handlers/resources_rpc.py:237}}
Jun 20 06:33:11.618039 dv-cinder-804757-29-smb neutron-server[104661]: DEBUG neutron_lib.callbacks.manager [None req-dfc4f177-9444-433e-b29a-2902c0f740d8 admin admin] Publish callbacks [] for security_group (bd497643-4e29-4300-937a-073ba7cac554), precommit_delete {{(pid=104661) _notify_loop /usr/local/lib/python3.8/dist-packages/neutron_lib/callbacks/manager.py:176}}
Jun 20 06:33:11.639900 dv-cinder-804757-29-smb neutron-server[104660]: INFO neutron.wsgi [req-4dad240f-5636-4119-ae28-3a845974ddb9 req-54c8c6ce-b925-437b-8306-ab1f34ce3a37 tempest-ServerRescueNegativeTestJSON-1642698357 tempest-ServerRescueNegativeTestJSON-1642698357-project] 10.222.0.43 "GET /v2.0/security-groups?id=ee3012c7-7915-4bac-b673-236c9e1533e6&fields=id&fields=name HTTP/1.1" status: 200 len: 286 time: 0.0878661
Jun 20 06:33:11.771024 dv-cinder-804757-29-smb neutron-server[104661]: DEBUG neutron_lib.callbacks.manager [None req-dfc4f177-9444-433e-b29a-2902c0f740d8 admin admin] Publish callbacks ['neutron.plugins.ml2.ovo_rpc._ObjectChangeHandler.handle_event-818963'] for security_group (bd497643-4e29-4300-937a-073ba7cac554), after_delete {{(pid=104661) _notify_loop /usr/local/lib/python3.8/dist-packages/neutron_lib/callbacks/manager.py:176}}
Jun 20 06:33:11.774363 dv-cinder-804757-29-smb neutron-server[104661]: DEBUG neutron_lib.callbacks.manager [None req-dfc4f177-9444-433e-b29a-2902c0f740d8 admin admin] Publish callbacks [] for security_group (None), before_response {{(pid=104661) _notify_loop /usr/local/lib/python3.8/dist-packages/neutron_lib/callbacks/manager.py:176}}
Jun 20 06:33:11.784173 dv-cinder-804757-29-smb neutron-server[104661]: INFO neutron.wsgi [None req-dfc4f177-9444-433e-b29a-2902c0f740d8 admin admin] 10.222.0.43 "DELETE /v2.0/security-groups/bd497643-4e29-4300-937a-073ba7cac554 HTTP/1.1" status: 204 len: 168 time: 0.2372599
Jun 20 06:33:11.784173 dv-cinder-804757-29-smb neutron-server[104661]: DEBUG neutron.api.rpc.handlers.resources_rpc [None req-dfc4f177-9444-433e-b29a-2902c0f740d8 admin admin] Pushing event deleted for resources: {'SecurityGroup': ['ID=bd497643-4e29-4300-937a-073ba7cac554,revision_number=None']} {{(pid=104661) push /opt/stack/neutron/neutron/api/rpc/handlers/resources_rpc.py:237}}
Jun 20 06:33:12.771489 dv-cinder-804757-29-smb neutron-server[104660]: DEBUG neutron.pecan_wsgi.hooks.policy_enforcement [req-48672628-0031-4c89-8bcf-5b0eb57fdf02 req-aa1982ef-7cc8-4b1e-8103-57f20cf314f9 tempest-ServerRescueNegativeTestJSON-1642698357 tempest-ServerRescueNegativeTestJSON-1642698357-project] Attributes excluded by policy engine: ['standard_attr_id', 'binding:profile', 'binding:host_id', 'binding:vif_type', 'binding:vif_details'] {{(pid=104660) _exclude_attributes_by_policy /opt/stack/neutron/neutron/pecan_wsgi/hooks/policy_enforcement.py:259}}
Jun 20 06:33:12.773074 dv-cinder-804757-29-smb neutron-server[104660]: INFO neutron.wsgi [req-48672628-0031-4c89-8bcf-5b0eb57fdf02 req-aa1982ef-7cc8-4b1e-8103-57f20cf314f9 tempest-ServerRescueNegativeTestJSON-1642698357 tempest-ServerRescueNegativeTestJSON-1642698357-project] 10.222.0.43 "GET /v2.0/ports?device_id=a2221b4a-30b5-47da-8b0c-302cdf2ec979 HTTP/1.1" status: 200 len: 945 time: 0.0593052
Jun 20 06:33:12.828361 dv-cinder-804757-29-smb neutron-server[104660]: INFO neutron.wsgi [req-48672628-0031-4c89-8bcf-5b0eb57fdf02 req-3d980308-71de-402b-9038-e6ae900a7a01 tempest-ServerRescueNegativeTestJSON-1642698357 tempest-ServerRescueNegativeTestJSON-1642698357-project] 10.222.0.43 "GET /v2.0/security-groups?id=ee3012c7-7915-4bac-b673-236c9e1533e6&fields=id&fields=name HTTP/1.1" status: 200 len: 286 time: 0.0490766
Jun 20 06:33:13.206271 dv-cinder-804757-29-smb neutron-server[104660]: INFO neutron.wsgi [req-d652b241-8ba1-438a-9a5a-a5722824fa29 req-edcbbb92-fed3-417b-8b69-a3a4c3eb8d8d tempest-VolumesNegativeTest-1869351604 tempest-VolumesNegativeTest-1869351604-project] 10.222.0.43 "GET /v2.0/networks?tenant_id=3e2a81cb8a234c328d1b76d3dba0acd9&shared=False HTTP/1.1" status: 200 len: 213 time: 0.0293496
Jun 20 06:33:13.613638 dv-cinder-804757-29-smb neutron-server[104661]: DEBUG neutron.wsgi [-] (104661) accepted ('10.222.0.43', 52694) {{(pid=104661) server /usr/local/lib/python3.8/dist-packages/eventlet/wsgi.py:1004}}
Jun 20 06:33:13.656372 dv-cinder-804757-29-smb neutron-server[104661]: DEBUG dbcounter [-] [104661] Writing DB stats neutron:SELECT=84,neutron:INSERT=11,neutron:UPDATE=1,neutron:DELETE=4 {{(pid=104661) stat_writer /usr/local/lib/python3.8/dist-packages/dbcounter.py:114}}
Jun 20 06:33:13.670352 dv-cinder-804757-29-smb neutron-server[104660]: DEBUG neutron.pecan_wsgi.hooks.policy_enforcement [req-d652b241-8ba1-438a-9a5a-a5722824fa29 req-9eff10ed-b10a-4f6b-8829-eae427f03b2a tempest-VolumesNegativeTest-1869351604 tempest-VolumesNegativeTest-1869351604-project] Attributes excluded by policy engine: ['standard_attr_id', 'vlan_transparent', 'provider:network_type', 'provider:physical_network', 'provider:segmentation_id'] {{(pid=104660) _exclude_attributes_by_policy /opt/stack/neutron/neutron/pecan_wsgi/hooks/policy_enforcement.py:259}}
Jun 20 06:33:13.671867 dv-cinder-804757-29-smb neutron-server[104660]: INFO neutron.wsgi [req-d652b241-8ba1-438a-9a5a-a5722824fa29 req-9eff10ed-b10a-4f6b-8829-eae427f03b2a tempest-VolumesNegativeTest-1869351604 tempest-VolumesNegativeTest-1869351604-project] 10.222.0.43 "GET /v2.0/networks?shared=True HTTP/1.1" status: 200 len: 769 time: 0.4603753
Jun 20 06:33:13.673736 dv-cinder-804757-29-smb neutron-server[104661]: DEBUG neutron.db.db_base_plugin_v2 [None req-25aa06c0-f063-43d7-9fbd-513ce11629ba admin admin] Deleting subnet c80fce12-300d-4282-943d-b2d1135fdf02 {{(pid=104661) delete_subnet /opt/stack/neutron/neutron/db/db_base_plugin_v2.py:1067}}
Jun 20 06:33:13.680194 dv-cinder-804757-29-smb neutron-server[104661]: DEBUG neutron_lib.callbacks.manager [None req-25aa06c0-f063-43d7-9fbd-513ce11629ba admin admin] Publish callbacks [] for subnet (c80fce12-300d-4282-943d-b2d1135fdf02), before_delete {{(pid=104661) _notify_loop /usr/local/lib/python3.8/dist-packages/neutron_lib/callbacks/manager.py:176}}
Jun 20 06:33:13.694390 dv-cinder-804757-29-smb neutron-server[104660]: INFO neutron.wsgi [req-d652b241-8ba1-438a-9a5a-a5722824fa29 req-cb9ea1ac-4beb-45d4-9203-ae854826b8f8 tempest-VolumesNegativeTest-1869351604 tempest-VolumesNegativeTest-1869351604-project] 10.222.0.43 "GET /v2.0/quotas/3e2a81cb8a234c328d1b76d3dba0acd9 HTTP/1.1" status: 200 len: 375 time: 0.0164955
Jun 20 06:33:13.735100 dv-cinder-804757-29-smb neutron-server[104660]: INFO neutron.wsgi [req-d652b241-8ba1-438a-9a5a-a5722824fa29 req-902abe8c-5391-40c8-a433-67374400ced4 tempest-VolumesNegativeTest-1869351604 tempest-VolumesNegativeTest-1869351604-project] 10.222.0.43 "GET /v2.0/ports?tenant_id=3e2a81cb8a234c328d1b76d3dba0acd9&fields=id HTTP/1.1" status: 200 len: 210 time: 0.0327001
Jun 20 06:33:13.735194 dv-cinder-804757-29-smb neutron-server[104661]: DEBUG neutron_lib.callbacks.manager [None req-25aa06c0-f063-43d7-9fbd-513ce11629ba admin admin] Publish callbacks ['neutron.services.segments.plugin.Plugin._validate_auto_address_subnet_delete-9693553'] for subnet (c80fce12-300d-4282-943d-b2d1135fdf02), precommit_delete_associations {{(pid=104661) _notify_loop /usr/local/lib/python3.8/dist-packages/neutron_lib/callbacks/manager.py:176}}
Jun 20 06:33:13.798122 dv-cinder-804757-29-smb neutron-server[104661]: DEBUG neutron_lib.callbacks.manager [None req-25aa06c0-f063-43d7-9fbd-513ce11629ba admin admin] Publish callbacks ['neutron.plugins.ml2.plugin.Ml2Plugin._subnet_delete_precommit_handler-1735566'] for subnet (c80fce12-300d-4282-943d-b2d1135fdf02), precommit_delete {{(pid=104661) _notify_loop /usr/local/lib/python3.8/dist-packages/neutron_lib/callbacks/manager.py:176}}
Jun 20 06:33:13.961931 dv-cinder-804757-29-smb neutron-server[104660]: DEBUG neutron.pecan_wsgi.hooks.policy_enforcement [req-a93bc543-1b2b-42d3-bfc6-c05a4a0dada0 req-c2df8a5d-ee7f-4345-ab88-71bbc0e2b11f tempest-ServerRescueNegativeTestJSON-1642698357 tempest-ServerRescueNegativeTestJSON-1642698357-project] Attributes excluded by policy engine: ['standard_attr_id', 'binding:profile', 'binding:host_id', 'binding:vif_type', 'binding:vif_details'] {{(pid=104660) _exclude_attributes_by_policy /opt/stack/neutron/neutron/pecan_wsgi/hooks/policy_enforcement.py:259}}
Jun 20 06:33:13.965125 dv-cinder-804757-29-smb neutron-server[104660]: INFO neutron.wsgi [req-a93bc543-1b2b-42d3-bfc6-c05a4a0dada0 req-c2df8a5d-ee7f-4345-ab88-71bbc0e2b11f tempest-ServerRescueNegativeTestJSON-1642698357 tempest-ServerRescueNegativeTestJSON-1642698357-project] 10.222.0.43 "GET /v2.0/ports?device_id=a2221b4a-30b5-47da-8b0c-302cdf2ec979 HTTP/1.1" status: 200 len: 945 time: 0.0560386
Jun 20 06:33:13.984611 dv-cinder-804757-29-smb neutron-server[104661]: DEBUG neutron_lib.callbacks.manager [None req-25aa06c0-f063-43d7-9fbd-513ce11629ba admin admin] Publish callbacks ['neutron.plugins.ml2.plugin.Ml2Plugin._subnet_delete_after_delete_handler-1736573', 'neutron.plugins.ml2.ovo_rpc._ObjectChangeHandler.handle_event-792290', 'neutron.api.rpc.agentnotifiers.dhcp_rpc_agent_api.DhcpAgentNotifyAPI._native_event_send_dhcp_notification-545316', 'neutron.services.segments.plugin.NovaSegmentNotifier._notify_subnet_deleted-9865048', 'neutron.services.segments.plugin.SegmentHostRoutes.host_routes_after_delete-9871231'] for subnet (c80fce12-300d-4282-943d-b2d1135fdf02), after_delete {{(pid=104661) _notify_loop /usr/local/lib/python3.8/dist-packages/neutron_lib/callbacks/manager.py:176}}
Jun 20 06:33:13.985943 dv-cinder-804757-29-smb neutron-server[104660]: DEBUG dbcounter [-] [104660] Writing DB stats neutron:SELECT=96,neutron:DELETE=4 {{(pid=104660) stat_writer /usr/local/lib/python3.8/dist-packages/dbcounter.py:114}}
Jun 20 06:33:14.017632 dv-cinder-804757-29-smb neutron-server[104661]: DEBUG neutron.api.rpc.handlers.resources_rpc [None req-25aa06c0-f063-43d7-9fbd-513ce11629ba admin admin] Pushing event deleted for resources: {'Subnet': ['ID=c80fce12-300d-4282-943d-b2d1135fdf02,revision_number=None']} {{(pid=104661) push /opt/stack/neutron/neutron/api/rpc/handlers/resources_rpc.py:237}}
Jun 20 06:33:14.024486 dv-cinder-804757-29-smb neutron-server[104660]: INFO neutron.wsgi [req-a93bc543-1b2b-42d3-bfc6-c05a4a0dada0 req-58beafb5-9a0e-4060-9ab2-1b1b84255799 tempest-ServerRescueNegativeTestJSON-1642698357 tempest-ServerRescueNegativeTestJSON-1642698357-project] 10.222.0.43 "GET /v2.0/security-groups?id=ee3012c7-7915-4bac-b673-236c9e1533e6&fields=id&fields=name HTTP/1.1" status: 200 len: 286 time: 0.0549493
Jun 20 06:33:14.041887 dv-cinder-804757-29-smb neutron-server[104661]: DEBUG neutron_lib.callbacks.manager [None req-25aa06c0-f063-43d7-9fbd-513ce11629ba admin admin] Publish callbacks [] for subnet (None), before_response {{(pid=104661) _notify_loop /usr/local/lib/python3.8/dist-packages/neutron_lib/callbacks/manager.py:176}}
Jun 20 06:33:14.050936 dv-cinder-804757-29-smb neutron-server[104661]: INFO neutron.wsgi [None req-25aa06c0-f063-43d7-9fbd-513ce11629ba admin admin] 10.222.0.43 "DELETE /v2.0/subnets/c80fce12-300d-4282-943d-b2d1135fdf02 HTTP/1.1" status: 204 len: 168 time: 0.4310868
Jun 20 06:33:14.055949 dv-cinder-804757-29-smb neutron-server[104660]: DEBUG neutron.wsgi [-] (104660) accepted ('10.222.0.43', 52732) {{(pid=104660) server /usr/local/lib/python3.8/dist-packages/eventlet/wsgi.py:1004}}
Jun 20 06:33:14.187983 dv-cinder-804757-29-smb neutron-server[104660]: DEBUG neutron_lib.callbacks.manager [None req-4cfbdac3-3525-4336-ac6d-cb2e5524def3 admin admin] Publish callbacks ['neutron.plugins.ml2.plugin.External_net_db_mixin._before_network_delete_handler-1789407'] for network (037bd28c-098e-4dc3-b0d0-60fd69eab1d8), before_delete {{(pid=104660) _notify_loop /usr/local/lib/python3.8/dist-packages/neutron_lib/callbacks/manager.py:176}}
Jun 20 06:33:14.261022 dv-cinder-804757-29-smb neutron-server[104660]: INFO neutron.wsgi [req-f3bf787c-f72e-419c-ae32-4d2deba358da req-488d041b-350b-4e7d-a39c-e8df2ac73f86 tempest-VolumesNegativeTest-1869351604 tempest-VolumesNegativeTest-1869351604-project] 10.222.0.43 "GET /v2.0/ports?device_id=98fc10cb-0595-4164-a5d8-6011dcfb5d1e HTTP/1.1" status: 200 len: 210 time: 0.1449814
Jun 20 06:33:14.341515 dv-cinder-804757-29-smb neutron-server[104660]: DEBUG neutron_lib.callbacks.manager [None req-4cfbdac3-3525-4336-ac6d-cb2e5524def3 admin admin] Publish callbacks ['neutron.plugins.ml2.plugin.Ml2Plugin._network_delete_precommit_handler-1735675', 'neutron.services.segments.db._delete_segments_for_network-8745705672093'] for network (037bd28c-098e-4dc3-b0d0-60fd69eab1d8), precommit_delete {{(pid=104660) _notify_loop /usr/local/lib/python3.8/dist-packages/neutron_lib/callbacks/manager.py:176}}
Jun 20 06:33:14.364674 dv-cinder-804757-29-smb neutron-server[104660]: DEBUG neutron.services.segments.db [None req-4cfbdac3-3525-4336-ac6d-cb2e5524def3 admin admin] neutron.services.segments.plugin.Plugin method get_segments called with arguments (,) {'filters': {'network_id': ['037bd28c-098e-4dc3-b0d0-60fd69eab1d8']}} {{(pid=104660) wrapper /usr/local/lib/python3.8/dist-packages/oslo_log/helpers.py:65}}
Jun 20 06:33:14.374658 dv-cinder-804757-29-smb neutron-server[104660]: DEBUG neutron.services.segments.db [None req-4cfbdac3-3525-4336-ac6d-cb2e5524def3 admin admin] neutron.services.segments.plugin.Plugin method delete_segment called with arguments (, 'f8d3fbbb-4f2c-4733-addb-d7a5d3e41b9a') {'for_net_delete': True} {{(pid=104660) wrapper /usr/local/lib/python3.8/dist-packages/oslo_log/helpers.py:65}}
Jun 20 06:33:14.374882 dv-cinder-804757-29-smb neutron-server[104660]: DEBUG neutron.services.segments.db [None req-4cfbdac3-3525-4336-ac6d-cb2e5524def3 admin admin] neutron.services.segments.plugin.Plugin method get_segment called with arguments (, 'f8d3fbbb-4f2c-4733-addb-d7a5d3e41b9a') {} {{(pid=104660) wrapper /usr/local/lib/python3.8/dist-packages/oslo_log/helpers.py:65}}
Jun 20 06:33:14.384265 dv-cinder-804757-29-smb neutron-server[104660]: DEBUG neutron_lib.callbacks.manager [None req-4cfbdac3-3525-4336-ac6d-cb2e5524def3 admin admin] Publish callbacks ['neutron.plugins.ml2.db._prevent_segment_delete_with_port_bound-8745705673382', 'neutron.services.segments.plugin.Plugin._prevent_segment_delete_with_subnet_associated-2976283'] for segment (f8d3fbbb-4f2c-4733-addb-d7a5d3e41b9a), before_delete {{(pid=104660) _notify_loop /usr/local/lib/python3.8/dist-packages/neutron_lib/callbacks/manager.py:176}}
Jun 20 06:33:14.398780 dv-cinder-804757-29-smb neutron-server[104660]: DEBUG neutron_lib.callbacks.manager [None req-4cfbdac3-3525-4336-ac6d-cb2e5524def3 admin admin] Publish callbacks ['neutron.plugins.ml2.plugin.Ml2Plugin._handle_segment_change-1721909'] for segment (f8d3fbbb-4f2c-4733-addb-d7a5d3e41b9a), precommit_delete {{(pid=104660) _notify_loop /usr/local/lib/python3.8/dist-packages/neutron_lib/callbacks/manager.py:176}}
Jun 20 06:33:14.405252 dv-cinder-804757-29-smb neutron-server[104660]: DEBUG neutron.plugins.ml2.drivers.type_vlan [None req-4cfbdac3-3525-4336-ac6d-cb2e5524def3 admin admin] Releasing vlan 610 on physical network physnet1 to pool {{(pid=104660) release_segment /opt/stack/neutron/neutron/plugins/ml2/drivers/type_vlan.py:304}}
Jun 20 06:33:14.405710 dv-cinder-804757-29-smb neutron-server[104660]: DEBUG neutron_lib.callbacks.manager [None req-4cfbdac3-3525-4336-ac6d-cb2e5524def3 admin admin] Publish callbacks ['neutron.plugins.ml2.plugin.Ml2Plugin._handle_segment_change-1721909', 'neutron.services.segments.plugin.NovaSegmentNotifier._notify_segment_deleted-2634229'] for segment (f8d3fbbb-4f2c-4733-addb-d7a5d3e41b9a), after_delete {{(pid=104660) _notify_loop /usr/local/lib/python3.8/dist-packages/neutron_lib/callbacks/manager.py:176}}
Jun 20 06:33:14.425216 dv-cinder-804757-29-smb neutron-server[104660]: INFO neutron.services.segments.plugin [-] Segment f8d3fbbb-4f2c-4733-addb-d7a5d3e41b9a resource provider aggregate not found
Jun 20 06:33:14.470303 dv-cinder-804757-29-smb neutron-server[104660]: INFO neutron.services.segments.plugin [-] Segment f8d3fbbb-4f2c-4733-addb-d7a5d3e41b9a resource provider not found; error: Placement Client Error (4xx): {"errors": [{"status": 404, "title": "Not Found", "detail": "The resource could not be found.\n\n No resource provider with uuid f8d3fbbb-4f2c-4733-addb-d7a5d3e41b9a found for delete ", "request_id": "req-fdf0a281-aa2e-4cc7-86ae-6d291f8c8fe0"}]}
Jun 20 06:33:14.554262 dv-cinder-804757-29-smb neutron-server[104660]: DEBUG neutron_lib.callbacks.manager [None req-4cfbdac3-3525-4336-ac6d-cb2e5524def3 admin admin] Publish callbacks ['neutron.plugins.ml2.plugin.Ml2Plugin._network_delete_after_delete_handler-1735666', 'neutron.plugins.ml2.ovo_rpc._ObjectChangeHandler.handle_event-819104', 'neutron.api.rpc.agentnotifiers.dhcp_rpc_agent_api.DhcpAgentNotifyAPI._native_event_send_dhcp_notification-545316', 'neutron.services.l3_router.l3_router_plugin.DVRResourceOperationHandler.delete_fip_namespaces_for_ext_net-559927'] for network (037bd28c-098e-4dc3-b0d0-60fd69eab1d8), after_delete {{(pid=104660) _notify_loop /usr/local/lib/python3.8/dist-packages/neutron_lib/callbacks/manager.py:176}}
Jun 20 06:33:14.562101 dv-cinder-804757-29-smb neutron-server[104660]: DEBUG neutron_lib.callbacks.manager [None req-4cfbdac3-3525-4336-ac6d-cb2e5524def3 admin admin] Publish callbacks ['neutron.api.rpc.agentnotifiers.dhcp_rpc_agent_api.DhcpAgentNotifyAPI._send_dhcp_notification-545330'] for network (None), before_response {{(pid=104660) _notify_loop /usr/local/lib/python3.8/dist-packages/neutron_lib/callbacks/manager.py:176}}
Jun 20 06:33:14.567871 dv-cinder-804757-29-smb neutron-server[104660]: INFO neutron.wsgi [None req-4cfbdac3-3525-4336-ac6d-cb2e5524def3 admin admin] 10.222.0.43 "DELETE /v2.0/networks/037bd28c-098e-4dc3-b0d0-60fd69eab1d8 HTTP/1.1" status: 204 len: 168 time: 0.5067897
Jun 20 06:33:14.568488 dv-cinder-804757-29-smb neutron-server[104661]: DEBUG neutron.wsgi [-] (104661) accepted ('10.222.0.43', 52764) {{(pid=104661) server /usr/local/lib/python3.8/dist-packages/eventlet/wsgi.py:1004}}
Jun 20 06:33:14.575761 dv-cinder-804757-29-smb neutron-server[104660]: DEBUG neutron.api.rpc.handlers.resources_rpc [None req-4cfbdac3-3525-4336-ac6d-cb2e5524def3 admin admin] Pushing event deleted for resources: {'Network': ['ID=037bd28c-098e-4dc3-b0d0-60fd69eab1d8,revision_number=None']} {{(pid=104660) push /opt/stack/neutron/neutron/api/rpc/handlers/resources_rpc.py:237}}
Jun 20 06:33:14.629975 dv-cinder-804757-29-smb neutron-server[104661]: DEBUG neutron.db.db_base_plugin_v2 [None req-4b08bcd6-8d6f-4dac-80db-a08fe4025413 admin admin] Deleting subnet 7b90a0a9-503a-4f25-b083-43ff71a4ad56 {{(pid=104661) delete_subnet /opt/stack/neutron/neutron/db/db_base_plugin_v2.py:1067}}
Jun 20 06:33:14.633540 dv-cinder-804757-29-smb neutron-server[104661]: DEBUG neutron_lib.callbacks.manager [None req-4b08bcd6-8d6f-4dac-80db-a08fe4025413 admin admin] Publish callbacks [] for subnet (7b90a0a9-503a-4f25-b083-43ff71a4ad56), before_delete {{(pid=104661) _notify_loop /usr/local/lib/python3.8/dist-packages/neutron_lib/callbacks/manager.py:176}}
Jun 20 06:33:14.673086 dv-cinder-804757-29-smb neutron-server[104661]: DEBUG neutron_lib.callbacks.manager [None req-4b08bcd6-8d6f-4dac-80db-a08fe4025413 admin admin] Publish callbacks ['neutron.services.segments.plugin.Plugin._validate_auto_address_subnet_delete-9693553'] for subnet (7b90a0a9-503a-4f25-b083-43ff71a4ad56), precommit_delete_associations {{(pid=104661) _notify_loop /usr/local/lib/python3.8/dist-packages/neutron_lib/callbacks/manager.py:176}}
Jun 20 06:33:14.714569 dv-cinder-804757-29-smb neutron-server[104661]: DEBUG neutron_lib.callbacks.manager [None req-4b08bcd6-8d6f-4dac-80db-a08fe4025413 admin admin] Publish callbacks ['neutron.plugins.ml2.plugin.Ml2Plugin._subnet_delete_precommit_handler-1735566'] for subnet (7b90a0a9-503a-4f25-b083-43ff71a4ad56), precommit_delete {{(pid=104661) _notify_loop /usr/local/lib/python3.8/dist-packages/neutron_lib/callbacks/manager.py:176}}
Jun 20 06:33:14.914506 dv-cinder-804757-29-smb neutron-server[104661]: DEBUG neutron_lib.callbacks.manager [None req-4b08bcd6-8d6f-4dac-80db-a08fe4025413 admin admin] Publish callbacks ['neutron.plugins.ml2.plugin.Ml2Plugin._subnet_delete_after_delete_handler-1736573', 'neutron.plugins.ml2.ovo_rpc._ObjectChangeHandler.handle_event-792290', 'neutron.api.rpc.agentnotifiers.dhcp_rpc_agent_api.DhcpAgentNotifyAPI._native_event_send_dhcp_notification-545316', 'neutron.services.segments.plugin.NovaSegmentNotifier._notify_subnet_deleted-9865048', 'neutron.services.segments.plugin.SegmentHostRoutes.host_routes_after_delete-9871231'] for subnet (7b90a0a9-503a-4f25-b083-43ff71a4ad56), after_delete {{(pid=104661) _notify_loop /usr/local/lib/python3.8/dist-packages/neutron_lib/callbacks/manager.py:176}}
Jun 20 06:33:14.919096 dv-cinder-804757-29-smb neutron-server[104661]: DEBUG dbcounter [-] [104661] Writing DB stats neutron:SELECT=86,neutron:UPDATE=4,neutron:DELETE=10 {{(pid=104661) stat_writer /usr/local/lib/python3.8/dist-packages/dbcounter.py:114}}
Jun 20 06:33:14.942415 dv-cinder-804757-29-smb neutron-server[104661]: DEBUG neutron.api.rpc.handlers.resources_rpc [None req-4b08bcd6-8d6f-4dac-80db-a08fe4025413 admin admin] Pushing event deleted for resources: {'Subnet': ['ID=7b90a0a9-503a-4f25-b083-43ff71a4ad56,revision_number=None']} {{(pid=104661) push /opt/stack/neutron/neutron/api/rpc/handlers/resources_rpc.py:237}}
Jun 20 06:33:14.944341 dv-cinder-804757-29-smb neutron-server[104661]: DEBUG neutron_lib.callbacks.manager [None req-4b08bcd6-8d6f-4dac-80db-a08fe4025413 admin admin] Publish callbacks [] for subnet (None), before_response {{(pid=104661) _notify_loop /usr/local/lib/python3.8/dist-packages/neutron_lib/callbacks/manager.py:176}}
Jun 20 06:33:14.951493 dv-cinder-804757-29-smb neutron-server[104660]: DEBUG neutron.wsgi [-] (104660) accepted ('10.222.0.43', 52780) {{(pid=104660) server /usr/local/lib/python3.8/dist-packages/eventlet/wsgi.py:1004}}
Jun 20 06:33:14.965553 dv-cinder-804757-29-smb neutron-server[104661]: INFO neutron.wsgi [None req-4b08bcd6-8d6f-4dac-80db-a08fe4025413 admin admin] 10.222.0.43 "DELETE /v2.0/subnets/7b90a0a9-503a-4f25-b083-43ff71a4ad56 HTTP/1.1" status: 204 len: 168 time: 0.3946776
Jun 20 06:33:15.066838 dv-cinder-804757-29-smb neutron-server[104660]: DEBUG neutron_lib.callbacks.manager [None req-1c47975f-028b-47ff-aa3b-c16418629808 admin admin] Publish callbacks ['neutron.plugins.ml2.plugin.External_net_db_mixin._before_network_delete_handler-1789407'] for network (62813079-577e-4120-bb25-bab77ec957d2), before_delete {{(pid=104660) _notify_loop /usr/local/lib/python3.8/dist-packages/neutron_lib/callbacks/manager.py:176}}
Jun 20 06:33:15.202959 dv-cinder-804757-29-smb neutron-server[104660]: DEBUG neutron_lib.callbacks.manager [None req-1c47975f-028b-47ff-aa3b-c16418629808 admin admin] Publish callbacks ['neutron.plugins.ml2.plugin.Ml2Plugin._network_delete_precommit_handler-1735675', 'neutron.services.segments.db._delete_segments_for_network-8745705672093'] for network (62813079-577e-4120-bb25-bab77ec957d2), precommit_delete {{(pid=104660) _notify_loop /usr/local/lib/python3.8/dist-packages/neutron_lib/callbacks/manager.py:176}}
Jun 20 06:33:15.231721 dv-cinder-804757-29-smb neutron-server[104660]: DEBUG neutron.pecan_wsgi.hooks.policy_enforcement [req-fa65fed7-b7b5-4d31-b121-76bf860e9dd0 req-7192ea3c-55e9-42d2-9b08-07114c10e60c tempest-ServerRescueNegativeTestJSON-1642698357 tempest-ServerRescueNegativeTestJSON-1642698357-project] Attributes excluded by policy engine: ['standard_attr_id', 'binding:profile', 'binding:host_id', 'binding:vif_type', 'binding:vif_details'] {{(pid=104660) _exclude_attributes_by_policy /opt/stack/neutron/neutron/pecan_wsgi/hooks/policy_enforcement.py:259}}
Jun 20 06:33:15.233367 dv-cinder-804757-29-smb neutron-server[104660]: INFO neutron.wsgi [req-fa65fed7-b7b5-4d31-b121-76bf860e9dd0 req-7192ea3c-55e9-42d2-9b08-07114c10e60c tempest-ServerRescueNegativeTestJSON-1642698357 tempest-ServerRescueNegativeTestJSON-1642698357-project] 10.222.0.43 "GET /v2.0/ports?device_id=a2221b4a-30b5-47da-8b0c-302cdf2ec979 HTTP/1.1" status: 200 len: 945 time: 0.1021485
Jun 20 06:33:15.235083 dv-cinder-804757-29-smb neutron-server[104660]: DEBUG neutron.services.segments.db [None req-1c47975f-028b-47ff-aa3b-c16418629808 admin admin] neutron.services.segments.plugin.Plugin method get_segments called with arguments (,) {'filters': {'network_id': ['62813079-577e-4120-bb25-bab77ec957d2']}} {{(pid=104660) wrapper /usr/local/lib/python3.8/dist-packages/oslo_log/helpers.py:65}}
Jun 20 06:33:15.248523 dv-cinder-804757-29-smb neutron-server[104660]: DEBUG neutron.services.segments.db [None req-1c47975f-028b-47ff-aa3b-c16418629808 admin admin] neutron.services.segments.plugin.Plugin method delete_segment called with arguments (, '65dee75f-58c8-497d-ae80-eceade5adf95') {'for_net_delete': True} {{(pid=104660) wrapper /usr/local/lib/python3.8/dist-packages/oslo_log/helpers.py:65}}
Jun 20 06:33:15.248823 dv-cinder-804757-29-smb neutron-server[104660]: DEBUG neutron.services.segments.db [None req-1c47975f-028b-47ff-aa3b-c16418629808 admin admin] neutron.services.segments.plugin.Plugin method get_segment called with arguments (, '65dee75f-58c8-497d-ae80-eceade5adf95') {} {{(pid=104660) wrapper /usr/local/lib/python3.8/dist-packages/oslo_log/helpers.py:65}}
Jun 20 06:33:15.254582 dv-cinder-804757-29-smb neutron-server[104660]: DEBUG dbcounter [-] [104660] Writing DB stats neutron:SELECT=94,neutron:DELETE=5,neutron:UPDATE=1 {{(pid=104660) stat_writer /usr/local/lib/python3.8/dist-packages/dbcounter.py:114}}
Jun 20 06:33:15.274787 dv-cinder-804757-29-smb neutron-server[104660]: DEBUG neutron_lib.callbacks.manager [None req-1c47975f-028b-47ff-aa3b-c16418629808 admin admin] Publish callbacks ['neutron.plugins.ml2.db._prevent_segment_delete_with_port_bound-8745705673382', 'neutron.services.segments.plugin.Plugin._prevent_segment_delete_with_subnet_associated-2976283'] for segment (65dee75f-58c8-497d-ae80-eceade5adf95), before_delete {{(pid=104660) _notify_loop /usr/local/lib/python3.8/dist-packages/neutron_lib/callbacks/manager.py:176}}
Jun 20 06:33:15.302081 dv-cinder-804757-29-smb neutron-server[104660]: DEBUG neutron_lib.callbacks.manager [None req-1c47975f-028b-47ff-aa3b-c16418629808 admin admin] Publish callbacks ['neutron.plugins.ml2.plugin.Ml2Plugin._handle_segment_change-1721909'] for segment (65dee75f-58c8-497d-ae80-eceade5adf95), precommit_delete {{(pid=104660) _notify_loop /usr/local/lib/python3.8/dist-packages/neutron_lib/callbacks/manager.py:176}}
Jun 20 06:33:15.316289 dv-cinder-804757-29-smb neutron-server[104660]: DEBUG neutron.plugins.ml2.drivers.type_vlan [None req-1c47975f-028b-47ff-aa3b-c16418629808 admin admin] Releasing vlan 604 on physical network physnet1 to pool {{(pid=104660) release_segment /opt/stack/neutron/neutron/plugins/ml2/drivers/type_vlan.py:304}}
Jun 20 06:33:15.316683 dv-cinder-804757-29-smb neutron-server[104660]: DEBUG neutron_lib.callbacks.manager [None req-1c47975f-028b-47ff-aa3b-c16418629808 admin admin] Publish callbacks ['neutron.plugins.ml2.plugin.Ml2Plugin._handle_segment_change-1721909', 'neutron.services.segments.plugin.NovaSegmentNotifier._notify_segment_deleted-2634229'] for segment (65dee75f-58c8-497d-ae80-eceade5adf95), after_delete {{(pid=104660) _notify_loop /usr/local/lib/python3.8/dist-packages/neutron_lib/callbacks/manager.py:176}}
Jun 20 06:33:15.321525 dv-cinder-804757-29-smb neutron-server[104660]: INFO neutron.wsgi [req-fa65fed7-b7b5-4d31-b121-76bf860e9dd0 req-54df7a64-9fc8-4496-880c-d43b9978fc21 tempest-ServerRescueNegativeTestJSON-1642698357 tempest-ServerRescueNegativeTestJSON-1642698357-project] 10.222.0.43 "GET /v2.0/security-groups?id=ee3012c7-7915-4bac-b673-236c9e1533e6&fields=id&fields=name HTTP/1.1" status: 200 len: 286 time: 0.0778079
Jun 20 06:33:15.364349 dv-cinder-804757-29-smb neutron-server[104660]: INFO neutron.wsgi [req-bb3dfa08-93bb-4980-be34-05e4b08c13df req-78766133-f190-4f51-910c-4f8ff6536e0b tempest-VolumesNegativeTest-1869351604 tempest-VolumesNegativeTest-1869351604-project] 10.222.0.43 "GET /v2.0/ports?device_id=98fc10cb-0595-4164-a5d8-6011dcfb5d1e HTTP/1.1" status: 200 len: 210 time: 0.0415688
Jun 20 06:33:15.490413 dv-cinder-804757-29-smb neutron-server[104660]: DEBUG neutron_lib.callbacks.manager [None req-1c47975f-028b-47ff-aa3b-c16418629808 admin admin] Publish callbacks ['neutron.plugins.ml2.plugin.Ml2Plugin._network_delete_after_delete_handler-1735666', 'neutron.plugins.ml2.ovo_rpc._ObjectChangeHandler.handle_event-819104', 'neutron.api.rpc.agentnotifiers.dhcp_rpc_agent_api.DhcpAgentNotifyAPI._native_event_send_dhcp_notification-545316', 'neutron.services.l3_router.l3_router_plugin.DVRResourceOperationHandler.delete_fip_namespaces_for_ext_net-559927'] for network (62813079-577e-4120-bb25-bab77ec957d2), after_delete {{(pid=104660) _notify_loop /usr/local/lib/python3.8/dist-packages/neutron_lib/callbacks/manager.py:176}}
Jun 20 06:33:15.496350 dv-cinder-804757-29-smb neutron-server[104660]: DEBUG neutron_lib.callbacks.manager [None req-1c47975f-028b-47ff-aa3b-c16418629808 admin admin] Publish callbacks ['neutron.api.rpc.agentnotifiers.dhcp_rpc_agent_api.DhcpAgentNotifyAPI._send_dhcp_notification-545330'] for network (None), before_response {{(pid=104660) _notify_loop /usr/local/lib/python3.8/dist-packages/neutron_lib/callbacks/manager.py:176}}
Jun 20 06:33:15.499413 dv-cinder-804757-29-smb neutron-server[104660]: INFO neutron.wsgi [None req-1c47975f-028b-47ff-aa3b-c16418629808 admin admin] 10.222.0.43 "DELETE /v2.0/networks/62813079-577e-4120-bb25-bab77ec957d2 HTTP/1.1" status: 204 len: 168 time: 0.5462370
Jun 20 06:33:15.510736 dv-cinder-804757-29-smb neutron-server[104660]: DEBUG neutron.api.rpc.handlers.resources_rpc [None req-1c47975f-028b-47ff-aa3b-c16418629808 admin admin] Pushing event deleted for resources: {'Network': ['ID=62813079-577e-4120-bb25-bab77ec957d2,revision_number=None']} {{(pid=104660) push /opt/stack/neutron/neutron/api/rpc/handlers/resources_rpc.py:237}}
Jun 20 06:33:15.867463 dv-cinder-804757-29-smb neutron-server[104661]: DEBUG neutron.wsgi [-] (104661) accepted ('10.222.0.43', 52818) {{(pid=104661) server /usr/local/lib/python3.8/dist-packages/eventlet/wsgi.py:1004}}
Jun 20 06:33:15.907280 dv-cinder-804757-29-smb neutron-server[104661]: INFO neutron.wsgi [None req-2ccfb03d-478e-4cc5-9076-7a48b815794e admin admin] 10.222.0.43 "GET /v2.0/security-groups?tenant_id=94ec9f0ba7e847609f5cfe2a8e8614fc&name=default HTTP/1.1" status: 200 len: 2992 time: 0.0386891
Jun 20 06:33:15.909705 dv-cinder-804757-29-smb neutron-server[104661]: DEBUG neutron.wsgi [-] (104661) accepted ('10.222.0.43', 52820) {{(pid=104661) server /usr/local/lib/python3.8/dist-packages/eventlet/wsgi.py:1004}}
Jun 20 06:33:15.962893 dv-cinder-804757-29-smb neutron-server[104661]: DEBUG neutron_lib.callbacks.manager [None req-080e292e-e06a-4bab-bea4-0c459f0c24b5 admin admin] Publish callbacks [] for security_group (46ea8f41-dfee-447a-b1d1-5b52d2d210fe), before_delete {{(pid=104661) _notify_loop /usr/local/lib/python3.8/dist-packages/neutron_lib/callbacks/manager.py:176}}
Jun 20 06:33:15.988242 dv-cinder-804757-29-smb neutron-server[104661]: DEBUG neutron_lib.callbacks.manager [None req-080e292e-e06a-4bab-bea4-0c459f0c24b5 admin admin] Publish callbacks [] for security_group (46ea8f41-dfee-447a-b1d1-5b52d2d210fe), precommit_delete {{(pid=104661) _notify_loop /usr/local/lib/python3.8/dist-packages/neutron_lib/callbacks/manager.py:176}}
Jun 20 06:33:16.123953 dv-cinder-804757-29-smb neutron-server[104661]: DEBUG neutron_lib.callbacks.manager [None req-080e292e-e06a-4bab-bea4-0c459f0c24b5 admin admin] Publish callbacks ['neutron.plugins.ml2.ovo_rpc._ObjectChangeHandler.handle_event-818963'] for security_group (46ea8f41-dfee-447a-b1d1-5b52d2d210fe), after_delete {{(pid=104661) _notify_loop /usr/local/lib/python3.8/dist-packages/neutron_lib/callbacks/manager.py:176}}
Jun 20 06:33:16.130810 dv-cinder-804757-29-smb neutron-server[104661]: DEBUG neutron_lib.callbacks.manager [None req-080e292e-e06a-4bab-bea4-0c459f0c24b5 admin admin] Publish callbacks [] for security_group (None), before_response {{(pid=104661) _notify_loop /usr/local/lib/python3.8/dist-packages/neutron_lib/callbacks/manager.py:176}}
Jun 20 06:33:16.130810 dv-cinder-804757-29-smb neutron-server[104661]: INFO neutron.wsgi [None req-080e292e-e06a-4bab-bea4-0c459f0c24b5 admin admin] 10.222.0.43 "DELETE /v2.0/security-groups/46ea8f41-dfee-447a-b1d1-5b52d2d210fe HTTP/1.1" status: 204 len: 168 time: 0.2178032
Jun 20 06:33:16.140152 dv-cinder-804757-29-smb neutron-server[104661]: DEBUG neutron.api.rpc.handlers.resources_rpc [None req-080e292e-e06a-4bab-bea4-0c459f0c24b5 admin admin] Pushing event deleted for resources: {'SecurityGroup': ['ID=46ea8f41-dfee-447a-b1d1-5b52d2d210fe,revision_number=None']} {{(pid=104661) push /opt/stack/neutron/neutron/api/rpc/handlers/resources_rpc.py:237}}
Jun 20 06:33:16.482878 dv-cinder-804757-29-smb neutron-server[104660]: DEBUG neutron.pecan_wsgi.hooks.policy_enforcement [req-6bb1959b-dcaf-4134-829c-27a49871de52 req-d32ce062-ada2-477a-8463-27c60bd69976 tempest-ServerRescueNegativeTestJSON-1642698357 tempest-ServerRescueNegativeTestJSON-1642698357-project] Attributes excluded by policy engine: ['standard_attr_id', 'binding:profile', 'binding:host_id', 'binding:vif_type', 'binding:vif_details'] {{(pid=104660) _exclude_attributes_by_policy /opt/stack/neutron/neutron/pecan_wsgi/hooks/policy_enforcement.py:259}}
Jun 20 06:33:16.484417 dv-cinder-804757-29-smb neutron-server[104660]: INFO neutron.wsgi [req-6bb1959b-dcaf-4134-829c-27a49871de52 req-d32ce062-ada2-477a-8463-27c60bd69976 tempest-ServerRescueNegativeTestJSON-1642698357 tempest-ServerRescueNegativeTestJSON-1642698357-project] 10.222.0.43 "GET /v2.0/ports?device_id=a2221b4a-30b5-47da-8b0c-302cdf2ec979 HTTP/1.1" status: 200 len: 945 time: 0.0622878
Jun 20 06:33:16.498847 dv-cinder-804757-29-smb neutron-server[104660]: INFO neutron.services.segments.plugin [-] Segment 65dee75f-58c8-497d-ae80-eceade5adf95 resource provider aggregate not found
Jun 20 06:33:16.519259 dv-cinder-804757-29-smb neutron-server[104660]: INFO neutron.services.segments.plugin [-] Segment 65dee75f-58c8-497d-ae80-eceade5adf95 resource provider not found; error: Placement Client Error (4xx): {"errors": [{"status": 404, "title": "Not Found", "detail": "The resource could not be found.\n\n No resource provider with uuid 65dee75f-58c8-497d-ae80-eceade5adf95 found for delete ", "request_id": "req-1e7120bd-40bd-4451-8e40-869b499f31ac"}]}
Jun 20 06:33:16.590023 dv-cinder-804757-29-smb neutron-server[104660]: INFO neutron.wsgi [req-aac79648-89b5-495c-a5fb-aecc31b6f6bb req-16bb0e43-9b5c-4962-8b9c-9546d608b57c tempest-VolumesNegativeTest-1869351604 tempest-VolumesNegativeTest-1869351604-project] 10.222.0.43 "GET /v2.0/ports?device_id=98fc10cb-0595-4164-a5d8-6011dcfb5d1e HTTP/1.1" status: 200 len: 210 time: 0.0601368
Jun 20 06:33:16.595711 dv-cinder-804757-29-smb neutron-server[104660]: INFO neutron.wsgi [req-6bb1959b-dcaf-4134-829c-27a49871de52 req-3d967a3f-1c5c-4066-86dd-290aaf8d8eb9 tempest-ServerRescueNegativeTestJSON-1642698357 tempest-ServerRescueNegativeTestJSON-1642698357-project] 10.222.0.43 "GET /v2.0/security-groups?id=ee3012c7-7915-4bac-b673-236c9e1533e6&fields=id&fields=name HTTP/1.1" status: 200 len: 286 time: 0.1056519
Jun 20 06:33:16.606895 dv-cinder-804757-29-smb neutron-server[104660]: INFO neutron.wsgi [req-d652b241-8ba1-438a-9a5a-a5722824fa29 req-405d4b86-a75b-45d1-8bd6-9cf8faa492f8 tempest-VolumesNegativeTest-1869351604 tempest-VolumesNegativeTest-1869351604-project] 10.222.0.49 "GET /v2.0/networks?tenant_id=3e2a81cb8a234c328d1b76d3dba0acd9&shared=False HTTP/1.1" status: 200 len: 213 time: 0.0294430
Jun 20 06:33:16.759758 dv-cinder-804757-29-smb neutron-server[104660]: DEBUG neutron.pecan_wsgi.hooks.policy_enforcement [req-d652b241-8ba1-438a-9a5a-a5722824fa29 req-9e2ca806-2388-49c3-8fb8-bef23d382903 tempest-VolumesNegativeTest-1869351604 tempest-VolumesNegativeTest-1869351604-project] Attributes excluded by policy engine: ['standard_attr_id', 'vlan_transparent', 'provider:network_type', 'provider:physical_network', 'provider:segmentation_id'] {{(pid=104660) _exclude_attributes_by_policy /opt/stack/neutron/neutron/pecan_wsgi/hooks/policy_enforcement.py:259}}
Jun 20 06:33:16.762357 dv-cinder-804757-29-smb neutron-server[104660]: INFO neutron.wsgi [req-d652b241-8ba1-438a-9a5a-a5722824fa29 req-9e2ca806-2388-49c3-8fb8-bef23d382903 tempest-VolumesNegativeTest-1869351604 tempest-VolumesNegativeTest-1869351604-project] 10.222.0.49 "GET /v2.0/networks?shared=True HTTP/1.1" status: 200 len: 769 time: 0.1405988
Jun 20 06:33:16.787922 dv-cinder-804757-29-smb neutron-server[104660]: DEBUG neutron.api.v2.base [req-d652b241-8ba1-438a-9a5a-a5722824fa29 req-db019b4e-58b8-4a99-9ec8-4ec3eb72a006 tempest-VolumesNegativeTest-1869351604 tempest-VolumesNegativeTest-1869351604-project] Request body: {'port': {'device_id': '98fc10cb-0595-4164-a5d8-6011dcfb5d1e', 'network_id': 'cc3a2093-05e1-4ca7-8ff8-a90dcb9672a8', 'admin_state_up': True, 'tenant_id': '3e2a81cb8a234c328d1b76d3dba0acd9'}} {{(pid=104660) prepare_request_body /opt/stack/neutron/neutron/api/v2/base.py:730}}
Jun 20 06:33:16.856114 dv-cinder-804757-29-smb neutron-server[104660]: DEBUG dbcounter [-] [104660] Writing DB stats neutron:SELECT=94,neutron:DELETE=5,neutron:UPDATE=1 {{(pid=104660) stat_writer /usr/local/lib/python3.8/dist-packages/dbcounter.py:114}}
