May 19 12:18:28.348441 dv-cinder-804757-28-iscsi devstack@c-api.service[110992]: DEBUG cinder.api.openstack.wsgi [None req-992d6380-8b5d-4fbc-b9d3-e1defc66677a tempest-GroupsV320Test-1717464970 tempest-GroupsV320Test-1717464970-project] Empty body provided in request {{(pid=110992) get_body /opt/stack/cinder/cinder/api/openstack/wsgi.py:715}}
May 19 12:18:28.349212 dv-cinder-804757-28-iscsi devstack@c-api.service[110992]: DEBUG cinder.api.openstack.wsgi [None req-992d6380-8b5d-4fbc-b9d3-e1defc66677a tempest-GroupsV320Test-1717464970 tempest-GroupsV320Test-1717464970-project] Calling method 'detail' {{(pid=110992) _process_stack /opt/stack/cinder/cinder/api/openstack/wsgi.py:868}}
May 19 12:18:28.350408 dv-cinder-804757-28-iscsi devstack@c-api.service[110992]: DEBUG cinder.api.api_utils [None req-992d6380-8b5d-4fbc-b9d3-e1defc66677a tempest-GroupsV320Test-1717464970 tempest-GroupsV320Test-1717464970-project] Removing options '' from query. {{(pid=110992) remove_invalid_filter_options /opt/stack/cinder/cinder/api/api_utils.py:73}}
May 19 12:18:28.352823 dv-cinder-804757-28-iscsi devstack@c-api.service[110992]: DEBUG cinder.volume.api [None req-992d6380-8b5d-4fbc-b9d3-e1defc66677a tempest-GroupsV320Test-1717464970 tempest-GroupsV320Test-1717464970-project] Searching by: MultiDict([('no_migration_targets', True)]). {{(pid=110992) get_all /opt/stack/cinder/cinder/volume/api.py:663}}
May 19 12:18:28.428573 dv-cinder-804757-28-iscsi devstack@c-api.service[110992]: INFO cinder.volume.api [None req-992d6380-8b5d-4fbc-b9d3-e1defc66677a tempest-GroupsV320Test-1717464970 tempest-GroupsV320Test-1717464970-project] Get all volumes completed successfully.
May 19 12:18:28.435959 dv-cinder-804757-28-iscsi devstack@c-api.service[110992]: INFO cinder.api.openstack.wsgi [None req-992d6380-8b5d-4fbc-b9d3-e1defc66677a tempest-GroupsV320Test-1717464970 tempest-GroupsV320Test-1717464970-project] http://10.222.0.23/volume/v3/3f82f9f8661b44709371c4d574b4de0a/volumes/detail returned with HTTP 200
May 19 12:18:28.453193 dv-cinder-804757-28-iscsi devstack@c-api.service[110992]: [pid: 110992|app: 0|req: 65/134] 10.222.0.23 () {60 vars in 1275 bytes} [Thu May 19 12:18:28 2022] GET /volume/v3/3f82f9f8661b44709371c4d574b4de0a/volumes/detail => generated 15 bytes in 112 msecs (HTTP/1.1 200) 7 headers in 285 bytes (2 switches on core 0)
May 19 12:18:28.454613 dv-cinder-804757-28-iscsi devstack@c-api.service[110993]: DEBUG cinder.api.middleware.request_id [None req-cf4aa6aa-c501-499b-bb1b-f1301fc3ff42 None None] RequestId filter calling following filter/app {{(pid=110993) _context_setter /opt/stack/cinder/cinder/api/middleware/request_id.py:62}}
May 19 12:18:28.460014 dv-cinder-804757-28-iscsi devstack@c-api.service[110993]: INFO cinder.api.openstack.wsgi [None req-cf4aa6aa-c501-499b-bb1b-f1301fc3ff42 tempest-GroupsV320Test-1717464970 tempest-GroupsV320Test-1717464970-project] POST http://10.222.0.23/volume/v3/3f82f9f8661b44709371c4d574b4de0a/groups/28cbd14c-78f7-43d7-b3eb-b9554d96830e/action
May 19 12:18:28.460601 dv-cinder-804757-28-iscsi devstack@c-api.service[110993]: DEBUG cinder.api.openstack.wsgi [None req-cf4aa6aa-c501-499b-bb1b-f1301fc3ff42 tempest-GroupsV320Test-1717464970 tempest-GroupsV320Test-1717464970-project] Action body: b'{"delete": {"delete-volumes": true}}' {{(pid=110993) get_method /opt/stack/cinder/cinder/api/openstack/wsgi.py:983}}
May 19 12:18:28.461136 dv-cinder-804757-28-iscsi devstack@c-api.service[110993]: DEBUG cinder.api.openstack.wsgi [None req-cf4aa6aa-c501-499b-bb1b-f1301fc3ff42 tempest-GroupsV320Test-1717464970 tempest-GroupsV320Test-1717464970-project] Action: 'action', calling method: version_select, body: {"delete": {"delete-volumes": true}} {{(pid=110993) _process_stack /opt/stack/cinder/cinder/api/openstack/wsgi.py:866}}
May 19 12:18:28.462288 dv-cinder-804757-28-iscsi devstack@c-api.service[110993]: DEBUG cinder.api.v3.groups [None req-cf4aa6aa-c501-499b-bb1b-f1301fc3ff42 tempest-GroupsV320Test-1717464970 tempest-GroupsV320Test-1717464970-project] delete called for group 28cbd14c-78f7-43d7-b3eb-b9554d96830e {{(pid=110993) _delete /opt/stack/cinder/cinder/api/v3/groups.py:117}}
May 19 12:18:28.462656 dv-cinder-804757-28-iscsi devstack@c-api.service[110993]: INFO cinder.api.v3.groups [None req-cf4aa6aa-c501-499b-bb1b-f1301fc3ff42 tempest-GroupsV320Test-1717464970 tempest-GroupsV320Test-1717464970-project] Delete group with id: 28cbd14c-78f7-43d7-b3eb-b9554d96830e
May 19 12:18:28.469778 dv-cinder-804757-28-iscsi devstack@c-api.service[110993]: /usr/local/lib/python3.8/dist-packages/oslo_context/context.py:100: DeprecationWarning: Policy enforcement is depending on the value of is_admin. This key is deprecated. Please update your policy file to use the standard policy values.
May 19 12:18:28.469778 dv-cinder-804757-28-iscsi devstack@c-api.service[110993]: warnings.warn('Policy enforcement is depending on the value of '
May 19 12:18:28.473493 dv-cinder-804757-28-iscsi devstack@c-api.service[110993]: DEBUG dbcounter [-] [110993] Writing DB stats cinder:SELECT=83,cinder:UPDATE=12,cinder:INSERT=5 {{(pid=110993) stat_writer /usr/local/lib/python3.8/dist-packages/dbcounter.py:114}}
May 19 12:18:28.729683 dv-cinder-804757-28-iscsi devstack@c-api.service[110993]: INFO cinder.api.openstack.wsgi [None req-cf4aa6aa-c501-499b-bb1b-f1301fc3ff42 tempest-GroupsV320Test-1717464970 tempest-GroupsV320Test-1717464970-project] http://10.222.0.23/volume/v3/3f82f9f8661b44709371c4d574b4de0a/groups/28cbd14c-78f7-43d7-b3eb-b9554d96830e/action returned with HTTP 202
May 19 12:18:28.733450 dv-cinder-804757-28-iscsi devstack@c-api.service[110993]: [pid: 110993|app: 0|req: 70/135] 10.222.0.23 () {62 vars in 1404 bytes} [Thu May 19 12:18:28 2022] POST /volume/v3/3f82f9f8661b44709371c4d574b4de0a/groups/28cbd14c-78f7-43d7-b3eb-b9554d96830e/action => generated 0 bytes in 280 msecs (HTTP/1.1 202) 6 headers in 234 bytes (1 switches on core 0)
May 19 12:18:28.737914 dv-cinder-804757-28-iscsi devstack@c-api.service[110992]: DEBUG cinder.api.middleware.request_id [None req-7866982a-f39a-4096-8162-c386762f93c1 None None] RequestId filter calling following filter/app {{(pid=110992) _context_setter /opt/stack/cinder/cinder/api/middleware/request_id.py:62}}
May 19 12:18:28.744088 dv-cinder-804757-28-iscsi devstack@c-api.service[110992]: INFO cinder.api.openstack.wsgi [None req-7866982a-f39a-4096-8162-c386762f93c1 tempest-GroupsV320Test-1717464970 tempest-GroupsV320Test-1717464970-project] GET http://10.222.0.23/volume/v3/3f82f9f8661b44709371c4d574b4de0a/groups/28cbd14c-78f7-43d7-b3eb-b9554d96830e
May 19 12:18:28.744631 dv-cinder-804757-28-iscsi devstack@c-api.service[110992]: DEBUG cinder.api.openstack.wsgi [None req-7866982a-f39a-4096-8162-c386762f93c1 tempest-GroupsV320Test-1717464970 tempest-GroupsV320Test-1717464970-project] Empty body provided in request {{(pid=110992) get_body /opt/stack/cinder/cinder/api/openstack/wsgi.py:715}}
May 19 12:18:28.745225 dv-cinder-804757-28-iscsi devstack@c-api.service[110992]: DEBUG cinder.api.openstack.wsgi [None req-7866982a-f39a-4096-8162-c386762f93c1 tempest-GroupsV320Test-1717464970 tempest-GroupsV320Test-1717464970-project] Calling method 'version_select' {{(pid=110992) _process_stack /opt/stack/cinder/cinder/api/openstack/wsgi.py:868}}
May 19 12:18:28.745770 dv-cinder-804757-28-iscsi devstack@c-api.service[110992]: DEBUG cinder.api.v3.groups [None req-7866982a-f39a-4096-8162-c386762f93c1 tempest-GroupsV320Test-1717464970 tempest-GroupsV320Test-1717464970-project] show called for member 28cbd14c-78f7-43d7-b3eb-b9554d96830e {{(pid=110992) show /opt/stack/cinder/cinder/api/v3/groups.py:58}}
May 19 12:18:28.753657 dv-cinder-804757-28-iscsi devstack@c-api.service[110992]: /usr/local/lib/python3.8/dist-packages/oslo_context/context.py:100: DeprecationWarning: Policy enforcement is depending on the value of is_admin. This key is deprecated. Please update your policy file to use the standard policy values.
May 19 12:18:28.753657 dv-cinder-804757-28-iscsi devstack@c-api.service[110992]: warnings.warn('Policy enforcement is depending on the value of '
May 19 12:18:28.774227 dv-cinder-804757-28-iscsi devstack@c-api.service[110992]: INFO cinder.api.openstack.wsgi [None req-7866982a-f39a-4096-8162-c386762f93c1 tempest-GroupsV320Test-1717464970 tempest-GroupsV320Test-1717464970-project] http://10.222.0.23/volume/v3/3f82f9f8661b44709371c4d574b4de0a/groups/28cbd14c-78f7-43d7-b3eb-b9554d96830e returned with HTTP 200
May 19 12:18:28.780792 dv-cinder-804757-28-iscsi devstack@c-api.service[110992]: [pid: 110992|app: 0|req: 66/136] 10.222.0.23 () {60 vars in 1362 bytes} [Thu May 19 12:18:28 2022] GET /volume/v3/3f82f9f8661b44709371c4d574b4de0a/groups/28cbd14c-78f7-43d7-b3eb-b9554d96830e => generated 387 bytes in 45 msecs (HTTP/1.1 200) 7 headers in 286 bytes (1 switches on core 0)
May 19 12:18:29.269351 dv-cinder-804757-28-iscsi devstack@c-api.service[110993]: DEBUG cinder.api.middleware.request_id [None req-2db39abf-e1ae-46c4-881c-f83a62d79430 None None] RequestId filter calling following filter/app {{(pid=110993) _context_setter /opt/stack/cinder/cinder/api/middleware/request_id.py:62}}
May 19 12:18:29.274912 dv-cinder-804757-28-iscsi devstack@c-api.service[110993]: INFO cinder.api.openstack.wsgi [None req-2db39abf-e1ae-46c4-881c-f83a62d79430 tempest-VolumesImageMetadata-394370998 tempest-VolumesImageMetadata-394370998-project] GET http://10.222.0.23/volume/v3/4798f6c0018540c38a0d0c6276dccafa/volumes/9c47cf26-65d6-40ce-84e8-6d3b9b6c08f9
May 19 12:18:29.275841 dv-cinder-804757-28-iscsi devstack@c-api.service[110993]: DEBUG cinder.api.openstack.wsgi [None req-2db39abf-e1ae-46c4-881c-f83a62d79430 tempest-VolumesImageMetadata-394370998 tempest-VolumesImageMetadata-394370998-project] Empty body provided in request {{(pid=110993) get_body /opt/stack/cinder/cinder/api/openstack/wsgi.py:715}}
May 19 12:18:29.276383 dv-cinder-804757-28-iscsi devstack@c-api.service[110993]: DEBUG cinder.api.openstack.wsgi [None req-2db39abf-e1ae-46c4-881c-f83a62d79430 tempest-VolumesImageMetadata-394370998 tempest-VolumesImageMetadata-394370998-project] Calling method 'show' {{(pid=110993) _process_stack /opt/stack/cinder/cinder/api/openstack/wsgi.py:868}}
May 19 12:18:29.325142 dv-cinder-804757-28-iscsi devstack@c-api.service[110993]: /usr/local/lib/python3.8/dist-packages/oslo_context/context.py:100: DeprecationWarning: Policy enforcement is depending on the value of is_admin. This key is deprecated. Please update your policy file to use the standard policy values.
May 19 12:18:29.325142 dv-cinder-804757-28-iscsi devstack@c-api.service[110993]: warnings.warn('Policy enforcement is depending on the value of '
May 19 12:18:29.343994 dv-cinder-804757-28-iscsi devstack@c-api.service[110993]: INFO cinder.volume.api [None req-2db39abf-e1ae-46c4-881c-f83a62d79430 tempest-VolumesImageMetadata-394370998 tempest-VolumesImageMetadata-394370998-project] Volume info retrieved successfully.
May 19 12:18:29.357060 dv-cinder-804757-28-iscsi devstack@c-api.service[110993]: INFO cinder.api.openstack.wsgi [None req-2db39abf-e1ae-46c4-881c-f83a62d79430 tempest-VolumesImageMetadata-394370998 tempest-VolumesImageMetadata-394370998-project] http://10.222.0.23/volume/v3/4798f6c0018540c38a0d0c6276dccafa/volumes/9c47cf26-65d6-40ce-84e8-6d3b9b6c08f9 returned with HTTP 200
May 19 12:18:29.358509 dv-cinder-804757-28-iscsi devstack@c-api.service[110993]: [pid: 110993|app: 0|req: 71/137] 10.222.0.23 () {58 vars in 1324 bytes} [Thu May 19 12:18:29 2022] GET /volume/v3/4798f6c0018540c38a0d0c6276dccafa/volumes/9c47cf26-65d6-40ce-84e8-6d3b9b6c08f9 => generated 912 bytes in 90 msecs (HTTP/1.1 200) 7 headers in 285 bytes (2 switches on core 0)
May 19 12:18:29.786812 dv-cinder-804757-28-iscsi devstack@c-api.service[110992]: DEBUG cinder.api.middleware.request_id [None req-cb4b8d05-084e-45f3-9677-a49417e57949 None None] RequestId filter calling following filter/app {{(pid=110992) _context_setter /opt/stack/cinder/cinder/api/middleware/request_id.py:62}}
May 19 12:18:29.801106 dv-cinder-804757-28-iscsi devstack@c-api.service[110992]: INFO cinder.api.openstack.wsgi [None req-cb4b8d05-084e-45f3-9677-a49417e57949 tempest-GroupsV320Test-1717464970 tempest-GroupsV320Test-1717464970-project] GET http://10.222.0.23/volume/v3/3f82f9f8661b44709371c4d574b4de0a/groups/28cbd14c-78f7-43d7-b3eb-b9554d96830e
May 19 12:18:29.801718 dv-cinder-804757-28-iscsi devstack@c-api.service[110992]: DEBUG cinder.api.openstack.wsgi [None req-cb4b8d05-084e-45f3-9677-a49417e57949 tempest-GroupsV320Test-1717464970 tempest-GroupsV320Test-1717464970-project] Empty body provided in request {{(pid=110992) get_body /opt/stack/cinder/cinder/api/openstack/wsgi.py:715}}
May 19 12:18:29.805657 dv-cinder-804757-28-iscsi devstack@c-api.service[110992]: DEBUG cinder.api.openstack.wsgi [None req-cb4b8d05-084e-45f3-9677-a49417e57949 tempest-GroupsV320Test-1717464970 tempest-GroupsV320Test-1717464970-project] Calling method 'version_select' {{(pid=110992) _process_stack /opt/stack/cinder/cinder/api/openstack/wsgi.py:868}}
May 19 12:18:29.806308 dv-cinder-804757-28-iscsi devstack@c-api.service[110992]: DEBUG cinder.api.v3.groups [None req-cb4b8d05-084e-45f3-9677-a49417e57949 tempest-GroupsV320Test-1717464970 tempest-GroupsV320Test-1717464970-project] show called for member 28cbd14c-78f7-43d7-b3eb-b9554d96830e {{(pid=110992) show /opt/stack/cinder/cinder/api/v3/groups.py:58}}
May 19 12:18:29.816497 dv-cinder-804757-28-iscsi devstack@c-api.service[110992]: INFO cinder.api.openstack.wsgi [None req-cb4b8d05-084e-45f3-9677-a49417e57949 tempest-GroupsV320Test-1717464970 tempest-GroupsV320Test-1717464970-project] http://10.222.0.23/volume/v3/3f82f9f8661b44709371c4d574b4de0a/groups/28cbd14c-78f7-43d7-b3eb-b9554d96830e returned with HTTP 404
May 19 12:18:29.818662 dv-cinder-804757-28-iscsi devstack@c-api.service[110992]: [pid: 110992|app: 0|req: 67/138] 10.222.0.23 () {60 vars in 1362 bytes} [Thu May 19 12:18:29 2022] GET /volume/v3/3f82f9f8661b44709371c4d574b4de0a/groups/28cbd14c-78f7-43d7-b3eb-b9554d96830e => generated 108 bytes in 34 msecs (HTTP/1.1 404) 7 headers in 293 bytes (1 switches on core 0)
May 19 12:18:29.826068 dv-cinder-804757-28-iscsi devstack@c-api.service[110993]: DEBUG cinder.api.middleware.request_id [None req-d1152176-08dd-4dfa-9687-95a408abf3dc None None] RequestId filter calling following filter/app {{(pid=110993) _context_setter /opt/stack/cinder/cinder/api/middleware/request_id.py:62}}
May 19 12:18:29.838592 dv-cinder-804757-28-iscsi devstack@c-api.service[110993]: INFO cinder.api.openstack.wsgi [None req-d1152176-08dd-4dfa-9687-95a408abf3dc tempest-GroupsV320Test-38143270 tempest-GroupsV320Test-38143270-project-admin] DELETE http://10.222.0.23/volume/v3/bdb86b1eb0cc48eeab60c78e68cb510f/group_types/1a857d68-fe65-4989-a113-bd6686f21553
May 19 12:18:29.839943 dv-cinder-804757-28-iscsi devstack@c-api.service[110993]: DEBUG cinder.api.openstack.wsgi [None req-d1152176-08dd-4dfa-9687-95a408abf3dc tempest-GroupsV320Test-38143270 tempest-GroupsV320Test-38143270-project-admin] Empty body provided in request {{(pid=110993) get_body /opt/stack/cinder/cinder/api/openstack/wsgi.py:715}}
May 19 12:18:29.841120 dv-cinder-804757-28-iscsi devstack@c-api.service[110993]: DEBUG cinder.api.openstack.wsgi [None req-d1152176-08dd-4dfa-9687-95a408abf3dc tempest-GroupsV320Test-38143270 tempest-GroupsV320Test-38143270-project-admin] Calling method 'version_select' {{(pid=110993) _process_stack /opt/stack/cinder/cinder/api/openstack/wsgi.py:868}}
May 19 12:18:30.012819 dv-cinder-804757-28-iscsi devstack@c-api.service[110993]: INFO cinder.api.openstack.wsgi [None req-d1152176-08dd-4dfa-9687-95a408abf3dc tempest-GroupsV320Test-38143270 tempest-GroupsV320Test-38143270-project-admin] http://10.222.0.23/volume/v3/bdb86b1eb0cc48eeab60c78e68cb510f/group_types/1a857d68-fe65-4989-a113-bd6686f21553 returned with HTTP 202
May 19 12:18:30.015301 dv-cinder-804757-28-iscsi devstack@c-api.service[110993]: [pid: 110993|app: 0|req: 72/139] 10.222.0.23 () {60 vars in 1380 bytes} [Thu May 19 12:18:29 2022] DELETE /volume/v3/bdb86b1eb0cc48eeab60c78e68cb510f/group_types/1a857d68-fe65-4989-a113-bd6686f21553 => generated 0 bytes in 191 msecs (HTTP/1.1 202) 6 headers in 234 bytes (1 switches on core 0)
May 19 12:18:30.030697 dv-cinder-804757-28-iscsi devstack@c-api.service[110992]: DEBUG cinder.api.middleware.request_id [None req-32bfc668-19c5-4cc4-9d68-3a0a5fd7ff63 None None] RequestId filter calling following filter/app {{(pid=110992) _context_setter /opt/stack/cinder/cinder/api/middleware/request_id.py:62}}
May 19 12:18:30.030697 dv-cinder-804757-28-iscsi devstack@c-api.service[110992]: INFO cinder.api.openstack.wsgi [None req-32bfc668-19c5-4cc4-9d68-3a0a5fd7ff63 tempest-GroupsV320Test-38143270 tempest-GroupsV320Test-38143270-project-admin] DELETE http://10.222.0.23/volume/v3/bdb86b1eb0cc48eeab60c78e68cb510f/types/b0515d79-6f1d-4436-93c4-9b36e9d5187d
May 19 12:18:30.030697 dv-cinder-804757-28-iscsi devstack@c-api.service[110992]: DEBUG cinder.api.openstack.wsgi [None req-32bfc668-19c5-4cc4-9d68-3a0a5fd7ff63 tempest-GroupsV320Test-38143270 tempest-GroupsV320Test-38143270-project-admin] Empty body provided in request {{(pid=110992) get_body /opt/stack/cinder/cinder/api/openstack/wsgi.py:715}}
May 19 12:18:30.031190 dv-cinder-804757-28-iscsi devstack@c-api.service[110992]: DEBUG cinder.api.openstack.wsgi [None req-32bfc668-19c5-4cc4-9d68-3a0a5fd7ff63 tempest-GroupsV320Test-38143270 tempest-GroupsV320Test-38143270-project-admin] Calling method '_delete' {{(pid=110992) _process_stack /opt/stack/cinder/cinder/api/openstack/wsgi.py:868}}
May 19 12:18:30.032026 dv-cinder-804757-28-iscsi devstack@c-api.service[110992]: /usr/local/lib/python3.8/dist-packages/oslo_context/context.py:100: DeprecationWarning: Policy enforcement is depending on the value of is_admin. This key is deprecated. Please update your policy file to use the standard policy values.
May 19 12:18:30.032026 dv-cinder-804757-28-iscsi devstack@c-api.service[110992]: warnings.warn('Policy enforcement is depending on the value of '
May 19 12:18:30.212734 dv-cinder-804757-28-iscsi devstack@c-api.service[110992]: INFO cinder.api.openstack.wsgi [None req-32bfc668-19c5-4cc4-9d68-3a0a5fd7ff63 tempest-GroupsV320Test-38143270 tempest-GroupsV320Test-38143270-project-admin] http://10.222.0.23/volume/v3/bdb86b1eb0cc48eeab60c78e68cb510f/types/b0515d79-6f1d-4436-93c4-9b36e9d5187d returned with HTTP 202
May 19 12:18:30.221504 dv-cinder-804757-28-iscsi devstack@c-api.service[110993]: DEBUG cinder.api.middleware.request_id [None req-3950b4fb-b516-423f-a797-6ba384bd4c6b None None] RequestId filter calling following filter/app {{(pid=110993) _context_setter /opt/stack/cinder/cinder/api/middleware/request_id.py:62}}
May 19 12:18:30.223582 dv-cinder-804757-28-iscsi devstack@c-api.service[110992]: [pid: 110992|app: 0|req: 68/140] 10.222.0.23 () {58 vars in 1321 bytes} [Thu May 19 12:18:30 2022] DELETE /volume/v3/bdb86b1eb0cc48eeab60c78e68cb510f/types/b0515d79-6f1d-4436-93c4-9b36e9d5187d => generated 0 bytes in 199 msecs (HTTP/1.1 202) 6 headers in 233 bytes (1 switches on core 0)
May 19 12:18:30.230111 dv-cinder-804757-28-iscsi devstack@c-api.service[110993]: INFO cinder.api.openstack.wsgi [None req-3950b4fb-b516-423f-a797-6ba384bd4c6b tempest-GroupsV320Test-38143270 tempest-GroupsV320Test-38143270-project-admin] GET http://10.222.0.23/volume/v3/bdb86b1eb0cc48eeab60c78e68cb510f/types/b0515d79-6f1d-4436-93c4-9b36e9d5187d
May 19 12:18:30.231061 dv-cinder-804757-28-iscsi devstack@c-api.service[110993]: DEBUG cinder.api.openstack.wsgi [None req-3950b4fb-b516-423f-a797-6ba384bd4c6b tempest-GroupsV320Test-38143270 tempest-GroupsV320Test-38143270-project-admin] Empty body provided in request {{(pid=110993) get_body /opt/stack/cinder/cinder/api/openstack/wsgi.py:715}}
May 19 12:18:30.232397 dv-cinder-804757-28-iscsi devstack@c-api.service[110993]: DEBUG cinder.api.openstack.wsgi [None req-3950b4fb-b516-423f-a797-6ba384bd4c6b tempest-GroupsV320Test-38143270 tempest-GroupsV320Test-38143270-project-admin] Calling method 'show' {{(pid=110993) _process_stack /opt/stack/cinder/cinder/api/openstack/wsgi.py:868}}
May 19 12:18:30.262490 dv-cinder-804757-28-iscsi devstack@c-api.service[110993]: INFO cinder.api.openstack.wsgi [None req-3950b4fb-b516-423f-a797-6ba384bd4c6b tempest-GroupsV320Test-38143270 tempest-GroupsV320Test-38143270-project-admin] http://10.222.0.23/volume/v3/bdb86b1eb0cc48eeab60c78e68cb510f/types/b0515d79-6f1d-4436-93c4-9b36e9d5187d returned with HTTP 404
May 19 12:18:30.262490 dv-cinder-804757-28-iscsi devstack@c-api.service[110993]: [pid: 110993|app: 0|req: 73/141] 10.222.0.23 () {58 vars in 1318 bytes} [Thu May 19 12:18:30 2022] GET /volume/v3/bdb86b1eb0cc48eeab60c78e68cb510f/types/b0515d79-6f1d-4436-93c4-9b36e9d5187d => generated 114 bytes in 37 msecs (HTTP/1.1 404) 7 headers in 292 bytes (1 switches on core 0)
May 19 12:18:30.378676 dv-cinder-804757-28-iscsi devstack@c-api.service[110992]: DEBUG cinder.api.middleware.request_id [None req-fe579d40-24f7-4d66-8087-d3a9948bfae3 None None] RequestId filter calling following filter/app {{(pid=110992) _context_setter /opt/stack/cinder/cinder/api/middleware/request_id.py:62}}
May 19 12:18:30.384185 dv-cinder-804757-28-iscsi devstack@c-api.service[110992]: INFO cinder.api.openstack.wsgi [None req-fe579d40-24f7-4d66-8087-d3a9948bfae3 tempest-VolumesImageMetadata-394370998 tempest-VolumesImageMetadata-394370998-project] GET http://10.222.0.23/volume/v3/4798f6c0018540c38a0d0c6276dccafa/volumes/9c47cf26-65d6-40ce-84e8-6d3b9b6c08f9
May 19 12:18:30.385325 dv-cinder-804757-28-iscsi devstack@c-api.service[110992]: DEBUG cinder.api.openstack.wsgi [None req-fe579d40-24f7-4d66-8087-d3a9948bfae3 tempest-VolumesImageMetadata-394370998 tempest-VolumesImageMetadata-394370998-project] Empty body provided in request {{(pid=110992) get_body /opt/stack/cinder/cinder/api/openstack/wsgi.py:715}}
May 19 12:18:30.386663 dv-cinder-804757-28-iscsi devstack@c-api.service[110992]: DEBUG cinder.api.openstack.wsgi [None req-fe579d40-24f7-4d66-8087-d3a9948bfae3 tempest-VolumesImageMetadata-394370998 tempest-VolumesImageMetadata-394370998-project] Calling method 'show' {{(pid=110992) _process_stack /opt/stack/cinder/cinder/api/openstack/wsgi.py:868}}
May 19 12:18:30.423985 dv-cinder-804757-28-iscsi devstack@c-api.service[110992]: /usr/local/lib/python3.8/dist-packages/oslo_context/context.py:100: DeprecationWarning: Policy enforcement is depending on the value of is_admin. This key is deprecated. Please update your policy file to use the standard policy values.
May 19 12:18:30.423985 dv-cinder-804757-28-iscsi devstack@c-api.service[110992]: warnings.warn('Policy enforcement is depending on the value of '
May 19 12:18:30.443492 dv-cinder-804757-28-iscsi devstack@c-api.service[110992]: INFO cinder.volume.api [None req-fe579d40-24f7-4d66-8087-d3a9948bfae3 tempest-VolumesImageMetadata-394370998 tempest-VolumesImageMetadata-394370998-project] Volume info retrieved successfully.
May 19 12:18:30.454355 dv-cinder-804757-28-iscsi devstack@c-api.service[110992]: INFO cinder.api.openstack.wsgi [None req-fe579d40-24f7-4d66-8087-d3a9948bfae3 tempest-VolumesImageMetadata-394370998 tempest-VolumesImageMetadata-394370998-project] http://10.222.0.23/volume/v3/4798f6c0018540c38a0d0c6276dccafa/volumes/9c47cf26-65d6-40ce-84e8-6d3b9b6c08f9 returned with HTTP 200
May 19 12:18:30.464380 dv-cinder-804757-28-iscsi devstack@c-api.service[110992]: [pid: 110992|app: 0|req: 69/142] 10.222.0.23 () {58 vars in 1324 bytes} [Thu May 19 12:18:30 2022] GET /volume/v3/4798f6c0018540c38a0d0c6276dccafa/volumes/9c47cf26-65d6-40ce-84e8-6d3b9b6c08f9 => generated 912 bytes in 87 msecs (HTTP/1.1 200) 7 headers in 285 bytes (1 switches on core 0)
May 19 12:18:31.471156 dv-cinder-804757-28-iscsi devstack@c-api.service[110993]: DEBUG cinder.api.middleware.request_id [None req-577ee197-f6c6-44d7-8d3b-ab27f7d2a89a None None] RequestId filter calling following filter/app {{(pid=110993) _context_setter /opt/stack/cinder/cinder/api/middleware/request_id.py:62}}
May 19 12:18:31.479091 dv-cinder-804757-28-iscsi devstack@c-api.service[110993]: INFO cinder.api.openstack.wsgi [None req-577ee197-f6c6-44d7-8d3b-ab27f7d2a89a tempest-VolumesImageMetadata-394370998 tempest-VolumesImageMetadata-394370998-project] GET http://10.222.0.23/volume/v3/4798f6c0018540c38a0d0c6276dccafa/volumes/9c47cf26-65d6-40ce-84e8-6d3b9b6c08f9
May 19 12:18:31.479952 dv-cinder-804757-28-iscsi devstack@c-api.service[110993]: DEBUG cinder.api.openstack.wsgi [None req-577ee197-f6c6-44d7-8d3b-ab27f7d2a89a tempest-VolumesImageMetadata-394370998 tempest-VolumesImageMetadata-394370998-project] Empty body provided in request {{(pid=110993) get_body /opt/stack/cinder/cinder/api/openstack/wsgi.py:715}}
May 19 12:18:31.480971 dv-cinder-804757-28-iscsi devstack@c-api.service[110993]: DEBUG cinder.api.openstack.wsgi [None req-577ee197-f6c6-44d7-8d3b-ab27f7d2a89a tempest-VolumesImageMetadata-394370998 tempest-VolumesImageMetadata-394370998-project] Calling method 'show' {{(pid=110993) _process_stack /opt/stack/cinder/cinder/api/openstack/wsgi.py:868}}
May 19 12:18:31.500825 dv-cinder-804757-28-iscsi devstack@c-api.service[110993]: /usr/local/lib/python3.8/dist-packages/oslo_context/context.py:100: DeprecationWarning: Policy enforcement is depending on the value of is_admin. This key is deprecated. Please update your policy file to use the standard policy values.
May 19 12:18:31.500825 dv-cinder-804757-28-iscsi devstack@c-api.service[110993]: warnings.warn('Policy enforcement is depending on the value of '
May 19 12:18:31.512314 dv-cinder-804757-28-iscsi devstack@c-api.service[110993]: INFO cinder.volume.api [None req-577ee197-f6c6-44d7-8d3b-ab27f7d2a89a tempest-VolumesImageMetadata-394370998 tempest-VolumesImageMetadata-394370998-project] Volume info retrieved successfully.
May 19 12:18:31.535909 dv-cinder-804757-28-iscsi devstack@c-api.service[110993]: INFO cinder.api.openstack.wsgi [None req-577ee197-f6c6-44d7-8d3b-ab27f7d2a89a tempest-VolumesImageMetadata-394370998 tempest-VolumesImageMetadata-394370998-project] http://10.222.0.23/volume/v3/4798f6c0018540c38a0d0c6276dccafa/volumes/9c47cf26-65d6-40ce-84e8-6d3b9b6c08f9 returned with HTTP 200
May 19 12:18:31.536953 dv-cinder-804757-28-iscsi devstack@c-api.service[110993]: [pid: 110993|app: 0|req: 74/143] 10.222.0.23 () {58 vars in 1324 bytes} [Thu May 19 12:18:31 2022] GET /volume/v3/4798f6c0018540c38a0d0c6276dccafa/volumes/9c47cf26-65d6-40ce-84e8-6d3b9b6c08f9 => generated 912 bytes in 69 msecs (HTTP/1.1 200) 7 headers in 285 bytes (1 switches on core 0)
May 19 12:18:32.550421 dv-cinder-804757-28-iscsi devstack@c-api.service[110992]: DEBUG cinder.api.middleware.request_id [None req-657ecd5d-d053-4cfd-9245-0de585f20706 None None] RequestId filter calling following filter/app {{(pid=110992) _context_setter /opt/stack/cinder/cinder/api/middleware/request_id.py:62}}
May 19 12:18:32.554711 dv-cinder-804757-28-iscsi devstack@c-api.service[110992]: INFO cinder.api.openstack.wsgi [None req-657ecd5d-d053-4cfd-9245-0de585f20706 tempest-VolumesImageMetadata-394370998 tempest-VolumesImageMetadata-394370998-project] GET http://10.222.0.23/volume/v3/4798f6c0018540c38a0d0c6276dccafa/volumes/9c47cf26-65d6-40ce-84e8-6d3b9b6c08f9
May 19 12:18:32.555346 dv-cinder-804757-28-iscsi devstack@c-api.service[110992]: DEBUG cinder.api.openstack.wsgi [None req-657ecd5d-d053-4cfd-9245-0de585f20706 tempest-VolumesImageMetadata-394370998 tempest-VolumesImageMetadata-394370998-project] Empty body provided in request {{(pid=110992) get_body /opt/stack/cinder/cinder/api/openstack/wsgi.py:715}}
May 19 12:18:32.556060 dv-cinder-804757-28-iscsi devstack@c-api.service[110992]: DEBUG cinder.api.openstack.wsgi [None req-657ecd5d-d053-4cfd-9245-0de585f20706 tempest-VolumesImageMetadata-394370998 tempest-VolumesImageMetadata-394370998-project] Calling method 'show' {{(pid=110992) _process_stack /opt/stack/cinder/cinder/api/openstack/wsgi.py:868}}
May 19 12:18:32.580934 dv-cinder-804757-28-iscsi devstack@c-api.service[110992]: /usr/local/lib/python3.8/dist-packages/oslo_context/context.py:100: DeprecationWarning: Policy enforcement is depending on the value of is_admin. This key is deprecated. Please update your policy file to use the standard policy values.
May 19 12:18:32.580934 dv-cinder-804757-28-iscsi devstack@c-api.service[110992]: warnings.warn('Policy enforcement is depending on the value of '
May 19 12:18:32.592645 dv-cinder-804757-28-iscsi devstack@c-api.service[110992]: INFO cinder.volume.api [None req-657ecd5d-d053-4cfd-9245-0de585f20706 tempest-VolumesImageMetadata-394370998 tempest-VolumesImageMetadata-394370998-project] Volume info retrieved successfully.
May 19 12:18:32.607520 dv-cinder-804757-28-iscsi devstack@c-api.service[110992]: INFO cinder.api.openstack.wsgi [None req-657ecd5d-d053-4cfd-9245-0de585f20706 tempest-VolumesImageMetadata-394370998 tempest-VolumesImageMetadata-394370998-project] http://10.222.0.23/volume/v3/4798f6c0018540c38a0d0c6276dccafa/volumes/9c47cf26-65d6-40ce-84e8-6d3b9b6c08f9 returned with HTTP 200
May 19 12:18:32.608963 dv-cinder-804757-28-iscsi devstack@c-api.service[110992]: [pid: 110992|app: 0|req: 70/144] 10.222.0.23 () {58 vars in 1324 bytes} [Thu May 19 12:18:32 2022] GET /volume/v3/4798f6c0018540c38a0d0c6276dccafa/volumes/9c47cf26-65d6-40ce-84e8-6d3b9b6c08f9 => generated 912 bytes in 60 msecs (HTTP/1.1 200) 7 headers in 285 bytes (2 switches on core 0)
May 19 12:18:33.626967 dv-cinder-804757-28-iscsi devstack@c-api.service[110993]: DEBUG cinder.api.middleware.request_id [None req-f2280d84-358c-4c86-bdcb-ae7c2a852874 None None] RequestId filter calling following filter/app {{(pid=110993) _context_setter /opt/stack/cinder/cinder/api/middleware/request_id.py:62}}
May 19 12:18:33.631404 dv-cinder-804757-28-iscsi devstack@c-api.service[110993]: INFO cinder.api.openstack.wsgi [None req-f2280d84-358c-4c86-bdcb-ae7c2a852874 tempest-VolumesImageMetadata-394370998 tempest-VolumesImageMetadata-394370998-project] GET http://10.222.0.23/volume/v3/4798f6c0018540c38a0d0c6276dccafa/volumes/9c47cf26-65d6-40ce-84e8-6d3b9b6c08f9
May 19 12:18:33.631894 dv-cinder-804757-28-iscsi devstack@c-api.service[110993]: DEBUG cinder.api.openstack.wsgi [None req-f2280d84-358c-4c86-bdcb-ae7c2a852874 tempest-VolumesImageMetadata-394370998 tempest-VolumesImageMetadata-394370998-project] Empty body provided in request {{(pid=110993) get_body /opt/stack/cinder/cinder/api/openstack/wsgi.py:715}}
May 19 12:18:33.633536 dv-cinder-804757-28-iscsi devstack@c-api.service[110993]: DEBUG cinder.api.openstack.wsgi [None req-f2280d84-358c-4c86-bdcb-ae7c2a852874 tempest-VolumesImageMetadata-394370998 tempest-VolumesImageMetadata-394370998-project] Calling method 'show' {{(pid=110993) _process_stack /opt/stack/cinder/cinder/api/openstack/wsgi.py:868}}
May 19 12:18:33.668312 dv-cinder-804757-28-iscsi devstack@c-api.service[110993]: /usr/local/lib/python3.8/dist-packages/oslo_context/context.py:100: DeprecationWarning: Policy enforcement is depending on the value of is_admin. This key is deprecated. Please update your policy file to use the standard policy values.
May 19 12:18:33.668312 dv-cinder-804757-28-iscsi devstack@c-api.service[110993]: warnings.warn('Policy enforcement is depending on the value of '
May 19 12:18:33.689750 dv-cinder-804757-28-iscsi devstack@c-api.service[110993]: INFO cinder.volume.api [None req-f2280d84-358c-4c86-bdcb-ae7c2a852874 tempest-VolumesImageMetadata-394370998 tempest-VolumesImageMetadata-394370998-project] Volume info retrieved successfully.
May 19 12:18:33.704442 dv-cinder-804757-28-iscsi devstack@c-api.service[110993]: INFO cinder.api.openstack.wsgi [None req-f2280d84-358c-4c86-bdcb-ae7c2a852874 tempest-VolumesImageMetadata-394370998 tempest-VolumesImageMetadata-394370998-project] http://10.222.0.23/volume/v3/4798f6c0018540c38a0d0c6276dccafa/volumes/9c47cf26-65d6-40ce-84e8-6d3b9b6c08f9 returned with HTTP 200
May 19 12:18:33.705695 dv-cinder-804757-28-iscsi devstack@c-api.service[110993]: [pid: 110993|app: 0|req: 75/145] 10.222.0.23 () {58 vars in 1324 bytes} [Thu May 19 12:18:33 2022] GET /volume/v3/4798f6c0018540c38a0d0c6276dccafa/volumes/9c47cf26-65d6-40ce-84e8-6d3b9b6c08f9 => generated 912 bytes in 79 msecs (HTTP/1.1 200) 7 headers in 285 bytes (1 switches on core 0)
May 19 12:18:34.719957 dv-cinder-804757-28-iscsi devstack@c-api.service[110992]: DEBUG cinder.api.middleware.request_id [None req-61750863-19d2-41bb-afc0-8e3051d29254 None None] RequestId filter calling following filter/app {{(pid=110992) _context_setter /opt/stack/cinder/cinder/api/middleware/request_id.py:62}}
May 19 12:18:34.729668 dv-cinder-804757-28-iscsi devstack@c-api.service[110992]: INFO cinder.api.openstack.wsgi [None req-61750863-19d2-41bb-afc0-8e3051d29254 tempest-VolumesImageMetadata-394370998 tempest-VolumesImageMetadata-394370998-project] GET http://10.222.0.23/volume/v3/4798f6c0018540c38a0d0c6276dccafa/volumes/9c47cf26-65d6-40ce-84e8-6d3b9b6c08f9
May 19 12:18:34.730864 dv-cinder-804757-28-iscsi devstack@c-api.service[110992]: DEBUG cinder.api.openstack.wsgi [None req-61750863-19d2-41bb-afc0-8e3051d29254 tempest-VolumesImageMetadata-394370998 tempest-VolumesImageMetadata-394370998-project] Empty body provided in request {{(pid=110992) get_body /opt/stack/cinder/cinder/api/openstack/wsgi.py:715}}
May 19 12:18:34.732123 dv-cinder-804757-28-iscsi devstack@c-api.service[110992]: DEBUG cinder.api.openstack.wsgi [None req-61750863-19d2-41bb-afc0-8e3051d29254 tempest-VolumesImageMetadata-394370998 tempest-VolumesImageMetadata-394370998-project] Calling method 'show' {{(pid=110992) _process_stack /opt/stack/cinder/cinder/api/openstack/wsgi.py:868}}
May 19 12:18:34.761317 dv-cinder-804757-28-iscsi devstack@c-api.service[110992]: /usr/local/lib/python3.8/dist-packages/oslo_context/context.py:100: DeprecationWarning: Policy enforcement is depending on the value of is_admin. This key is deprecated. Please update your policy file to use the standard policy values.
May 19 12:18:34.761317 dv-cinder-804757-28-iscsi devstack@c-api.service[110992]: warnings.warn('Policy enforcement is depending on the value of '
May 19 12:18:34.772655 dv-cinder-804757-28-iscsi devstack@c-api.service[110992]: INFO cinder.volume.api [None req-61750863-19d2-41bb-afc0-8e3051d29254 tempest-VolumesImageMetadata-394370998 tempest-VolumesImageMetadata-394370998-project] Volume info retrieved successfully.
May 19 12:18:34.783352 dv-cinder-804757-28-iscsi devstack@c-api.service[110992]: INFO cinder.api.openstack.wsgi [None req-61750863-19d2-41bb-afc0-8e3051d29254 tempest-VolumesImageMetadata-394370998 tempest-VolumesImageMetadata-394370998-project] http://10.222.0.23/volume/v3/4798f6c0018540c38a0d0c6276dccafa/volumes/9c47cf26-65d6-40ce-84e8-6d3b9b6c08f9 returned with HTTP 200
May 19 12:18:34.784556 dv-cinder-804757-28-iscsi devstack@c-api.service[110992]: [pid: 110992|app: 0|req: 71/146] 10.222.0.23 () {58 vars in 1324 bytes} [Thu May 19 12:18:34 2022] GET /volume/v3/4798f6c0018540c38a0d0c6276dccafa/volumes/9c47cf26-65d6-40ce-84e8-6d3b9b6c08f9 => generated 912 bytes in 67 msecs (HTTP/1.1 200) 7 headers in 285 bytes (1 switches on core 0)
May 19 12:18:35.817157 dv-cinder-804757-28-iscsi devstack@c-api.service[110993]: DEBUG cinder.api.middleware.request_id [None req-abb00f4f-a0f6-4bf7-8ab1-ae1543afae92 None None] RequestId filter calling following filter/app {{(pid=110993) _context_setter /opt/stack/cinder/cinder/api/middleware/request_id.py:62}}
May 19 12:18:35.823330 dv-cinder-804757-28-iscsi devstack@c-api.service[110993]: INFO cinder.api.openstack.wsgi [None req-abb00f4f-a0f6-4bf7-8ab1-ae1543afae92 tempest-VolumesImageMetadata-394370998 tempest-VolumesImageMetadata-394370998-project] GET http://10.222.0.23/volume/v3/4798f6c0018540c38a0d0c6276dccafa/volumes/9c47cf26-65d6-40ce-84e8-6d3b9b6c08f9
May 19 12:18:35.824389 dv-cinder-804757-28-iscsi devstack@c-api.service[110993]: DEBUG cinder.api.openstack.wsgi [None req-abb00f4f-a0f6-4bf7-8ab1-ae1543afae92 tempest-VolumesImageMetadata-394370998 tempest-VolumesImageMetadata-394370998-project] Empty body provided in request {{(pid=110993) get_body /opt/stack/cinder/cinder/api/openstack/wsgi.py:715}}
May 19 12:18:35.827878 dv-cinder-804757-28-iscsi devstack@c-api.service[110993]: DEBUG cinder.api.openstack.wsgi [None req-abb00f4f-a0f6-4bf7-8ab1-ae1543afae92 tempest-VolumesImageMetadata-394370998 tempest-VolumesImageMetadata-394370998-project] Calling method 'show' {{(pid=110993) _process_stack /opt/stack/cinder/cinder/api/openstack/wsgi.py:868}}
May 19 12:18:35.866049 dv-cinder-804757-28-iscsi devstack@c-api.service[110992]: DEBUG cinder.api.middleware.request_id [None req-31443692-92ac-4396-99f0-b8158fa118f0 None None] RequestId filter calling following filter/app {{(pid=110992) _context_setter /opt/stack/cinder/cinder/api/middleware/request_id.py:62}}
May 19 12:18:35.887767 dv-cinder-804757-28-iscsi devstack@c-api.service[110993]: /usr/local/lib/python3.8/dist-packages/oslo_context/context.py:100: DeprecationWarning: Policy enforcement is depending on the value of is_admin. This key is deprecated. Please update your policy file to use the standard policy values.
May 19 12:18:35.887767 dv-cinder-804757-28-iscsi devstack@c-api.service[110993]: warnings.warn('Policy enforcement is depending on the value of '
May 19 12:18:35.920819 dv-cinder-804757-28-iscsi devstack@c-api.service[110993]: INFO cinder.volume.api [None req-abb00f4f-a0f6-4bf7-8ab1-ae1543afae92 tempest-VolumesImageMetadata-394370998 tempest-VolumesImageMetadata-394370998-project] Volume info retrieved successfully.
May 19 12:18:35.962795 dv-cinder-804757-28-iscsi devstack@c-api.service[110993]: INFO cinder.api.openstack.wsgi [None req-abb00f4f-a0f6-4bf7-8ab1-ae1543afae92 tempest-VolumesImageMetadata-394370998 tempest-VolumesImageMetadata-394370998-project] http://10.222.0.23/volume/v3/4798f6c0018540c38a0d0c6276dccafa/volumes/9c47cf26-65d6-40ce-84e8-6d3b9b6c08f9 returned with HTTP 200
May 19 12:18:35.965867 dv-cinder-804757-28-iscsi devstack@c-api.service[110993]: [pid: 110993|app: 0|req: 76/147] 10.222.0.23 () {58 vars in 1324 bytes} [Thu May 19 12:18:35 2022] GET /volume/v3/4798f6c0018540c38a0d0c6276dccafa/volumes/9c47cf26-65d6-40ce-84e8-6d3b9b6c08f9 => generated 912 bytes in 163 msecs (HTTP/1.1 200) 7 headers in 285 bytes (1 switches on core 0)
May 19 12:18:35.967431 dv-cinder-804757-28-iscsi devstack@c-api.service[110993]: DEBUG cinder.api.middleware.request_id [None req-435c6469-6078-46d4-b710-5302425f503b None None] RequestId filter calling following filter/app {{(pid=110993) _context_setter /opt/stack/cinder/cinder/api/middleware/request_id.py:62}}
May 19 12:18:36.050989 dv-cinder-804757-28-iscsi devstack@c-api.service[110992]: INFO cinder.api.openstack.wsgi [None req-31443692-92ac-4396-99f0-b8158fa118f0 tempest-GroupSnapshotsV319Test-266851494 tempest-GroupSnapshotsV319Test-266851494-project-admin] POST http://10.222.0.23/volume/v3/633bf351dd7c494e9bbabd2704f0e517/types
May 19 12:18:36.052720 dv-cinder-804757-28-iscsi devstack@c-api.service[110992]: DEBUG cinder.api.openstack.wsgi [None req-31443692-92ac-4396-99f0-b8158fa118f0 tempest-GroupSnapshotsV319Test-266851494 tempest-GroupSnapshotsV319Test-266851494-project-admin] Action: 'create', calling method: _create, body: {"volume_type": {"name": "tempest-GroupSnapshotsV319Test-volume-type-1099043963"}} {{(pid=110992) _process_stack /opt/stack/cinder/cinder/api/openstack/wsgi.py:866}}
May 19 12:18:36.143522 dv-cinder-804757-28-iscsi devstack@c-api.service[110993]: INFO cinder.api.openstack.wsgi [None req-435c6469-6078-46d4-b710-5302425f503b tempest-VolumeQuotasAdminTestJSON-1351993291 tempest-VolumeQuotasAdminTestJSON-1351993291-project-admin] GET http://10.222.0.23/volume/v3/238a310adf454901970f67a73b78c4dc/os-quota-sets/1c781d06772d4a11b11d7bacab2cdcb8
May 19 12:18:36.144626 dv-cinder-804757-28-iscsi devstack@c-api.service[110993]: DEBUG cinder.api.openstack.wsgi [None req-435c6469-6078-46d4-b710-5302425f503b tempest-VolumeQuotasAdminTestJSON-1351993291 tempest-VolumeQuotasAdminTestJSON-1351993291-project-admin] Empty body provided in request {{(pid=110993) get_body /opt/stack/cinder/cinder/api/openstack/wsgi.py:715}}
May 19 12:18:36.145577 dv-cinder-804757-28-iscsi devstack@c-api.service[110993]: DEBUG cinder.api.openstack.wsgi [None req-435c6469-6078-46d4-b710-5302425f503b tempest-VolumeQuotasAdminTestJSON-1351993291 tempest-VolumeQuotasAdminTestJSON-1351993291-project-admin] Calling method 'show' {{(pid=110993) _process_stack /opt/stack/cinder/cinder/api/openstack/wsgi.py:868}}
May 19 12:18:36.170800 dv-cinder-804757-28-iscsi devstack@c-api.service[110992]: INFO cinder.api.openstack.wsgi [None req-31443692-92ac-4396-99f0-b8158fa118f0 tempest-GroupSnapshotsV319Test-266851494 tempest-GroupSnapshotsV319Test-266851494-project-admin] http://10.222.0.23/volume/v3/633bf351dd7c494e9bbabd2704f0e517/types returned with HTTP 200
May 19 12:18:36.171571 dv-cinder-804757-28-iscsi devstack@c-api.service[110992]: [pid: 110992|app: 0|req: 72/148] 10.222.0.23 () {60 vars in 1228 bytes} [Thu May 19 12:18:35 2022] POST /volume/v3/633bf351dd7c494e9bbabd2704f0e517/types => generated 228 bytes in 308 msecs (HTTP/1.1 200) 7 headers in 285 bytes (2 switches on core 0)
May 19 12:18:36.179464 dv-cinder-804757-28-iscsi devstack@c-api.service[110992]: DEBUG cinder.api.middleware.request_id [None req-46d7a9c7-5d99-45c0-8fd0-696b7bdf048e None None] RequestId filter calling following filter/app {{(pid=110992) _context_setter /opt/stack/cinder/cinder/api/middleware/request_id.py:62}}
May 19 12:18:36.184494 dv-cinder-804757-28-iscsi devstack@c-api.service[110993]: WARNING cinder.quota [None req-435c6469-6078-46d4-b710-5302425f503b tempest-VolumeQuotasAdminTestJSON-1351993291 tempest-VolumeQuotasAdminTestJSON-1351993291-project-admin] Deprecated: Default quota for resource: backups is set by the default quota flag: quota_backups, it is now deprecated. Please use the default quota class for default quota.
May 19 12:18:36.184494 dv-cinder-804757-28-iscsi devstack@c-api.service[110993]: WARNING cinder.quota [None req-435c6469-6078-46d4-b710-5302425f503b tempest-VolumeQuotasAdminTestJSON-1351993291 tempest-VolumeQuotasAdminTestJSON-1351993291-project-admin] Deprecated: Default quota for resource: backup_gigabytes is set by the default quota flag: quota_backup_gigabytes, it is now deprecated. Please use the default quota class for default quota.
May 19 12:18:36.184494 dv-cinder-804757-28-iscsi devstack@c-api.service[110993]: WARNING cinder.quota [None req-435c6469-6078-46d4-b710-5302425f503b tempest-VolumeQuotasAdminTestJSON-1351993291 tempest-VolumeQuotasAdminTestJSON-1351993291-project-admin] Deprecated: Default quota for resource: volumes_tempest-GroupSnapshotsV319Test-volume-type-1099043963 is set by the default quota flag: quota_volumes_tempest-GroupSnapshotsV319Test-volume-type-1099043963, it is now deprecated. Please use the default quota class for default quota.
May 19 12:18:36.184494 dv-cinder-804757-28-iscsi devstack@c-api.service[110993]: WARNING cinder.quota [None req-435c6469-6078-46d4-b710-5302425f503b tempest-VolumeQuotasAdminTestJSON-1351993291 tempest-VolumeQuotasAdminTestJSON-1351993291-project-admin] Deprecated: Default quota for resource: gigabytes_tempest-GroupSnapshotsV319Test-volume-type-1099043963 is set by the default quota flag: quota_gigabytes_tempest-GroupSnapshotsV319Test-volume-type-1099043963, it is now deprecated. Please use the default quota class for default quota.
May 19 12:18:36.184494 dv-cinder-804757-28-iscsi devstack@c-api.service[110993]: WARNING cinder.quota [None req-435c6469-6078-46d4-b710-5302425f503b tempest-VolumeQuotasAdminTestJSON-1351993291 tempest-VolumeQuotasAdminTestJSON-1351993291-project-admin] Deprecated: Default quota for resource: snapshots_tempest-GroupSnapshotsV319Test-volume-type-1099043963 is set by the default quota flag: quota_snapshots_tempest-GroupSnapshotsV319Test-volume-type-1099043963, it is now deprecated. Please use the default quota class for default quota.
May 19 12:18:36.184494 dv-cinder-804757-28-iscsi devstack@c-api.service[110993]: WARNING cinder.quota [None req-435c6469-6078-46d4-b710-5302425f503b tempest-VolumeQuotasAdminTestJSON-1351993291 tempest-VolumeQuotasAdminTestJSON-1351993291-project-admin] Deprecated: Default quota for resource: volumes_lvmdriver-1 is set by the default quota flag: quota_volumes_lvmdriver-1, it is now deprecated. Please use the default quota class for default quota.
May 19 12:18:36.185230 dv-cinder-804757-28-iscsi devstack@c-api.service[110992]: INFO cinder.api.openstack.wsgi [None req-46d7a9c7-5d99-45c0-8fd0-696b7bdf048e tempest-GroupSnapshotsV319Test-266851494 tempest-GroupSnapshotsV319Test-266851494-project-admin] POST http://10.222.0.23/volume/v3/633bf351dd7c494e9bbabd2704f0e517/group_types
May 19 12:18:36.185369 dv-cinder-804757-28-iscsi devstack@c-api.service[110993]: WARNING cinder.quota [None req-435c6469-6078-46d4-b710-5302425f503b tempest-VolumeQuotasAdminTestJSON-1351993291 tempest-VolumeQuotasAdminTestJSON-1351993291-project-admin] Deprecated: Default quota for resource: gigabytes_lvmdriver-1 is set by the default quota flag: quota_gigabytes_lvmdriver-1, it is now deprecated. Please use the default quota class for default quota.
May 19 12:18:36.185592 dv-cinder-804757-28-iscsi devstack@c-api.service[110992]: DEBUG cinder.api.openstack.wsgi [None req-46d7a9c7-5d99-45c0-8fd0-696b7bdf048e tempest-GroupSnapshotsV319Test-266851494 tempest-GroupSnapshotsV319Test-266851494-project-admin] Action: 'create', calling method: version_select, body: {"group_type": {"name": "tempest-GroupSnapshotsV319Test-group-type-208133715"}} {{(pid=110992) _process_stack /opt/stack/cinder/cinder/api/openstack/wsgi.py:866}}
May 19 12:18:36.185819 dv-cinder-804757-28-iscsi devstack@c-api.service[110993]: WARNING cinder.quota [None req-435c6469-6078-46d4-b710-5302425f503b tempest-VolumeQuotasAdminTestJSON-1351993291 tempest-VolumeQuotasAdminTestJSON-1351993291-project-admin] Deprecated: Default quota for resource: snapshots_lvmdriver-1 is set by the default quota flag: quota_snapshots_lvmdriver-1, it is now deprecated. Please use the default quota class for default quota.
May 19 12:18:36.188275 dv-cinder-804757-28-iscsi devstack@c-api.service[110993]: WARNING cinder.quota [None req-435c6469-6078-46d4-b710-5302425f503b tempest-VolumeQuotasAdminTestJSON-1351993291 tempest-VolumeQuotasAdminTestJSON-1351993291-project-admin] Deprecated: Default quota for resource: snapshots___DEFAULT__ is set by the default quota flag: quota_snapshots___DEFAULT__, it is now deprecated. Please use the default quota class for default quota.
May 19 12:18:36.204843 dv-cinder-804757-28-iscsi devstack@c-api.service[110993]: INFO cinder.api.openstack.wsgi [None req-435c6469-6078-46d4-b710-5302425f503b tempest-VolumeQuotasAdminTestJSON-1351993291 tempest-VolumeQuotasAdminTestJSON-1351993291-project-admin] http://10.222.0.23/volume/v3/238a310adf454901970f67a73b78c4dc/os-quota-sets/1c781d06772d4a11b11d7bacab2cdcb8 returned with HTTP 200
May 19 12:18:36.206815 dv-cinder-804757-28-iscsi devstack@c-api.service[110993]: [pid: 110993|app: 0|req: 77/149] 10.222.0.23 () {58 vars in 1330 bytes} [Thu May 19 12:18:35 2022] GET /volume/v3/238a310adf454901970f67a73b78c4dc/os-quota-sets/1c781d06772d4a11b11d7bacab2cdcb8 => generated 572 bytes in 239 msecs (HTTP/1.1 200) 7 headers in 285 bytes (1 switches on core 0)
May 19 12:18:36.216109 dv-cinder-804757-28-iscsi devstack@c-api.service[110993]: DEBUG cinder.api.middleware.request_id [None req-ddd5159f-839d-4d32-b8e3-6702e4b70cdf None None] RequestId filter calling following filter/app {{(pid=110993) _context_setter /opt/stack/cinder/cinder/api/middleware/request_id.py:62}}
May 19 12:18:36.224331 dv-cinder-804757-28-iscsi devstack@c-api.service[110993]: INFO cinder.api.openstack.wsgi [None req-ddd5159f-839d-4d32-b8e3-6702e4b70cdf tempest-VolumeQuotasAdminTestJSON-1351993291 tempest-VolumeQuotasAdminTestJSON-1351993291-project-admin] GET http://10.222.0.23/volume/v3/238a310adf454901970f67a73b78c4dc/os-quota-sets/1c781d06772d4a11b11d7bacab2cdcb8/defaults
May 19 12:18:36.232651 dv-cinder-804757-28-iscsi devstack@c-api.service[110993]: DEBUG cinder.api.openstack.wsgi [None req-ddd5159f-839d-4d32-b8e3-6702e4b70cdf tempest-VolumeQuotasAdminTestJSON-1351993291 tempest-VolumeQuotasAdminTestJSON-1351993291-project-admin] Empty body provided in request {{(pid=110993) get_body /opt/stack/cinder/cinder/api/openstack/wsgi.py:715}}
May 19 12:18:36.232651 dv-cinder-804757-28-iscsi devstack@c-api.service[110993]: DEBUG cinder.api.openstack.wsgi [None req-ddd5159f-839d-4d32-b8e3-6702e4b70cdf tempest-VolumeQuotasAdminTestJSON-1351993291 tempest-VolumeQuotasAdminTestJSON-1351993291-project-admin] Calling method 'defaults' {{(pid=110993) _process_stack /opt/stack/cinder/cinder/api/openstack/wsgi.py:868}}
May 19 12:18:36.251673 dv-cinder-804757-28-iscsi devstack@c-api.service[110993]: INFO cinder.api.openstack.wsgi [None req-ddd5159f-839d-4d32-b8e3-6702e4b70cdf tempest-VolumeQuotasAdminTestJSON-1351993291 tempest-VolumeQuotasAdminTestJSON-1351993291-project-admin] http://10.222.0.23/volume/v3/238a310adf454901970f67a73b78c4dc/os-quota-sets/1c781d06772d4a11b11d7bacab2cdcb8/defaults returned with HTTP 200
May 19 12:18:36.253204 dv-cinder-804757-28-iscsi devstack@c-api.service[110993]: [pid: 110993|app: 0|req: 78/150] 10.222.0.23 () {58 vars in 1357 bytes} [Thu May 19 12:18:36 2022] GET /volume/v3/238a310adf454901970f67a73b78c4dc/os-quota-sets/1c781d06772d4a11b11d7bacab2cdcb8/defaults => generated 572 bytes in 39 msecs (HTTP/1.1 200) 7 headers in 285 bytes (1 switches on core 0)
