May 19 12:19:25.739055 dv-cinder-804757-28-iscsi devstack@c-api.service[110993]: INFO cinder.volume.api [None req-2aa51730-963e-4731-8f91-ea86373d2ae9 tempest-SnapshotsActionsTest-115655362 tempest-SnapshotsActionsTest-115655362-project] Snapshot retrieved successfully.
May 19 12:19:25.741003 dv-cinder-804757-28-iscsi devstack@c-api.service[110993]: INFO cinder.api.openstack.wsgi [None req-2aa51730-963e-4731-8f91-ea86373d2ae9 tempest-SnapshotsActionsTest-115655362 tempest-SnapshotsActionsTest-115655362-project] http://10.222.0.23/volume/v3/d12b0dc76a4f47758123998bee63907d/snapshots/d06f8cd7-a5a9-475e-b38b-7394516bccac returned with HTTP 200
May 19 12:19:25.742292 dv-cinder-804757-28-iscsi devstack@c-api.service[110993]: [pid: 110993|app: 0|req: 232/446] 10.222.0.23 () {58 vars in 1330 bytes} [Thu May 19 12:19:25 2022] GET /volume/v3/d12b0dc76a4f47758123998bee63907d/snapshots/d06f8cd7-a5a9-475e-b38b-7394516bccac => generated 438 bytes in 20 msecs (HTTP/1.1 200) 7 headers in 285 bytes (1 switches on core 0)
May 19 12:19:25.795583 dv-cinder-804757-28-iscsi devstack@c-api.service[110992]: DEBUG cinder.api.middleware.request_id [None req-4c531365-faf8-40f7-8efa-5f5caaf9d4ea None None] RequestId filter calling following filter/app {{(pid=110992) _context_setter /opt/stack/cinder/cinder/api/middleware/request_id.py:62}}
May 19 12:19:25.799300 dv-cinder-804757-28-iscsi devstack@c-api.service[110992]: INFO cinder.api.openstack.wsgi [None req-4c531365-faf8-40f7-8efa-5f5caaf9d4ea tempest-AbsoluteLimitsTests-217738322 tempest-AbsoluteLimitsTests-217738322-project] GET http://10.222.0.23/volume/v3/9bf39a0b49fc46ab8691bb59fa4901ae/volumes/70f05e7a-fe77-484a-b1ef-c22571470b2b
May 19 12:19:25.799741 dv-cinder-804757-28-iscsi devstack@c-api.service[110992]: DEBUG cinder.api.openstack.wsgi [None req-4c531365-faf8-40f7-8efa-5f5caaf9d4ea tempest-AbsoluteLimitsTests-217738322 tempest-AbsoluteLimitsTests-217738322-project] Empty body provided in request {{(pid=110992) get_body /opt/stack/cinder/cinder/api/openstack/wsgi.py:715}}
May 19 12:19:25.800222 dv-cinder-804757-28-iscsi devstack@c-api.service[110992]: DEBUG cinder.api.openstack.wsgi [None req-4c531365-faf8-40f7-8efa-5f5caaf9d4ea tempest-AbsoluteLimitsTests-217738322 tempest-AbsoluteLimitsTests-217738322-project] Calling method 'show' {{(pid=110992) _process_stack /opt/stack/cinder/cinder/api/openstack/wsgi.py:868}}
May 19 12:19:25.815254 dv-cinder-804757-28-iscsi devstack@c-api.service[110992]: /usr/local/lib/python3.8/dist-packages/oslo_context/context.py:100: DeprecationWarning: Policy enforcement is depending on the value of is_admin. This key is deprecated. Please update your policy file to use the standard policy values.
May 19 12:19:25.815254 dv-cinder-804757-28-iscsi devstack@c-api.service[110992]: warnings.warn('Policy enforcement is depending on the value of '
May 19 12:19:25.822752 dv-cinder-804757-28-iscsi devstack@c-api.service[110992]: INFO cinder.volume.api [None req-4c531365-faf8-40f7-8efa-5f5caaf9d4ea tempest-AbsoluteLimitsTests-217738322 tempest-AbsoluteLimitsTests-217738322-project] Volume info retrieved successfully.
May 19 12:19:25.831499 dv-cinder-804757-28-iscsi devstack@c-api.service[110992]: INFO cinder.api.openstack.wsgi [None req-4c531365-faf8-40f7-8efa-5f5caaf9d4ea tempest-AbsoluteLimitsTests-217738322 tempest-AbsoluteLimitsTests-217738322-project] http://10.222.0.23/volume/v3/9bf39a0b49fc46ab8691bb59fa4901ae/volumes/70f05e7a-fe77-484a-b1ef-c22571470b2b returned with HTTP 200
May 19 12:19:25.832264 dv-cinder-804757-28-iscsi devstack@c-api.service[110992]: [pid: 110992|app: 0|req: 215/447] 10.222.0.23 () {58 vars in 1324 bytes} [Thu May 19 12:19:25 2022] GET /volume/v3/9bf39a0b49fc46ab8691bb59fa4901ae/volumes/70f05e7a-fe77-484a-b1ef-c22571470b2b => generated 911 bytes in 38 msecs (HTTP/1.1 200) 7 headers in 285 bytes (1 switches on core 0)
May 19 12:19:26.182461 dv-cinder-804757-28-iscsi devstack@c-api.service[110993]: DEBUG cinder.api.middleware.request_id [None req-db609818-fcfc-4816-846f-1512a8d95c23 None None] RequestId filter calling following filter/app {{(pid=110993) _context_setter /opt/stack/cinder/cinder/api/middleware/request_id.py:62}}
May 19 12:19:26.184908 dv-cinder-804757-28-iscsi devstack@c-api.service[110992]: DEBUG cinder.api.middleware.request_id [None req-0c5b9a41-9db0-4890-a67c-18033fbdbd06 None None] RequestId filter calling following filter/app {{(pid=110992) _context_setter /opt/stack/cinder/cinder/api/middleware/request_id.py:62}}
May 19 12:19:26.186399 dv-cinder-804757-28-iscsi devstack@c-api.service[110993]: INFO cinder.api.openstack.wsgi [None req-db609818-fcfc-4816-846f-1512a8d95c23 tempest-VolumeTypesTest-696040958 tempest-VolumeTypesTest-696040958-project] GET http://10.222.0.23/volume/v3/e2fe4c6f9d58457eaac9eab9643b897a/volumes/1bb37da7-356a-42e6-9f31-f7c18e0e6a0b
May 19 12:19:26.186844 dv-cinder-804757-28-iscsi devstack@c-api.service[110993]: DEBUG cinder.api.openstack.wsgi [None req-db609818-fcfc-4816-846f-1512a8d95c23 tempest-VolumeTypesTest-696040958 tempest-VolumeTypesTest-696040958-project] Empty body provided in request {{(pid=110993) get_body /opt/stack/cinder/cinder/api/openstack/wsgi.py:715}}
May 19 12:19:26.187298 dv-cinder-804757-28-iscsi devstack@c-api.service[110993]: DEBUG cinder.api.openstack.wsgi [None req-db609818-fcfc-4816-846f-1512a8d95c23 tempest-VolumeTypesTest-696040958 tempest-VolumeTypesTest-696040958-project] Calling method 'show' {{(pid=110993) _process_stack /opt/stack/cinder/cinder/api/openstack/wsgi.py:868}}
May 19 12:19:26.189249 dv-cinder-804757-28-iscsi devstack@c-api.service[110992]: INFO cinder.api.openstack.wsgi [None req-0c5b9a41-9db0-4890-a67c-18033fbdbd06 tempest-VolumeQuotasNegativeTestJSON-1333274705 tempest-VolumeQuotasNegativeTestJSON-1333274705-project] GET http://10.222.0.23/volume/v3/552bcbb8eaa74974a2fc2535c7b2d75a/volumes/cec020cc-7fe9-4a8c-913f-ae592b32c56e
May 19 12:19:26.190112 dv-cinder-804757-28-iscsi devstack@c-api.service[110992]: DEBUG cinder.api.openstack.wsgi [None req-0c5b9a41-9db0-4890-a67c-18033fbdbd06 tempest-VolumeQuotasNegativeTestJSON-1333274705 tempest-VolumeQuotasNegativeTestJSON-1333274705-project] Empty body provided in request {{(pid=110992) get_body /opt/stack/cinder/cinder/api/openstack/wsgi.py:715}}
May 19 12:19:26.190277 dv-cinder-804757-28-iscsi devstack@c-api.service[110992]: DEBUG cinder.api.openstack.wsgi [None req-0c5b9a41-9db0-4890-a67c-18033fbdbd06 tempest-VolumeQuotasNegativeTestJSON-1333274705 tempest-VolumeQuotasNegativeTestJSON-1333274705-project] Calling method 'show' {{(pid=110992) _process_stack /opt/stack/cinder/cinder/api/openstack/wsgi.py:868}}
May 19 12:19:26.224081 dv-cinder-804757-28-iscsi devstack@c-api.service[110993]: /usr/local/lib/python3.8/dist-packages/oslo_context/context.py:100: DeprecationWarning: Policy enforcement is depending on the value of is_admin. This key is deprecated. Please update your policy file to use the standard policy values.
May 19 12:19:26.224081 dv-cinder-804757-28-iscsi devstack@c-api.service[110993]: warnings.warn('Policy enforcement is depending on the value of '
May 19 12:19:26.224353 dv-cinder-804757-28-iscsi devstack@c-api.service[110992]: /usr/local/lib/python3.8/dist-packages/oslo_context/context.py:100: DeprecationWarning: Policy enforcement is depending on the value of is_admin. This key is deprecated. Please update your policy file to use the standard policy values.
May 19 12:19:26.224353 dv-cinder-804757-28-iscsi devstack@c-api.service[110992]: warnings.warn('Policy enforcement is depending on the value of '
May 19 12:19:26.224353 dv-cinder-804757-28-iscsi devstack@c-api.service[110992]: INFO cinder.volume.api [None req-0c5b9a41-9db0-4890-a67c-18033fbdbd06 tempest-VolumeQuotasNegativeTestJSON-1333274705 tempest-VolumeQuotasNegativeTestJSON-1333274705-project] Volume info retrieved successfully.
May 19 12:19:26.224572 dv-cinder-804757-28-iscsi devstack@c-api.service[110993]: INFO cinder.volume.api [None req-db609818-fcfc-4816-846f-1512a8d95c23 tempest-VolumeTypesTest-696040958 tempest-VolumeTypesTest-696040958-project] Volume info retrieved successfully.
May 19 12:19:26.225864 dv-cinder-804757-28-iscsi devstack@c-api.service[110992]: INFO cinder.api.openstack.wsgi [None req-0c5b9a41-9db0-4890-a67c-18033fbdbd06 tempest-VolumeQuotasNegativeTestJSON-1333274705 tempest-VolumeQuotasNegativeTestJSON-1333274705-project] http://10.222.0.23/volume/v3/552bcbb8eaa74974a2fc2535c7b2d75a/volumes/cec020cc-7fe9-4a8c-913f-ae592b32c56e returned with HTTP 200
May 19 12:19:26.226665 dv-cinder-804757-28-iscsi devstack@c-api.service[110992]: [pid: 110992|app: 0|req: 216/448] 10.222.0.23 () {58 vars in 1324 bytes} [Thu May 19 12:19:26 2022] GET /volume/v3/552bcbb8eaa74974a2fc2535c7b2d75a/volumes/cec020cc-7fe9-4a8c-913f-ae592b32c56e => generated 919 bytes in 43 msecs (HTTP/1.1 200) 7 headers in 285 bytes (2 switches on core 0)
May 19 12:19:26.230520 dv-cinder-804757-28-iscsi devstack@c-api.service[110993]: INFO cinder.api.openstack.wsgi [None req-db609818-fcfc-4816-846f-1512a8d95c23 tempest-VolumeTypesTest-696040958 tempest-VolumeTypesTest-696040958-project] http://10.222.0.23/volume/v3/e2fe4c6f9d58457eaac9eab9643b897a/volumes/1bb37da7-356a-42e6-9f31-f7c18e0e6a0b returned with HTTP 200
May 19 12:19:26.230947 dv-cinder-804757-28-iscsi devstack@c-api.service[110993]: [pid: 110993|app: 0|req: 233/449] 10.222.0.23 () {58 vars in 1324 bytes} [Thu May 19 12:19:26 2022] GET /volume/v3/e2fe4c6f9d58457eaac9eab9643b897a/volumes/1bb37da7-356a-42e6-9f31-f7c18e0e6a0b => generated 941 bytes in 50 msecs (HTTP/1.1 200) 7 headers in 285 bytes (1 switches on core 0)
May 19 12:19:26.359365 dv-cinder-804757-28-iscsi devstack@c-api.service[110992]: DEBUG cinder.api.middleware.request_id [None req-004edbd2-9c3f-4cb4-befa-ce7f7cd2ec8f None None] RequestId filter calling following filter/app {{(pid=110992) _context_setter /opt/stack/cinder/cinder/api/middleware/request_id.py:62}}
May 19 12:19:26.364668 dv-cinder-804757-28-iscsi devstack@c-api.service[110992]: INFO cinder.api.openstack.wsgi [None req-004edbd2-9c3f-4cb4-befa-ce7f7cd2ec8f tempest-DeleteServersTestJSON-1381376680 tempest-DeleteServersTestJSON-1381376680-project] GET http://10.222.0.23/volume/v3/de8f3490bba84ff38b5940fe768ede25/volumes/77d941e2-f2b5-4723-b8fd-7a117d9d477b
May 19 12:19:26.365131 dv-cinder-804757-28-iscsi devstack@c-api.service[110992]: DEBUG cinder.api.openstack.wsgi [None req-004edbd2-9c3f-4cb4-befa-ce7f7cd2ec8f tempest-DeleteServersTestJSON-1381376680 tempest-DeleteServersTestJSON-1381376680-project] Empty body provided in request {{(pid=110992) get_body /opt/stack/cinder/cinder/api/openstack/wsgi.py:715}}
May 19 12:19:26.365906 dv-cinder-804757-28-iscsi devstack@c-api.service[110992]: DEBUG cinder.api.openstack.wsgi [None req-004edbd2-9c3f-4cb4-befa-ce7f7cd2ec8f tempest-DeleteServersTestJSON-1381376680 tempest-DeleteServersTestJSON-1381376680-project] Calling method 'show' {{(pid=110992) _process_stack /opt/stack/cinder/cinder/api/openstack/wsgi.py:868}}
May 19 12:19:26.386756 dv-cinder-804757-28-iscsi devstack@c-api.service[110992]: /usr/local/lib/python3.8/dist-packages/oslo_context/context.py:100: DeprecationWarning: Policy enforcement is depending on the value of is_admin. This key is deprecated. Please update your policy file to use the standard policy values.
May 19 12:19:26.386756 dv-cinder-804757-28-iscsi devstack@c-api.service[110992]: warnings.warn('Policy enforcement is depending on the value of '
May 19 12:19:26.393906 dv-cinder-804757-28-iscsi devstack@c-api.service[110992]: INFO cinder.volume.api [None req-004edbd2-9c3f-4cb4-befa-ce7f7cd2ec8f tempest-DeleteServersTestJSON-1381376680 tempest-DeleteServersTestJSON-1381376680-project] Volume info retrieved successfully.
May 19 12:19:26.404237 dv-cinder-804757-28-iscsi devstack@c-api.service[110992]: INFO cinder.api.openstack.wsgi [None req-004edbd2-9c3f-4cb4-befa-ce7f7cd2ec8f tempest-DeleteServersTestJSON-1381376680 tempest-DeleteServersTestJSON-1381376680-project] http://10.222.0.23/volume/v3/de8f3490bba84ff38b5940fe768ede25/volumes/77d941e2-f2b5-4723-b8fd-7a117d9d477b returned with HTTP 200
May 19 12:19:26.405096 dv-cinder-804757-28-iscsi devstack@c-api.service[110992]: [pid: 110992|app: 0|req: 217/450] 10.222.0.23 () {58 vars in 1324 bytes} [Thu May 19 12:19:26 2022] GET /volume/v3/de8f3490bba84ff38b5940fe768ede25/volumes/77d941e2-f2b5-4723-b8fd-7a117d9d477b => generated 912 bytes in 47 msecs (HTTP/1.1 200) 7 headers in 285 bytes (1 switches on core 0)
May 19 12:19:26.750805 dv-cinder-804757-28-iscsi devstack@c-api.service[110993]: DEBUG cinder.api.middleware.request_id [None req-d029ac91-0cfe-4ab0-babd-67f7885fda9f None None] RequestId filter calling following filter/app {{(pid=110993) _context_setter /opt/stack/cinder/cinder/api/middleware/request_id.py:62}}
May 19 12:19:26.754847 dv-cinder-804757-28-iscsi devstack@c-api.service[110993]: INFO cinder.api.openstack.wsgi [None req-d029ac91-0cfe-4ab0-babd-67f7885fda9f tempest-SnapshotsActionsTest-115655362 tempest-SnapshotsActionsTest-115655362-project] GET http://10.222.0.23/volume/v3/d12b0dc76a4f47758123998bee63907d/snapshots/d06f8cd7-a5a9-475e-b38b-7394516bccac
May 19 12:19:26.755359 dv-cinder-804757-28-iscsi devstack@c-api.service[110993]: DEBUG cinder.api.openstack.wsgi [None req-d029ac91-0cfe-4ab0-babd-67f7885fda9f tempest-SnapshotsActionsTest-115655362 tempest-SnapshotsActionsTest-115655362-project] Empty body provided in request {{(pid=110993) get_body /opt/stack/cinder/cinder/api/openstack/wsgi.py:715}}
May 19 12:19:26.755999 dv-cinder-804757-28-iscsi devstack@c-api.service[110993]: DEBUG cinder.api.openstack.wsgi [None req-d029ac91-0cfe-4ab0-babd-67f7885fda9f tempest-SnapshotsActionsTest-115655362 tempest-SnapshotsActionsTest-115655362-project] Calling method 'show' {{(pid=110993) _process_stack /opt/stack/cinder/cinder/api/openstack/wsgi.py:868}}
May 19 12:19:26.766005 dv-cinder-804757-28-iscsi devstack@c-api.service[110993]: /usr/local/lib/python3.8/dist-packages/oslo_context/context.py:100: DeprecationWarning: Policy enforcement is depending on the value of is_admin. This key is deprecated. Please update your policy file to use the standard policy values.
May 19 12:19:26.766005 dv-cinder-804757-28-iscsi devstack@c-api.service[110993]: warnings.warn('Policy enforcement is depending on the value of '
May 19 12:19:26.767053 dv-cinder-804757-28-iscsi devstack@c-api.service[110993]: INFO cinder.volume.api [None req-d029ac91-0cfe-4ab0-babd-67f7885fda9f tempest-SnapshotsActionsTest-115655362 tempest-SnapshotsActionsTest-115655362-project] Snapshot retrieved successfully.
May 19 12:19:26.768873 dv-cinder-804757-28-iscsi devstack@c-api.service[110993]: INFO cinder.api.openstack.wsgi [None req-d029ac91-0cfe-4ab0-babd-67f7885fda9f tempest-SnapshotsActionsTest-115655362 tempest-SnapshotsActionsTest-115655362-project] http://10.222.0.23/volume/v3/d12b0dc76a4f47758123998bee63907d/snapshots/d06f8cd7-a5a9-475e-b38b-7394516bccac returned with HTTP 200
May 19 12:19:26.769795 dv-cinder-804757-28-iscsi devstack@c-api.service[110993]: [pid: 110993|app: 0|req: 234/451] 10.222.0.23 () {58 vars in 1330 bytes} [Thu May 19 12:19:26 2022] GET /volume/v3/d12b0dc76a4f47758123998bee63907d/snapshots/d06f8cd7-a5a9-475e-b38b-7394516bccac => generated 465 bytes in 20 msecs (HTTP/1.1 200) 7 headers in 285 bytes (1 switches on core 0)
May 19 12:19:26.776775 dv-cinder-804757-28-iscsi devstack@c-api.service[110992]: DEBUG cinder.api.middleware.request_id [None req-26fc8bf0-cbce-457b-a262-b6fb29a25dd0 None None] RequestId filter calling following filter/app {{(pid=110992) _context_setter /opt/stack/cinder/cinder/api/middleware/request_id.py:62}}
May 19 12:19:26.780670 dv-cinder-804757-28-iscsi devstack@c-api.service[110992]: INFO cinder.api.openstack.wsgi [None req-26fc8bf0-cbce-457b-a262-b6fb29a25dd0 tempest-SnapshotsActionsTest-714551295 tempest-SnapshotsActionsTest-714551295-project-admin] POST http://10.222.0.23/volume/v3/3cdd6be030344eb3a724ae23d1a72b70/snapshots/d06f8cd7-a5a9-475e-b38b-7394516bccac/action
May 19 12:19:26.781403 dv-cinder-804757-28-iscsi devstack@c-api.service[110992]: DEBUG cinder.api.openstack.wsgi [None req-26fc8bf0-cbce-457b-a262-b6fb29a25dd0 tempest-SnapshotsActionsTest-714551295 tempest-SnapshotsActionsTest-714551295-project-admin] Action body: b'{"os-reset_status": {"status": "error"}}' {{(pid=110992) get_method /opt/stack/cinder/cinder/api/openstack/wsgi.py:983}}
May 19 12:19:26.781724 dv-cinder-804757-28-iscsi devstack@c-api.service[110992]: DEBUG cinder.api.openstack.wsgi [None req-26fc8bf0-cbce-457b-a262-b6fb29a25dd0 tempest-SnapshotsActionsTest-714551295 tempest-SnapshotsActionsTest-714551295-project-admin] Action: 'action', calling method: _reset_status, body: {"os-reset_status": {"status": "error"}} {{(pid=110992) _process_stack /opt/stack/cinder/cinder/api/openstack/wsgi.py:866}}
May 19 12:19:26.782530 dv-cinder-804757-28-iscsi devstack@c-api.service[110992]: DEBUG cinder.api.contrib.admin_actions [None req-26fc8bf0-cbce-457b-a262-b6fb29a25dd0 tempest-SnapshotsActionsTest-714551295 tempest-SnapshotsActionsTest-714551295-project-admin] Updating snapshot 'd06f8cd7-a5a9-475e-b38b-7394516bccac' with '{'status': 'error'}' {{(pid=110992) _reset_status /opt/stack/cinder/cinder/api/contrib/admin_actions.py:100}}
May 19 12:19:26.799323 dv-cinder-804757-28-iscsi devstack@c-api.service[110992]: /usr/local/lib/python3.8/dist-packages/oslo_context/context.py:100: DeprecationWarning: Policy enforcement is depending on the value of is_admin. This key is deprecated. Please update your policy file to use the standard policy values.
May 19 12:19:26.799323 dv-cinder-804757-28-iscsi devstack@c-api.service[110992]: warnings.warn('Policy enforcement is depending on the value of '
May 19 12:19:26.844718 dv-cinder-804757-28-iscsi devstack@c-api.service[110993]: DEBUG cinder.api.middleware.request_id [None req-af4d2e0a-fcaa-4c84-bdfb-2801c1f20408 None None] RequestId filter calling following filter/app {{(pid=110993) _context_setter /opt/stack/cinder/cinder/api/middleware/request_id.py:62}}
May 19 12:19:26.848330 dv-cinder-804757-28-iscsi devstack@c-api.service[110993]: INFO cinder.api.openstack.wsgi [None req-af4d2e0a-fcaa-4c84-bdfb-2801c1f20408 tempest-AbsoluteLimitsTests-217738322 tempest-AbsoluteLimitsTests-217738322-project] GET http://10.222.0.23/volume/v3/9bf39a0b49fc46ab8691bb59fa4901ae/volumes/70f05e7a-fe77-484a-b1ef-c22571470b2b
May 19 12:19:26.848794 dv-cinder-804757-28-iscsi devstack@c-api.service[110993]: DEBUG cinder.api.openstack.wsgi [None req-af4d2e0a-fcaa-4c84-bdfb-2801c1f20408 tempest-AbsoluteLimitsTests-217738322 tempest-AbsoluteLimitsTests-217738322-project] Empty body provided in request {{(pid=110993) get_body /opt/stack/cinder/cinder/api/openstack/wsgi.py:715}}
May 19 12:19:26.849241 dv-cinder-804757-28-iscsi devstack@c-api.service[110993]: DEBUG cinder.api.openstack.wsgi [None req-af4d2e0a-fcaa-4c84-bdfb-2801c1f20408 tempest-AbsoluteLimitsTests-217738322 tempest-AbsoluteLimitsTests-217738322-project] Calling method 'show' {{(pid=110993) _process_stack /opt/stack/cinder/cinder/api/openstack/wsgi.py:868}}
May 19 12:19:26.865125 dv-cinder-804757-28-iscsi devstack@c-api.service[110993]: /usr/local/lib/python3.8/dist-packages/oslo_context/context.py:100: DeprecationWarning: Policy enforcement is depending on the value of is_admin. This key is deprecated. Please update your policy file to use the standard policy values.
May 19 12:19:26.865125 dv-cinder-804757-28-iscsi devstack@c-api.service[110993]: warnings.warn('Policy enforcement is depending on the value of '
May 19 12:19:26.881986 dv-cinder-804757-28-iscsi devstack@c-api.service[110993]: INFO cinder.volume.api [None req-af4d2e0a-fcaa-4c84-bdfb-2801c1f20408 tempest-AbsoluteLimitsTests-217738322 tempest-AbsoluteLimitsTests-217738322-project] Volume info retrieved successfully.
May 19 12:19:26.886612 dv-cinder-804757-28-iscsi devstack@c-api.service[110993]: INFO cinder.api.openstack.wsgi [None req-af4d2e0a-fcaa-4c84-bdfb-2801c1f20408 tempest-AbsoluteLimitsTests-217738322 tempest-AbsoluteLimitsTests-217738322-project] http://10.222.0.23/volume/v3/9bf39a0b49fc46ab8691bb59fa4901ae/volumes/70f05e7a-fe77-484a-b1ef-c22571470b2b returned with HTTP 200
May 19 12:19:26.887736 dv-cinder-804757-28-iscsi devstack@c-api.service[110993]: [pid: 110993|app: 0|req: 235/452] 10.222.0.23 () {58 vars in 1324 bytes} [Thu May 19 12:19:26 2022] GET /volume/v3/9bf39a0b49fc46ab8691bb59fa4901ae/volumes/70f05e7a-fe77-484a-b1ef-c22571470b2b => generated 911 bytes in 44 msecs (HTTP/1.1 200) 7 headers in 285 bytes (2 switches on core 0)
May 19 12:19:26.888995 dv-cinder-804757-28-iscsi devstack@c-api.service[110993]: DEBUG cinder.api.middleware.request_id [None req-1719421f-8fc8-4aac-b80f-0b09b4341f7d None None] RequestId filter calling following filter/app {{(pid=110993) _context_setter /opt/stack/cinder/cinder/api/middleware/request_id.py:62}}
May 19 12:19:26.889800 dv-cinder-804757-28-iscsi devstack@c-api.service[110993]: INFO cinder.api.openstack.wsgi [None req-1719421f-8fc8-4aac-b80f-0b09b4341f7d None None] GET http://10.222.0.23/volume//
May 19 12:19:26.890196 dv-cinder-804757-28-iscsi devstack@c-api.service[110993]: DEBUG cinder.api.openstack.wsgi [None req-1719421f-8fc8-4aac-b80f-0b09b4341f7d None None] Empty body provided in request {{(pid=110993) get_body /opt/stack/cinder/cinder/api/openstack/wsgi.py:715}}
May 19 12:19:26.890655 dv-cinder-804757-28-iscsi devstack@c-api.service[110993]: DEBUG cinder.api.openstack.wsgi [None req-1719421f-8fc8-4aac-b80f-0b09b4341f7d None None] Calling method 'all' {{(pid=110993) _process_stack /opt/stack/cinder/cinder/api/openstack/wsgi.py:868}}
May 19 12:19:26.891403 dv-cinder-804757-28-iscsi devstack@c-api.service[110993]: INFO cinder.api.openstack.wsgi [None req-1719421f-8fc8-4aac-b80f-0b09b4341f7d None None] http://10.222.0.23/volume// returned with HTTP 300
May 19 12:19:26.892277 dv-cinder-804757-28-iscsi devstack@c-api.service[110993]: [pid: 110993|app: 0|req: 236/453] 10.222.0.81 () {56 vars in 1098 bytes} [Thu May 19 12:19:26 2022] GET /volume/ => generated 386 bytes in 4 msecs (HTTP/1.1 300) 7 headers in 299 bytes (1 switches on core 0)
May 19 12:19:26.901893 dv-cinder-804757-28-iscsi devstack@c-api.service[110992]: INFO cinder.api.openstack.wsgi [None req-26fc8bf0-cbce-457b-a262-b6fb29a25dd0 tempest-SnapshotsActionsTest-714551295 tempest-SnapshotsActionsTest-714551295-project-admin] http://10.222.0.23/volume/v3/3cdd6be030344eb3a724ae23d1a72b70/snapshots/d06f8cd7-a5a9-475e-b38b-7394516bccac/action returned with HTTP 202
May 19 12:19:26.903747 dv-cinder-804757-28-iscsi devstack@c-api.service[110992]: [pid: 110992|app: 0|req: 218/454] 10.222.0.23 () {60 vars in 1372 bytes} [Thu May 19 12:19:26 2022] POST /volume/v3/3cdd6be030344eb3a724ae23d1a72b70/snapshots/d06f8cd7-a5a9-475e-b38b-7394516bccac/action => generated 0 bytes in 128 msecs (HTTP/1.1 202) 7 headers in 289 bytes (1 switches on core 0)
May 19 12:19:26.908751 dv-cinder-804757-28-iscsi devstack@c-api.service[110993]: DEBUG cinder.api.middleware.request_id [None req-8f9271f9-35c0-41a1-9561-03a9f9099f48 None None] RequestId filter calling following filter/app {{(pid=110993) _context_setter /opt/stack/cinder/cinder/api/middleware/request_id.py:62}}
May 19 12:19:26.912852 dv-cinder-804757-28-iscsi devstack@c-api.service[110993]: INFO cinder.api.openstack.wsgi [None req-8f9271f9-35c0-41a1-9561-03a9f9099f48 tempest-SnapshotsActionsTest-115655362 tempest-SnapshotsActionsTest-115655362-project] GET http://10.222.0.23/volume/v3/d12b0dc76a4f47758123998bee63907d/snapshots/d06f8cd7-a5a9-475e-b38b-7394516bccac
May 19 12:19:26.913284 dv-cinder-804757-28-iscsi devstack@c-api.service[110993]: DEBUG cinder.api.openstack.wsgi [None req-8f9271f9-35c0-41a1-9561-03a9f9099f48 tempest-SnapshotsActionsTest-115655362 tempest-SnapshotsActionsTest-115655362-project] Empty body provided in request {{(pid=110993) get_body /opt/stack/cinder/cinder/api/openstack/wsgi.py:715}}
May 19 12:19:26.916673 dv-cinder-804757-28-iscsi devstack@c-api.service[110993]: DEBUG cinder.api.openstack.wsgi [None req-8f9271f9-35c0-41a1-9561-03a9f9099f48 tempest-SnapshotsActionsTest-115655362 tempest-SnapshotsActionsTest-115655362-project] Calling method 'show' {{(pid=110993) _process_stack /opt/stack/cinder/cinder/api/openstack/wsgi.py:868}}
May 19 12:19:26.923632 dv-cinder-804757-28-iscsi devstack@c-api.service[110993]: /usr/local/lib/python3.8/dist-packages/oslo_context/context.py:100: DeprecationWarning: Policy enforcement is depending on the value of is_admin. This key is deprecated. Please update your policy file to use the standard policy values.
May 19 12:19:26.923632 dv-cinder-804757-28-iscsi devstack@c-api.service[110993]: warnings.warn('Policy enforcement is depending on the value of '
May 19 12:19:26.924677 dv-cinder-804757-28-iscsi devstack@c-api.service[110993]: INFO cinder.volume.api [None req-8f9271f9-35c0-41a1-9561-03a9f9099f48 tempest-SnapshotsActionsTest-115655362 tempest-SnapshotsActionsTest-115655362-project] Snapshot retrieved successfully.
May 19 12:19:26.926502 dv-cinder-804757-28-iscsi devstack@c-api.service[110993]: INFO cinder.api.openstack.wsgi [None req-8f9271f9-35c0-41a1-9561-03a9f9099f48 tempest-SnapshotsActionsTest-115655362 tempest-SnapshotsActionsTest-115655362-project] http://10.222.0.23/volume/v3/d12b0dc76a4f47758123998bee63907d/snapshots/d06f8cd7-a5a9-475e-b38b-7394516bccac returned with HTTP 200
May 19 12:19:26.927408 dv-cinder-804757-28-iscsi devstack@c-api.service[110993]: [pid: 110993|app: 0|req: 237/455] 10.222.0.23 () {58 vars in 1330 bytes} [Thu May 19 12:19:26 2022] GET /volume/v3/d12b0dc76a4f47758123998bee63907d/snapshots/d06f8cd7-a5a9-475e-b38b-7394516bccac => generated 461 bytes in 20 msecs (HTTP/1.1 200) 7 headers in 285 bytes (1 switches on core 0)
May 19 12:19:26.935641 dv-cinder-804757-28-iscsi devstack@c-api.service[110992]: DEBUG cinder.api.middleware.request_id [None req-cdb5b834-36f4-4f9f-8ba0-51cc76af02c4 None None] RequestId filter calling following filter/app {{(pid=110992) _context_setter /opt/stack/cinder/cinder/api/middleware/request_id.py:62}}
May 19 12:19:26.938513 dv-cinder-804757-28-iscsi devstack@c-api.service[110993]: DEBUG cinder.api.middleware.request_id [req-169d48b7-6a96-4629-b840-f93f77691626 req-f82994c8-6de6-4ba2-9690-9a84c1adbf80 None None] RequestId filter calling following filter/app {{(pid=110993) _context_setter /opt/stack/cinder/cinder/api/middleware/request_id.py:62}}
May 19 12:19:26.939918 dv-cinder-804757-28-iscsi devstack@c-api.service[110992]: INFO cinder.api.openstack.wsgi [None req-cdb5b834-36f4-4f9f-8ba0-51cc76af02c4 tempest-SnapshotsActionsTest-714551295 tempest-SnapshotsActionsTest-714551295-project-admin] POST http://10.222.0.23/volume/v3/3cdd6be030344eb3a724ae23d1a72b70/snapshots/d06f8cd7-a5a9-475e-b38b-7394516bccac/action
May 19 12:19:26.940874 dv-cinder-804757-28-iscsi devstack@c-api.service[110992]: DEBUG cinder.api.openstack.wsgi [None req-cdb5b834-36f4-4f9f-8ba0-51cc76af02c4 tempest-SnapshotsActionsTest-714551295 tempest-SnapshotsActionsTest-714551295-project-admin] Action body: b'{"os-force_delete": {}}' {{(pid=110992) get_method /opt/stack/cinder/cinder/api/openstack/wsgi.py:983}}
May 19 12:19:26.941378 dv-cinder-804757-28-iscsi devstack@c-api.service[110992]: DEBUG cinder.api.openstack.wsgi [None req-cdb5b834-36f4-4f9f-8ba0-51cc76af02c4 tempest-SnapshotsActionsTest-714551295 tempest-SnapshotsActionsTest-714551295-project-admin] Action: 'action', calling method: _force_delete, body: {"os-force_delete": {}} {{(pid=110992) _process_stack /opt/stack/cinder/cinder/api/openstack/wsgi.py:866}}
May 19 12:19:26.942030 dv-cinder-804757-28-iscsi devstack@c-api.service[110993]: INFO cinder.api.openstack.wsgi [req-169d48b7-6a96-4629-b840-f93f77691626 req-f82994c8-6de6-4ba2-9690-9a84c1adbf80 tempest-DeleteServersTestJSON-1381376680 tempest-DeleteServersTestJSON-1381376680-project] GET http://10.222.0.23/volume/v3/de8f3490bba84ff38b5940fe768ede25/volumes/77d941e2-f2b5-4723-b8fd-7a117d9d477b
May 19 12:19:26.942519 dv-cinder-804757-28-iscsi devstack@c-api.service[110993]: DEBUG cinder.api.openstack.wsgi [req-169d48b7-6a96-4629-b840-f93f77691626 req-f82994c8-6de6-4ba2-9690-9a84c1adbf80 tempest-DeleteServersTestJSON-1381376680 tempest-DeleteServersTestJSON-1381376680-project] Empty body provided in request {{(pid=110993) get_body /opt/stack/cinder/cinder/api/openstack/wsgi.py:715}}
May 19 12:19:26.942972 dv-cinder-804757-28-iscsi devstack@c-api.service[110993]: DEBUG cinder.api.openstack.wsgi [req-169d48b7-6a96-4629-b840-f93f77691626 req-f82994c8-6de6-4ba2-9690-9a84c1adbf80 tempest-DeleteServersTestJSON-1381376680 tempest-DeleteServersTestJSON-1381376680-project] Calling method 'show' {{(pid=110993) _process_stack /opt/stack/cinder/cinder/api/openstack/wsgi.py:868}}
May 19 12:19:26.952527 dv-cinder-804757-28-iscsi devstack@c-api.service[110992]: /usr/local/lib/python3.8/dist-packages/oslo_context/context.py:100: DeprecationWarning: Policy enforcement is depending on the value of is_admin. This key is deprecated. Please update your policy file to use the standard policy values.
May 19 12:19:26.952527 dv-cinder-804757-28-iscsi devstack@c-api.service[110992]: warnings.warn('Policy enforcement is depending on the value of '
May 19 12:19:26.953435 dv-cinder-804757-28-iscsi devstack@c-api.service[110992]: INFO cinder.volume.api [None req-cdb5b834-36f4-4f9f-8ba0-51cc76af02c4 tempest-SnapshotsActionsTest-714551295 tempest-SnapshotsActionsTest-714551295-project-admin] Snapshot retrieved successfully.
May 19 12:19:26.963028 dv-cinder-804757-28-iscsi devstack@c-api.service[110993]: /usr/local/lib/python3.8/dist-packages/oslo_context/context.py:100: DeprecationWarning: Policy enforcement is depending on the value of is_admin. This key is deprecated. Please update your policy file to use the standard policy values.
May 19 12:19:26.963028 dv-cinder-804757-28-iscsi devstack@c-api.service[110993]: warnings.warn('Policy enforcement is depending on the value of '
May 19 12:19:26.970770 dv-cinder-804757-28-iscsi devstack@c-api.service[110993]: INFO cinder.volume.api [req-169d48b7-6a96-4629-b840-f93f77691626 req-f82994c8-6de6-4ba2-9690-9a84c1adbf80 tempest-DeleteServersTestJSON-1381376680 tempest-DeleteServersTestJSON-1381376680-project] Volume info retrieved successfully.
May 19 12:19:26.971756 dv-cinder-804757-28-iscsi devstack@c-api.service[110992]: DEBUG dbcounter [-] [110992] Writing DB stats cinder:SELECT=92,cinder:UPDATE=6,cinder:INSERT=1,cinder:DELETE=1 {{(pid=110992) stat_writer /usr/local/lib/python3.8/dist-packages/dbcounter.py:114}}
May 19 12:19:26.981779 dv-cinder-804757-28-iscsi devstack@c-api.service[110993]: INFO cinder.api.openstack.wsgi [req-169d48b7-6a96-4629-b840-f93f77691626 req-f82994c8-6de6-4ba2-9690-9a84c1adbf80 tempest-DeleteServersTestJSON-1381376680 tempest-DeleteServersTestJSON-1381376680-project] http://10.222.0.23/volume/v3/de8f3490bba84ff38b5940fe768ede25/volumes/77d941e2-f2b5-4723-b8fd-7a117d9d477b returned with HTTP 200
May 19 12:19:26.982617 dv-cinder-804757-28-iscsi devstack@c-api.service[110993]: [pid: 110993|app: 0|req: 238/456] 10.222.0.81 () {60 vars in 1412 bytes} [Thu May 19 12:19:26 2022] GET /volume/v3/de8f3490bba84ff38b5940fe768ede25/volumes/77d941e2-f2b5-4723-b8fd-7a117d9d477b => generated 1010 bytes in 45 msecs (HTTP/1.1 200) 7 headers in 287 bytes (1 switches on core 0)
May 19 12:19:27.094925 dv-cinder-804757-28-iscsi devstack@c-api.service[110992]: INFO cinder.volume.api [None req-cdb5b834-36f4-4f9f-8ba0-51cc76af02c4 tempest-SnapshotsActionsTest-714551295 tempest-SnapshotsActionsTest-714551295-project-admin] Snapshot delete request issued successfully.
May 19 12:19:27.095377 dv-cinder-804757-28-iscsi devstack@c-api.service[110992]: INFO cinder.api.openstack.wsgi [None req-cdb5b834-36f4-4f9f-8ba0-51cc76af02c4 tempest-SnapshotsActionsTest-714551295 tempest-SnapshotsActionsTest-714551295-project-admin] http://10.222.0.23/volume/v3/3cdd6be030344eb3a724ae23d1a72b70/snapshots/d06f8cd7-a5a9-475e-b38b-7394516bccac/action returned with HTTP 202
May 19 12:19:27.096381 dv-cinder-804757-28-iscsi devstack@c-api.service[110992]: [pid: 110992|app: 0|req: 219/457] 10.222.0.23 () {60 vars in 1372 bytes} [Thu May 19 12:19:26 2022] POST /volume/v3/3cdd6be030344eb3a724ae23d1a72b70/snapshots/d06f8cd7-a5a9-475e-b38b-7394516bccac/action => generated 0 bytes in 162 msecs (HTTP/1.1 202) 7 headers in 289 bytes (2 switches on core 0)
May 19 12:19:27.102180 dv-cinder-804757-28-iscsi devstack@c-api.service[110993]: DEBUG cinder.api.middleware.request_id [None req-28991dbe-707d-4f66-8eae-b6014fdc99f3 None None] RequestId filter calling following filter/app {{(pid=110993) _context_setter /opt/stack/cinder/cinder/api/middleware/request_id.py:62}}
May 19 12:19:27.106921 dv-cinder-804757-28-iscsi devstack@c-api.service[110993]: INFO cinder.api.openstack.wsgi [None req-28991dbe-707d-4f66-8eae-b6014fdc99f3 tempest-SnapshotsActionsTest-115655362 tempest-SnapshotsActionsTest-115655362-project] GET http://10.222.0.23/volume/v3/d12b0dc76a4f47758123998bee63907d/snapshots/d06f8cd7-a5a9-475e-b38b-7394516bccac
May 19 12:19:27.107392 dv-cinder-804757-28-iscsi devstack@c-api.service[110993]: DEBUG cinder.api.openstack.wsgi [None req-28991dbe-707d-4f66-8eae-b6014fdc99f3 tempest-SnapshotsActionsTest-115655362 tempest-SnapshotsActionsTest-115655362-project] Empty body provided in request {{(pid=110993) get_body /opt/stack/cinder/cinder/api/openstack/wsgi.py:715}}
May 19 12:19:27.107889 dv-cinder-804757-28-iscsi devstack@c-api.service[110993]: DEBUG cinder.api.openstack.wsgi [None req-28991dbe-707d-4f66-8eae-b6014fdc99f3 tempest-SnapshotsActionsTest-115655362 tempest-SnapshotsActionsTest-115655362-project] Calling method 'show' {{(pid=110993) _process_stack /opt/stack/cinder/cinder/api/openstack/wsgi.py:868}}
May 19 12:19:27.118773 dv-cinder-804757-28-iscsi devstack@c-api.service[110993]: /usr/local/lib/python3.8/dist-packages/oslo_context/context.py:100: DeprecationWarning: Policy enforcement is depending on the value of is_admin. This key is deprecated. Please update your policy file to use the standard policy values.
May 19 12:19:27.118773 dv-cinder-804757-28-iscsi devstack@c-api.service[110993]: warnings.warn('Policy enforcement is depending on the value of '
May 19 12:19:27.119742 dv-cinder-804757-28-iscsi devstack@c-api.service[110993]: INFO cinder.volume.api [None req-28991dbe-707d-4f66-8eae-b6014fdc99f3 tempest-SnapshotsActionsTest-115655362 tempest-SnapshotsActionsTest-115655362-project] Snapshot retrieved successfully.
May 19 12:19:27.121609 dv-cinder-804757-28-iscsi devstack@c-api.service[110993]: INFO cinder.api.openstack.wsgi [None req-28991dbe-707d-4f66-8eae-b6014fdc99f3 tempest-SnapshotsActionsTest-115655362 tempest-SnapshotsActionsTest-115655362-project] http://10.222.0.23/volume/v3/d12b0dc76a4f47758123998bee63907d/snapshots/d06f8cd7-a5a9-475e-b38b-7394516bccac returned with HTTP 200
May 19 12:19:27.122332 dv-cinder-804757-28-iscsi devstack@c-api.service[110993]: [pid: 110993|app: 0|req: 239/458] 10.222.0.23 () {58 vars in 1330 bytes} [Thu May 19 12:19:27 2022] GET /volume/v3/d12b0dc76a4f47758123998bee63907d/snapshots/d06f8cd7-a5a9-475e-b38b-7394516bccac => generated 464 bytes in 22 msecs (HTTP/1.1 200) 7 headers in 285 bytes (1 switches on core 0)
May 19 12:19:27.239240 dv-cinder-804757-28-iscsi devstack@c-api.service[110992]: DEBUG cinder.api.middleware.request_id [None req-4824a686-8089-48e7-8bda-ef59e579438d None None] RequestId filter calling following filter/app {{(pid=110992) _context_setter /opt/stack/cinder/cinder/api/middleware/request_id.py:62}}
May 19 12:19:27.243326 dv-cinder-804757-28-iscsi devstack@c-api.service[110993]: DEBUG cinder.api.middleware.request_id [None req-d06e7ea4-07ba-4e4d-b093-8cce94eb666c None None] RequestId filter calling following filter/app {{(pid=110993) _context_setter /opt/stack/cinder/cinder/api/middleware/request_id.py:62}}
May 19 12:19:27.243922 dv-cinder-804757-28-iscsi devstack@c-api.service[110992]: INFO cinder.api.openstack.wsgi [None req-4824a686-8089-48e7-8bda-ef59e579438d tempest-VolumeQuotasNegativeTestJSON-1333274705 tempest-VolumeQuotasNegativeTestJSON-1333274705-project] GET http://10.222.0.23/volume/v3/552bcbb8eaa74974a2fc2535c7b2d75a/volumes/cec020cc-7fe9-4a8c-913f-ae592b32c56e
May 19 12:19:27.244301 dv-cinder-804757-28-iscsi devstack@c-api.service[110992]: DEBUG cinder.api.openstack.wsgi [None req-4824a686-8089-48e7-8bda-ef59e579438d tempest-VolumeQuotasNegativeTestJSON-1333274705 tempest-VolumeQuotasNegativeTestJSON-1333274705-project] Empty body provided in request {{(pid=110992) get_body /opt/stack/cinder/cinder/api/openstack/wsgi.py:715}}
May 19 12:19:27.245107 dv-cinder-804757-28-iscsi devstack@c-api.service[110992]: DEBUG cinder.api.openstack.wsgi [None req-4824a686-8089-48e7-8bda-ef59e579438d tempest-VolumeQuotasNegativeTestJSON-1333274705 tempest-VolumeQuotasNegativeTestJSON-1333274705-project] Calling method 'show' {{(pid=110992) _process_stack /opt/stack/cinder/cinder/api/openstack/wsgi.py:868}}
May 19 12:19:27.246817 dv-cinder-804757-28-iscsi devstack@c-api.service[110993]: INFO cinder.api.openstack.wsgi [None req-d06e7ea4-07ba-4e4d-b093-8cce94eb666c tempest-VolumeTypesTest-696040958 tempest-VolumeTypesTest-696040958-project] GET http://10.222.0.23/volume/v3/e2fe4c6f9d58457eaac9eab9643b897a/volumes/1bb37da7-356a-42e6-9f31-f7c18e0e6a0b
May 19 12:19:27.247263 dv-cinder-804757-28-iscsi devstack@c-api.service[110993]: DEBUG cinder.api.openstack.wsgi [None req-d06e7ea4-07ba-4e4d-b093-8cce94eb666c tempest-VolumeTypesTest-696040958 tempest-VolumeTypesTest-696040958-project] Empty body provided in request {{(pid=110993) get_body /opt/stack/cinder/cinder/api/openstack/wsgi.py:715}}
May 19 12:19:27.247703 dv-cinder-804757-28-iscsi devstack@c-api.service[110993]: DEBUG cinder.api.openstack.wsgi [None req-d06e7ea4-07ba-4e4d-b093-8cce94eb666c tempest-VolumeTypesTest-696040958 tempest-VolumeTypesTest-696040958-project] Calling method 'show' {{(pid=110993) _process_stack /opt/stack/cinder/cinder/api/openstack/wsgi.py:868}}
May 19 12:19:27.260693 dv-cinder-804757-28-iscsi devstack@c-api.service[110992]: /usr/local/lib/python3.8/dist-packages/oslo_context/context.py:100: DeprecationWarning: Policy enforcement is depending on the value of is_admin. This key is deprecated. Please update your policy file to use the standard policy values.
May 19 12:19:27.260693 dv-cinder-804757-28-iscsi devstack@c-api.service[110992]: warnings.warn('Policy enforcement is depending on the value of '
May 19 12:19:27.263197 dv-cinder-804757-28-iscsi devstack@c-api.service[110993]: /usr/local/lib/python3.8/dist-packages/oslo_context/context.py:100: DeprecationWarning: Policy enforcement is depending on the value of is_admin. This key is deprecated. Please update your policy file to use the standard policy values.
May 19 12:19:27.263197 dv-cinder-804757-28-iscsi devstack@c-api.service[110993]: warnings.warn('Policy enforcement is depending on the value of '
May 19 12:19:27.268820 dv-cinder-804757-28-iscsi devstack@c-api.service[110992]: INFO cinder.volume.api [None req-4824a686-8089-48e7-8bda-ef59e579438d tempest-VolumeQuotasNegativeTestJSON-1333274705 tempest-VolumeQuotasNegativeTestJSON-1333274705-project] Volume info retrieved successfully.
May 19 12:19:27.270889 dv-cinder-804757-28-iscsi devstack@c-api.service[110993]: INFO cinder.volume.api [None req-d06e7ea4-07ba-4e4d-b093-8cce94eb666c tempest-VolumeTypesTest-696040958 tempest-VolumeTypesTest-696040958-project] Volume info retrieved successfully.
May 19 12:19:27.279056 dv-cinder-804757-28-iscsi devstack@c-api.service[110992]: INFO cinder.api.openstack.wsgi [None req-4824a686-8089-48e7-8bda-ef59e579438d tempest-VolumeQuotasNegativeTestJSON-1333274705 tempest-VolumeQuotasNegativeTestJSON-1333274705-project] http://10.222.0.23/volume/v3/552bcbb8eaa74974a2fc2535c7b2d75a/volumes/cec020cc-7fe9-4a8c-913f-ae592b32c56e returned with HTTP 200
May 19 12:19:27.280983 dv-cinder-804757-28-iscsi devstack@c-api.service[110993]: INFO cinder.api.openstack.wsgi [None req-d06e7ea4-07ba-4e4d-b093-8cce94eb666c tempest-VolumeTypesTest-696040958 tempest-VolumeTypesTest-696040958-project] http://10.222.0.23/volume/v3/e2fe4c6f9d58457eaac9eab9643b897a/volumes/1bb37da7-356a-42e6-9f31-f7c18e0e6a0b returned with HTTP 200
May 19 12:19:27.287841 dv-cinder-804757-28-iscsi devstack@c-api.service[110993]: [pid: 110993|app: 0|req: 240/459] 10.222.0.23 () {58 vars in 1324 bytes} [Thu May 19 12:19:27 2022] GET /volume/v3/e2fe4c6f9d58457eaac9eab9643b897a/volumes/1bb37da7-356a-42e6-9f31-f7c18e0e6a0b => generated 941 bytes in 40 msecs (HTTP/1.1 200) 7 headers in 285 bytes (2 switches on core 0)
May 19 12:19:27.287998 dv-cinder-804757-28-iscsi devstack@c-api.service[110992]: [pid: 110992|app: 0|req: 220/460] 10.222.0.23 () {58 vars in 1324 bytes} [Thu May 19 12:19:27 2022] GET /volume/v3/552bcbb8eaa74974a2fc2535c7b2d75a/volumes/cec020cc-7fe9-4a8c-913f-ae592b32c56e => generated 920 bytes in 49 msecs (HTTP/1.1 200) 7 headers in 285 bytes (1 switches on core 0)
May 19 12:19:27.293301 dv-cinder-804757-28-iscsi devstack@c-api.service[110993]: DEBUG cinder.api.middleware.request_id [None req-62d1a1a8-9ca4-4950-9867-6cf2885399e6 None None] RequestId filter calling following filter/app {{(pid=110993) _context_setter /opt/stack/cinder/cinder/api/middleware/request_id.py:62}}
May 19 12:19:27.298107 dv-cinder-804757-28-iscsi devstack@c-api.service[110993]: INFO cinder.api.openstack.wsgi [None req-62d1a1a8-9ca4-4950-9867-6cf2885399e6 tempest-VolumeQuotasNegativeTestJSON-563932456 tempest-VolumeQuotasNegativeTestJSON-563932456-project-admin] PUT http://10.222.0.23/volume/v3/ac1fa41b6de74fd7a4f1583a2bb1ae54/os-quota-sets/552bcbb8eaa74974a2fc2535c7b2d75a
May 19 12:19:27.298811 dv-cinder-804757-28-iscsi devstack@c-api.service[110993]: DEBUG cinder.api.openstack.wsgi [None req-62d1a1a8-9ca4-4950-9867-6cf2885399e6 tempest-VolumeQuotasNegativeTestJSON-563932456 tempest-VolumeQuotasNegativeTestJSON-563932456-project-admin] Action: 'update', calling method: update, body: {"quota_set": {"gigabytes": 1, "volumes": -1}} {{(pid=110993) _process_stack /opt/stack/cinder/cinder/api/openstack/wsgi.py:866}}
May 19 12:19:27.329772 dv-cinder-804757-28-iscsi devstack@c-api.service[110993]: DEBUG dbcounter [-] [110993] Writing DB stats cinder:SELECT=92,cinder:UPDATE=8 {{(pid=110993) stat_writer /usr/local/lib/python3.8/dist-packages/dbcounter.py:114}}
May 19 12:19:27.417845 dv-cinder-804757-28-iscsi devstack@c-api.service[110992]: DEBUG cinder.api.middleware.request_id [None req-e7c0b3ea-a0c7-4666-be00-66e9b86fd8d5 None None] RequestId filter calling following filter/app {{(pid=110992) _context_setter /opt/stack/cinder/cinder/api/middleware/request_id.py:62}}
May 19 12:19:27.421876 dv-cinder-804757-28-iscsi devstack@c-api.service[110992]: INFO cinder.api.openstack.wsgi [None req-e7c0b3ea-a0c7-4666-be00-66e9b86fd8d5 tempest-DeleteServersTestJSON-1381376680 tempest-DeleteServersTestJSON-1381376680-project] GET http://10.222.0.23/volume/v3/de8f3490bba84ff38b5940fe768ede25/volumes/77d941e2-f2b5-4723-b8fd-7a117d9d477b
May 19 12:19:27.422095 dv-cinder-804757-28-iscsi devstack@c-api.service[110992]: DEBUG cinder.api.openstack.wsgi [None req-e7c0b3ea-a0c7-4666-be00-66e9b86fd8d5 tempest-DeleteServersTestJSON-1381376680 tempest-DeleteServersTestJSON-1381376680-project] Empty body provided in request {{(pid=110992) get_body /opt/stack/cinder/cinder/api/openstack/wsgi.py:715}}
May 19 12:19:27.422553 dv-cinder-804757-28-iscsi devstack@c-api.service[110992]: DEBUG cinder.api.openstack.wsgi [None req-e7c0b3ea-a0c7-4666-be00-66e9b86fd8d5 tempest-DeleteServersTestJSON-1381376680 tempest-DeleteServersTestJSON-1381376680-project] Calling method 'show' {{(pid=110992) _process_stack /opt/stack/cinder/cinder/api/openstack/wsgi.py:868}}
May 19 12:19:27.443769 dv-cinder-804757-28-iscsi devstack@c-api.service[110992]: /usr/local/lib/python3.8/dist-packages/oslo_context/context.py:100: DeprecationWarning: Policy enforcement is depending on the value of is_admin. This key is deprecated. Please update your policy file to use the standard policy values.
May 19 12:19:27.443769 dv-cinder-804757-28-iscsi devstack@c-api.service[110992]: warnings.warn('Policy enforcement is depending on the value of '
May 19 12:19:27.451448 dv-cinder-804757-28-iscsi devstack@c-api.service[110992]: INFO cinder.volume.api [None req-e7c0b3ea-a0c7-4666-be00-66e9b86fd8d5 tempest-DeleteServersTestJSON-1381376680 tempest-DeleteServersTestJSON-1381376680-project] Volume info retrieved successfully.
May 19 12:19:27.462744 dv-cinder-804757-28-iscsi devstack@c-api.service[110992]: INFO cinder.api.openstack.wsgi [None req-e7c0b3ea-a0c7-4666-be00-66e9b86fd8d5 tempest-DeleteServersTestJSON-1381376680 tempest-DeleteServersTestJSON-1381376680-project] http://10.222.0.23/volume/v3/de8f3490bba84ff38b5940fe768ede25/volumes/77d941e2-f2b5-4723-b8fd-7a117d9d477b returned with HTTP 200
May 19 12:19:27.463608 dv-cinder-804757-28-iscsi devstack@c-api.service[110992]: [pid: 110992|app: 0|req: 221/461] 10.222.0.23 () {58 vars in 1324 bytes} [Thu May 19 12:19:27 2022] GET /volume/v3/de8f3490bba84ff38b5940fe768ede25/volumes/77d941e2-f2b5-4723-b8fd-7a117d9d477b => generated 912 bytes in 47 msecs (HTTP/1.1 200) 7 headers in 285 bytes (1 switches on core 0)
May 19 12:19:27.529326 dv-cinder-804757-28-iscsi devstack@c-api.service[110992]: DEBUG cinder.api.middleware.request_id [req-169d48b7-6a96-4629-b840-f93f77691626 req-13a48a46-8178-4434-86da-3120e71ec6d1 None None] RequestId filter calling following filter/app {{(pid=110992) _context_setter /opt/stack/cinder/cinder/api/middleware/request_id.py:62}}
May 19 12:19:27.534011 dv-cinder-804757-28-iscsi devstack@c-api.service[110992]: INFO cinder.api.openstack.wsgi [req-169d48b7-6a96-4629-b840-f93f77691626 req-13a48a46-8178-4434-86da-3120e71ec6d1 tempest-DeleteServersTestJSON-1381376680 tempest-DeleteServersTestJSON-1381376680-project] PUT http://10.222.0.23/volume/v3/de8f3490bba84ff38b5940fe768ede25/attachments/bcac144c-adeb-4e06-b3da-6b6c1d909687
May 19 12:19:27.534918 dv-cinder-804757-28-iscsi devstack@c-api.service[110992]: DEBUG cinder.api.openstack.wsgi [req-169d48b7-6a96-4629-b840-f93f77691626 req-13a48a46-8178-4434-86da-3120e71ec6d1 tempest-DeleteServersTestJSON-1381376680 tempest-DeleteServersTestJSON-1381376680-project] Action: 'update', calling method: version_select, body: {"attachment": {"connector": {"platform": "AMD64", "os_type": "win32", "ip": "10.222.0.81", "host": "hv-cinder-80475", "multipath": false, "initiator": "iqn.1991-05.com.microsoft:hv-cinder-80475", "mountpoint": "/dev/sdb"}}} {{(pid=110992) _process_stack /opt/stack/cinder/cinder/api/openstack/wsgi.py:866}}
May 19 12:19:27.563217 dv-cinder-804757-28-iscsi devstack@c-api.service[110992]: DEBUG cinder.coordination [req-169d48b7-6a96-4629-b840-f93f77691626 req-13a48a46-8178-4434-86da-3120e71ec6d1 tempest-DeleteServersTestJSON-1381376680 tempest-DeleteServersTestJSON-1381376680-project] Lock "b'cinder-attachment_update-77d941e2-f2b5-4723-b8fd-7a117d9d477b-hv-cinder-80475'" acquired by "attachment_update" :: waited 0.010s {{(pid=110992) _synchronized /opt/stack/cinder/cinder/coordination.py:186}}
May 19 12:19:27.564486 dv-cinder-804757-28-iscsi devstack@c-api.service[110992]: /usr/local/lib/python3.8/dist-packages/oslo_context/context.py:100: DeprecationWarning: Policy enforcement is depending on the value of is_admin. This key is deprecated. Please update your policy file to use the standard policy values.
May 19 12:19:27.564486 dv-cinder-804757-28-iscsi devstack@c-api.service[110992]: warnings.warn('Policy enforcement is depending on the value of '
May 19 12:19:27.631825 dv-cinder-804757-28-iscsi devstack@c-api.service[110993]: INFO cinder.api.openstack.wsgi [None req-62d1a1a8-9ca4-4950-9867-6cf2885399e6 tempest-VolumeQuotasNegativeTestJSON-563932456 tempest-VolumeQuotasNegativeTestJSON-563932456-project-admin] http://10.222.0.23/volume/v3/ac1fa41b6de74fd7a4f1583a2bb1ae54/os-quota-sets/552bcbb8eaa74974a2fc2535c7b2d75a returned with HTTP 200
May 19 12:19:27.633265 dv-cinder-804757-28-iscsi devstack@c-api.service[110993]: [pid: 110993|app: 0|req: 241/462] 10.222.0.23 () {60 vars in 1350 bytes} [Thu May 19 12:19:27 2022] PUT /volume/v3/ac1fa41b6de74fd7a4f1583a2bb1ae54/os-quota-sets/552bcbb8eaa74974a2fc2535c7b2d75a => generated 693 bytes in 341 msecs (HTTP/1.1 200) 7 headers in 285 bytes (1 switches on core 0)
May 19 12:19:27.641231 dv-cinder-804757-28-iscsi devstack@c-api.service[110993]: DEBUG cinder.api.middleware.request_id [None req-acd58899-3aa3-4375-b67c-01ee960403d9 None None] RequestId filter calling following filter/app {{(pid=110993) _context_setter /opt/stack/cinder/cinder/api/middleware/request_id.py:62}}
May 19 12:19:27.645021 dv-cinder-804757-28-iscsi devstack@c-api.service[110993]: INFO cinder.api.openstack.wsgi [None req-acd58899-3aa3-4375-b67c-01ee960403d9 tempest-VolumeQuotasNegativeTestJSON-1333274705 tempest-VolumeQuotasNegativeTestJSON-1333274705-project] POST http://10.222.0.23/volume/v3/552bcbb8eaa74974a2fc2535c7b2d75a/volumes
May 19 12:19:27.645743 dv-cinder-804757-28-iscsi devstack@c-api.service[110993]: DEBUG cinder.api.openstack.wsgi [None req-acd58899-3aa3-4375-b67c-01ee960403d9 tempest-VolumeQuotasNegativeTestJSON-1333274705 tempest-VolumeQuotasNegativeTestJSON-1333274705-project] Action: 'create', calling method: create, body: {"volume": {"size": 2}} {{(pid=110993) _process_stack /opt/stack/cinder/cinder/api/openstack/wsgi.py:866}}
May 19 12:19:27.646668 dv-cinder-804757-28-iscsi devstack@c-api.service[110993]: DEBUG cinder.api.v3.volumes [None req-acd58899-3aa3-4375-b67c-01ee960403d9 tempest-VolumeQuotasNegativeTestJSON-1333274705 tempest-VolumeQuotasNegativeTestJSON-1333274705-project] Create volume request body: {'volume': {'size': 2}} {{(pid=110993) create /opt/stack/cinder/cinder/api/v3/volumes.py:298}}
