Mar 08 15:55:52.219371 dv-cinder-804757-25-iscsi devstack@c-api.service[109902]: DEBUG cinder.volume.api [req-d37f934f-9b9c-4fd1-ba84-3055618c087a req-c51bcd1e-9bd8-4923-abfc-6785ef3cc48d tempest-VolumesGetTestJSON-451912548 tempest-VolumesGetTestJSON-451912548-project] Task 'cinder.volume.flows.api.create_volume.QuotaReserveTask;volume:create' (d44cfd02-13c8-42cc-b198-9fb8fce3edd3) transitioned into state 'SUCCESS' from state 'RUNNING' with result '{'reservations': ['fc1d9f89-aacb-4213-82fe-367fe94498ee', '11806e32-046e-4135-9785-ec3ff13540fd', '9b68d015-f672-4fbe-951d-ef40a961c8b8', 'e89c525f-4073-445e-8fc9-d0b1626b8d41']}' {{(pid=109902) _task_receiver /usr/local/lib/python3.8/dist-packages/taskflow/listeners/logging.py:178}}
Mar 08 15:55:52.223865 dv-cinder-804757-25-iscsi devstack@c-api.service[109902]: DEBUG cinder.volume.api [req-d37f934f-9b9c-4fd1-ba84-3055618c087a req-c51bcd1e-9bd8-4923-abfc-6785ef3cc48d tempest-VolumesGetTestJSON-451912548 tempest-VolumesGetTestJSON-451912548-project] Task 'cinder.volume.flows.api.create_volume.EntryCreateTask;volume:create' (187fb060-2802-4494-bb1b-08ed65a04eb8) transitioned into state 'RUNNING' from state 'PENDING' {{(pid=109902) _task_receiver /usr/local/lib/python3.8/dist-packages/taskflow/listeners/logging.py:190}}
Mar 08 15:55:52.290767 dv-cinder-804757-25-iscsi devstack@c-api.service[109902]: DEBUG cinder.volume.api [req-d37f934f-9b9c-4fd1-ba84-3055618c087a req-c51bcd1e-9bd8-4923-abfc-6785ef3cc48d tempest-VolumesGetTestJSON-451912548 tempest-VolumesGetTestJSON-451912548-project] Task 'cinder.volume.flows.api.create_volume.EntryCreateTask;volume:create' (187fb060-2802-4494-bb1b-08ed65a04eb8) transitioned into state 'SUCCESS' from state 'RUNNING' with result '{'volume_id': '322c6137-96a6-45a3-921a-208953b5705f', 'volume_properties': VolumeProperties(attach_status='detached',availability_zone='nova',cgsnapshot_id=None,consistencygroup_id=None,display_description=None,display_name='tempest-VolumesGetTestJSON-Volume-1135519652',encryption_key_id=None,group_id=None,group_type_id=,metadata={Type='work'},multiattach=False,project_id='636def83f02a4aeebb90bf92fda043f7',qos_specs=None,replication_status=,reservations=['fc1d9f89-aacb-4213-82fe-367fe94498ee','11806e32-046e-4135-9785-ec3ff13540fd','9b68d015-f672-4fbe-951d-ef40a961c8b8','e89c525f-4073-445e-8fc9-d0b1626b8d41'],size=1,snapshot_id=None,source_replicaid=,source_volid=None,status='creating',user_id='c9767be88b9343edb8dfec44cd12ea2c',volume_type_id=aa04e7f6-c975-4367-b9d0-7c6ad9354d4e), 'volume': Volume(_name_id=None,admin_metadata=,attach_status='detached',availability_zone='nova',bootable=False,cluster=,cluster_name=None,consistencygroup=,consistencygroup_id=None,created_at=2022-03-08T15:55:52Z,deleted=False,deleted_at=None,display_description=None,display_name='tempest-VolumesGetTestJSON-Volume-1135519652',ec2_id=None,encryption_key_id=None,glance_metadata=,group=,group_id=None,host=None,id=322c6137-96a6-45a3-921a-208953b5705f,launched_at=None,metadata={Type='work'},migration_status=None,multiattach=False,previous_status=None,project_id='636def83f02a4aeebb90bf92fda043f7',provider_auth=None,provider_geometry=None,provider_id=None,provider_location=None,replication_driver_data=None,replication_extended_status=None,replication_status=None,scheduled_at=None,service_uuid=None,shared_targets=True,size=1,snapshot_id=None,snapshots=,source_volid=None,status='creating',terminated_at=None,updated_at=None,use_quota=True,user_id='c9767be88b9343edb8dfec44cd12ea2c',volume_attachment=VolumeAttachmentList,volume_type=VolumeType(aa04e7f6-c975-4367-b9d0-7c6ad9354d4e),volume_type_id=aa04e7f6-c975-4367-b9d0-7c6ad9354d4e)}' {{(pid=109902) _task_receiver /usr/local/lib/python3.8/dist-packages/taskflow/listeners/logging.py:178}}
Mar 08 15:55:52.293515 dv-cinder-804757-25-iscsi devstack@c-api.service[109902]: DEBUG cinder.volume.api [req-d37f934f-9b9c-4fd1-ba84-3055618c087a req-c51bcd1e-9bd8-4923-abfc-6785ef3cc48d tempest-VolumesGetTestJSON-451912548 tempest-VolumesGetTestJSON-451912548-project] Task 'cinder.volume.flows.api.create_volume.QuotaCommitTask;volume:create' (e2faefa5-c3ef-4d01-8f15-b88d41be9e79) transitioned into state 'RUNNING' from state 'PENDING' {{(pid=109902) _task_receiver /usr/local/lib/python3.8/dist-packages/taskflow/listeners/logging.py:190}}
Mar 08 15:55:52.295486 dv-cinder-804757-25-iscsi devstack@c-api.service[109901]: INFO cinder.api.openstack.wsgi [None req-a2ea0bd5-3b3c-45aa-8126-05d329faff3b tempest-GroupTypesTest-628152906 tempest-GroupTypesTest-628152906-project-admin] POST http://10.222.0.15/volume/v3/8f4f9ca5551449c781e8c55ed8b7ca19/group_types
Mar 08 15:55:52.297027 dv-cinder-804757-25-iscsi devstack@c-api.service[109901]: DEBUG cinder.api.openstack.wsgi [None req-a2ea0bd5-3b3c-45aa-8126-05d329faff3b tempest-GroupTypesTest-628152906 tempest-GroupTypesTest-628152906-project-admin] Action: 'create', calling method: version_select, body: {"group_type": {"name": "tempest-GroupTypesTest-group-type-995580569", "description": "tempest-group-type-description-1258229625", "group_specs": {"consistent_group_snapshot_enabled": " False"}, "is_public": true}} {{(pid=109901) _process_stack /opt/stack/cinder/cinder/api/openstack/wsgi.py:866}}
Mar 08 15:55:52.308536 dv-cinder-804757-25-iscsi devstack@c-api.service[109901]: /usr/local/lib/python3.8/dist-packages/oslo_context/context.py:100: DeprecationWarning: Policy enforcement is depending on the value of is_admin. This key is deprecated. Please update your policy file to use the standard policy values.
Mar 08 15:55:52.308536 dv-cinder-804757-25-iscsi devstack@c-api.service[109901]: warnings.warn('Policy enforcement is depending on the value of '
Mar 08 15:55:52.335234 dv-cinder-804757-25-iscsi devstack@c-api.service[109902]: DEBUG cinder.volume.api [req-d37f934f-9b9c-4fd1-ba84-3055618c087a req-c51bcd1e-9bd8-4923-abfc-6785ef3cc48d tempest-VolumesGetTestJSON-451912548 tempest-VolumesGetTestJSON-451912548-project] Task 'cinder.volume.flows.api.create_volume.QuotaCommitTask;volume:create' (e2faefa5-c3ef-4d01-8f15-b88d41be9e79) transitioned into state 'SUCCESS' from state 'RUNNING' with result '{'volume_properties': VolumeProperties(attach_status='detached',availability_zone='nova',cgsnapshot_id=None,consistencygroup_id=None,display_description=None,display_name='tempest-VolumesGetTestJSON-Volume-1135519652',encryption_key_id=None,group_id=None,group_type_id=,metadata={Type='work'},multiattach=False,project_id='636def83f02a4aeebb90bf92fda043f7',qos_specs=None,replication_status=,reservations=['fc1d9f89-aacb-4213-82fe-367fe94498ee','11806e32-046e-4135-9785-ec3ff13540fd','9b68d015-f672-4fbe-951d-ef40a961c8b8','e89c525f-4073-445e-8fc9-d0b1626b8d41'],size=1,snapshot_id=None,source_replicaid=,source_volid=None,status='creating',user_id='c9767be88b9343edb8dfec44cd12ea2c',volume_type_id=aa04e7f6-c975-4367-b9d0-7c6ad9354d4e)}' {{(pid=109902) _task_receiver /usr/local/lib/python3.8/dist-packages/taskflow/listeners/logging.py:178}}
Mar 08 15:55:52.343044 dv-cinder-804757-25-iscsi devstack@c-api.service[109902]: DEBUG cinder.volume.api [req-d37f934f-9b9c-4fd1-ba84-3055618c087a req-c51bcd1e-9bd8-4923-abfc-6785ef3cc48d tempest-VolumesGetTestJSON-451912548 tempest-VolumesGetTestJSON-451912548-project] Task 'cinder.volume.flows.api.create_volume.VolumeCastTask;volume:create' (4dac888f-17de-4047-9e9e-ff720d0dbbf3) transitioned into state 'RUNNING' from state 'PENDING' {{(pid=109902) _task_receiver /usr/local/lib/python3.8/dist-packages/taskflow/listeners/logging.py:190}}
Mar 08 15:55:52.359016 dv-cinder-804757-25-iscsi devstack@c-api.service[109901]: INFO cinder.api.openstack.wsgi [None req-a2ea0bd5-3b3c-45aa-8126-05d329faff3b tempest-GroupTypesTest-628152906 tempest-GroupTypesTest-628152906-project-admin] http://10.222.0.15/volume/v3/8f4f9ca5551449c781e8c55ed8b7ca19/group_types returned with HTTP 202
Mar 08 15:55:52.360415 dv-cinder-804757-25-iscsi devstack@c-api.service[109901]: [pid: 109901|app: 0|req: 6/13] 10.222.0.15 () {62 vars in 1288 bytes} [Tue Mar 8 15:55:52 2022] POST /volume/v3/8f4f9ca5551449c781e8c55ed8b7ca19/group_types => generated 264 bytes in 143 msecs (HTTP/1.1 202) 7 headers in 292 bytes (1 switches on core 0)
Mar 08 15:55:52.362022 dv-cinder-804757-25-iscsi devstack@c-api.service[109901]: DEBUG cinder.api.middleware.request_id [None req-0e8ba18b-b28e-4e2d-8b70-f580197ab6c1 None None] RequestId filter calling following filter/app {{(pid=109901) _context_setter /opt/stack/cinder/cinder/api/middleware/request_id.py:62}}
Mar 08 15:55:52.370072 dv-cinder-804757-25-iscsi devstack@c-api.service[109902]: DEBUG cinder.volume.api [req-d37f934f-9b9c-4fd1-ba84-3055618c087a req-c51bcd1e-9bd8-4923-abfc-6785ef3cc48d tempest-VolumesGetTestJSON-451912548 tempest-VolumesGetTestJSON-451912548-project] Task 'cinder.volume.flows.api.create_volume.VolumeCastTask;volume:create' (4dac888f-17de-4047-9e9e-ff720d0dbbf3) transitioned into state 'SUCCESS' from state 'RUNNING' with result 'None' {{(pid=109902) _task_receiver /usr/local/lib/python3.8/dist-packages/taskflow/listeners/logging.py:178}}
Mar 08 15:55:52.371908 dv-cinder-804757-25-iscsi devstack@c-api.service[109901]: INFO cinder.api.openstack.wsgi [None req-0e8ba18b-b28e-4e2d-8b70-f580197ab6c1 tempest-VolumesTestJSON-741807097 tempest-VolumesTestJSON-741807097-project] GET http://10.222.0.15/volume/v3/154b3d63e2ea451786e6447dd39c090d/volumes/931ee31c-7798-4013-b080-5bf76e7c8731
Mar 08 15:55:52.373149 dv-cinder-804757-25-iscsi devstack@c-api.service[109902]: DEBUG cinder.volume.api [req-d37f934f-9b9c-4fd1-ba84-3055618c087a req-c51bcd1e-9bd8-4923-abfc-6785ef3cc48d tempest-VolumesGetTestJSON-451912548 tempest-VolumesGetTestJSON-451912548-project] Flow 'volume_create_api' (2d4708df-c43d-427e-a4bb-1cb0d2308559) transitioned into state 'SUCCESS' from state 'RUNNING' {{(pid=109902) _flow_receiver /usr/local/lib/python3.8/dist-packages/taskflow/listeners/logging.py:141}}
Mar 08 15:55:52.373733 dv-cinder-804757-25-iscsi devstack@c-api.service[109901]: DEBUG cinder.api.openstack.wsgi [None req-0e8ba18b-b28e-4e2d-8b70-f580197ab6c1 tempest-VolumesTestJSON-741807097 tempest-VolumesTestJSON-741807097-project] Empty body provided in request {{(pid=109901) get_body /opt/stack/cinder/cinder/api/openstack/wsgi.py:715}}
Mar 08 15:55:52.374277 dv-cinder-804757-25-iscsi devstack@c-api.service[109902]: INFO cinder.volume.api [req-d37f934f-9b9c-4fd1-ba84-3055618c087a req-c51bcd1e-9bd8-4923-abfc-6785ef3cc48d tempest-VolumesGetTestJSON-451912548 tempest-VolumesGetTestJSON-451912548-project] Create volume request issued successfully.
Mar 08 15:55:52.374411 dv-cinder-804757-25-iscsi devstack@c-api.service[109901]: DEBUG cinder.api.openstack.wsgi [None req-0e8ba18b-b28e-4e2d-8b70-f580197ab6c1 tempest-VolumesTestJSON-741807097 tempest-VolumesTestJSON-741807097-project] Calling method 'show' {{(pid=109901) _process_stack /opt/stack/cinder/cinder/api/openstack/wsgi.py:868}}
Mar 08 15:55:52.377110 dv-cinder-804757-25-iscsi devstack@c-api.service[109902]: INFO cinder.api.openstack.wsgi [req-d37f934f-9b9c-4fd1-ba84-3055618c087a req-c51bcd1e-9bd8-4923-abfc-6785ef3cc48d tempest-VolumesGetTestJSON-451912548 tempest-VolumesGetTestJSON-451912548-project] http://10.222.0.15/volume/v3/636def83f02a4aeebb90bf92fda043f7/volumes returned with HTTP 202
Mar 08 15:55:52.379449 dv-cinder-804757-25-iscsi devstack@c-api.service[109902]: [pid: 109902|app: 0|req: 8/14] 10.222.0.15 () {64 vars in 1521 bytes} [Tue Mar 8 15:55:51 2022] POST /volume/v3/636def83f02a4aeebb90bf92fda043f7/volumes => generated 832 bytes in 973 msecs (HTTP/1.1 202) 7 headers in 291 bytes (2 switches on core 0)
Mar 08 15:55:52.383309 dv-cinder-804757-25-iscsi devstack@c-api.service[109902]: DEBUG cinder.api.middleware.request_id [None req-f63a18f8-df20-4256-ace5-be08db4a844e None None] RequestId filter calling following filter/app {{(pid=109902) _context_setter /opt/stack/cinder/cinder/api/middleware/request_id.py:62}}
Mar 08 15:55:52.521707 dv-cinder-804757-25-iscsi devstack@c-api.service[109902]: INFO cinder.api.openstack.wsgi [None req-f63a18f8-df20-4256-ace5-be08db4a844e tempest-GroupsV320Test-1045911417 tempest-GroupsV320Test-1045911417-project-admin] POST http://10.222.0.15/volume/v3/87d72746ad624e6490d850d36686c68a/types
Mar 08 15:55:52.522624 dv-cinder-804757-25-iscsi devstack@c-api.service[109902]: DEBUG cinder.api.openstack.wsgi [None req-f63a18f8-df20-4256-ace5-be08db4a844e tempest-GroupsV320Test-1045911417 tempest-GroupsV320Test-1045911417-project-admin] Action: 'create', calling method: _create, body: {"volume_type": {"name": "tempest-GroupsV320Test-volume-type-1601324733"}} {{(pid=109902) _process_stack /opt/stack/cinder/cinder/api/openstack/wsgi.py:866}}
Mar 08 15:55:52.523983 dv-cinder-804757-25-iscsi devstack@c-api.service[109902]: /usr/local/lib/python3.8/dist-packages/oslo_context/context.py:100: DeprecationWarning: Policy enforcement is depending on the value of is_admin. This key is deprecated. Please update your policy file to use the standard policy values.
Mar 08 15:55:52.523983 dv-cinder-804757-25-iscsi devstack@c-api.service[109902]: warnings.warn('Policy enforcement is depending on the value of '
Mar 08 15:55:52.542133 dv-cinder-804757-25-iscsi devstack@c-api.service[109901]: /usr/local/lib/python3.8/dist-packages/oslo_context/context.py:100: DeprecationWarning: Policy enforcement is depending on the value of is_admin. This key is deprecated. Please update your policy file to use the standard policy values.
Mar 08 15:55:52.542133 dv-cinder-804757-25-iscsi devstack@c-api.service[109901]: warnings.warn('Policy enforcement is depending on the value of '
Mar 08 15:55:52.581334 dv-cinder-804757-25-iscsi devstack@c-api.service[109901]: INFO cinder.volume.api [None req-0e8ba18b-b28e-4e2d-8b70-f580197ab6c1 tempest-VolumesTestJSON-741807097 tempest-VolumesTestJSON-741807097-project] Volume info retrieved successfully.
Mar 08 15:55:52.587977 dv-cinder-804757-25-iscsi devstack@c-api.service[109902]: INFO cinder.api.openstack.wsgi [None req-f63a18f8-df20-4256-ace5-be08db4a844e tempest-GroupsV320Test-1045911417 tempest-GroupsV320Test-1045911417-project-admin] http://10.222.0.15/volume/v3/87d72746ad624e6490d850d36686c68a/types returned with HTTP 200
Mar 08 15:55:52.589174 dv-cinder-804757-25-iscsi devstack@c-api.service[109902]: [pid: 109902|app: 0|req: 9/15] 10.222.0.15 () {60 vars in 1228 bytes} [Tue Mar 8 15:55:52 2022] POST /volume/v3/87d72746ad624e6490d850d36686c68a/types => generated 220 bytes in 209 msecs (HTTP/1.1 200) 7 headers in 285 bytes (1 switches on core 0)
Mar 08 15:55:52.590677 dv-cinder-804757-25-iscsi devstack@c-api.service[109902]: DEBUG cinder.api.middleware.request_id [None req-9c11a563-79c4-4819-a1d6-a48848981147 None None] RequestId filter calling following filter/app {{(pid=109902) _context_setter /opt/stack/cinder/cinder/api/middleware/request_id.py:62}}
Mar 08 15:55:52.602035 dv-cinder-804757-25-iscsi devstack@c-api.service[109902]: INFO cinder.api.openstack.wsgi [None req-9c11a563-79c4-4819-a1d6-a48848981147 tempest-GroupsTest-1549621360 tempest-GroupsTest-1549621360-project] GET http://10.222.0.15/volume/v3/017944a8f3b64db8aadb8d6f95e012b7/groups/c44c35b4-ec27-497f-9782-bac1373efb25
Mar 08 15:55:52.605632 dv-cinder-804757-25-iscsi devstack@c-api.service[109902]: DEBUG cinder.api.openstack.wsgi [None req-9c11a563-79c4-4819-a1d6-a48848981147 tempest-GroupsTest-1549621360 tempest-GroupsTest-1549621360-project] Empty body provided in request {{(pid=109902) get_body /opt/stack/cinder/cinder/api/openstack/wsgi.py:715}}
Mar 08 15:55:52.606505 dv-cinder-804757-25-iscsi devstack@c-api.service[109902]: DEBUG cinder.api.openstack.wsgi [None req-9c11a563-79c4-4819-a1d6-a48848981147 tempest-GroupsTest-1549621360 tempest-GroupsTest-1549621360-project] Calling method 'version_select' {{(pid=109902) _process_stack /opt/stack/cinder/cinder/api/openstack/wsgi.py:868}}
Mar 08 15:55:52.607625 dv-cinder-804757-25-iscsi devstack@c-api.service[109902]: DEBUG cinder.api.v3.groups [None req-9c11a563-79c4-4819-a1d6-a48848981147 tempest-GroupsTest-1549621360 tempest-GroupsTest-1549621360-project] show called for member c44c35b4-ec27-497f-9782-bac1373efb25 {{(pid=109902) show /opt/stack/cinder/cinder/api/v3/groups.py:58}}
Mar 08 15:55:52.608946 dv-cinder-804757-25-iscsi devstack@c-api.service[109901]: INFO cinder.api.openstack.wsgi [None req-0e8ba18b-b28e-4e2d-8b70-f580197ab6c1 tempest-VolumesTestJSON-741807097 tempest-VolumesTestJSON-741807097-project] http://10.222.0.15/volume/v3/154b3d63e2ea451786e6447dd39c090d/volumes/931ee31c-7798-4013-b080-5bf76e7c8731 returned with HTTP 200
Mar 08 15:55:52.609963 dv-cinder-804757-25-iscsi devstack@c-api.service[109901]: [pid: 109901|app: 0|req: 7/16] 10.222.0.15 () {58 vars in 1324 bytes} [Tue Mar 8 15:55:52 2022] GET /volume/v3/154b3d63e2ea451786e6447dd39c090d/volumes/931ee31c-7798-4013-b080-5bf76e7c8731 => generated 922 bytes in 249 msecs (HTTP/1.1 200) 7 headers in 285 bytes (1 switches on core 0)
Mar 08 15:55:52.611667 dv-cinder-804757-25-iscsi devstack@c-api.service[109901]: DEBUG cinder.api.middleware.request_id [None req-fb231ec6-8993-4a4b-99e1-8119dff3f395 None None] RequestId filter calling following filter/app {{(pid=109901) _context_setter /opt/stack/cinder/cinder/api/middleware/request_id.py:62}}
Mar 08 15:55:52.616436 dv-cinder-804757-25-iscsi devstack@c-api.service[109901]: INFO cinder.api.openstack.wsgi [None req-fb231ec6-8993-4a4b-99e1-8119dff3f395 tempest-GroupTypesTest-628152906 tempest-GroupTypesTest-628152906-project-admin] GET http://10.222.0.15/volume/v3/8f4f9ca5551449c781e8c55ed8b7ca19/group_types
Mar 08 15:55:52.617377 dv-cinder-804757-25-iscsi devstack@c-api.service[109901]: DEBUG cinder.api.openstack.wsgi [None req-fb231ec6-8993-4a4b-99e1-8119dff3f395 tempest-GroupTypesTest-628152906 tempest-GroupTypesTest-628152906-project-admin] Empty body provided in request {{(pid=109901) get_body /opt/stack/cinder/cinder/api/openstack/wsgi.py:715}}
Mar 08 15:55:52.618035 dv-cinder-804757-25-iscsi devstack@c-api.service[109901]: DEBUG cinder.api.openstack.wsgi [None req-fb231ec6-8993-4a4b-99e1-8119dff3f395 tempest-GroupTypesTest-628152906 tempest-GroupTypesTest-628152906-project-admin] Calling method 'version_select' {{(pid=109901) _process_stack /opt/stack/cinder/cinder/api/openstack/wsgi.py:868}}
Mar 08 15:55:52.637575 dv-cinder-804757-25-iscsi devstack@c-api.service[109902]: /usr/local/lib/python3.8/dist-packages/oslo_context/context.py:100: DeprecationWarning: Policy enforcement is depending on the value of is_admin. This key is deprecated. Please update your policy file to use the standard policy values.
Mar 08 15:55:52.637575 dv-cinder-804757-25-iscsi devstack@c-api.service[109902]: warnings.warn('Policy enforcement is depending on the value of '
Mar 08 15:55:52.645294 dv-cinder-804757-25-iscsi devstack@c-api.service[109901]: INFO cinder.api.openstack.wsgi [None req-fb231ec6-8993-4a4b-99e1-8119dff3f395 tempest-GroupTypesTest-628152906 tempest-GroupTypesTest-628152906-project-admin] http://10.222.0.15/volume/v3/8f4f9ca5551449c781e8c55ed8b7ca19/group_types returned with HTTP 200
Mar 08 15:55:52.647113 dv-cinder-804757-25-iscsi devstack@c-api.service[109901]: [pid: 109901|app: 0|req: 8/17] 10.222.0.15 () {60 vars in 1266 bytes} [Tue Mar 8 15:55:52 2022] GET /volume/v3/8f4f9ca5551449c781e8c55ed8b7ca19/group_types => generated 657 bytes in 36 msecs (HTTP/1.1 200) 7 headers in 286 bytes (1 switches on core 0)
Mar 08 15:55:52.648729 dv-cinder-804757-25-iscsi devstack@c-api.service[109901]: DEBUG cinder.api.middleware.request_id [req-d37f934f-9b9c-4fd1-ba84-3055618c087a req-d9439c62-c122-431a-b021-aa3ba512b232 None None] RequestId filter calling following filter/app {{(pid=109901) _context_setter /opt/stack/cinder/cinder/api/middleware/request_id.py:62}}
Mar 08 15:55:52.651130 dv-cinder-804757-25-iscsi devstack@c-api.service[109901]: WARNING keystonemiddleware.auth_token [req-d37f934f-9b9c-4fd1-ba84-3055618c087a req-d9439c62-c122-431a-b021-aa3ba512b232 None None] A valid token was submitted as a service token, but it was not a valid service token. This is incorrect but backwards compatible behaviour. This will be removed in future releases.
Mar 08 15:55:52.655377 dv-cinder-804757-25-iscsi devstack@c-api.service[109901]: INFO cinder.api.openstack.wsgi [req-d37f934f-9b9c-4fd1-ba84-3055618c087a req-d9439c62-c122-431a-b021-aa3ba512b232 tempest-VolumesGetTestJSON-451912548 tempest-VolumesGetTestJSON-451912548-project] GET http://10.222.0.15/volume/v3/636def83f02a4aeebb90bf92fda043f7/volumes/322c6137-96a6-45a3-921a-208953b5705f
Mar 08 15:55:52.657066 dv-cinder-804757-25-iscsi devstack@c-api.service[109901]: DEBUG cinder.api.openstack.wsgi [req-d37f934f-9b9c-4fd1-ba84-3055618c087a req-d9439c62-c122-431a-b021-aa3ba512b232 tempest-VolumesGetTestJSON-451912548 tempest-VolumesGetTestJSON-451912548-project] Empty body provided in request {{(pid=109901) get_body /opt/stack/cinder/cinder/api/openstack/wsgi.py:715}}
Mar 08 15:55:52.657845 dv-cinder-804757-25-iscsi devstack@c-api.service[109901]: DEBUG cinder.api.openstack.wsgi [req-d37f934f-9b9c-4fd1-ba84-3055618c087a req-d9439c62-c122-431a-b021-aa3ba512b232 tempest-VolumesGetTestJSON-451912548 tempest-VolumesGetTestJSON-451912548-project] Calling method 'show' {{(pid=109901) _process_stack /opt/stack/cinder/cinder/api/openstack/wsgi.py:868}}
Mar 08 15:55:52.675349 dv-cinder-804757-25-iscsi devstack@c-api.service[109901]: /usr/local/lib/python3.8/dist-packages/oslo_context/context.py:100: DeprecationWarning: Policy enforcement is depending on the value of is_admin. This key is deprecated. Please update your policy file to use the standard policy values.
Mar 08 15:55:52.675349 dv-cinder-804757-25-iscsi devstack@c-api.service[109901]: warnings.warn('Policy enforcement is depending on the value of '
Mar 08 15:55:52.679629 dv-cinder-804757-25-iscsi devstack@c-api.service[109902]: INFO cinder.api.openstack.wsgi [None req-9c11a563-79c4-4819-a1d6-a48848981147 tempest-GroupsTest-1549621360 tempest-GroupsTest-1549621360-project] http://10.222.0.15/volume/v3/017944a8f3b64db8aadb8d6f95e012b7/groups/c44c35b4-ec27-497f-9782-bac1373efb25 returned with HTTP 200
Mar 08 15:55:52.680479 dv-cinder-804757-25-iscsi devstack@c-api.service[109902]: [pid: 109902|app: 0|req: 10/18] 10.222.0.15 () {60 vars in 1362 bytes} [Tue Mar 8 15:55:52 2022] GET /volume/v3/017944a8f3b64db8aadb8d6f95e012b7/groups/c44c35b4-ec27-497f-9782-bac1373efb25 => generated 323 bytes in 91 msecs (HTTP/1.1 200) 7 headers in 286 bytes (1 switches on core 0)
Mar 08 15:55:52.683365 dv-cinder-804757-25-iscsi devstack@c-api.service[109902]: DEBUG cinder.api.middleware.request_id [None req-310cfccb-35ef-40a2-9458-1da806480a82 None None] RequestId filter calling following filter/app {{(pid=109902) _context_setter /opt/stack/cinder/cinder/api/middleware/request_id.py:62}}
Mar 08 15:55:52.694385 dv-cinder-804757-25-iscsi devstack@c-api.service[109902]: INFO cinder.api.openstack.wsgi [None req-310cfccb-35ef-40a2-9458-1da806480a82 tempest-GroupsV320Test-1045911417 tempest-GroupsV320Test-1045911417-project-admin] POST http://10.222.0.15/volume/v3/87d72746ad624e6490d850d36686c68a/group_types
Mar 08 15:55:52.698499 dv-cinder-804757-25-iscsi devstack@c-api.service[109901]: INFO cinder.volume.api [req-d37f934f-9b9c-4fd1-ba84-3055618c087a req-d9439c62-c122-431a-b021-aa3ba512b232 tempest-VolumesGetTestJSON-451912548 tempest-VolumesGetTestJSON-451912548-project] Volume info retrieved successfully.
Mar 08 15:55:52.699443 dv-cinder-804757-25-iscsi devstack@c-api.service[109902]: DEBUG cinder.api.openstack.wsgi [None req-310cfccb-35ef-40a2-9458-1da806480a82 tempest-GroupsV320Test-1045911417 tempest-GroupsV320Test-1045911417-project-admin] Action: 'create', calling method: version_select, body: {"group_type": {"name": "tempest-GroupsV320Test-group-type-486098706"}} {{(pid=109902) _process_stack /opt/stack/cinder/cinder/api/openstack/wsgi.py:866}}
Mar 08 15:55:52.701499 dv-cinder-804757-25-iscsi devstack@c-api.service[109902]: /usr/local/lib/python3.8/dist-packages/oslo_context/context.py:100: DeprecationWarning: Policy enforcement is depending on the value of is_admin. This key is deprecated. Please update your policy file to use the standard policy values.
Mar 08 15:55:52.701499 dv-cinder-804757-25-iscsi devstack@c-api.service[109902]: warnings.warn('Policy enforcement is depending on the value of '
Mar 08 15:55:52.720127 dv-cinder-804757-25-iscsi devstack@c-api.service[109901]: INFO cinder.api.openstack.wsgi [req-d37f934f-9b9c-4fd1-ba84-3055618c087a req-d9439c62-c122-431a-b021-aa3ba512b232 tempest-VolumesGetTestJSON-451912548 tempest-VolumesGetTestJSON-451912548-project] http://10.222.0.15/volume/v3/636def83f02a4aeebb90bf92fda043f7/volumes/322c6137-96a6-45a3-921a-208953b5705f returned with HTTP 200
Mar 08 15:55:52.739289 dv-cinder-804757-25-iscsi devstack@c-api.service[109901]: [pid: 109901|app: 0|req: 9/19] 10.222.0.15 () {60 vars in 1578 bytes} [Tue Mar 8 15:55:52 2022] GET /volume/v3/636def83f02a4aeebb90bf92fda043f7/volumes/322c6137-96a6-45a3-921a-208953b5705f => generated 924 bytes in 91 msecs (HTTP/1.1 200) 7 headers in 285 bytes (1 switches on core 0)
Mar 08 15:55:52.740970 dv-cinder-804757-25-iscsi devstack@c-api.service[109901]: DEBUG cinder.api.middleware.request_id [None req-cd68e2ed-6b21-4776-97b9-50e353973af2 None None] RequestId filter calling following filter/app {{(pid=109901) _context_setter /opt/stack/cinder/cinder/api/middleware/request_id.py:62}}
Mar 08 15:55:52.744498 dv-cinder-804757-25-iscsi devstack@c-api.service[109902]: INFO cinder.api.openstack.wsgi [None req-310cfccb-35ef-40a2-9458-1da806480a82 tempest-GroupsV320Test-1045911417 tempest-GroupsV320Test-1045911417-project-admin] http://10.222.0.15/volume/v3/87d72746ad624e6490d850d36686c68a/group_types returned with HTTP 202
Mar 08 15:55:52.745727 dv-cinder-804757-25-iscsi devstack@c-api.service[109902]: [pid: 109902|app: 0|req: 11/20] 10.222.0.15 () {62 vars in 1287 bytes} [Tue Mar 8 15:55:52 2022] POST /volume/v3/87d72746ad624e6490d850d36686c68a/group_types => generated 176 bytes in 63 msecs (HTTP/1.1 202) 7 headers in 292 bytes (1 switches on core 0)
Mar 08 15:55:52.747130 dv-cinder-804757-25-iscsi devstack@c-api.service[109902]: DEBUG cinder.api.middleware.request_id [None req-c24f67da-07df-49e8-9054-68c04406a891 None None] RequestId filter calling following filter/app {{(pid=109902) _context_setter /opt/stack/cinder/cinder/api/middleware/request_id.py:62}}
Mar 08 15:55:52.752147 dv-cinder-804757-25-iscsi devstack@c-api.service[109902]: INFO cinder.api.openstack.wsgi [None req-c24f67da-07df-49e8-9054-68c04406a891 tempest-GroupsTest-1549621360 tempest-GroupsTest-1549621360-project] POST http://10.222.0.15/volume/v3/017944a8f3b64db8aadb8d6f95e012b7/groups
Mar 08 15:55:52.753336 dv-cinder-804757-25-iscsi devstack@c-api.service[109902]: DEBUG cinder.api.openstack.wsgi [None req-c24f67da-07df-49e8-9054-68c04406a891 tempest-GroupsTest-1549621360 tempest-GroupsTest-1549621360-project] Action: 'create', calling method: version_select, body: {"group": {"group_type": "a784979f-674d-4330-8ab1-c8b98597a080", "volume_types": ["481a8685-e02d-45e8-b394-ab19827922ee"], "name": "tempest-Group2-713112521"}} {{(pid=109902) _process_stack /opt/stack/cinder/cinder/api/openstack/wsgi.py:866}}
Mar 08 15:55:52.754513 dv-cinder-804757-25-iscsi devstack@c-api.service[109902]: DEBUG cinder.api.v3.groups [None req-c24f67da-07df-49e8-9054-68c04406a891 tempest-GroupsTest-1549621360 tempest-GroupsTest-1549621360-project] Creating new group {'group': {'group_type': 'a784979f-674d-4330-8ab1-c8b98597a080', 'volume_types': ['481a8685-e02d-45e8-b394-ab19827922ee'], 'name': 'tempest-Group2-713112521'}} {{(pid=109902) create /opt/stack/cinder/cinder/api/v3/groups.py:190}}
Mar 08 15:55:52.761251 dv-cinder-804757-25-iscsi devstack@c-api.service[109902]: INFO cinder.api.v3.groups [None req-c24f67da-07df-49e8-9054-68c04406a891 tempest-GroupsTest-1549621360 tempest-GroupsTest-1549621360-project] Creating group tempest-Group2-713112521.
Mar 08 15:55:52.761504 dv-cinder-804757-25-iscsi devstack@c-api.service[109901]: INFO cinder.api.openstack.wsgi [None req-cd68e2ed-6b21-4776-97b9-50e353973af2 tempest-GroupTypesTest-628152906 tempest-GroupTypesTest-628152906-project-admin] PUT http://10.222.0.15/volume/v3/8f4f9ca5551449c781e8c55ed8b7ca19/group_types/ed77510a-c881-437a-b4cb-810fb1f7a0fa
Mar 08 15:55:52.763193 dv-cinder-804757-25-iscsi devstack@c-api.service[109901]: DEBUG cinder.api.openstack.wsgi [None req-cd68e2ed-6b21-4776-97b9-50e353973af2 tempest-GroupTypesTest-628152906 tempest-GroupTypesTest-628152906-project-admin] Action: 'update', calling method: version_select, body: {"group_type": {"name": "tempest-GroupTypesTest-updated-group-type-1399501499", "description": "updated-group-type-desc"}} {{(pid=109901) _process_stack /opt/stack/cinder/cinder/api/openstack/wsgi.py:866}}
Mar 08 15:55:52.796676 dv-cinder-804757-25-iscsi devstack@c-api.service[109902]: DEBUG cinder.volume.api [None req-c24f67da-07df-49e8-9054-68c04406a891 tempest-GroupsTest-1549621360 tempest-GroupsTest-1549621360-project] Availability zone cache updated, next update will occur around 2022-03-08 16:55:52.796102. {{(pid=109902) list_availability_zones /opt/stack/cinder/cinder/volume/api.py:152}}
Mar 08 15:55:52.797307 dv-cinder-804757-25-iscsi devstack@c-api.service[109902]: INFO cinder.volume.api [None req-c24f67da-07df-49e8-9054-68c04406a891 tempest-GroupsTest-1549621360 tempest-GroupsTest-1549621360-project] Availability Zones retrieved successfully.
Mar 08 15:55:52.800176 dv-cinder-804757-25-iscsi devstack@c-api.service[109901]: INFO cinder.api.openstack.wsgi [None req-cd68e2ed-6b21-4776-97b9-50e353973af2 tempest-GroupTypesTest-628152906 tempest-GroupTypesTest-628152906-project-admin] http://10.222.0.15/volume/v3/8f4f9ca5551449c781e8c55ed8b7ca19/group_types/ed77510a-c881-437a-b4cb-810fb1f7a0fa returned with HTTP 200
Mar 08 15:55:52.801915 dv-cinder-804757-25-iscsi devstack@c-api.service[109901]: [pid: 109901|app: 0|req: 10/21] 10.222.0.15 () {62 vars in 1398 bytes} [Tue Mar 8 15:55:52 2022] PUT /volume/v3/8f4f9ca5551449c781e8c55ed8b7ca19/group_types/ed77510a-c881-437a-b4cb-810fb1f7a0fa => generated 255 bytes in 62 msecs (HTTP/1.1 200) 7 headers in 286 bytes (1 switches on core 0)
Mar 08 15:55:52.803857 dv-cinder-804757-25-iscsi devstack@c-api.service[109901]: DEBUG cinder.api.middleware.request_id [None req-0d174cb5-a7dc-4d3c-9e08-81e4c3ff9692 None None] RequestId filter calling following filter/app {{(pid=109901) _context_setter /opt/stack/cinder/cinder/api/middleware/request_id.py:62}}
Mar 08 15:55:52.825976 dv-cinder-804757-25-iscsi devstack@c-api.service[109902]: DEBUG cinder.quota [None req-c24f67da-07df-49e8-9054-68c04406a891 tempest-GroupsTest-1549621360 tempest-GroupsTest-1549621360-project] Created reservations ['0572bec6-3195-4cc1-8ec9-734998ec26a9'] {{(pid=109902) reserve /opt/stack/cinder/cinder/quota.py:755}}
Mar 08 15:55:52.894720 dv-cinder-804757-25-iscsi devstack@c-api.service[109902]: INFO cinder.api.openstack.wsgi [None req-c24f67da-07df-49e8-9054-68c04406a891 tempest-GroupsTest-1549621360 tempest-GroupsTest-1549621360-project] http://10.222.0.15/volume/v3/017944a8f3b64db8aadb8d6f95e012b7/groups returned with HTTP 202
Mar 08 15:55:52.901192 dv-cinder-804757-25-iscsi devstack@c-api.service[109902]: [pid: 109902|app: 0|req: 12/22] 10.222.0.15 () {62 vars in 1273 bytes} [Tue Mar 8 15:55:52 2022] POST /volume/v3/017944a8f3b64db8aadb8d6f95e012b7/groups => generated 93 bytes in 155 msecs (HTTP/1.1 202) 7 headers in 291 bytes (1 switches on core 0)
Mar 08 15:55:52.903457 dv-cinder-804757-25-iscsi devstack@c-api.service[109902]: DEBUG cinder.api.middleware.request_id [req-5d666389-474f-4cc0-b8bf-ccfa9644b387 req-21e53c3d-fe94-4c41-8e27-4d8f6098edaa None None] RequestId filter calling following filter/app {{(pid=109902) _context_setter /opt/stack/cinder/cinder/api/middleware/request_id.py:62}}
Mar 08 15:55:52.910852 dv-cinder-804757-25-iscsi devstack@c-api.service[109902]: INFO cinder.api.openstack.wsgi [req-5d666389-474f-4cc0-b8bf-ccfa9644b387 req-21e53c3d-fe94-4c41-8e27-4d8f6098edaa tempest-VolumesTestJSON-741807097 tempest-VolumesTestJSON-741807097-project] GET http://10.222.0.15/volume/v3/154b3d63e2ea451786e6447dd39c090d/volumes/931ee31c-7798-4013-b080-5bf76e7c8731
Mar 08 15:55:52.911035 dv-cinder-804757-25-iscsi devstack@c-api.service[109902]: DEBUG cinder.api.openstack.wsgi [req-5d666389-474f-4cc0-b8bf-ccfa9644b387 req-21e53c3d-fe94-4c41-8e27-4d8f6098edaa tempest-VolumesTestJSON-741807097 tempest-VolumesTestJSON-741807097-project] Empty body provided in request {{(pid=109902) get_body /opt/stack/cinder/cinder/api/openstack/wsgi.py:715}}
Mar 08 15:55:52.915782 dv-cinder-804757-25-iscsi devstack@c-api.service[109902]: DEBUG cinder.api.openstack.wsgi [req-5d666389-474f-4cc0-b8bf-ccfa9644b387 req-21e53c3d-fe94-4c41-8e27-4d8f6098edaa tempest-VolumesTestJSON-741807097 tempest-VolumesTestJSON-741807097-project] Calling method 'show' {{(pid=109902) _process_stack /opt/stack/cinder/cinder/api/openstack/wsgi.py:868}}
Mar 08 15:55:52.934617 dv-cinder-804757-25-iscsi devstack@c-api.service[109901]: INFO cinder.api.openstack.wsgi [None req-0d174cb5-a7dc-4d3c-9e08-81e4c3ff9692 tempest-GroupsV320Test-1967781519 tempest-GroupsV320Test-1967781519-project] POST http://10.222.0.15/volume/v3/a6baa07de1b64622b23b1ebb5a1934e4/groups
Mar 08 15:55:52.936358 dv-cinder-804757-25-iscsi devstack@c-api.service[109901]: DEBUG cinder.api.openstack.wsgi [None req-0d174cb5-a7dc-4d3c-9e08-81e4c3ff9692 tempest-GroupsV320Test-1967781519 tempest-GroupsV320Test-1967781519-project] Action: 'create', calling method: version_select, body: {"group": {"group_type": "137eea83-cea7-44dd-917b-9b15b9e9ec07", "volume_types": ["67b17d3d-3778-4b36-92d8-81b09da1c309"], "name": "tempest-GroupsV320Test-Group-1986443863"}} {{(pid=109901) _process_stack /opt/stack/cinder/cinder/api/openstack/wsgi.py:866}}
Mar 08 15:55:52.937886 dv-cinder-804757-25-iscsi devstack@c-api.service[109901]: DEBUG cinder.api.v3.groups [None req-0d174cb5-a7dc-4d3c-9e08-81e4c3ff9692 tempest-GroupsV320Test-1967781519 tempest-GroupsV320Test-1967781519-project] Creating new group {'group': {'group_type': '137eea83-cea7-44dd-917b-9b15b9e9ec07', 'volume_types': ['67b17d3d-3778-4b36-92d8-81b09da1c309'], 'name': 'tempest-GroupsV320Test-Group-1986443863'}} {{(pid=109901) create /opt/stack/cinder/cinder/api/v3/groups.py:190}}
Mar 08 15:55:52.938124 dv-cinder-804757-25-iscsi devstack@c-api.service[109902]: /usr/local/lib/python3.8/dist-packages/oslo_context/context.py:100: DeprecationWarning: Policy enforcement is depending on the value of is_admin. This key is deprecated. Please update your policy file to use the standard policy values.
Mar 08 15:55:52.938124 dv-cinder-804757-25-iscsi devstack@c-api.service[109902]: warnings.warn('Policy enforcement is depending on the value of '
Mar 08 15:55:52.947531 dv-cinder-804757-25-iscsi devstack@c-api.service[109902]: INFO cinder.volume.api [req-5d666389-474f-4cc0-b8bf-ccfa9644b387 req-21e53c3d-fe94-4c41-8e27-4d8f6098edaa tempest-VolumesTestJSON-741807097 tempest-VolumesTestJSON-741807097-project] Volume info retrieved successfully.
Mar 08 15:55:52.953100 dv-cinder-804757-25-iscsi devstack@c-api.service[109901]: INFO cinder.api.v3.groups [None req-0d174cb5-a7dc-4d3c-9e08-81e4c3ff9692 tempest-GroupsV320Test-1967781519 tempest-GroupsV320Test-1967781519-project] Creating group tempest-GroupsV320Test-Group-1986443863.
Mar 08 15:55:52.959593 dv-cinder-804757-25-iscsi devstack@c-api.service[109902]: INFO cinder.api.openstack.wsgi [req-5d666389-474f-4cc0-b8bf-ccfa9644b387 req-21e53c3d-fe94-4c41-8e27-4d8f6098edaa tempest-VolumesTestJSON-741807097 tempest-VolumesTestJSON-741807097-project] http://10.222.0.15/volume/v3/154b3d63e2ea451786e6447dd39c090d/volumes/931ee31c-7798-4013-b080-5bf76e7c8731 returned with HTTP 200
Mar 08 15:55:52.960781 dv-cinder-804757-25-iscsi devstack@c-api.service[109902]: [pid: 109902|app: 0|req: 13/23] 10.222.0.15 () {60 vars in 1578 bytes} [Tue Mar 8 15:55:52 2022] GET /volume/v3/154b3d63e2ea451786e6447dd39c090d/volumes/931ee31c-7798-4013-b080-5bf76e7c8731 => generated 922 bytes in 59 msecs (HTTP/1.1 200) 7 headers in 285 bytes (1 switches on core 0)
Mar 08 15:55:52.963304 dv-cinder-804757-25-iscsi devstack@c-api.service[109902]: DEBUG cinder.api.middleware.request_id [None req-1617b77c-a5be-43f5-bed2-277a7e81f9b1 None None] RequestId filter calling following filter/app {{(pid=109902) _context_setter /opt/stack/cinder/cinder/api/middleware/request_id.py:62}}
Mar 08 15:55:52.970549 dv-cinder-804757-25-iscsi devstack@c-api.service[109902]: INFO cinder.api.openstack.wsgi [None req-1617b77c-a5be-43f5-bed2-277a7e81f9b1 tempest-GroupTypesTest-628152906 tempest-GroupTypesTest-628152906-project-admin] GET http://10.222.0.15/volume/v3/8f4f9ca5551449c781e8c55ed8b7ca19/group_types/ed77510a-c881-437a-b4cb-810fb1f7a0fa
Mar 08 15:55:52.971092 dv-cinder-804757-25-iscsi devstack@c-api.service[109902]: DEBUG cinder.api.openstack.wsgi [None req-1617b77c-a5be-43f5-bed2-277a7e81f9b1 tempest-GroupTypesTest-628152906 tempest-GroupTypesTest-628152906-project-admin] Empty body provided in request {{(pid=109902) get_body /opt/stack/cinder/cinder/api/openstack/wsgi.py:715}}
Mar 08 15:55:52.971581 dv-cinder-804757-25-iscsi devstack@c-api.service[109902]: DEBUG cinder.api.openstack.wsgi [None req-1617b77c-a5be-43f5-bed2-277a7e81f9b1 tempest-GroupTypesTest-628152906 tempest-GroupTypesTest-628152906-project-admin] Calling method 'version_select' {{(pid=109902) _process_stack /opt/stack/cinder/cinder/api/openstack/wsgi.py:868}}
Mar 08 15:55:52.980189 dv-cinder-804757-25-iscsi devstack@c-api.service[109902]: INFO cinder.api.openstack.wsgi [None req-1617b77c-a5be-43f5-bed2-277a7e81f9b1 tempest-GroupTypesTest-628152906 tempest-GroupTypesTest-628152906-project-admin] http://10.222.0.15/volume/v3/8f4f9ca5551449c781e8c55ed8b7ca19/group_types/ed77510a-c881-437a-b4cb-810fb1f7a0fa returned with HTTP 200
Mar 08 15:55:52.981916 dv-cinder-804757-25-iscsi devstack@c-api.service[109901]: INFO cinder.volume.api [None req-0d174cb5-a7dc-4d3c-9e08-81e4c3ff9692 tempest-GroupsV320Test-1967781519 tempest-GroupsV320Test-1967781519-project] Availability Zones retrieved successfully.
Mar 08 15:55:52.986482 dv-cinder-804757-25-iscsi devstack@c-api.service[109902]: [pid: 109902|app: 0|req: 14/24] 10.222.0.15 () {60 vars in 1377 bytes} [Tue Mar 8 15:55:52 2022] GET /volume/v3/8f4f9ca5551449c781e8c55ed8b7ca19/group_types/ed77510a-c881-437a-b4cb-810fb1f7a0fa => generated 255 bytes in 25 msecs (HTTP/1.1 200) 7 headers in 286 bytes (1 switches on core 0)
Mar 08 15:55:52.988845 dv-cinder-804757-25-iscsi devstack@c-api.service[109902]: DEBUG cinder.api.middleware.request_id [None req-ff605130-e606-4e4f-bf99-75b04029b27b None None] RequestId filter calling following filter/app {{(pid=109902) _context_setter /opt/stack/cinder/cinder/api/middleware/request_id.py:62}}
Mar 08 15:55:52.993295 dv-cinder-804757-25-iscsi devstack@c-api.service[109902]: INFO cinder.api.openstack.wsgi [None req-ff605130-e606-4e4f-bf99-75b04029b27b tempest-GroupsTest-1549621360 tempest-GroupsTest-1549621360-project] GET http://10.222.0.15/volume/v3/017944a8f3b64db8aadb8d6f95e012b7/groups/8b0522c4-59c4-4e43-a338-ce42ebf06b78
Mar 08 15:55:52.993822 dv-cinder-804757-25-iscsi devstack@c-api.service[109902]: DEBUG cinder.api.openstack.wsgi [None req-ff605130-e606-4e4f-bf99-75b04029b27b tempest-GroupsTest-1549621360 tempest-GroupsTest-1549621360-project] Empty body provided in request {{(pid=109902) get_body /opt/stack/cinder/cinder/api/openstack/wsgi.py:715}}
Mar 08 15:55:52.994673 dv-cinder-804757-25-iscsi devstack@c-api.service[109902]: DEBUG cinder.api.openstack.wsgi [None req-ff605130-e606-4e4f-bf99-75b04029b27b tempest-GroupsTest-1549621360 tempest-GroupsTest-1549621360-project] Calling method 'version_select' {{(pid=109902) _process_stack /opt/stack/cinder/cinder/api/openstack/wsgi.py:868}}
Mar 08 15:55:52.994673 dv-cinder-804757-25-iscsi devstack@c-api.service[109902]: DEBUG cinder.api.v3.groups [None req-ff605130-e606-4e4f-bf99-75b04029b27b tempest-GroupsTest-1549621360 tempest-GroupsTest-1549621360-project] show called for member 8b0522c4-59c4-4e43-a338-ce42ebf06b78 {{(pid=109902) show /opt/stack/cinder/cinder/api/v3/groups.py:58}}
Mar 08 15:55:53.001529 dv-cinder-804757-25-iscsi devstack@c-api.service[109902]: /usr/local/lib/python3.8/dist-packages/oslo_context/context.py:100: DeprecationWarning: Policy enforcement is depending on the value of is_admin. This key is deprecated. Please update your policy file to use the standard policy values.
Mar 08 15:55:53.001529 dv-cinder-804757-25-iscsi devstack@c-api.service[109902]: warnings.warn('Policy enforcement is depending on the value of '
Mar 08 15:55:53.045606 dv-cinder-804757-25-iscsi devstack@c-api.service[109901]: DEBUG cinder.quota [None req-0d174cb5-a7dc-4d3c-9e08-81e4c3ff9692 tempest-GroupsV320Test-1967781519 tempest-GroupsV320Test-1967781519-project] Created reservations ['3327f197-666c-4456-903d-33444cf5f2d5'] {{(pid=109901) reserve /opt/stack/cinder/cinder/quota.py:755}}
Mar 08 15:55:53.058918 dv-cinder-804757-25-iscsi devstack@c-api.service[109902]: INFO cinder.api.openstack.wsgi [None req-ff605130-e606-4e4f-bf99-75b04029b27b tempest-GroupsTest-1549621360 tempest-GroupsTest-1549621360-project] http://10.222.0.15/volume/v3/017944a8f3b64db8aadb8d6f95e012b7/groups/8b0522c4-59c4-4e43-a338-ce42ebf06b78 returned with HTTP 200
Mar 08 15:55:53.065802 dv-cinder-804757-25-iscsi devstack@c-api.service[109902]: [pid: 109902|app: 0|req: 15/25] 10.222.0.15 () {60 vars in 1362 bytes} [Tue Mar 8 15:55:52 2022] GET /volume/v3/017944a8f3b64db8aadb8d6f95e012b7/groups/8b0522c4-59c4-4e43-a338-ce42ebf06b78 => generated 321 bytes in 78 msecs (HTTP/1.1 200) 7 headers in 286 bytes (1 switches on core 0)
Mar 08 15:55:53.069597 dv-cinder-804757-25-iscsi devstack@c-api.service[109902]: DEBUG cinder.api.middleware.request_id [None req-cbc7c530-b725-4874-b801-769fa18a02a2 None None] RequestId filter calling following filter/app {{(pid=109902) _context_setter /opt/stack/cinder/cinder/api/middleware/request_id.py:62}}
Mar 08 15:55:53.094892 dv-cinder-804757-25-iscsi devstack@c-api.service[109902]: INFO cinder.api.openstack.wsgi [None req-cbc7c530-b725-4874-b801-769fa18a02a2 tempest-VolumesTestJSON-741807097 tempest-VolumesTestJSON-741807097-project] POST http://10.222.0.15/volume/v3/154b3d63e2ea451786e6447dd39c090d/volumes
Mar 08 15:55:53.097231 dv-cinder-804757-25-iscsi devstack@c-api.service[109902]: DEBUG cinder.api.openstack.wsgi [None req-cbc7c530-b725-4874-b801-769fa18a02a2 tempest-VolumesTestJSON-741807097 tempest-VolumesTestJSON-741807097-project] Action: 'create', calling method: create, body: {"volume": {"metadata": {"Type": "work"}, "size": 1, "display_name": "tempest-VolumesTestJSON-volume-635857249"}} {{(pid=109902) _process_stack /opt/stack/cinder/cinder/api/openstack/wsgi.py:866}}
Mar 08 15:55:53.100416 dv-cinder-804757-25-iscsi devstack@c-api.service[109902]: DEBUG cinder.api.v3.volumes [None req-cbc7c530-b725-4874-b801-769fa18a02a2 tempest-VolumesTestJSON-741807097 tempest-VolumesTestJSON-741807097-project] Create volume request body: {'volume': {'metadata': {'Type': 'work'}, 'size': 1, 'display_name': 'tempest-VolumesTestJSON-volume-635857249'}} {{(pid=109902) create /opt/stack/cinder/cinder/api/v3/volumes.py:298}}
Mar 08 15:55:53.102034 dv-cinder-804757-25-iscsi devstack@c-api.service[109902]: INFO cinder.api.v3.volumes [None req-cbc7c530-b725-4874-b801-769fa18a02a2 tempest-VolumesTestJSON-741807097 tempest-VolumesTestJSON-741807097-project] Create volume of 1 GB
Mar 08 15:55:53.104946 dv-cinder-804757-25-iscsi devstack@c-api.service[109902]: /usr/local/lib/python3.8/dist-packages/oslo_context/context.py:100: DeprecationWarning: Policy enforcement is depending on the value of is_admin. This key is deprecated. Please update your policy file to use the standard policy values.
Mar 08 15:55:53.104946 dv-cinder-804757-25-iscsi devstack@c-api.service[109902]: warnings.warn('Policy enforcement is depending on the value of '
Mar 08 15:55:53.123664 dv-cinder-804757-25-iscsi devstack@c-api.service[109902]: INFO cinder.volume.api [None req-cbc7c530-b725-4874-b801-769fa18a02a2 tempest-VolumesTestJSON-741807097 tempest-VolumesTestJSON-741807097-project] Availability Zones retrieved successfully.
Mar 08 15:55:53.175391 dv-cinder-804757-25-iscsi devstack@c-api.service[109901]: INFO cinder.api.openstack.wsgi [None req-0d174cb5-a7dc-4d3c-9e08-81e4c3ff9692 tempest-GroupsV320Test-1967781519 tempest-GroupsV320Test-1967781519-project] http://10.222.0.15/volume/v3/a6baa07de1b64622b23b1ebb5a1934e4/groups returned with HTTP 202
Mar 08 15:55:53.182864 dv-cinder-804757-25-iscsi devstack@c-api.service[109901]: [pid: 109901|app: 0|req: 11/26] 10.222.0.15 () {62 vars in 1273 bytes} [Tue Mar 8 15:55:52 2022] POST /volume/v3/a6baa07de1b64622b23b1ebb5a1934e4/groups => generated 108 bytes in 380 msecs (HTTP/1.1 202) 7 headers in 292 bytes (1 switches on core 0)
Mar 08 15:55:53.188961 dv-cinder-804757-25-iscsi devstack@c-api.service[109901]: DEBUG cinder.api.middleware.request_id [None req-bc5a1166-7e54-415a-85fb-c647d4d1a990 None None] RequestId filter calling following filter/app {{(pid=109901) _context_setter /opt/stack/cinder/cinder/api/middleware/request_id.py:62}}
Mar 08 15:55:53.192718 dv-cinder-804757-25-iscsi devstack@c-api.service[109902]: DEBUG cinder.volume.api [None req-cbc7c530-b725-4874-b801-769fa18a02a2 tempest-VolumesTestJSON-741807097 tempest-VolumesTestJSON-741807097-project] Flow 'volume_create_api' (4ffea631-7359-49dc-b5e9-e6a9a8b08d9d) transitioned into state 'RUNNING' from state 'PENDING' {{(pid=109902) _flow_receiver /usr/local/lib/python3.8/dist-packages/taskflow/listeners/logging.py:141}}
Mar 08 15:55:53.202876 dv-cinder-804757-25-iscsi devstack@c-api.service[109902]: DEBUG cinder.volume.api [None req-cbc7c530-b725-4874-b801-769fa18a02a2 tempest-VolumesTestJSON-741807097 tempest-VolumesTestJSON-741807097-project] Task 'cinder.volume.flows.api.create_volume.ExtractVolumeRequestTask;volume:create' (d4d91b33-2be9-4266-8c33-1ff8df708d94) transitioned into state 'RUNNING' from state 'PENDING' {{(pid=109902) _task_receiver /usr/local/lib/python3.8/dist-packages/taskflow/listeners/logging.py:190}}
Mar 08 15:55:53.209312 dv-cinder-804757-25-iscsi devstack@c-api.service[109901]: INFO cinder.api.openstack.wsgi [None req-bc5a1166-7e54-415a-85fb-c647d4d1a990 tempest-GroupTypesTest-628152906 tempest-GroupTypesTest-628152906-project-admin] DELETE http://10.222.0.15/volume/v3/8f4f9ca5551449c781e8c55ed8b7ca19/group_types/ed77510a-c881-437a-b4cb-810fb1f7a0fa
Mar 08 15:55:53.210183 dv-cinder-804757-25-iscsi devstack@c-api.service[109901]: DEBUG cinder.api.openstack.wsgi [None req-bc5a1166-7e54-415a-85fb-c647d4d1a990 tempest-GroupTypesTest-628152906 tempest-GroupTypesTest-628152906-project-admin] Empty body provided in request {{(pid=109901) get_body /opt/stack/cinder/cinder/api/openstack/wsgi.py:715}}
Mar 08 15:55:53.210689 dv-cinder-804757-25-iscsi devstack@c-api.service[109901]: DEBUG cinder.api.openstack.wsgi [None req-bc5a1166-7e54-415a-85fb-c647d4d1a990 tempest-GroupTypesTest-628152906 tempest-GroupTypesTest-628152906-project-admin] Calling method 'version_select' {{(pid=109901) _process_stack /opt/stack/cinder/cinder/api/openstack/wsgi.py:868}}
Mar 08 15:55:53.211577 dv-cinder-804757-25-iscsi devstack@c-api.service[109901]: /usr/local/lib/python3.8/dist-packages/oslo_context/context.py:100: DeprecationWarning: Policy enforcement is depending on the value of is_admin. This key is deprecated. Please update your policy file to use the standard policy values.
Mar 08 15:55:53.211577 dv-cinder-804757-25-iscsi devstack@c-api.service[109901]: warnings.warn('Policy enforcement is depending on the value of '
Mar 08 15:55:53.212614 dv-cinder-804757-25-iscsi devstack@c-api.service[109902]: DEBUG cinder.volume.flows.api.create_volume [None req-cbc7c530-b725-4874-b801-769fa18a02a2 tempest-VolumesTestJSON-741807097 tempest-VolumesTestJSON-741807097-project] Validating volume size '1' using validate_int {{(pid=109902) _extract_size /opt/stack/cinder/cinder/volume/flows/api/create_volume.py:225}}
Mar 08 15:55:53.283450 dv-cinder-804757-25-iscsi devstack@c-api.service[109901]: INFO cinder.api.openstack.wsgi [None req-bc5a1166-7e54-415a-85fb-c647d4d1a990 tempest-GroupTypesTest-628152906 tempest-GroupTypesTest-628152906-project-admin] http://10.222.0.15/volume/v3/8f4f9ca5551449c781e8c55ed8b7ca19/group_types/ed77510a-c881-437a-b4cb-810fb1f7a0fa returned with HTTP 202
Mar 08 15:55:53.284552 dv-cinder-804757-25-iscsi devstack@c-api.service[109901]: [pid: 109901|app: 0|req: 12/27] 10.222.0.15 () {60 vars in 1380 bytes} [Tue Mar 8 15:55:53 2022] DELETE /volume/v3/8f4f9ca5551449c781e8c55ed8b7ca19/group_types/ed77510a-c881-437a-b4cb-810fb1f7a0fa => generated 0 bytes in 101 msecs (HTTP/1.1 202) 6 headers in 234 bytes (1 switches on core 0)
Mar 08 15:55:53.296627 dv-cinder-804757-25-iscsi devstack@c-api.service[109901]: DEBUG cinder.api.middleware.request_id [req-8d0990bb-c369-42c0-ad92-8518ab2aa496 req-e89cfbe9-e5d8-402c-ba26-b982d3fa048c None None] RequestId filter calling following filter/app {{(pid=109901) _context_setter /opt/stack/cinder/cinder/api/middleware/request_id.py:62}}
Mar 08 15:55:53.301453 dv-cinder-804757-25-iscsi devstack@c-api.service[109901]: INFO cinder.api.openstack.wsgi [req-8d0990bb-c369-42c0-ad92-8518ab2aa496 req-e89cfbe9-e5d8-402c-ba26-b982d3fa048c tempest-VolumesGetTestJSON-451912548 tempest-VolumesGetTestJSON-451912548-project] GET http://10.222.0.15/volume/v3/636def83f02a4aeebb90bf92fda043f7/volumes/322c6137-96a6-45a3-921a-208953b5705f
