Mar 07 16:50:04.274224 dv-cinder-804757-24-smb devstack@placement-api.service[109897]: DEBUG placement.objects.research_context [req-e9a29724-31b4-4c51-8f4c-8ab02793356b req-c3559dd6-6fe4-44f4-a7a7-35fd14bc3e3f service placement] found 1 providers after filtering by previous result {{(pid=109897) get_provider_ids_matching /opt/stack/placement/placement/objects/research_context.py:590}}
Mar 07 16:50:04.274527 dv-cinder-804757-24-smb devstack@placement-api.service[109897]: DEBUG placement.objects.research_context [req-e9a29724-31b4-4c51-8f4c-8ab02793356b req-c3559dd6-6fe4-44f4-a7a7-35fd14bc3e3f service placement] found 1 providers with available 1 VCPU {{(pid=109897) get_provider_ids_matching /opt/stack/placement/placement/objects/research_context.py:559}}
Mar 07 16:50:04.274747 dv-cinder-804757-24-smb devstack@placement-api.service[109897]: DEBUG placement.objects.research_context [req-e9a29724-31b4-4c51-8f4c-8ab02793356b req-c3559dd6-6fe4-44f4-a7a7-35fd14bc3e3f service placement] found 1 providers after filtering by previous result {{(pid=109897) get_provider_ids_matching /opt/stack/placement/placement/objects/research_context.py:590}}
Mar 07 16:50:04.324742 dv-cinder-804757-24-smb devstack@placement-api.service[109897]: DEBUG placement.objects.allocation_candidate [req-e9a29724-31b4-4c51-8f4c-8ab02793356b req-c3559dd6-6fe4-44f4-a7a7-35fd14bc3e3f service placement] RequestGroup(use_same_provider=False, resources={DISK_GB:1, MEMORY_MB:1024, VCPU:1}, traits=(), aggregates=[]) (suffix '') returned 1 matches {{(pid=109897) _get_by_requests /opt/stack/placement/placement/objects/allocation_candidate.py:156}}
Mar 07 16:50:04.325278 dv-cinder-804757-24-smb devstack@placement-api.service[109897]: DEBUG placement.objects.allocation_candidate [req-e9a29724-31b4-4c51-8f4c-8ab02793356b req-c3559dd6-6fe4-44f4-a7a7-35fd14bc3e3f service placement] Merging candidates yields 1 allocation requests and 1 provider summaries {{(pid=109897) _merge_candidates /opt/stack/placement/placement/objects/allocation_candidate.py:809}}
Mar 07 16:50:04.343985 dv-cinder-804757-24-smb devstack@placement-api.service[109897]: INFO placement.requestlog [req-e9a29724-31b4-4c51-8f4c-8ab02793356b req-c3559dd6-6fe4-44f4-a7a7-35fd14bc3e3f service placement] 10.222.0.60 "GET /placement/allocation_candidates?limit=1000&resources=DISK_GB%3A1%2CMEMORY_MB%3A1024%2CVCPU%3A1&root_required=%21COMPUTE_STATUS_DISABLED" status: 200 len: 767 microversion: 1.36
Mar 07 16:50:04.358521 dv-cinder-804757-24-smb devstack@placement-api.service[109897]: [pid: 109897|app: 0|req: 9/19] 10.222.0.60 () {60 vars in 1506 bytes} [Mon Mar 7 16:50:04 2022] GET /placement/allocation_candidates?limit=1000&resources=DISK_GB%3A1%2CMEMORY_MB%3A1024%2CVCPU%3A1&root_required=%21COMPUTE_STATUS_DISABLED => generated 767 bytes in 231 msecs (HTTP/1.1 200) 8 headers in 296 bytes (2 switches on core 0)
Mar 07 16:50:04.398416 dv-cinder-804757-24-smb devstack@placement-api.service[109896]: DEBUG placement.requestlog [req-c2e45c9f-c481-422b-9c2b-cd160b44339a req-16a7438a-6058-4a84-990b-1b928c46d872 None None] Starting request: 10.222.0.60 "GET /placement/allocations/ba4b09b0-c577-42e2-8098-71d7698df6e7" {{(pid=109896) __call__ /opt/stack/placement/placement/requestlog.py:55}}
Mar 07 16:50:04.439247 dv-cinder-804757-24-smb devstack@placement-api.service[109896]: INFO placement.requestlog [req-c2e45c9f-c481-422b-9c2b-cd160b44339a req-16a7438a-6058-4a84-990b-1b928c46d872 service placement] 10.222.0.60 "GET /placement/allocations/ba4b09b0-c577-42e2-8098-71d7698df6e7" status: 200 len: 19 microversion: 1.28
Mar 07 16:50:04.441637 dv-cinder-804757-24-smb devstack@placement-api.service[109896]: [pid: 109896|app: 0|req: 11/20] 10.222.0.60 () {60 vars in 1380 bytes} [Mon Mar 7 16:50:04 2022] GET /placement/allocations/ba4b09b0-c577-42e2-8098-71d7698df6e7 => generated 19 bytes in 43 msecs (HTTP/1.1 200) 8 headers in 295 bytes (1 switches on core 0)
Mar 07 16:50:04.445555 dv-cinder-804757-24-smb devstack@placement-api.service[109897]: DEBUG placement.requestlog [req-e9a29724-31b4-4c51-8f4c-8ab02793356b req-d6299787-23a0-4fc8-b228-b8fe50bc26a5 None None] Starting request: 10.222.0.60 "GET /placement/allocations/78b5ea38-849b-46ed-aae1-39d0b6224df0" {{(pid=109897) __call__ /opt/stack/placement/placement/requestlog.py:55}}
Mar 07 16:50:04.455662 dv-cinder-804757-24-smb devstack@placement-api.service[109896]: DEBUG placement.requestlog [req-c2e45c9f-c481-422b-9c2b-cd160b44339a req-45009bad-5465-4f58-8ff4-0c2fa236cef5 None None] Starting request: 10.222.0.60 "PUT /placement/allocations/ba4b09b0-c577-42e2-8098-71d7698df6e7" {{(pid=109896) __call__ /opt/stack/placement/placement/requestlog.py:55}}
Mar 07 16:50:04.485955 dv-cinder-804757-24-smb devstack@placement-api.service[109897]: INFO placement.requestlog [req-e9a29724-31b4-4c51-8f4c-8ab02793356b req-d6299787-23a0-4fc8-b228-b8fe50bc26a5 service placement] 10.222.0.60 "GET /placement/allocations/78b5ea38-849b-46ed-aae1-39d0b6224df0" status: 200 len: 19 microversion: 1.28
Mar 07 16:50:04.486376 dv-cinder-804757-24-smb devstack@placement-api.service[109897]: [pid: 109897|app: 0|req: 10/21] 10.222.0.60 () {60 vars in 1380 bytes} [Mon Mar 7 16:50:04 2022] GET /placement/allocations/78b5ea38-849b-46ed-aae1-39d0b6224df0 => generated 19 bytes in 42 msecs (HTTP/1.1 200) 8 headers in 295 bytes (1 switches on core 0)
Mar 07 16:50:04.495115 dv-cinder-804757-24-smb devstack@placement-api.service[109897]: DEBUG placement.requestlog [req-e9a29724-31b4-4c51-8f4c-8ab02793356b req-f38b6731-c09f-4628-8849-36207486299e None None] Starting request: 10.222.0.60 "PUT /placement/allocations/78b5ea38-849b-46ed-aae1-39d0b6224df0" {{(pid=109897) __call__ /opt/stack/placement/placement/requestlog.py:55}}
Mar 07 16:50:04.693079 dv-cinder-804757-24-smb devstack@placement-api.service[109896]: DEBUG placement.handlers.allocation [req-c2e45c9f-c481-422b-9c2b-cd160b44339a req-45009bad-5465-4f58-8ff4-0c2fa236cef5 service placement] Successfully wrote allocations [, , ] {{(pid=109896) _update_consumers_and_create_allocations /opt/stack/placement/placement/handlers/allocation.py:462}}
Mar 07 16:50:04.702345 dv-cinder-804757-24-smb devstack@placement-api.service[109896]: INFO placement.requestlog [req-c2e45c9f-c481-422b-9c2b-cd160b44339a req-45009bad-5465-4f58-8ff4-0c2fa236cef5 service placement] 10.222.0.60 "PUT /placement/allocations/ba4b09b0-c577-42e2-8098-71d7698df6e7" status: 204 len: 0 microversion: 1.36
Mar 07 16:50:04.704518 dv-cinder-804757-24-smb devstack@placement-api.service[109896]: [pid: 109896|app: 0|req: 12/22] 10.222.0.60 () {64 vars in 1433 bytes} [Mon Mar 7 16:50:04 2022] PUT /placement/allocations/ba4b09b0-c577-42e2-8098-71d7698df6e7 => generated 0 bytes in 249 msecs (HTTP/1.1 204) 5 headers in 199 bytes (1 switches on core 0)
Mar 07 16:50:04.734772 dv-cinder-804757-24-smb devstack@placement-api.service[109897]: DEBUG placement.objects.allocation [req-e9a29724-31b4-4c51-8f4c-8ab02793356b req-f38b6731-c09f-4628-8849-36207486299e service placement] Retrying allocations write on resource provider generation conflict {{(pid=109897) replace_all /opt/stack/placement/placement/objects/allocation.py:507}}
Mar 07 16:50:04.822320 dv-cinder-804757-24-smb devstack@placement-api.service[109897]: DEBUG placement.handlers.allocation [req-e9a29724-31b4-4c51-8f4c-8ab02793356b req-f38b6731-c09f-4628-8849-36207486299e service placement] Successfully wrote allocations [, , ] {{(pid=109897) _update_consumers_and_create_allocations /opt/stack/placement/placement/handlers/allocation.py:462}}
Mar 07 16:50:04.832042 dv-cinder-804757-24-smb devstack@placement-api.service[109897]: INFO placement.requestlog [req-e9a29724-31b4-4c51-8f4c-8ab02793356b req-f38b6731-c09f-4628-8849-36207486299e service placement] 10.222.0.60 "PUT /placement/allocations/78b5ea38-849b-46ed-aae1-39d0b6224df0" status: 204 len: 0 microversion: 1.36
Mar 07 16:50:04.846571 dv-cinder-804757-24-smb devstack@placement-api.service[109897]: [pid: 109897|app: 0|req: 11/23] 10.222.0.60 () {64 vars in 1433 bytes} [Mon Mar 7 16:50:04 2022] PUT /placement/allocations/78b5ea38-849b-46ed-aae1-39d0b6224df0 => generated 0 bytes in 339 msecs (HTTP/1.1 204) 5 headers in 199 bytes (2 switches on core 0)
Mar 07 16:50:05.527342 dv-cinder-804757-24-smb devstack@placement-api.service[109896]: DEBUG placement.requestlog [req-e9a29724-31b4-4c51-8f4c-8ab02793356b req-cceadf42-511f-4326-bc48-457ef48a1919 None None] Starting request: 10.222.0.49 "GET /placement/allocations/78b5ea38-849b-46ed-aae1-39d0b6224df0" {{(pid=109896) __call__ /opt/stack/placement/placement/requestlog.py:55}}
Mar 07 16:50:05.610573 dv-cinder-804757-24-smb devstack@placement-api.service[109896]: INFO placement.requestlog [req-e9a29724-31b4-4c51-8f4c-8ab02793356b req-cceadf42-511f-4326-bc48-457ef48a1919 service placement] 10.222.0.49 "GET /placement/allocations/78b5ea38-849b-46ed-aae1-39d0b6224df0" status: 200 len: 258 microversion: 1.28
Mar 07 16:50:05.616462 dv-cinder-804757-24-smb devstack@placement-api.service[109896]: [pid: 109896|app: 0|req: 13/24] 10.222.0.49 () {60 vars in 1377 bytes} [Mon Mar 7 16:50:05 2022] GET /placement/allocations/78b5ea38-849b-46ed-aae1-39d0b6224df0 => generated 258 bytes in 90 msecs (HTTP/1.1 200) 8 headers in 296 bytes (1 switches on core 0)
Mar 07 16:50:06.213642 dv-cinder-804757-24-smb devstack@placement-api.service[109897]: DEBUG placement.requestlog [req-c2e45c9f-c481-422b-9c2b-cd160b44339a req-e1f52b5b-d78f-4239-97a7-bf5fc0a69a08 None None] Starting request: 10.222.0.49 "GET /placement/allocations/ba4b09b0-c577-42e2-8098-71d7698df6e7" {{(pid=109897) __call__ /opt/stack/placement/placement/requestlog.py:55}}
Mar 07 16:50:06.256561 dv-cinder-804757-24-smb devstack@placement-api.service[109897]: INFO placement.requestlog [req-c2e45c9f-c481-422b-9c2b-cd160b44339a req-e1f52b5b-d78f-4239-97a7-bf5fc0a69a08 service placement] 10.222.0.49 "GET /placement/allocations/ba4b09b0-c577-42e2-8098-71d7698df6e7" status: 200 len: 258 microversion: 1.28
Mar 07 16:50:06.260363 dv-cinder-804757-24-smb devstack@placement-api.service[109897]: [pid: 109897|app: 0|req: 12/25] 10.222.0.49 () {60 vars in 1377 bytes} [Mon Mar 7 16:50:06 2022] GET /placement/allocations/ba4b09b0-c577-42e2-8098-71d7698df6e7 => generated 258 bytes in 47 msecs (HTTP/1.1 200) 8 headers in 296 bytes (1 switches on core 0)
Mar 07 16:50:06.483597 dv-cinder-804757-24-smb devstack@placement-api.service[109896]: DEBUG placement.requestlog [req-ff45bbc8-4aa9-41bd-b7b7-04ae55fe617c req-ce2f3d96-e5a5-4bd3-bba0-f309c0e08f49 None None] Starting request: 10.222.0.60 "GET /placement/allocation_candidates?limit=1000&resources=DISK_GB%3A1%2CMEMORY_MB%3A1024%2CVCPU%3A1&root_required=%21COMPUTE_STATUS_DISABLED" {{(pid=109896) __call__ /opt/stack/placement/placement/requestlog.py:55}}
Mar 07 16:50:06.585702 dv-cinder-804757-24-smb devstack@placement-api.service[109896]: DEBUG placement.objects.research_context [req-ff45bbc8-4aa9-41bd-b7b7-04ae55fe617c req-ce2f3d96-e5a5-4bd3-bba0-f309c0e08f49 service placement] getting providers with 1 DISK_GB {{(pid=109896) __init__ /opt/stack/placement/placement/objects/research_context.py:136}}
Mar 07 16:50:06.616881 dv-cinder-804757-24-smb devstack@placement-api.service[109896]: DEBUG placement.objects.research_context [req-ff45bbc8-4aa9-41bd-b7b7-04ae55fe617c req-ce2f3d96-e5a5-4bd3-bba0-f309c0e08f49 service placement] getting providers with 1024 MEMORY_MB {{(pid=109896) __init__ /opt/stack/placement/placement/objects/research_context.py:136}}
Mar 07 16:50:06.637360 dv-cinder-804757-24-smb devstack@placement-api.service[109896]: DEBUG placement.objects.research_context [req-ff45bbc8-4aa9-41bd-b7b7-04ae55fe617c req-ce2f3d96-e5a5-4bd3-bba0-f309c0e08f49 service placement] getting providers with 1 VCPU {{(pid=109896) __init__ /opt/stack/placement/placement/objects/research_context.py:136}}
Mar 07 16:50:06.646899 dv-cinder-804757-24-smb devstack@placement-api.service[109896]: DEBUG placement.objects.research_context [req-ff45bbc8-4aa9-41bd-b7b7-04ae55fe617c req-ce2f3d96-e5a5-4bd3-bba0-f309c0e08f49 service placement] found 1 providers with available 1 DISK_GB {{(pid=109896) get_provider_ids_matching /opt/stack/placement/placement/objects/research_context.py:559}}
Mar 07 16:50:06.647176 dv-cinder-804757-24-smb devstack@placement-api.service[109896]: DEBUG placement.objects.research_context [req-ff45bbc8-4aa9-41bd-b7b7-04ae55fe617c req-ce2f3d96-e5a5-4bd3-bba0-f309c0e08f49 service placement] found 1 providers with available 1024 MEMORY_MB {{(pid=109896) get_provider_ids_matching /opt/stack/placement/placement/objects/research_context.py:559}}
Mar 07 16:50:06.647488 dv-cinder-804757-24-smb devstack@placement-api.service[109896]: DEBUG placement.objects.research_context [req-ff45bbc8-4aa9-41bd-b7b7-04ae55fe617c req-ce2f3d96-e5a5-4bd3-bba0-f309c0e08f49 service placement] found 1 providers after filtering by previous result {{(pid=109896) get_provider_ids_matching /opt/stack/placement/placement/objects/research_context.py:590}}
Mar 07 16:50:06.647708 dv-cinder-804757-24-smb devstack@placement-api.service[109896]: DEBUG placement.objects.research_context [req-ff45bbc8-4aa9-41bd-b7b7-04ae55fe617c req-ce2f3d96-e5a5-4bd3-bba0-f309c0e08f49 service placement] found 1 providers with available 1 VCPU {{(pid=109896) get_provider_ids_matching /opt/stack/placement/placement/objects/research_context.py:559}}
Mar 07 16:50:06.648022 dv-cinder-804757-24-smb devstack@placement-api.service[109896]: DEBUG placement.objects.research_context [req-ff45bbc8-4aa9-41bd-b7b7-04ae55fe617c req-ce2f3d96-e5a5-4bd3-bba0-f309c0e08f49 service placement] found 1 providers after filtering by previous result {{(pid=109896) get_provider_ids_matching /opt/stack/placement/placement/objects/research_context.py:590}}
Mar 07 16:50:06.662496 dv-cinder-804757-24-smb devstack@placement-api.service[109896]: DEBUG placement.objects.allocation_candidate [req-ff45bbc8-4aa9-41bd-b7b7-04ae55fe617c req-ce2f3d96-e5a5-4bd3-bba0-f309c0e08f49 service placement] RequestGroup(use_same_provider=False, resources={DISK_GB:1, MEMORY_MB:1024, VCPU:1}, traits=(), aggregates=[]) (suffix '') returned 1 matches {{(pid=109896) _get_by_requests /opt/stack/placement/placement/objects/allocation_candidate.py:156}}
Mar 07 16:50:06.662929 dv-cinder-804757-24-smb devstack@placement-api.service[109896]: DEBUG placement.objects.allocation_candidate [req-ff45bbc8-4aa9-41bd-b7b7-04ae55fe617c req-ce2f3d96-e5a5-4bd3-bba0-f309c0e08f49 service placement] Merging candidates yields 1 allocation requests and 1 provider summaries {{(pid=109896) _merge_candidates /opt/stack/placement/placement/objects/allocation_candidate.py:809}}
Mar 07 16:50:06.665133 dv-cinder-804757-24-smb devstack@placement-api.service[109896]: INFO placement.requestlog [req-ff45bbc8-4aa9-41bd-b7b7-04ae55fe617c req-ce2f3d96-e5a5-4bd3-bba0-f309c0e08f49 service placement] 10.222.0.60 "GET /placement/allocation_candidates?limit=1000&resources=DISK_GB%3A1%2CMEMORY_MB%3A1024%2CVCPU%3A1&root_required=%21COMPUTE_STATUS_DISABLED" status: 200 len: 767 microversion: 1.36
Mar 07 16:50:06.665535 dv-cinder-804757-24-smb devstack@placement-api.service[109896]: [pid: 109896|app: 0|req: 14/26] 10.222.0.60 () {60 vars in 1506 bytes} [Mon Mar 7 16:50:06 2022] GET /placement/allocation_candidates?limit=1000&resources=DISK_GB%3A1%2CMEMORY_MB%3A1024%2CVCPU%3A1&root_required=%21COMPUTE_STATUS_DISABLED => generated 767 bytes in 183 msecs (HTTP/1.1 200) 8 headers in 296 bytes (1 switches on core 0)
Mar 07 16:50:06.725532 dv-cinder-804757-24-smb devstack@placement-api.service[109897]: DEBUG placement.requestlog [req-ff45bbc8-4aa9-41bd-b7b7-04ae55fe617c req-7e58e5f0-e1db-4419-89fe-9bb1fbf4d786 None None] Starting request: 10.222.0.60 "GET /placement/allocations/5fef1c36-d839-411b-a222-7524e6bcd805" {{(pid=109897) __call__ /opt/stack/placement/placement/requestlog.py:55}}
Mar 07 16:50:06.753964 dv-cinder-804757-24-smb devstack@placement-api.service[109897]: INFO placement.requestlog [req-ff45bbc8-4aa9-41bd-b7b7-04ae55fe617c req-7e58e5f0-e1db-4419-89fe-9bb1fbf4d786 service placement] 10.222.0.60 "GET /placement/allocations/5fef1c36-d839-411b-a222-7524e6bcd805" status: 200 len: 19 microversion: 1.28
Mar 07 16:50:06.755573 dv-cinder-804757-24-smb devstack@placement-api.service[109897]: [pid: 109897|app: 0|req: 13/27] 10.222.0.60 () {60 vars in 1380 bytes} [Mon Mar 7 16:50:06 2022] GET /placement/allocations/5fef1c36-d839-411b-a222-7524e6bcd805 => generated 19 bytes in 31 msecs (HTTP/1.1 200) 8 headers in 295 bytes (1 switches on core 0)
Mar 07 16:50:06.765533 dv-cinder-804757-24-smb devstack@placement-api.service[109896]: DEBUG placement.requestlog [req-ff45bbc8-4aa9-41bd-b7b7-04ae55fe617c req-6d17c7af-640e-4409-ab58-46e6d9ad773c None None] Starting request: 10.222.0.60 "PUT /placement/allocations/5fef1c36-d839-411b-a222-7524e6bcd805" {{(pid=109896) __call__ /opt/stack/placement/placement/requestlog.py:55}}
Mar 07 16:50:06.965968 dv-cinder-804757-24-smb devstack@placement-api.service[109896]: DEBUG placement.handlers.allocation [req-ff45bbc8-4aa9-41bd-b7b7-04ae55fe617c req-6d17c7af-640e-4409-ab58-46e6d9ad773c service placement] Successfully wrote allocations [, , ] {{(pid=109896) _update_consumers_and_create_allocations /opt/stack/placement/placement/handlers/allocation.py:462}}
Mar 07 16:50:06.973921 dv-cinder-804757-24-smb devstack@placement-api.service[109896]: INFO placement.requestlog [req-ff45bbc8-4aa9-41bd-b7b7-04ae55fe617c req-6d17c7af-640e-4409-ab58-46e6d9ad773c service placement] 10.222.0.60 "PUT /placement/allocations/5fef1c36-d839-411b-a222-7524e6bcd805" status: 204 len: 0 microversion: 1.36
Mar 07 16:50:06.974844 dv-cinder-804757-24-smb devstack@placement-api.service[109896]: [pid: 109896|app: 0|req: 15/28] 10.222.0.60 () {64 vars in 1433 bytes} [Mon Mar 7 16:50:06 2022] PUT /placement/allocations/5fef1c36-d839-411b-a222-7524e6bcd805 => generated 0 bytes in 210 msecs (HTTP/1.1 204) 5 headers in 199 bytes (1 switches on core 0)
Mar 07 16:50:07.580987 dv-cinder-804757-24-smb devstack@placement-api.service[109897]: DEBUG placement.requestlog [req-ff45bbc8-4aa9-41bd-b7b7-04ae55fe617c req-038719da-ce37-4787-8f0a-848fe3ff0e84 None None] Starting request: 10.222.0.49 "GET /placement/allocations/5fef1c36-d839-411b-a222-7524e6bcd805" {{(pid=109897) __call__ /opt/stack/placement/placement/requestlog.py:55}}
Mar 07 16:50:07.608938 dv-cinder-804757-24-smb devstack@placement-api.service[109897]: INFO placement.requestlog [req-ff45bbc8-4aa9-41bd-b7b7-04ae55fe617c req-038719da-ce37-4787-8f0a-848fe3ff0e84 service placement] 10.222.0.49 "GET /placement/allocations/5fef1c36-d839-411b-a222-7524e6bcd805" status: 200 len: 258 microversion: 1.28
Mar 07 16:50:07.610003 dv-cinder-804757-24-smb devstack@placement-api.service[109897]: [pid: 109897|app: 0|req: 14/29] 10.222.0.49 () {60 vars in 1377 bytes} [Mon Mar 7 16:50:07 2022] GET /placement/allocations/5fef1c36-d839-411b-a222-7524e6bcd805 => generated 258 bytes in 30 msecs (HTTP/1.1 200) 8 headers in 296 bytes (1 switches on core 0)
Mar 07 16:50:25.382160 dv-cinder-804757-24-smb devstack@placement-api.service[109896]: DEBUG placement.requestlog [req-2dd7264b-3389-49c2-879b-9de9473aed6b req-24295b40-91d4-4233-a6a9-2276559d7843 None None] Starting request: 10.222.0.49 "DELETE /placement/allocations/3c121c36-681f-451d-be5a-5a933df48a62" {{(pid=109896) __call__ /opt/stack/placement/placement/requestlog.py:55}}
Mar 07 16:50:25.448358 dv-cinder-804757-24-smb devstack@placement-api.service[109896]: DEBUG placement.handlers.allocation [req-2dd7264b-3389-49c2-879b-9de9473aed6b req-24295b40-91d4-4233-a6a9-2276559d7843 service placement] Successfully deleted allocations [, , ] {{(pid=109896) delete_allocations /opt/stack/placement/placement/handlers/allocation.py:627}}
Mar 07 16:50:25.449295 dv-cinder-804757-24-smb devstack@placement-api.service[109896]: INFO placement.requestlog [req-2dd7264b-3389-49c2-879b-9de9473aed6b req-24295b40-91d4-4233-a6a9-2276559d7843 service placement] 10.222.0.49 "DELETE /placement/allocations/3c121c36-681f-451d-be5a-5a933df48a62" status: 204 len: 0 microversion: 1.0
Mar 07 16:50:25.449712 dv-cinder-804757-24-smb devstack@placement-api.service[109896]: [pid: 109896|app: 0|req: 16/30] 10.222.0.49 () {60 vars in 1355 bytes} [Mon Mar 7 16:50:25 2022] DELETE /placement/allocations/3c121c36-681f-451d-be5a-5a933df48a62 => generated 0 bytes in 68 msecs (HTTP/1.1 204) 5 headers in 198 bytes (1 switches on core 0)
Mar 07 16:50:34.083725 dv-cinder-804757-24-smb devstack@placement-api.service[109897]: DEBUG placement.requestlog [req-fb1458d4-d88d-4f63-96e5-b4a5ef67f69d req-84514fb0-868c-47e1-897e-4c37f842beb8 None None] Starting request: 10.222.0.49 "GET /placement/resource_providers/9c63579b-12a3-4b50-a1b2-8205c5b894bc/allocations" {{(pid=109897) __call__ /opt/stack/placement/placement/requestlog.py:55}}
Mar 07 16:50:34.126961 dv-cinder-804757-24-smb devstack@placement-api.service[109897]: INFO placement.requestlog [req-fb1458d4-d88d-4f63-96e5-b4a5ef67f69d req-84514fb0-868c-47e1-897e-4c37f842beb8 service placement] 10.222.0.49 "GET /placement/resource_providers/9c63579b-12a3-4b50-a1b2-8205c5b894bc/allocations" status: 200 len: 355 microversion: 1.0
Mar 07 16:50:34.127781 dv-cinder-804757-24-smb devstack@placement-api.service[109897]: [pid: 109897|app: 0|req: 15/31] 10.222.0.49 () {58 vars in 1390 bytes} [Mon Mar 7 16:50:34 2022] GET /placement/resource_providers/9c63579b-12a3-4b50-a1b2-8205c5b894bc/allocations => generated 355 bytes in 44 msecs (HTTP/1.1 200) 6 headers in 224 bytes (1 switches on core 0)
Mar 07 16:50:38.557220 dv-cinder-804757-24-smb devstack@placement-api.service[109896]: DEBUG placement.requestlog [req-de47a990-abbf-4dea-9935-ff37f7232fdf req-6996c462-aa6d-4f95-94f3-5f1c1777a3e8 None None] Starting request: 10.222.0.60 "GET /placement/allocation_candidates?limit=1000&resources=DISK_GB%3A1%2CMEMORY_MB%3A1024%2CVCPU%3A1&root_required=%21COMPUTE_STATUS_DISABLED" {{(pid=109896) __call__ /opt/stack/placement/placement/requestlog.py:55}}
Mar 07 16:50:38.617111 dv-cinder-804757-24-smb devstack@placement-api.service[109896]: DEBUG placement.objects.research_context [req-de47a990-abbf-4dea-9935-ff37f7232fdf req-6996c462-aa6d-4f95-94f3-5f1c1777a3e8 service placement] getting providers with 1 DISK_GB {{(pid=109896) __init__ /opt/stack/placement/placement/objects/research_context.py:136}}
Mar 07 16:50:38.628872 dv-cinder-804757-24-smb devstack@placement-api.service[109896]: DEBUG placement.objects.research_context [req-de47a990-abbf-4dea-9935-ff37f7232fdf req-6996c462-aa6d-4f95-94f3-5f1c1777a3e8 service placement] getting providers with 1024 MEMORY_MB {{(pid=109896) __init__ /opt/stack/placement/placement/objects/research_context.py:136}}
Mar 07 16:50:38.641118 dv-cinder-804757-24-smb devstack@placement-api.service[109896]: DEBUG placement.objects.research_context [req-de47a990-abbf-4dea-9935-ff37f7232fdf req-6996c462-aa6d-4f95-94f3-5f1c1777a3e8 service placement] getting providers with 1 VCPU {{(pid=109896) __init__ /opt/stack/placement/placement/objects/research_context.py:136}}
Mar 07 16:50:38.649047 dv-cinder-804757-24-smb devstack@placement-api.service[109896]: DEBUG placement.objects.research_context [req-de47a990-abbf-4dea-9935-ff37f7232fdf req-6996c462-aa6d-4f95-94f3-5f1c1777a3e8 service placement] found 1 providers with available 1 DISK_GB {{(pid=109896) get_provider_ids_matching /opt/stack/placement/placement/objects/research_context.py:559}}
Mar 07 16:50:38.649326 dv-cinder-804757-24-smb devstack@placement-api.service[109896]: DEBUG placement.objects.research_context [req-de47a990-abbf-4dea-9935-ff37f7232fdf req-6996c462-aa6d-4f95-94f3-5f1c1777a3e8 service placement] found 1 providers with available 1024 MEMORY_MB {{(pid=109896) get_provider_ids_matching /opt/stack/placement/placement/objects/research_context.py:559}}
Mar 07 16:50:38.651412 dv-cinder-804757-24-smb devstack@placement-api.service[109896]: DEBUG placement.objects.research_context [req-de47a990-abbf-4dea-9935-ff37f7232fdf req-6996c462-aa6d-4f95-94f3-5f1c1777a3e8 service placement] found 1 providers after filtering by previous result {{(pid=109896) get_provider_ids_matching /opt/stack/placement/placement/objects/research_context.py:590}}
Mar 07 16:50:38.651412 dv-cinder-804757-24-smb devstack@placement-api.service[109896]: DEBUG placement.objects.research_context [req-de47a990-abbf-4dea-9935-ff37f7232fdf req-6996c462-aa6d-4f95-94f3-5f1c1777a3e8 service placement] found 1 providers with available 1 VCPU {{(pid=109896) get_provider_ids_matching /opt/stack/placement/placement/objects/research_context.py:559}}
Mar 07 16:50:38.651637 dv-cinder-804757-24-smb devstack@placement-api.service[109896]: DEBUG placement.objects.research_context [req-de47a990-abbf-4dea-9935-ff37f7232fdf req-6996c462-aa6d-4f95-94f3-5f1c1777a3e8 service placement] found 1 providers after filtering by previous result {{(pid=109896) get_provider_ids_matching /opt/stack/placement/placement/objects/research_context.py:590}}
Mar 07 16:50:38.665158 dv-cinder-804757-24-smb devstack@placement-api.service[109896]: DEBUG placement.objects.allocation_candidate [req-de47a990-abbf-4dea-9935-ff37f7232fdf req-6996c462-aa6d-4f95-94f3-5f1c1777a3e8 service placement] RequestGroup(use_same_provider=False, resources={DISK_GB:1, MEMORY_MB:1024, VCPU:1}, traits=(), aggregates=[]) (suffix '') returned 1 matches {{(pid=109896) _get_by_requests /opt/stack/placement/placement/objects/allocation_candidate.py:156}}
Mar 07 16:50:38.665406 dv-cinder-804757-24-smb devstack@placement-api.service[109896]: DEBUG placement.objects.allocation_candidate [req-de47a990-abbf-4dea-9935-ff37f7232fdf req-6996c462-aa6d-4f95-94f3-5f1c1777a3e8 service placement] Merging candidates yields 1 allocation requests and 1 provider summaries {{(pid=109896) _merge_candidates /opt/stack/placement/placement/objects/allocation_candidate.py:809}}
Mar 07 16:50:38.667161 dv-cinder-804757-24-smb devstack@placement-api.service[109896]: INFO placement.requestlog [req-de47a990-abbf-4dea-9935-ff37f7232fdf req-6996c462-aa6d-4f95-94f3-5f1c1777a3e8 service placement] 10.222.0.60 "GET /placement/allocation_candidates?limit=1000&resources=DISK_GB%3A1%2CMEMORY_MB%3A1024%2CVCPU%3A1&root_required=%21COMPUTE_STATUS_DISABLED" status: 200 len: 767 microversion: 1.36
Mar 07 16:50:38.668112 dv-cinder-804757-24-smb devstack@placement-api.service[109896]: [pid: 109896|app: 0|req: 17/32] 10.222.0.60 () {60 vars in 1506 bytes} [Mon Mar 7 16:50:38 2022] GET /placement/allocation_candidates?limit=1000&resources=DISK_GB%3A1%2CMEMORY_MB%3A1024%2CVCPU%3A1&root_required=%21COMPUTE_STATUS_DISABLED => generated 767 bytes in 111 msecs (HTTP/1.1 200) 8 headers in 296 bytes (1 switches on core 0)
Mar 07 16:50:38.720777 dv-cinder-804757-24-smb devstack@placement-api.service[109897]: DEBUG placement.requestlog [req-de47a990-abbf-4dea-9935-ff37f7232fdf req-3606a291-07a4-415a-ad36-baa719fe453c None None] Starting request: 10.222.0.60 "GET /placement/allocations/acd49bfb-9ea4-4e13-965d-97d968581566" {{(pid=109897) __call__ /opt/stack/placement/placement/requestlog.py:55}}
Mar 07 16:50:38.732131 dv-cinder-804757-24-smb devstack@placement-api.service[109897]: INFO placement.requestlog [req-de47a990-abbf-4dea-9935-ff37f7232fdf req-3606a291-07a4-415a-ad36-baa719fe453c service placement] 10.222.0.60 "GET /placement/allocations/acd49bfb-9ea4-4e13-965d-97d968581566" status: 200 len: 19 microversion: 1.28
Mar 07 16:50:38.732793 dv-cinder-804757-24-smb devstack@placement-api.service[109897]: [pid: 109897|app: 0|req: 16/33] 10.222.0.60 () {60 vars in 1380 bytes} [Mon Mar 7 16:50:38 2022] GET /placement/allocations/acd49bfb-9ea4-4e13-965d-97d968581566 => generated 19 bytes in 12 msecs (HTTP/1.1 200) 8 headers in 295 bytes (1 switches on core 0)
Mar 07 16:50:38.738911 dv-cinder-804757-24-smb devstack@placement-api.service[109896]: DEBUG placement.requestlog [req-de47a990-abbf-4dea-9935-ff37f7232fdf req-57c97d72-92b1-48f9-b5d8-a5d1be0df30b None None] Starting request: 10.222.0.60 "PUT /placement/allocations/acd49bfb-9ea4-4e13-965d-97d968581566" {{(pid=109896) __call__ /opt/stack/placement/placement/requestlog.py:55}}
Mar 07 16:50:38.845268 dv-cinder-804757-24-smb devstack@placement-api.service[109896]: DEBUG placement.handlers.allocation [req-de47a990-abbf-4dea-9935-ff37f7232fdf req-57c97d72-92b1-48f9-b5d8-a5d1be0df30b service placement] Successfully wrote allocations [, , ] {{(pid=109896) _update_consumers_and_create_allocations /opt/stack/placement/placement/handlers/allocation.py:462}}
Mar 07 16:50:38.850907 dv-cinder-804757-24-smb devstack@placement-api.service[109896]: INFO placement.requestlog [req-de47a990-abbf-4dea-9935-ff37f7232fdf req-57c97d72-92b1-48f9-b5d8-a5d1be0df30b service placement] 10.222.0.60 "PUT /placement/allocations/acd49bfb-9ea4-4e13-965d-97d968581566" status: 204 len: 0 microversion: 1.36
Mar 07 16:50:38.851561 dv-cinder-804757-24-smb devstack@placement-api.service[109896]: [pid: 109896|app: 0|req: 18/34] 10.222.0.60 () {64 vars in 1433 bytes} [Mon Mar 7 16:50:38 2022] PUT /placement/allocations/acd49bfb-9ea4-4e13-965d-97d968581566 => generated 0 bytes in 113 msecs (HTTP/1.1 204) 5 headers in 199 bytes (1 switches on core 0)
Mar 07 16:50:39.256196 dv-cinder-804757-24-smb devstack@placement-api.service[109897]: DEBUG placement.requestlog [req-de47a990-abbf-4dea-9935-ff37f7232fdf req-6738d390-d6f4-4e84-934e-997c4d1599ad None None] Starting request: 10.222.0.49 "GET /placement/allocations/acd49bfb-9ea4-4e13-965d-97d968581566" {{(pid=109897) __call__ /opt/stack/placement/placement/requestlog.py:55}}
Mar 07 16:50:39.299130 dv-cinder-804757-24-smb devstack@placement-api.service[109897]: INFO placement.requestlog [req-de47a990-abbf-4dea-9935-ff37f7232fdf req-6738d390-d6f4-4e84-934e-997c4d1599ad service placement] 10.222.0.49 "GET /placement/allocations/acd49bfb-9ea4-4e13-965d-97d968581566" status: 200 len: 258 microversion: 1.28
Mar 07 16:50:39.299719 dv-cinder-804757-24-smb devstack@placement-api.service[109897]: [pid: 109897|app: 0|req: 17/35] 10.222.0.49 () {60 vars in 1377 bytes} [Mon Mar 7 16:50:39 2022] GET /placement/allocations/acd49bfb-9ea4-4e13-965d-97d968581566 => generated 258 bytes in 44 msecs (HTTP/1.1 200) 8 headers in 296 bytes (1 switches on core 0)
Mar 07 16:50:40.337755 dv-cinder-804757-24-smb devstack@placement-api.service[109896]: DEBUG placement.requestlog [req-1b3bfc70-a219-4da1-a489-d5eb9bde4bc2 req-a693fb77-54e8-4762-bcb5-803c372da640 None None] Starting request: 10.222.0.60 "GET /placement/allocation_candidates?limit=1000&resources=DISK_GB%3A1%2CMEMORY_MB%3A1024%2CVCPU%3A1&root_required=%21COMPUTE_STATUS_DISABLED" {{(pid=109896) __call__ /opt/stack/placement/placement/requestlog.py:55}}
Mar 07 16:50:40.376247 dv-cinder-804757-24-smb devstack@placement-api.service[109896]: DEBUG placement.objects.research_context [req-1b3bfc70-a219-4da1-a489-d5eb9bde4bc2 req-a693fb77-54e8-4762-bcb5-803c372da640 service placement] getting providers with 1 DISK_GB {{(pid=109896) __init__ /opt/stack/placement/placement/objects/research_context.py:136}}
Mar 07 16:50:40.389684 dv-cinder-804757-24-smb devstack@placement-api.service[109896]: DEBUG placement.objects.research_context [req-1b3bfc70-a219-4da1-a489-d5eb9bde4bc2 req-a693fb77-54e8-4762-bcb5-803c372da640 service placement] getting providers with 1024 MEMORY_MB {{(pid=109896) __init__ /opt/stack/placement/placement/objects/research_context.py:136}}
Mar 07 16:50:40.406265 dv-cinder-804757-24-smb devstack@placement-api.service[109896]: DEBUG placement.objects.research_context [req-1b3bfc70-a219-4da1-a489-d5eb9bde4bc2 req-a693fb77-54e8-4762-bcb5-803c372da640 service placement] getting providers with 1 VCPU {{(pid=109896) __init__ /opt/stack/placement/placement/objects/research_context.py:136}}
Mar 07 16:50:40.417514 dv-cinder-804757-24-smb devstack@placement-api.service[109896]: DEBUG placement.objects.research_context [req-1b3bfc70-a219-4da1-a489-d5eb9bde4bc2 req-a693fb77-54e8-4762-bcb5-803c372da640 service placement] found 1 providers with available 1 DISK_GB {{(pid=109896) get_provider_ids_matching /opt/stack/placement/placement/objects/research_context.py:559}}
Mar 07 16:50:40.417797 dv-cinder-804757-24-smb devstack@placement-api.service[109896]: DEBUG placement.objects.research_context [req-1b3bfc70-a219-4da1-a489-d5eb9bde4bc2 req-a693fb77-54e8-4762-bcb5-803c372da640 service placement] found 1 providers with available 1024 MEMORY_MB {{(pid=109896) get_provider_ids_matching /opt/stack/placement/placement/objects/research_context.py:559}}
Mar 07 16:50:40.419060 dv-cinder-804757-24-smb devstack@placement-api.service[109896]: DEBUG placement.objects.research_context [req-1b3bfc70-a219-4da1-a489-d5eb9bde4bc2 req-a693fb77-54e8-4762-bcb5-803c372da640 service placement] found 1 providers after filtering by previous result {{(pid=109896) get_provider_ids_matching /opt/stack/placement/placement/objects/research_context.py:590}}
Mar 07 16:50:40.419388 dv-cinder-804757-24-smb devstack@placement-api.service[109896]: DEBUG placement.objects.research_context [req-1b3bfc70-a219-4da1-a489-d5eb9bde4bc2 req-a693fb77-54e8-4762-bcb5-803c372da640 service placement] found 1 providers with available 1 VCPU {{(pid=109896) get_provider_ids_matching /opt/stack/placement/placement/objects/research_context.py:559}}
Mar 07 16:50:40.420171 dv-cinder-804757-24-smb devstack@placement-api.service[109896]: DEBUG placement.objects.research_context [req-1b3bfc70-a219-4da1-a489-d5eb9bde4bc2 req-a693fb77-54e8-4762-bcb5-803c372da640 service placement] found 1 providers after filtering by previous result {{(pid=109896) get_provider_ids_matching /opt/stack/placement/placement/objects/research_context.py:590}}
Mar 07 16:50:40.441924 dv-cinder-804757-24-smb devstack@placement-api.service[109896]: DEBUG placement.objects.allocation_candidate [req-1b3bfc70-a219-4da1-a489-d5eb9bde4bc2 req-a693fb77-54e8-4762-bcb5-803c372da640 service placement] RequestGroup(use_same_provider=False, resources={DISK_GB:1, MEMORY_MB:1024, VCPU:1}, traits=(), aggregates=[]) (suffix '') returned 1 matches {{(pid=109896) _get_by_requests /opt/stack/placement/placement/objects/allocation_candidate.py:156}}
Mar 07 16:50:40.442260 dv-cinder-804757-24-smb devstack@placement-api.service[109896]: DEBUG placement.objects.allocation_candidate [req-1b3bfc70-a219-4da1-a489-d5eb9bde4bc2 req-a693fb77-54e8-4762-bcb5-803c372da640 service placement] Merging candidates yields 1 allocation requests and 1 provider summaries {{(pid=109896) _merge_candidates /opt/stack/placement/placement/objects/allocation_candidate.py:809}}
Mar 07 16:50:40.443985 dv-cinder-804757-24-smb devstack@placement-api.service[109896]: INFO placement.requestlog [req-1b3bfc70-a219-4da1-a489-d5eb9bde4bc2 req-a693fb77-54e8-4762-bcb5-803c372da640 service placement] 10.222.0.60 "GET /placement/allocation_candidates?limit=1000&resources=DISK_GB%3A1%2CMEMORY_MB%3A1024%2CVCPU%3A1&root_required=%21COMPUTE_STATUS_DISABLED" status: 200 len: 767 microversion: 1.36
Mar 07 16:50:40.451281 dv-cinder-804757-24-smb devstack@placement-api.service[109896]: [pid: 109896|app: 0|req: 19/36] 10.222.0.60 () {60 vars in 1506 bytes} [Mon Mar 7 16:50:40 2022] GET /placement/allocation_candidates?limit=1000&resources=DISK_GB%3A1%2CMEMORY_MB%3A1024%2CVCPU%3A1&root_required=%21COMPUTE_STATUS_DISABLED => generated 767 bytes in 114 msecs (HTTP/1.1 200) 8 headers in 296 bytes (2 switches on core 0)
Mar 07 16:50:40.486366 dv-cinder-804757-24-smb devstack@placement-api.service[109897]: DEBUG placement.requestlog [req-1b3bfc70-a219-4da1-a489-d5eb9bde4bc2 req-faef67d9-83b1-44c6-bce4-9d892642e958 None None] Starting request: 10.222.0.60 "GET /placement/allocations/7d753f13-daf6-44de-9f4b-399c8e2172ec" {{(pid=109897) __call__ /opt/stack/placement/placement/requestlog.py:55}}
Mar 07 16:50:40.515583 dv-cinder-804757-24-smb devstack@placement-api.service[109897]: INFO placement.requestlog [req-1b3bfc70-a219-4da1-a489-d5eb9bde4bc2 req-faef67d9-83b1-44c6-bce4-9d892642e958 service placement] 10.222.0.60 "GET /placement/allocations/7d753f13-daf6-44de-9f4b-399c8e2172ec" status: 200 len: 19 microversion: 1.28
Mar 07 16:50:40.516122 dv-cinder-804757-24-smb devstack@placement-api.service[109897]: [pid: 109897|app: 0|req: 18/37] 10.222.0.60 () {60 vars in 1380 bytes} [Mon Mar 7 16:50:40 2022] GET /placement/allocations/7d753f13-daf6-44de-9f4b-399c8e2172ec => generated 19 bytes in 30 msecs (HTTP/1.1 200) 8 headers in 295 bytes (1 switches on core 0)
Mar 07 16:50:40.523211 dv-cinder-804757-24-smb devstack@placement-api.service[109896]: DEBUG placement.requestlog [req-1b3bfc70-a219-4da1-a489-d5eb9bde4bc2 req-283325dc-658d-4b8d-91ec-7cdc05dac28c None None] Starting request: 10.222.0.60 "PUT /placement/allocations/7d753f13-daf6-44de-9f4b-399c8e2172ec" {{(pid=109896) __call__ /opt/stack/placement/placement/requestlog.py:55}}
Mar 07 16:50:40.626186 dv-cinder-804757-24-smb devstack@placement-api.service[109896]: DEBUG placement.handlers.allocation [req-1b3bfc70-a219-4da1-a489-d5eb9bde4bc2 req-283325dc-658d-4b8d-91ec-7cdc05dac28c service placement] Successfully wrote allocations [, , ] {{(pid=109896) _update_consumers_and_create_allocations /opt/stack/placement/placement/handlers/allocation.py:462}}
Mar 07 16:50:40.630532 dv-cinder-804757-24-smb devstack@placement-api.service[109896]: INFO placement.requestlog [req-1b3bfc70-a219-4da1-a489-d5eb9bde4bc2 req-283325dc-658d-4b8d-91ec-7cdc05dac28c service placement] 10.222.0.60 "PUT /placement/allocations/7d753f13-daf6-44de-9f4b-399c8e2172ec" status: 204 len: 0 microversion: 1.36
Mar 07 16:50:40.631479 dv-cinder-804757-24-smb devstack@placement-api.service[109896]: [pid: 109896|app: 0|req: 20/38] 10.222.0.60 () {64 vars in 1433 bytes} [Mon Mar 7 16:50:40 2022] PUT /placement/allocations/7d753f13-daf6-44de-9f4b-399c8e2172ec => generated 0 bytes in 109 msecs (HTTP/1.1 204) 5 headers in 199 bytes (1 switches on core 0)
Mar 07 16:50:41.023457 dv-cinder-804757-24-smb devstack@placement-api.service[109897]: DEBUG placement.requestlog [req-1b3bfc70-a219-4da1-a489-d5eb9bde4bc2 req-0fd982d8-967e-4cd0-a1f2-a4c9e9a571c7 None None] Starting request: 10.222.0.49 "GET /placement/allocations/7d753f13-daf6-44de-9f4b-399c8e2172ec" {{(pid=109897) __call__ /opt/stack/placement/placement/requestlog.py:55}}
Mar 07 16:50:41.041904 dv-cinder-804757-24-smb devstack@placement-api.service[109897]: INFO placement.requestlog [req-1b3bfc70-a219-4da1-a489-d5eb9bde4bc2 req-0fd982d8-967e-4cd0-a1f2-a4c9e9a571c7 service placement] 10.222.0.49 "GET /placement/allocations/7d753f13-daf6-44de-9f4b-399c8e2172ec" status: 200 len: 258 microversion: 1.28
Mar 07 16:50:41.042276 dv-cinder-804757-24-smb devstack@placement-api.service[109897]: [pid: 109897|app: 0|req: 19/39] 10.222.0.49 () {60 vars in 1377 bytes} [Mon Mar 7 16:50:41 2022] GET /placement/allocations/7d753f13-daf6-44de-9f4b-399c8e2172ec => generated 258 bytes in 19 msecs (HTTP/1.1 200) 8 headers in 296 bytes (2 switches on core 0)
Mar 07 16:50:41.963777 dv-cinder-804757-24-smb devstack@placement-api.service[109896]: DEBUG placement.requestlog [req-dc65f1fb-72eb-431e-8bfb-b1c43ad97a0a req-5e59d389-5767-4dad-99f2-6c43a0e56ce6 None None] Starting request: 10.222.0.60 "GET /placement/allocation_candidates?limit=1000&resources=DISK_GB%3A1%2CMEMORY_MB%3A1024%2CVCPU%3A1&root_required=%21COMPUTE_STATUS_DISABLED" {{(pid=109896) __call__ /opt/stack/placement/placement/requestlog.py:55}}
Mar 07 16:50:42.091504 dv-cinder-804757-24-smb devstack@placement-api.service[109896]: DEBUG placement.objects.research_context [req-dc65f1fb-72eb-431e-8bfb-b1c43ad97a0a req-5e59d389-5767-4dad-99f2-6c43a0e56ce6 service placement] getting providers with 1 DISK_GB {{(pid=109896) __init__ /opt/stack/placement/placement/objects/research_context.py:136}}
Mar 07 16:50:42.119616 dv-cinder-804757-24-smb devstack@placement-api.service[109896]: DEBUG placement.objects.research_context [req-dc65f1fb-72eb-431e-8bfb-b1c43ad97a0a req-5e59d389-5767-4dad-99f2-6c43a0e56ce6 service placement] getting providers with 1024 MEMORY_MB {{(pid=109896) __init__ /opt/stack/placement/placement/objects/research_context.py:136}}
Mar 07 16:50:42.146799 dv-cinder-804757-24-smb devstack@placement-api.service[109896]: DEBUG placement.objects.research_context [req-dc65f1fb-72eb-431e-8bfb-b1c43ad97a0a req-5e59d389-5767-4dad-99f2-6c43a0e56ce6 service placement] getting providers with 1 VCPU {{(pid=109896) __init__ /opt/stack/placement/placement/objects/research_context.py:136}}
Mar 07 16:50:42.159526 dv-cinder-804757-24-smb devstack@placement-api.service[109896]: DEBUG placement.objects.research_context [req-dc65f1fb-72eb-431e-8bfb-b1c43ad97a0a req-5e59d389-5767-4dad-99f2-6c43a0e56ce6 service placement] found 1 providers with available 1 DISK_GB {{(pid=109896) get_provider_ids_matching /opt/stack/placement/placement/objects/research_context.py:559}}
Mar 07 16:50:42.161798 dv-cinder-804757-24-smb devstack@placement-api.service[109896]: DEBUG placement.objects.research_context [req-dc65f1fb-72eb-431e-8bfb-b1c43ad97a0a req-5e59d389-5767-4dad-99f2-6c43a0e56ce6 service placement] found 1 providers with available 1024 MEMORY_MB {{(pid=109896) get_provider_ids_matching /opt/stack/placement/placement/objects/research_context.py:559}}
Mar 07 16:50:42.162078 dv-cinder-804757-24-smb devstack@placement-api.service[109896]: DEBUG placement.objects.research_context [req-dc65f1fb-72eb-431e-8bfb-b1c43ad97a0a req-5e59d389-5767-4dad-99f2-6c43a0e56ce6 service placement] found 1 providers after filtering by previous result {{(pid=109896) get_provider_ids_matching /opt/stack/placement/placement/objects/research_context.py:590}}
Mar 07 16:50:42.162341 dv-cinder-804757-24-smb devstack@placement-api.service[109896]: DEBUG placement.objects.research_context [req-dc65f1fb-72eb-431e-8bfb-b1c43ad97a0a req-5e59d389-5767-4dad-99f2-6c43a0e56ce6 service placement] found 1 providers with available 1 VCPU {{(pid=109896) get_provider_ids_matching /opt/stack/placement/placement/objects/research_context.py:559}}
Mar 07 16:50:42.162605 dv-cinder-804757-24-smb devstack@placement-api.service[109896]: DEBUG placement.objects.research_context [req-dc65f1fb-72eb-431e-8bfb-b1c43ad97a0a req-5e59d389-5767-4dad-99f2-6c43a0e56ce6 service placement] found 1 providers after filtering by previous result {{(pid=109896) get_provider_ids_matching /opt/stack/placement/placement/objects/research_context.py:590}}
Mar 07 16:50:42.181038 dv-cinder-804757-24-smb devstack@placement-api.service[109896]: DEBUG placement.objects.allocation_candidate [req-dc65f1fb-72eb-431e-8bfb-b1c43ad97a0a req-5e59d389-5767-4dad-99f2-6c43a0e56ce6 service placement] RequestGroup(use_same_provider=False, resources={DISK_GB:1, MEMORY_MB:1024, VCPU:1}, traits=(), aggregates=[]) (suffix '') returned 1 matches {{(pid=109896) _get_by_requests /opt/stack/placement/placement/objects/allocation_candidate.py:156}}
Mar 07 16:50:42.181387 dv-cinder-804757-24-smb devstack@placement-api.service[109896]: DEBUG placement.objects.allocation_candidate [req-dc65f1fb-72eb-431e-8bfb-b1c43ad97a0a req-5e59d389-5767-4dad-99f2-6c43a0e56ce6 service placement] Merging candidates yields 1 allocation requests and 1 provider summaries {{(pid=109896) _merge_candidates /opt/stack/placement/placement/objects/allocation_candidate.py:809}}
Mar 07 16:50:42.182915 dv-cinder-804757-24-smb devstack@placement-api.service[109896]: INFO placement.requestlog [req-dc65f1fb-72eb-431e-8bfb-b1c43ad97a0a req-5e59d389-5767-4dad-99f2-6c43a0e56ce6 service placement] 10.222.0.60 "GET /placement/allocation_candidates?limit=1000&resources=DISK_GB%3A1%2CMEMORY_MB%3A1024%2CVCPU%3A1&root_required=%21COMPUTE_STATUS_DISABLED" status: 200 len: 767 microversion: 1.36
Mar 07 16:50:42.183644 dv-cinder-804757-24-smb devstack@placement-api.service[109896]: [pid: 109896|app: 0|req: 21/40] 10.222.0.60 () {60 vars in 1506 bytes} [Mon Mar 7 16:50:41 2022] GET /placement/allocation_candidates?limit=1000&resources=DISK_GB%3A1%2CMEMORY_MB%3A1024%2CVCPU%3A1&root_required=%21COMPUTE_STATUS_DISABLED => generated 767 bytes in 221 msecs (HTTP/1.1 200) 8 headers in 296 bytes (1 switches on core 0)
Mar 07 16:50:42.270912 dv-cinder-804757-24-smb devstack@placement-api.service[109897]: DEBUG placement.requestlog [req-dc65f1fb-72eb-431e-8bfb-b1c43ad97a0a req-7fa30788-89ba-465e-af28-8498d28d2cd6 None None] Starting request: 10.222.0.60 "GET /placement/allocations/8d560426-317b-42c6-87dd-d517cc19a930" {{(pid=109897) __call__ /opt/stack/placement/placement/requestlog.py:55}}
Mar 07 16:50:42.286432 dv-cinder-804757-24-smb devstack@placement-api.service[109897]: INFO placement.requestlog [req-dc65f1fb-72eb-431e-8bfb-b1c43ad97a0a req-7fa30788-89ba-465e-af28-8498d28d2cd6 service placement] 10.222.0.60 "GET /placement/allocations/8d560426-317b-42c6-87dd-d517cc19a930" status: 200 len: 19 microversion: 1.28
Mar 07 16:50:42.288831 dv-cinder-804757-24-smb devstack@placement-api.service[109897]: [pid: 109897|app: 0|req: 20/41] 10.222.0.60 () {60 vars in 1380 bytes} [Mon Mar 7 16:50:42 2022] GET /placement/allocations/8d560426-317b-42c6-87dd-d517cc19a930 => generated 19 bytes in 18 msecs (HTTP/1.1 200) 8 headers in 295 bytes (1 switches on core 0)
Mar 07 16:50:42.296651 dv-cinder-804757-24-smb devstack@placement-api.service[109896]: DEBUG placement.requestlog [req-dc65f1fb-72eb-431e-8bfb-b1c43ad97a0a req-8bfeb36b-a3b5-424c-8620-fa3eb6f30f43 None None] Starting request: 10.222.0.60 "PUT /placement/allocations/8d560426-317b-42c6-87dd-d517cc19a930" {{(pid=109896) __call__ /opt/stack/placement/placement/requestlog.py:55}}
Mar 07 16:50:42.429224 dv-cinder-804757-24-smb devstack@placement-api.service[109896]: DEBUG placement.handlers.allocation [req-dc65f1fb-72eb-431e-8bfb-b1c43ad97a0a req-8bfeb36b-a3b5-424c-8620-fa3eb6f30f43 service placement] Successfully wrote allocations [, , ] {{(pid=109896) _update_consumers_and_create_allocations /opt/stack/placement/placement/handlers/allocation.py:462}}
Mar 07 16:50:42.438086 dv-cinder-804757-24-smb devstack@placement-api.service[109896]: INFO placement.requestlog [req-dc65f1fb-72eb-431e-8bfb-b1c43ad97a0a req-8bfeb36b-a3b5-424c-8620-fa3eb6f30f43 service placement] 10.222.0.60 "PUT /placement/allocations/8d560426-317b-42c6-87dd-d517cc19a930" status: 204 len: 0 microversion: 1.36
Mar 07 16:50:42.439637 dv-cinder-804757-24-smb devstack@placement-api.service[109896]: [pid: 109896|app: 0|req: 22/42] 10.222.0.60 () {64 vars in 1433 bytes} [Mon Mar 7 16:50:42 2022] PUT /placement/allocations/8d560426-317b-42c6-87dd-d517cc19a930 => generated 0 bytes in 144 msecs (HTTP/1.1 204) 5 headers in 199 bytes (1 switches on core 0)
Mar 07 16:50:42.895338 dv-cinder-804757-24-smb devstack@placement-api.service[109897]: DEBUG placement.requestlog [req-dc65f1fb-72eb-431e-8bfb-b1c43ad97a0a req-ac19e68d-6ae8-4cc5-80f4-5737e2de2540 None None] Starting request: 10.222.0.49 "GET /placement/allocations/8d560426-317b-42c6-87dd-d517cc19a930" {{(pid=109897) __call__ /opt/stack/placement/placement/requestlog.py:55}}
Mar 07 16:50:42.915007 dv-cinder-804757-24-smb devstack@placement-api.service[109897]: INFO placement.requestlog [req-dc65f1fb-72eb-431e-8bfb-b1c43ad97a0a req-ac19e68d-6ae8-4cc5-80f4-5737e2de2540 service placement] 10.222.0.49 "GET /placement/allocations/8d560426-317b-42c6-87dd-d517cc19a930" status: 200 len: 258 microversion: 1.28
Mar 07 16:50:42.915657 dv-cinder-804757-24-smb devstack@placement-api.service[109897]: [pid: 109897|app: 0|req: 21/43] 10.222.0.49 () {60 vars in 1377 bytes} [Mon Mar 7 16:50:42 2022] GET /placement/allocations/8d560426-317b-42c6-87dd-d517cc19a930 => generated 258 bytes in 22 msecs (HTTP/1.1 200) 8 headers in 296 bytes (1 switches on core 0)
Mar 07 16:51:04.251976 dv-cinder-804757-24-smb devstack@placement-api.service[109896]: DEBUG placement.requestlog [req-61ceb12f-f2f6-4b29-916e-163c64fce0ad req-3c0768c0-2d04-42b4-88ae-96d1bc26cc27 None None] Starting request: 10.222.0.49 "DELETE /placement/allocations/acd49bfb-9ea4-4e13-965d-97d968581566" {{(pid=109896) __call__ /opt/stack/placement/placement/requestlog.py:55}}
Mar 07 16:51:04.283685 dv-cinder-804757-24-smb devstack@placement-api.service[109896]: DEBUG placement.handlers.allocation [req-61ceb12f-f2f6-4b29-916e-163c64fce0ad req-3c0768c0-2d04-42b4-88ae-96d1bc26cc27 service placement] Successfully deleted allocations [, , ] {{(pid=109896) delete_allocations /opt/stack/placement/placement/handlers/allocation.py:627}}
Mar 07 16:51:04.284217 dv-cinder-804757-24-smb devstack@placement-api.service[109896]: INFO placement.requestlog [req-61ceb12f-f2f6-4b29-916e-163c64fce0ad req-3c0768c0-2d04-42b4-88ae-96d1bc26cc27 service placement] 10.222.0.49 "DELETE /placement/allocations/acd49bfb-9ea4-4e13-965d-97d968581566" status: 204 len: 0 microversion: 1.0
Mar 07 16:51:04.284917 dv-cinder-804757-24-smb devstack@placement-api.service[109896]: [pid: 109896|app: 0|req: 23/44] 10.222.0.49 () {60 vars in 1355 bytes} [Mon Mar 7 16:51:04 2022] DELETE /placement/allocations/acd49bfb-9ea4-4e13-965d-97d968581566 => generated 0 bytes in 33 msecs (HTTP/1.1 204) 5 headers in 198 bytes (1 switches on core 0)
Mar 07 16:51:15.279220 dv-cinder-804757-24-smb devstack@placement-api.service[109897]: DEBUG placement.requestlog [req-0f9eccdc-5b11-4033-bc38-3a5cc8408d1b req-0c6586fc-0f8d-4a71-814a-818d7268e92e None None] Starting request: 10.222.0.60 "GET /placement/allocation_candidates?limit=1000&resources=DISK_GB%3A1%2CMEMORY_MB%3A1024%2CVCPU%3A1&root_required=%21COMPUTE_STATUS_DISABLED" {{(pid=109897) __call__ /opt/stack/placement/placement/requestlog.py:55}}
Mar 07 16:51:15.345205 dv-cinder-804757-24-smb devstack@placement-api.service[109897]: DEBUG placement.objects.research_context [req-0f9eccdc-5b11-4033-bc38-3a5cc8408d1b req-0c6586fc-0f8d-4a71-814a-818d7268e92e service placement] getting providers with 1 DISK_GB {{(pid=109897) __init__ /opt/stack/placement/placement/objects/research_context.py:136}}
