Mar 01 16:00:29.781591 dv-cinder-804757-23-iscsi devstack@n-api.service[116799]: DEBUG oslo_concurrency.lockutils [None req-ccb6a8b1-c283-4f74-a267-39cbf467634f tempest-ServerRescueNegativeTestJSON-432600188 tempest-ServerRescueNegativeTestJSON-432600188-project] Lock "f5b5ccb0-7429-4c8d-8683-86fdb07ad2c0" "released" by "nova.context.set_target_cell..get_or_set_cached_cell_and_set_connections" :: held 0.003s {{(pid=116799) inner /usr/local/lib/python3.8/dist-packages/oslo_concurrency/lockutils.py:400}}
Mar 01 16:00:29.782707 dv-cinder-804757-23-iscsi devstack@n-api.service[116799]: DEBUG oslo_concurrency.lockutils [None req-ccb6a8b1-c283-4f74-a267-39cbf467634f tempest-ServerRescueNegativeTestJSON-432600188 tempest-ServerRescueNegativeTestJSON-432600188-project] Lock "f5b5ccb0-7429-4c8d-8683-86fdb07ad2c0" acquired by "nova.context.set_target_cell..get_or_set_cached_cell_and_set_connections" :: waited 0.000s {{(pid=116799) inner /usr/local/lib/python3.8/dist-packages/oslo_concurrency/lockutils.py:386}}
Mar 01 16:00:29.783494 dv-cinder-804757-23-iscsi devstack@n-api.service[116799]: DEBUG oslo_concurrency.lockutils [None req-ccb6a8b1-c283-4f74-a267-39cbf467634f tempest-ServerRescueNegativeTestJSON-432600188 tempest-ServerRescueNegativeTestJSON-432600188-project] Lock "f5b5ccb0-7429-4c8d-8683-86fdb07ad2c0" "released" by "nova.context.set_target_cell..get_or_set_cached_cell_and_set_connections" :: held 0.001s {{(pid=116799) inner /usr/local/lib/python3.8/dist-packages/oslo_concurrency/lockutils.py:400}}
Mar 01 16:00:30.621517 dv-cinder-804757-23-iscsi devstack@n-api.service[116798]: DEBUG nova.policy [None req-9f792b90-5734-4b6b-8578-151a5e4230e4 tempest-AttachVolumeNegativeTest-10190334 tempest-AttachVolumeNegativeTest-10190334-project] Policy check for os_compute_api:os-extended-server-attributes failed with credentials {'is_admin': False, 'user_id': '5aa246268c734e02858830198af513bc', 'user_domain_id': 'default', 'system_scope': None, 'domain_id': None, 'project_id': 'ba6d34d6b4a24a8e93b99efb6a733005', 'project_domain_id': 'default', 'roles': ['reader', 'member'], 'is_admin_project': True, 'service_user_id': None, 'service_user_domain_id': None, 'service_project_id': None, 'service_project_domain_id': None, 'service_roles': []} {{(pid=116798) authorize /opt/stack/nova/nova/policy.py:199}}
Mar 01 16:00:30.628872 dv-cinder-804757-23-iscsi devstack@n-api.service[116798]: INFO nova.api.openstack.requestlog [None req-9f792b90-5734-4b6b-8578-151a5e4230e4 tempest-AttachVolumeNegativeTest-10190334 tempest-AttachVolumeNegativeTest-10190334-project] 10.222.0.21 "GET /compute/v2.1/servers/cfeec9da-2506-4c2c-8162-c2c64825d9d1" status: 200 len: 1317 microversion: 2.1 time: 1.872350
Mar 01 16:00:30.635013 dv-cinder-804757-23-iscsi devstack@n-api.service[116798]: [pid: 116798|app: 0|req: 38/76] 10.222.0.21 () {58 vars in 1235 bytes} [Tue Mar 1 16:00:28 2022] GET /compute/v2.1/servers/cfeec9da-2506-4c2c-8162-c2c64825d9d1 => generated 1317 bytes in 1879 msecs (HTTP/1.1 200) 9 headers in 358 bytes (1 switches on core 0)
Mar 01 16:00:30.641986 dv-cinder-804757-23-iscsi devstack@n-api.service[116798]: DEBUG nova.api.openstack.wsgi [req-c26661bd-9550-4d90-9852-f50c27c0b36d req-d4531cb3-5c28-4312-9a97-c1d68067934e service nova] Action: 'create', calling method: >, body: {"events": [{"name": "network-changed", "server_uuid": "39c59cb4-3d12-4b95-9033-256382d0c7f9", "tag": "a4d403ce-7b1b-4691-95b2-44778f39fa95"}]} {{(pid=116798) _process_stack /opt/stack/nova/nova/api/openstack/wsgi.py:511}}
Mar 01 16:00:30.683888 dv-cinder-804757-23-iscsi devstack@n-api.service[116798]: DEBUG oslo_concurrency.lockutils [req-c26661bd-9550-4d90-9852-f50c27c0b36d req-d4531cb3-5c28-4312-9a97-c1d68067934e service nova] Lock "f5b5ccb0-7429-4c8d-8683-86fdb07ad2c0" acquired by "nova.context.set_target_cell..get_or_set_cached_cell_and_set_connections" :: waited 0.000s {{(pid=116798) inner /usr/local/lib/python3.8/dist-packages/oslo_concurrency/lockutils.py:386}}
Mar 01 16:00:30.687135 dv-cinder-804757-23-iscsi devstack@n-api.service[116798]: DEBUG oslo_concurrency.lockutils [req-c26661bd-9550-4d90-9852-f50c27c0b36d req-d4531cb3-5c28-4312-9a97-c1d68067934e service nova] Lock "f5b5ccb0-7429-4c8d-8683-86fdb07ad2c0" "released" by "nova.context.set_target_cell..get_or_set_cached_cell_and_set_connections" :: held 0.003s {{(pid=116798) inner /usr/local/lib/python3.8/dist-packages/oslo_concurrency/lockutils.py:400}}
Mar 01 16:00:30.715768 dv-cinder-804757-23-iscsi devstack@n-api.service[116798]: INFO nova.api.openstack.compute.server_external_events [req-c26661bd-9550-4d90-9852-f50c27c0b36d req-d4531cb3-5c28-4312-9a97-c1d68067934e service nova] Creating event network-changed:a4d403ce-7b1b-4691-95b2-44778f39fa95 for instance 39c59cb4-3d12-4b95-9033-256382d0c7f9 on hv-cinder-80475
Mar 01 16:00:30.731890 dv-cinder-804757-23-iscsi devstack@n-api.service[116798]: INFO nova.api.openstack.requestlog [req-c26661bd-9550-4d90-9852-f50c27c0b36d req-d4531cb3-5c28-4312-9a97-c1d68067934e service nova] 10.222.0.21 "POST /compute/v2.1/os-server-external-events" status: 200 len: 179 microversion: 2.1 time: 0.096431
Mar 01 16:00:30.731890 dv-cinder-804757-23-iscsi devstack@n-api.service[116798]: [pid: 116798|app: 0|req: 39/77] 10.222.0.21 () {64 vars in 1317 bytes} [Tue Mar 1 16:00:30 2022] POST /compute/v2.1/os-server-external-events => generated 179 bytes in 98 msecs (HTTP/1.1 200) 9 headers in 357 bytes (1 switches on core 0)
Mar 01 16:00:30.744814 dv-cinder-804757-23-iscsi devstack@n-api.service[116798]: DEBUG nova.api.openstack.wsgi [None req-459b3027-b016-493b-ba41-4ade02eb480c tempest-DeleteServersTestJSON-1755630575 tempest-DeleteServersTestJSON-1755630575-project] Calling method '>' {{(pid=116798) _process_stack /opt/stack/nova/nova/api/openstack/wsgi.py:513}}
Mar 01 16:00:30.745585 dv-cinder-804757-23-iscsi devstack@n-api.service[116798]: DEBUG nova.compute.api [None req-459b3027-b016-493b-ba41-4ade02eb480c tempest-DeleteServersTestJSON-1755630575 tempest-DeleteServersTestJSON-1755630575-project] [instance: 78ef0d08-a3b9-40a3-9ebc-1d8643e551c8] Fetching instance by UUID {{(pid=116798) get /opt/stack/nova/nova/compute/api.py:2918}}
Mar 01 16:00:30.759000 dv-cinder-804757-23-iscsi devstack@n-api.service[116798]: DEBUG oslo_concurrency.lockutils [None req-459b3027-b016-493b-ba41-4ade02eb480c tempest-DeleteServersTestJSON-1755630575 tempest-DeleteServersTestJSON-1755630575-project] Lock "f5b5ccb0-7429-4c8d-8683-86fdb07ad2c0" acquired by "nova.context.set_target_cell..get_or_set_cached_cell_and_set_connections" :: waited 0.000s {{(pid=116798) inner /usr/local/lib/python3.8/dist-packages/oslo_concurrency/lockutils.py:386}}
Mar 01 16:00:30.759479 dv-cinder-804757-23-iscsi devstack@n-api.service[116798]: DEBUG oslo_concurrency.lockutils [None req-459b3027-b016-493b-ba41-4ade02eb480c tempest-DeleteServersTestJSON-1755630575 tempest-DeleteServersTestJSON-1755630575-project] Lock "f5b5ccb0-7429-4c8d-8683-86fdb07ad2c0" "released" by "nova.context.set_target_cell..get_or_set_cached_cell_and_set_connections" :: held 0.002s {{(pid=116798) inner /usr/local/lib/python3.8/dist-packages/oslo_concurrency/lockutils.py:400}}
Mar 01 16:00:30.760280 dv-cinder-804757-23-iscsi devstack@n-api.service[116798]: DEBUG oslo_concurrency.lockutils [None req-459b3027-b016-493b-ba41-4ade02eb480c tempest-DeleteServersTestJSON-1755630575 tempest-DeleteServersTestJSON-1755630575-project] Lock "f5b5ccb0-7429-4c8d-8683-86fdb07ad2c0" acquired by "nova.context.set_target_cell..get_or_set_cached_cell_and_set_connections" :: waited 0.000s {{(pid=116798) inner /usr/local/lib/python3.8/dist-packages/oslo_concurrency/lockutils.py:386}}
Mar 01 16:00:30.760716 dv-cinder-804757-23-iscsi devstack@n-api.service[116798]: DEBUG oslo_concurrency.lockutils [None req-459b3027-b016-493b-ba41-4ade02eb480c tempest-DeleteServersTestJSON-1755630575 tempest-DeleteServersTestJSON-1755630575-project] Lock "f5b5ccb0-7429-4c8d-8683-86fdb07ad2c0" "released" by "nova.context.set_target_cell..get_or_set_cached_cell_and_set_connections" :: held 0.000s {{(pid=116798) inner /usr/local/lib/python3.8/dist-packages/oslo_concurrency/lockutils.py:400}}
Mar 01 16:00:30.848411 dv-cinder-804757-23-iscsi devstack@n-api.service[116799]: DEBUG nova.policy [None req-ccb6a8b1-c283-4f74-a267-39cbf467634f tempest-ServerRescueNegativeTestJSON-432600188 tempest-ServerRescueNegativeTestJSON-432600188-project] Policy check for os_compute_api:os-extended-server-attributes failed with credentials {'is_admin': False, 'user_id': 'b47e8b81ac65457f8c231ea2b13d9500', 'user_domain_id': 'default', 'system_scope': None, 'domain_id': None, 'project_id': 'afa62d9329944515949ef22fccd47c9f', 'project_domain_id': 'default', 'roles': ['reader', 'member'], 'is_admin_project': True, 'service_user_id': None, 'service_user_domain_id': None, 'service_project_id': None, 'service_project_domain_id': None, 'service_roles': []} {{(pid=116799) authorize /opt/stack/nova/nova/policy.py:199}}
Mar 01 16:00:30.857588 dv-cinder-804757-23-iscsi devstack@n-api.service[116799]: INFO nova.api.openstack.requestlog [None req-ccb6a8b1-c283-4f74-a267-39cbf467634f tempest-ServerRescueNegativeTestJSON-432600188 tempest-ServerRescueNegativeTestJSON-432600188-project] 10.222.0.21 "GET /compute/v2.1/servers/39c59cb4-3d12-4b95-9033-256382d0c7f9" status: 200 len: 1322 microversion: 2.1 time: 1.093562
Mar 01 16:00:30.858370 dv-cinder-804757-23-iscsi devstack@n-api.service[116799]: [pid: 116799|app: 0|req: 39/78] 10.222.0.21 () {58 vars in 1235 bytes} [Tue Mar 1 16:00:29 2022] GET /compute/v2.1/servers/39c59cb4-3d12-4b95-9033-256382d0c7f9 => generated 1322 bytes in 1095 msecs (HTTP/1.1 200) 9 headers in 358 bytes (1 switches on core 0)
Mar 01 16:00:30.867967 dv-cinder-804757-23-iscsi devstack@n-api.service[116799]: DEBUG nova.api.openstack.wsgi [req-15394047-293d-4d84-80cb-327ad0a87798 req-e088983d-a33f-4801-83a5-663806801467 service nova] Action: 'create', calling method: >, body: {"events": [{"name": "network-changed", "server_uuid": "78ef0d08-a3b9-40a3-9ebc-1d8643e551c8", "tag": "ef873434-d8cb-468d-bb3c-06444bee4ad3"}]} {{(pid=116799) _process_stack /opt/stack/nova/nova/api/openstack/wsgi.py:511}}
Mar 01 16:00:30.876292 dv-cinder-804757-23-iscsi devstack@n-api.service[116799]: DEBUG oslo_concurrency.lockutils [req-15394047-293d-4d84-80cb-327ad0a87798 req-e088983d-a33f-4801-83a5-663806801467 service nova] Lock "f5b5ccb0-7429-4c8d-8683-86fdb07ad2c0" acquired by "nova.context.set_target_cell..get_or_set_cached_cell_and_set_connections" :: waited 0.000s {{(pid=116799) inner /usr/local/lib/python3.8/dist-packages/oslo_concurrency/lockutils.py:386}}
Mar 01 16:00:30.876733 dv-cinder-804757-23-iscsi devstack@n-api.service[116799]: DEBUG oslo_concurrency.lockutils [req-15394047-293d-4d84-80cb-327ad0a87798 req-e088983d-a33f-4801-83a5-663806801467 service nova] Lock "f5b5ccb0-7429-4c8d-8683-86fdb07ad2c0" "released" by "nova.context.set_target_cell..get_or_set_cached_cell_and_set_connections" :: held 0.001s {{(pid=116799) inner /usr/local/lib/python3.8/dist-packages/oslo_concurrency/lockutils.py:400}}
Mar 01 16:00:30.887597 dv-cinder-804757-23-iscsi devstack@n-api.service[116799]: INFO nova.api.openstack.compute.server_external_events [req-15394047-293d-4d84-80cb-327ad0a87798 req-e088983d-a33f-4801-83a5-663806801467 service nova] Creating event network-changed:ef873434-d8cb-468d-bb3c-06444bee4ad3 for instance 78ef0d08-a3b9-40a3-9ebc-1d8643e551c8 on hv-cinder-80475
Mar 01 16:00:30.893245 dv-cinder-804757-23-iscsi devstack@n-api.service[116799]: INFO nova.api.openstack.requestlog [req-15394047-293d-4d84-80cb-327ad0a87798 req-e088983d-a33f-4801-83a5-663806801467 service nova] 10.222.0.21 "POST /compute/v2.1/os-server-external-events" status: 200 len: 179 microversion: 2.1 time: 0.029737
Mar 01 16:00:30.894004 dv-cinder-804757-23-iscsi devstack@n-api.service[116799]: [pid: 116799|app: 0|req: 40/79] 10.222.0.21 () {64 vars in 1317 bytes} [Tue Mar 1 16:00:30 2022] POST /compute/v2.1/os-server-external-events => generated 179 bytes in 31 msecs (HTTP/1.1 200) 9 headers in 357 bytes (1 switches on core 0)
Mar 01 16:00:30.904291 dv-cinder-804757-23-iscsi devstack@n-api.service[116799]: DEBUG nova.api.openstack.wsgi [None req-c47ff2ec-c217-418c-93b8-d837ee534dfa tempest-AttachVolumeShelveTestJSON-1202993151 tempest-AttachVolumeShelveTestJSON-1202993151-project] Action: 'create', calling method: >, body: {"server": {"name": "tempest-AttachVolumeShelveTestJSON-server-1298203534", "imageRef": "17c5af3b-2566-4411-9519-bf2e03afdcee", "flavorRef": "452", "adminPass": "***", "networks": [{"uuid": "a3f3d426-48dc-421f-a0b3-556d72b875f0"}], "security_groups": [{"name": "tempest-securitygroup--2118283306"}], "key_name": "tempest-keypair-139246401", "user_data": "}} {{(pid=116799) _process_stack /opt/stack/nova/nova/api/openstack/wsgi.py:511}}
Mar 01 16:00:31.024208 dv-cinder-804757-23-iscsi devstack@n-api.service[116798]: DEBUG nova.policy [None req-459b3027-b016-493b-ba41-4ade02eb480c tempest-DeleteServersTestJSON-1755630575 tempest-DeleteServersTestJSON-1755630575-project] Policy check for os_compute_api:os-extended-server-attributes failed with credentials {'is_admin': False, 'user_id': '727268623d654d5d87e5d0943137af3f', 'user_domain_id': 'default', 'system_scope': None, 'domain_id': None, 'project_id': 'ec5146cd1fee4437817c5aca849c9f3f', 'project_domain_id': 'default', 'roles': ['reader', 'member'], 'is_admin_project': True, 'service_user_id': None, 'service_user_domain_id': None, 'service_project_id': None, 'service_project_domain_id': None, 'service_roles': []} {{(pid=116798) authorize /opt/stack/nova/nova/policy.py:199}}
Mar 01 16:00:31.037208 dv-cinder-804757-23-iscsi devstack@n-api.service[116798]: INFO nova.api.openstack.requestlog [None req-459b3027-b016-493b-ba41-4ade02eb480c tempest-DeleteServersTestJSON-1755630575 tempest-DeleteServersTestJSON-1755630575-project] 10.222.0.21 "GET /compute/v2.1/servers/78ef0d08-a3b9-40a3-9ebc-1d8643e551c8" status: 200 len: 1314 microversion: 2.1 time: 0.300627
Mar 01 16:00:31.037794 dv-cinder-804757-23-iscsi devstack@n-api.service[116798]: [pid: 116798|app: 0|req: 40/80] 10.222.0.21 () {58 vars in 1235 bytes} [Tue Mar 1 16:00:30 2022] GET /compute/v2.1/servers/78ef0d08-a3b9-40a3-9ebc-1d8643e551c8 => generated 1314 bytes in 306 msecs (HTTP/1.1 200) 9 headers in 358 bytes (1 switches on core 0)
Mar 01 16:00:31.061808 dv-cinder-804757-23-iscsi devstack@n-api.service[116799]: DEBUG nova.network.neutron [None req-c47ff2ec-c217-418c-93b8-d837ee534dfa tempest-AttachVolumeShelveTestJSON-1202993151 tempest-AttachVolumeShelveTestJSON-1202993151-project] validate_networks() for [('a3f3d426-48dc-421f-a0b3-556d72b875f0', None, None, None, None, None)] {{(pid=116799) validate_networks /opt/stack/nova/nova/network/neutron.py:2632}}
Mar 01 16:00:31.474545 dv-cinder-804757-23-iscsi devstack@n-api.service[116799]: DEBUG nova.virt.hardware [None req-c47ff2ec-c217-418c-93b8-d837ee534dfa tempest-AttachVolumeShelveTestJSON-1202993151 tempest-AttachVolumeShelveTestJSON-1202993151-project] Flavor limits 0:0:0 {{(pid=116799) get_cpu_topology_constraints /opt/stack/nova/nova/virt/hardware.py:343}}
Mar 01 16:00:31.474969 dv-cinder-804757-23-iscsi devstack@n-api.service[116799]: DEBUG nova.virt.hardware [None req-c47ff2ec-c217-418c-93b8-d837ee534dfa tempest-AttachVolumeShelveTestJSON-1202993151 tempest-AttachVolumeShelveTestJSON-1202993151-project] Image limits 0:0:0 {{(pid=116799) get_cpu_topology_constraints /opt/stack/nova/nova/virt/hardware.py:347}}
Mar 01 16:00:31.475436 dv-cinder-804757-23-iscsi devstack@n-api.service[116799]: DEBUG nova.virt.hardware [None req-c47ff2ec-c217-418c-93b8-d837ee534dfa tempest-AttachVolumeShelveTestJSON-1202993151 tempest-AttachVolumeShelveTestJSON-1202993151-project] Flavor pref 0:0:0 {{(pid=116799) get_cpu_topology_constraints /opt/stack/nova/nova/virt/hardware.py:383}}
Mar 01 16:00:31.475840 dv-cinder-804757-23-iscsi devstack@n-api.service[116799]: DEBUG nova.virt.hardware [None req-c47ff2ec-c217-418c-93b8-d837ee534dfa tempest-AttachVolumeShelveTestJSON-1202993151 tempest-AttachVolumeShelveTestJSON-1202993151-project] Image pref 0:0:0 {{(pid=116799) get_cpu_topology_constraints /opt/stack/nova/nova/virt/hardware.py:387}}
Mar 01 16:00:31.476302 dv-cinder-804757-23-iscsi devstack@n-api.service[116799]: DEBUG nova.virt.hardware [None req-c47ff2ec-c217-418c-93b8-d837ee534dfa tempest-AttachVolumeShelveTestJSON-1202993151 tempest-AttachVolumeShelveTestJSON-1202993151-project] Chose sockets=0, cores=0, threads=0; limits were sockets=65536, cores=65536, threads=65536 {{(pid=116799) get_cpu_topology_constraints /opt/stack/nova/nova/virt/hardware.py:425}}
Mar 01 16:00:31.491672 dv-cinder-804757-23-iscsi devstack@n-api.service[116799]: DEBUG oslo_concurrency.lockutils [None req-c47ff2ec-c217-418c-93b8-d837ee534dfa tempest-AttachVolumeShelveTestJSON-1202993151 tempest-AttachVolumeShelveTestJSON-1202993151-project] Lock "00000000-0000-0000-0000-000000000000" acquired by "nova.context.set_target_cell..get_or_set_cached_cell_and_set_connections" :: waited 0.000s {{(pid=116799) inner /usr/local/lib/python3.8/dist-packages/oslo_concurrency/lockutils.py:386}}
Mar 01 16:00:31.492358 dv-cinder-804757-23-iscsi devstack@n-api.service[116799]: DEBUG oslo_concurrency.lockutils [None req-c47ff2ec-c217-418c-93b8-d837ee534dfa tempest-AttachVolumeShelveTestJSON-1202993151 tempest-AttachVolumeShelveTestJSON-1202993151-project] Lock "00000000-0000-0000-0000-000000000000" "released" by "nova.context.set_target_cell..get_or_set_cached_cell_and_set_connections" :: held 0.001s {{(pid=116799) inner /usr/local/lib/python3.8/dist-packages/oslo_concurrency/lockutils.py:400}}
Mar 01 16:00:31.493342 dv-cinder-804757-23-iscsi devstack@n-api.service[116799]: DEBUG oslo_concurrency.lockutils [None req-c47ff2ec-c217-418c-93b8-d837ee534dfa tempest-AttachVolumeShelveTestJSON-1202993151 tempest-AttachVolumeShelveTestJSON-1202993151-project] Lock "f5b5ccb0-7429-4c8d-8683-86fdb07ad2c0" acquired by "nova.context.set_target_cell..get_or_set_cached_cell_and_set_connections" :: waited 0.000s {{(pid=116799) inner /usr/local/lib/python3.8/dist-packages/oslo_concurrency/lockutils.py:386}}
Mar 01 16:00:31.494015 dv-cinder-804757-23-iscsi devstack@n-api.service[116799]: DEBUG oslo_concurrency.lockutils [None req-c47ff2ec-c217-418c-93b8-d837ee534dfa tempest-AttachVolumeShelveTestJSON-1202993151 tempest-AttachVolumeShelveTestJSON-1202993151-project] Lock "f5b5ccb0-7429-4c8d-8683-86fdb07ad2c0" "released" by "nova.context.set_target_cell..get_or_set_cached_cell_and_set_connections" :: held 0.001s {{(pid=116799) inner /usr/local/lib/python3.8/dist-packages/oslo_concurrency/lockutils.py:400}}
Mar 01 16:00:31.520107 dv-cinder-804757-23-iscsi devstack@n-api.service[116799]: DEBUG nova.quota [None req-c47ff2ec-c217-418c-93b8-d837ee534dfa tempest-AttachVolumeShelveTestJSON-1202993151 tempest-AttachVolumeShelveTestJSON-1202993151-project] Getting quotas for project e3b5c8ac69404c98a60bec2bbded2c61. Resources: {'cores', 'instances', 'ram'} {{(pid=116799) _get_quotas /opt/stack/nova/nova/quota.py:393}}
Mar 01 16:00:31.525098 dv-cinder-804757-23-iscsi devstack@n-api.service[116799]: DEBUG nova.quota [None req-c47ff2ec-c217-418c-93b8-d837ee534dfa tempest-AttachVolumeShelveTestJSON-1202993151 tempest-AttachVolumeShelveTestJSON-1202993151-project] Getting quotas for user c9b835d486b0491a8ee95d288e353979 and project e3b5c8ac69404c98a60bec2bbded2c61. Resources: {'cores', 'instances', 'ram'} {{(pid=116799) _get_quotas /opt/stack/nova/nova/quota.py:383}}
Mar 01 16:00:31.540790 dv-cinder-804757-23-iscsi devstack@n-api.service[116799]: DEBUG nova.compute.api [None req-c47ff2ec-c217-418c-93b8-d837ee534dfa tempest-AttachVolumeShelveTestJSON-1202993151 tempest-AttachVolumeShelveTestJSON-1202993151-project] Going to run 1 instances... {{(pid=116799) _provision_instances /opt/stack/nova/nova/compute/api.py:1389}}
Mar 01 16:00:31.544680 dv-cinder-804757-23-iscsi devstack@n-api.service[116799]: DEBUG nova.compute.api [None req-c47ff2ec-c217-418c-93b8-d837ee534dfa tempest-AttachVolumeShelveTestJSON-1202993151 tempest-AttachVolumeShelveTestJSON-1202993151-project] [instance: 55e93d1e-60e1-4b80-aa60-8fd77ca32213] block_device_mapping [BlockDeviceMapping(attachment_id=,boot_index=0,connection_info=None,created_at=,delete_on_termination=True,deleted=,deleted_at=,destination_type='local',device_name=None,device_type='disk',disk_bus=None,guest_format=None,id=,image_id='17c5af3b-2566-4411-9519-bf2e03afdcee',instance=,instance_uuid=,no_device=False,snapshot_id=None,source_type='image',tag=None,updated_at=,uuid=,volume_id=None,volume_size=None,volume_type=None)] {{(pid=116799) _bdm_validate_set_size_and_instance /opt/stack/nova/nova/compute/api.py:1807}}
Mar 01 16:00:31.646375 dv-cinder-804757-23-iscsi devstack@n-api.service[116799]: INFO nova.api.openstack.requestlog [None req-c47ff2ec-c217-418c-93b8-d837ee534dfa tempest-AttachVolumeShelveTestJSON-1202993151 tempest-AttachVolumeShelveTestJSON-1202993151-project] 10.222.0.21 "POST /compute/v2.1/servers" status: 202 len: 402 microversion: 2.20 time: 0.751008
Mar 01 16:00:31.647511 dv-cinder-804757-23-iscsi devstack@n-api.service[116799]: [pid: 116799|app: 0|req: 41/81] 10.222.0.21 () {62 vars in 1187 bytes} [Tue Mar 1 16:00:30 2022] POST /compute/v2.1/servers => generated 402 bytes in 753 msecs (HTTP/1.1 202) 10 headers in 453 bytes (1 switches on core 0)
Mar 01 16:00:31.652601 dv-cinder-804757-23-iscsi devstack@n-api.service[116798]: DEBUG nova.api.openstack.wsgi [None req-9c80e2bc-532e-4e8e-ad67-bf2126dd735f tempest-AttachVolumeNegativeTest-10190334 tempest-AttachVolumeNegativeTest-10190334-project] Calling method '>' {{(pid=116798) _process_stack /opt/stack/nova/nova/api/openstack/wsgi.py:513}}
Mar 01 16:00:31.653864 dv-cinder-804757-23-iscsi devstack@n-api.service[116798]: DEBUG nova.compute.api [None req-9c80e2bc-532e-4e8e-ad67-bf2126dd735f tempest-AttachVolumeNegativeTest-10190334 tempest-AttachVolumeNegativeTest-10190334-project] [instance: cfeec9da-2506-4c2c-8162-c2c64825d9d1] Fetching instance by UUID {{(pid=116798) get /opt/stack/nova/nova/compute/api.py:2918}}
Mar 01 16:00:31.657647 dv-cinder-804757-23-iscsi devstack@n-api.service[116799]: DEBUG nova.api.openstack.wsgi [None req-02f5c7cd-d980-4d80-9e89-1ebabb25d153 tempest-AttachVolumeShelveTestJSON-1202993151 tempest-AttachVolumeShelveTestJSON-1202993151-project] Calling method '>' {{(pid=116799) _process_stack /opt/stack/nova/nova/api/openstack/wsgi.py:513}}
Mar 01 16:00:31.658714 dv-cinder-804757-23-iscsi devstack@n-api.service[116799]: DEBUG nova.compute.api [None req-02f5c7cd-d980-4d80-9e89-1ebabb25d153 tempest-AttachVolumeShelveTestJSON-1202993151 tempest-AttachVolumeShelveTestJSON-1202993151-project] [instance: 55e93d1e-60e1-4b80-aa60-8fd77ca32213] Fetching instance by UUID {{(pid=116799) get /opt/stack/nova/nova/compute/api.py:2918}}
Mar 01 16:00:31.665054 dv-cinder-804757-23-iscsi devstack@n-api.service[116798]: DEBUG oslo_concurrency.lockutils [None req-9c80e2bc-532e-4e8e-ad67-bf2126dd735f tempest-AttachVolumeNegativeTest-10190334 tempest-AttachVolumeNegativeTest-10190334-project] Lock "f5b5ccb0-7429-4c8d-8683-86fdb07ad2c0" acquired by "nova.context.set_target_cell..get_or_set_cached_cell_and_set_connections" :: waited 0.000s {{(pid=116798) inner /usr/local/lib/python3.8/dist-packages/oslo_concurrency/lockutils.py:386}}
Mar 01 16:00:31.666209 dv-cinder-804757-23-iscsi devstack@n-api.service[116798]: DEBUG oslo_concurrency.lockutils [None req-9c80e2bc-532e-4e8e-ad67-bf2126dd735f tempest-AttachVolumeNegativeTest-10190334 tempest-AttachVolumeNegativeTest-10190334-project] Lock "f5b5ccb0-7429-4c8d-8683-86fdb07ad2c0" "released" by "nova.context.set_target_cell..get_or_set_cached_cell_and_set_connections" :: held 0.003s {{(pid=116798) inner /usr/local/lib/python3.8/dist-packages/oslo_concurrency/lockutils.py:400}}
Mar 01 16:00:31.669077 dv-cinder-804757-23-iscsi devstack@n-api.service[116798]: DEBUG oslo_concurrency.lockutils [None req-9c80e2bc-532e-4e8e-ad67-bf2126dd735f tempest-AttachVolumeNegativeTest-10190334 tempest-AttachVolumeNegativeTest-10190334-project] Lock "f5b5ccb0-7429-4c8d-8683-86fdb07ad2c0" acquired by "nova.context.set_target_cell..get_or_set_cached_cell_and_set_connections" :: waited 0.001s {{(pid=116798) inner /usr/local/lib/python3.8/dist-packages/oslo_concurrency/lockutils.py:386}}
Mar 01 16:00:31.669736 dv-cinder-804757-23-iscsi devstack@n-api.service[116798]: DEBUG oslo_concurrency.lockutils [None req-9c80e2bc-532e-4e8e-ad67-bf2126dd735f tempest-AttachVolumeNegativeTest-10190334 tempest-AttachVolumeNegativeTest-10190334-project] Lock "f5b5ccb0-7429-4c8d-8683-86fdb07ad2c0" "released" by "nova.context.set_target_cell..get_or_set_cached_cell_and_set_connections" :: held 0.002s {{(pid=116798) inner /usr/local/lib/python3.8/dist-packages/oslo_concurrency/lockutils.py:400}}
Mar 01 16:00:31.756644 dv-cinder-804757-23-iscsi devstack@n-api.service[116799]: DEBUG nova.policy [None req-02f5c7cd-d980-4d80-9e89-1ebabb25d153 tempest-AttachVolumeShelveTestJSON-1202993151 tempest-AttachVolumeShelveTestJSON-1202993151-project] Policy check for os_compute_api:os-extended-server-attributes failed with credentials {'is_admin': False, 'user_id': 'c9b835d486b0491a8ee95d288e353979', 'user_domain_id': 'default', 'system_scope': None, 'domain_id': None, 'project_id': 'e3b5c8ac69404c98a60bec2bbded2c61', 'project_domain_id': 'default', 'roles': ['reader', 'member'], 'is_admin_project': True, 'service_user_id': None, 'service_user_domain_id': None, 'service_project_id': None, 'service_project_domain_id': None, 'service_roles': []} {{(pid=116799) authorize /opt/stack/nova/nova/policy.py:199}}
Mar 01 16:00:31.764663 dv-cinder-804757-23-iscsi devstack@n-api.service[116799]: DEBUG nova.policy [None req-02f5c7cd-d980-4d80-9e89-1ebabb25d153 tempest-AttachVolumeShelveTestJSON-1202993151 tempest-AttachVolumeShelveTestJSON-1202993151-project] Policy check for os_compute_api:servers:show:host_status failed with credentials {'is_admin': False, 'user_id': 'c9b835d486b0491a8ee95d288e353979', 'user_domain_id': 'default', 'system_scope': None, 'domain_id': None, 'project_id': 'e3b5c8ac69404c98a60bec2bbded2c61', 'project_domain_id': 'default', 'roles': ['reader', 'member'], 'is_admin_project': True, 'service_user_id': None, 'service_user_domain_id': None, 'service_project_id': None, 'service_project_domain_id': None, 'service_roles': []} {{(pid=116799) authorize /opt/stack/nova/nova/policy.py:199}}
Mar 01 16:00:31.771110 dv-cinder-804757-23-iscsi devstack@n-api.service[116799]: DEBUG nova.policy [None req-02f5c7cd-d980-4d80-9e89-1ebabb25d153 tempest-AttachVolumeShelveTestJSON-1202993151 tempest-AttachVolumeShelveTestJSON-1202993151-project] Policy check for os_compute_api:servers:show:host_status:unknown-only failed with credentials {'is_admin': False, 'user_id': 'c9b835d486b0491a8ee95d288e353979', 'user_domain_id': 'default', 'system_scope': None, 'domain_id': None, 'project_id': 'e3b5c8ac69404c98a60bec2bbded2c61', 'project_domain_id': 'default', 'roles': ['reader', 'member'], 'is_admin_project': True, 'service_user_id': None, 'service_user_domain_id': None, 'service_project_id': None, 'service_project_domain_id': None, 'service_roles': []} {{(pid=116799) authorize /opt/stack/nova/nova/policy.py:199}}
Mar 01 16:00:31.772833 dv-cinder-804757-23-iscsi devstack@n-api.service[116799]: INFO nova.api.openstack.requestlog [None req-02f5c7cd-d980-4d80-9e89-1ebabb25d153 tempest-AttachVolumeShelveTestJSON-1202993151 tempest-AttachVolumeShelveTestJSON-1202993151-project] 10.222.0.21 "GET /compute/v2.1/servers/55e93d1e-60e1-4b80-aa60-8fd77ca32213" status: 200 len: 1281 microversion: 2.20 time: 0.119147
Mar 01 16:00:31.774188 dv-cinder-804757-23-iscsi devstack@n-api.service[116799]: [pid: 116799|app: 0|req: 42/82] 10.222.0.21 () {60 vars in 1276 bytes} [Tue Mar 1 16:00:31 2022] GET /compute/v2.1/servers/55e93d1e-60e1-4b80-aa60-8fd77ca32213 => generated 1281 bytes in 121 msecs (HTTP/1.1 200) 9 headers in 360 bytes (1 switches on core 0)
Mar 01 16:00:31.880350 dv-cinder-804757-23-iscsi devstack@n-api.service[116799]: DEBUG nova.api.openstack.wsgi [None req-8303e83f-7e58-4cf6-80f3-96a18bc04fd8 tempest-ServerRescueNegativeTestJSON-432600188 tempest-ServerRescueNegativeTestJSON-432600188-project] Calling method '>' {{(pid=116799) _process_stack /opt/stack/nova/nova/api/openstack/wsgi.py:513}}
Mar 01 16:00:31.880350 dv-cinder-804757-23-iscsi devstack@n-api.service[116799]: DEBUG nova.compute.api [None req-8303e83f-7e58-4cf6-80f3-96a18bc04fd8 tempest-ServerRescueNegativeTestJSON-432600188 tempest-ServerRescueNegativeTestJSON-432600188-project] [instance: 39c59cb4-3d12-4b95-9033-256382d0c7f9] Fetching instance by UUID {{(pid=116799) get /opt/stack/nova/nova/compute/api.py:2918}}
Mar 01 16:00:31.885788 dv-cinder-804757-23-iscsi devstack@n-api.service[116799]: DEBUG oslo_concurrency.lockutils [None req-8303e83f-7e58-4cf6-80f3-96a18bc04fd8 tempest-ServerRescueNegativeTestJSON-432600188 tempest-ServerRescueNegativeTestJSON-432600188-project] Lock "f5b5ccb0-7429-4c8d-8683-86fdb07ad2c0" acquired by "nova.context.set_target_cell..get_or_set_cached_cell_and_set_connections" :: waited 0.000s {{(pid=116799) inner /usr/local/lib/python3.8/dist-packages/oslo_concurrency/lockutils.py:386}}
Mar 01 16:00:31.890231 dv-cinder-804757-23-iscsi devstack@n-api.service[116799]: DEBUG oslo_concurrency.lockutils [None req-8303e83f-7e58-4cf6-80f3-96a18bc04fd8 tempest-ServerRescueNegativeTestJSON-432600188 tempest-ServerRescueNegativeTestJSON-432600188-project] Lock "f5b5ccb0-7429-4c8d-8683-86fdb07ad2c0" "released" by "nova.context.set_target_cell..get_or_set_cached_cell_and_set_connections" :: held 0.004s {{(pid=116799) inner /usr/local/lib/python3.8/dist-packages/oslo_concurrency/lockutils.py:400}}
Mar 01 16:00:31.891574 dv-cinder-804757-23-iscsi devstack@n-api.service[116799]: DEBUG oslo_concurrency.lockutils [None req-8303e83f-7e58-4cf6-80f3-96a18bc04fd8 tempest-ServerRescueNegativeTestJSON-432600188 tempest-ServerRescueNegativeTestJSON-432600188-project] Lock "f5b5ccb0-7429-4c8d-8683-86fdb07ad2c0" acquired by "nova.context.set_target_cell..get_or_set_cached_cell_and_set_connections" :: waited 0.000s {{(pid=116799) inner /usr/local/lib/python3.8/dist-packages/oslo_concurrency/lockutils.py:386}}
Mar 01 16:00:31.891574 dv-cinder-804757-23-iscsi devstack@n-api.service[116799]: DEBUG oslo_concurrency.lockutils [None req-8303e83f-7e58-4cf6-80f3-96a18bc04fd8 tempest-ServerRescueNegativeTestJSON-432600188 tempest-ServerRescueNegativeTestJSON-432600188-project] Lock "f5b5ccb0-7429-4c8d-8683-86fdb07ad2c0" "released" by "nova.context.set_target_cell..get_or_set_cached_cell_and_set_connections" :: held 0.000s {{(pid=116799) inner /usr/local/lib/python3.8/dist-packages/oslo_concurrency/lockutils.py:400}}
Mar 01 16:00:31.897260 dv-cinder-804757-23-iscsi devstack@n-api.service[116798]: DEBUG nova.policy [None req-9c80e2bc-532e-4e8e-ad67-bf2126dd735f tempest-AttachVolumeNegativeTest-10190334 tempest-AttachVolumeNegativeTest-10190334-project] Policy check for os_compute_api:os-extended-server-attributes failed with credentials {'is_admin': False, 'user_id': '5aa246268c734e02858830198af513bc', 'user_domain_id': 'default', 'system_scope': None, 'domain_id': None, 'project_id': 'ba6d34d6b4a24a8e93b99efb6a733005', 'project_domain_id': 'default', 'roles': ['reader', 'member'], 'is_admin_project': True, 'service_user_id': None, 'service_user_domain_id': None, 'service_project_id': None, 'service_project_domain_id': None, 'service_roles': []} {{(pid=116798) authorize /opt/stack/nova/nova/policy.py:199}}
Mar 01 16:00:31.906140 dv-cinder-804757-23-iscsi devstack@n-api.service[116798]: INFO nova.api.openstack.requestlog [None req-9c80e2bc-532e-4e8e-ad67-bf2126dd735f tempest-AttachVolumeNegativeTest-10190334 tempest-AttachVolumeNegativeTest-10190334-project] 10.222.0.21 "GET /compute/v2.1/servers/cfeec9da-2506-4c2c-8162-c2c64825d9d1" status: 200 len: 1317 microversion: 2.1 time: 0.262290
Mar 01 16:00:31.907364 dv-cinder-804757-23-iscsi devstack@n-api.service[116798]: [pid: 116798|app: 0|req: 41/83] 10.222.0.21 () {58 vars in 1235 bytes} [Tue Mar 1 16:00:31 2022] GET /compute/v2.1/servers/cfeec9da-2506-4c2c-8162-c2c64825d9d1 => generated 1317 bytes in 264 msecs (HTTP/1.1 200) 9 headers in 358 bytes (2 switches on core 0)
Mar 01 16:00:32.054381 dv-cinder-804757-23-iscsi devstack@n-api.service[116798]: DEBUG nova.api.openstack.wsgi [None req-122bc332-f37e-4b6a-84ea-769ac250384d tempest-DeleteServersTestJSON-1755630575 tempest-DeleteServersTestJSON-1755630575-project] Calling method '>' {{(pid=116798) _process_stack /opt/stack/nova/nova/api/openstack/wsgi.py:513}}
Mar 01 16:00:32.055392 dv-cinder-804757-23-iscsi devstack@n-api.service[116798]: DEBUG nova.compute.api [None req-122bc332-f37e-4b6a-84ea-769ac250384d tempest-DeleteServersTestJSON-1755630575 tempest-DeleteServersTestJSON-1755630575-project] [instance: 78ef0d08-a3b9-40a3-9ebc-1d8643e551c8] Fetching instance by UUID {{(pid=116798) get /opt/stack/nova/nova/compute/api.py:2918}}
Mar 01 16:00:32.064930 dv-cinder-804757-23-iscsi devstack@n-api.service[116798]: DEBUG oslo_concurrency.lockutils [None req-122bc332-f37e-4b6a-84ea-769ac250384d tempest-DeleteServersTestJSON-1755630575 tempest-DeleteServersTestJSON-1755630575-project] Lock "f5b5ccb0-7429-4c8d-8683-86fdb07ad2c0" acquired by "nova.context.set_target_cell..get_or_set_cached_cell_and_set_connections" :: waited 0.000s {{(pid=116798) inner /usr/local/lib/python3.8/dist-packages/oslo_concurrency/lockutils.py:386}}
Mar 01 16:00:32.065505 dv-cinder-804757-23-iscsi devstack@n-api.service[116798]: DEBUG oslo_concurrency.lockutils [None req-122bc332-f37e-4b6a-84ea-769ac250384d tempest-DeleteServersTestJSON-1755630575 tempest-DeleteServersTestJSON-1755630575-project] Lock "f5b5ccb0-7429-4c8d-8683-86fdb07ad2c0" "released" by "nova.context.set_target_cell..get_or_set_cached_cell_and_set_connections" :: held 0.001s {{(pid=116798) inner /usr/local/lib/python3.8/dist-packages/oslo_concurrency/lockutils.py:400}}
Mar 01 16:00:32.066777 dv-cinder-804757-23-iscsi devstack@n-api.service[116798]: DEBUG oslo_concurrency.lockutils [None req-122bc332-f37e-4b6a-84ea-769ac250384d tempest-DeleteServersTestJSON-1755630575 tempest-DeleteServersTestJSON-1755630575-project] Lock "f5b5ccb0-7429-4c8d-8683-86fdb07ad2c0" acquired by "nova.context.set_target_cell..get_or_set_cached_cell_and_set_connections" :: waited 0.000s {{(pid=116798) inner /usr/local/lib/python3.8/dist-packages/oslo_concurrency/lockutils.py:386}}
Mar 01 16:00:32.067204 dv-cinder-804757-23-iscsi devstack@n-api.service[116798]: DEBUG oslo_concurrency.lockutils [None req-122bc332-f37e-4b6a-84ea-769ac250384d tempest-DeleteServersTestJSON-1755630575 tempest-DeleteServersTestJSON-1755630575-project] Lock "f5b5ccb0-7429-4c8d-8683-86fdb07ad2c0" "released" by "nova.context.set_target_cell..get_or_set_cached_cell_and_set_connections" :: held 0.001s {{(pid=116798) inner /usr/local/lib/python3.8/dist-packages/oslo_concurrency/lockutils.py:400}}
Mar 01 16:00:32.081841 dv-cinder-804757-23-iscsi devstack@n-api.service[116799]: DEBUG nova.policy [None req-8303e83f-7e58-4cf6-80f3-96a18bc04fd8 tempest-ServerRescueNegativeTestJSON-432600188 tempest-ServerRescueNegativeTestJSON-432600188-project] Policy check for os_compute_api:os-extended-server-attributes failed with credentials {'is_admin': False, 'user_id': 'b47e8b81ac65457f8c231ea2b13d9500', 'user_domain_id': 'default', 'system_scope': None, 'domain_id': None, 'project_id': 'afa62d9329944515949ef22fccd47c9f', 'project_domain_id': 'default', 'roles': ['reader', 'member'], 'is_admin_project': True, 'service_user_id': None, 'service_user_domain_id': None, 'service_project_id': None, 'service_project_domain_id': None, 'service_roles': []} {{(pid=116799) authorize /opt/stack/nova/nova/policy.py:199}}
Mar 01 16:00:32.091513 dv-cinder-804757-23-iscsi devstack@n-api.service[116799]: INFO nova.api.openstack.requestlog [None req-8303e83f-7e58-4cf6-80f3-96a18bc04fd8 tempest-ServerRescueNegativeTestJSON-432600188 tempest-ServerRescueNegativeTestJSON-432600188-project] 10.222.0.21 "GET /compute/v2.1/servers/39c59cb4-3d12-4b95-9033-256382d0c7f9" status: 200 len: 1322 microversion: 2.1 time: 0.218705
Mar 01 16:00:32.093049 dv-cinder-804757-23-iscsi devstack@n-api.service[116799]: [pid: 116799|app: 0|req: 43/84] 10.222.0.21 () {58 vars in 1235 bytes} [Tue Mar 1 16:00:31 2022] GET /compute/v2.1/servers/39c59cb4-3d12-4b95-9033-256382d0c7f9 => generated 1322 bytes in 221 msecs (HTTP/1.1 200) 9 headers in 358 bytes (1 switches on core 0)
Mar 01 16:00:32.299265 dv-cinder-804757-23-iscsi devstack@n-api.service[116798]: DEBUG nova.policy [None req-122bc332-f37e-4b6a-84ea-769ac250384d tempest-DeleteServersTestJSON-1755630575 tempest-DeleteServersTestJSON-1755630575-project] Policy check for os_compute_api:os-extended-server-attributes failed with credentials {'is_admin': False, 'user_id': '727268623d654d5d87e5d0943137af3f', 'user_domain_id': 'default', 'system_scope': None, 'domain_id': None, 'project_id': 'ec5146cd1fee4437817c5aca849c9f3f', 'project_domain_id': 'default', 'roles': ['reader', 'member'], 'is_admin_project': True, 'service_user_id': None, 'service_user_domain_id': None, 'service_project_id': None, 'service_project_domain_id': None, 'service_roles': []} {{(pid=116798) authorize /opt/stack/nova/nova/policy.py:199}}
Mar 01 16:00:32.313079 dv-cinder-804757-23-iscsi devstack@n-api.service[116798]: INFO nova.api.openstack.requestlog [None req-122bc332-f37e-4b6a-84ea-769ac250384d tempest-DeleteServersTestJSON-1755630575 tempest-DeleteServersTestJSON-1755630575-project] 10.222.0.21 "GET /compute/v2.1/servers/78ef0d08-a3b9-40a3-9ebc-1d8643e551c8" status: 200 len: 1314 microversion: 2.1 time: 0.263525
Mar 01 16:00:32.314136 dv-cinder-804757-23-iscsi devstack@n-api.service[116798]: [pid: 116798|app: 0|req: 42/85] 10.222.0.21 () {58 vars in 1235 bytes} [Tue Mar 1 16:00:32 2022] GET /compute/v2.1/servers/78ef0d08-a3b9-40a3-9ebc-1d8643e551c8 => generated 1314 bytes in 265 msecs (HTTP/1.1 200) 9 headers in 358 bytes (1 switches on core 0)
Mar 01 16:00:32.794293 dv-cinder-804757-23-iscsi devstack@n-api.service[116799]: DEBUG nova.api.openstack.wsgi [None req-8a9fcf07-eaac-450b-89bc-6d04487a3890 tempest-AttachVolumeShelveTestJSON-1202993151 tempest-AttachVolumeShelveTestJSON-1202993151-project] Calling method '>' {{(pid=116799) _process_stack /opt/stack/nova/nova/api/openstack/wsgi.py:513}}
Mar 01 16:00:32.795231 dv-cinder-804757-23-iscsi devstack@n-api.service[116799]: DEBUG nova.compute.api [None req-8a9fcf07-eaac-450b-89bc-6d04487a3890 tempest-AttachVolumeShelveTestJSON-1202993151 tempest-AttachVolumeShelveTestJSON-1202993151-project] [instance: 55e93d1e-60e1-4b80-aa60-8fd77ca32213] Fetching instance by UUID {{(pid=116799) get /opt/stack/nova/nova/compute/api.py:2918}}
Mar 01 16:00:32.802647 dv-cinder-804757-23-iscsi devstack@n-api.service[116799]: DEBUG oslo_concurrency.lockutils [None req-8a9fcf07-eaac-450b-89bc-6d04487a3890 tempest-AttachVolumeShelveTestJSON-1202993151 tempest-AttachVolumeShelveTestJSON-1202993151-project] Lock "f5b5ccb0-7429-4c8d-8683-86fdb07ad2c0" acquired by "nova.context.set_target_cell..get_or_set_cached_cell_and_set_connections" :: waited 0.000s {{(pid=116799) inner /usr/local/lib/python3.8/dist-packages/oslo_concurrency/lockutils.py:386}}
Mar 01 16:00:32.803287 dv-cinder-804757-23-iscsi devstack@n-api.service[116799]: DEBUG oslo_concurrency.lockutils [None req-8a9fcf07-eaac-450b-89bc-6d04487a3890 tempest-AttachVolumeShelveTestJSON-1202993151 tempest-AttachVolumeShelveTestJSON-1202993151-project] Lock "f5b5ccb0-7429-4c8d-8683-86fdb07ad2c0" "released" by "nova.context.set_target_cell..get_or_set_cached_cell_and_set_connections" :: held 0.001s {{(pid=116799) inner /usr/local/lib/python3.8/dist-packages/oslo_concurrency/lockutils.py:400}}
Mar 01 16:00:32.805745 dv-cinder-804757-23-iscsi devstack@n-api.service[116799]: DEBUG oslo_concurrency.lockutils [None req-8a9fcf07-eaac-450b-89bc-6d04487a3890 tempest-AttachVolumeShelveTestJSON-1202993151 tempest-AttachVolumeShelveTestJSON-1202993151-project] Lock "f5b5ccb0-7429-4c8d-8683-86fdb07ad2c0" acquired by "nova.context.set_target_cell..get_or_set_cached_cell_and_set_connections" :: waited 0.000s {{(pid=116799) inner /usr/local/lib/python3.8/dist-packages/oslo_concurrency/lockutils.py:386}}
Mar 01 16:00:32.810183 dv-cinder-804757-23-iscsi devstack@n-api.service[116799]: DEBUG oslo_concurrency.lockutils [None req-8a9fcf07-eaac-450b-89bc-6d04487a3890 tempest-AttachVolumeShelveTestJSON-1202993151 tempest-AttachVolumeShelveTestJSON-1202993151-project] Lock "f5b5ccb0-7429-4c8d-8683-86fdb07ad2c0" "released" by "nova.context.set_target_cell..get_or_set_cached_cell_and_set_connections" :: held 0.006s {{(pid=116799) inner /usr/local/lib/python3.8/dist-packages/oslo_concurrency/lockutils.py:400}}
Mar 01 16:00:32.923285 dv-cinder-804757-23-iscsi devstack@n-api.service[116799]: DEBUG nova.policy [None req-8a9fcf07-eaac-450b-89bc-6d04487a3890 tempest-AttachVolumeShelveTestJSON-1202993151 tempest-AttachVolumeShelveTestJSON-1202993151-project] Policy check for os_compute_api:os-extended-server-attributes failed with credentials {'is_admin': False, 'user_id': 'c9b835d486b0491a8ee95d288e353979', 'user_domain_id': 'default', 'system_scope': None, 'domain_id': None, 'project_id': 'e3b5c8ac69404c98a60bec2bbded2c61', 'project_domain_id': 'default', 'roles': ['reader', 'member'], 'is_admin_project': True, 'service_user_id': None, 'service_user_domain_id': None, 'service_project_id': None, 'service_project_domain_id': None, 'service_roles': []} {{(pid=116799) authorize /opt/stack/nova/nova/policy.py:199}}
Mar 01 16:00:32.924196 dv-cinder-804757-23-iscsi devstack@n-api.service[116798]: DEBUG nova.api.openstack.wsgi [None req-39ec4b1b-90fa-44ad-91ae-6b2402616ffa tempest-AttachVolumeNegativeTest-10190334 tempest-AttachVolumeNegativeTest-10190334-project] Calling method '>' {{(pid=116798) _process_stack /opt/stack/nova/nova/api/openstack/wsgi.py:513}}
Mar 01 16:00:32.925512 dv-cinder-804757-23-iscsi devstack@n-api.service[116798]: DEBUG nova.compute.api [None req-39ec4b1b-90fa-44ad-91ae-6b2402616ffa tempest-AttachVolumeNegativeTest-10190334 tempest-AttachVolumeNegativeTest-10190334-project] [instance: cfeec9da-2506-4c2c-8162-c2c64825d9d1] Fetching instance by UUID {{(pid=116798) get /opt/stack/nova/nova/compute/api.py:2918}}
Mar 01 16:00:32.931754 dv-cinder-804757-23-iscsi devstack@n-api.service[116799]: DEBUG nova.policy [None req-8a9fcf07-eaac-450b-89bc-6d04487a3890 tempest-AttachVolumeShelveTestJSON-1202993151 tempest-AttachVolumeShelveTestJSON-1202993151-project] Policy check for os_compute_api:servers:show:host_status failed with credentials {'is_admin': False, 'user_id': 'c9b835d486b0491a8ee95d288e353979', 'user_domain_id': 'default', 'system_scope': None, 'domain_id': None, 'project_id': 'e3b5c8ac69404c98a60bec2bbded2c61', 'project_domain_id': 'default', 'roles': ['reader', 'member'], 'is_admin_project': True, 'service_user_id': None, 'service_user_domain_id': None, 'service_project_id': None, 'service_project_domain_id': None, 'service_roles': []} {{(pid=116799) authorize /opt/stack/nova/nova/policy.py:199}}
Mar 01 16:00:32.933245 dv-cinder-804757-23-iscsi devstack@n-api.service[116799]: DEBUG nova.policy [None req-8a9fcf07-eaac-450b-89bc-6d04487a3890 tempest-AttachVolumeShelveTestJSON-1202993151 tempest-AttachVolumeShelveTestJSON-1202993151-project] Policy check for os_compute_api:servers:show:host_status:unknown-only failed with credentials {'is_admin': False, 'user_id': 'c9b835d486b0491a8ee95d288e353979', 'user_domain_id': 'default', 'system_scope': None, 'domain_id': None, 'project_id': 'e3b5c8ac69404c98a60bec2bbded2c61', 'project_domain_id': 'default', 'roles': ['reader', 'member'], 'is_admin_project': True, 'service_user_id': None, 'service_user_domain_id': None, 'service_project_id': None, 'service_project_domain_id': None, 'service_roles': []} {{(pid=116799) authorize /opt/stack/nova/nova/policy.py:199}}
Mar 01 16:00:32.934327 dv-cinder-804757-23-iscsi devstack@n-api.service[116799]: INFO nova.api.openstack.requestlog [None req-8a9fcf07-eaac-450b-89bc-6d04487a3890 tempest-AttachVolumeShelveTestJSON-1202993151 tempest-AttachVolumeShelveTestJSON-1202993151-project] 10.222.0.21 "GET /compute/v2.1/servers/55e93d1e-60e1-4b80-aa60-8fd77ca32213" status: 200 len: 1333 microversion: 2.20 time: 0.146547
Mar 01 16:00:32.944451 dv-cinder-804757-23-iscsi devstack@n-api.service[116798]: DEBUG oslo_concurrency.lockutils [None req-39ec4b1b-90fa-44ad-91ae-6b2402616ffa tempest-AttachVolumeNegativeTest-10190334 tempest-AttachVolumeNegativeTest-10190334-project] Lock "f5b5ccb0-7429-4c8d-8683-86fdb07ad2c0" acquired by "nova.context.set_target_cell..get_or_set_cached_cell_and_set_connections" :: waited 0.000s {{(pid=116798) inner /usr/local/lib/python3.8/dist-packages/oslo_concurrency/lockutils.py:386}}
Mar 01 16:00:32.945580 dv-cinder-804757-23-iscsi devstack@n-api.service[116798]: DEBUG oslo_concurrency.lockutils [None req-39ec4b1b-90fa-44ad-91ae-6b2402616ffa tempest-AttachVolumeNegativeTest-10190334 tempest-AttachVolumeNegativeTest-10190334-project] Lock "f5b5ccb0-7429-4c8d-8683-86fdb07ad2c0" "released" by "nova.context.set_target_cell..get_or_set_cached_cell_and_set_connections" :: held 0.001s {{(pid=116798) inner /usr/local/lib/python3.8/dist-packages/oslo_concurrency/lockutils.py:400}}
Mar 01 16:00:32.946577 dv-cinder-804757-23-iscsi devstack@n-api.service[116798]: DEBUG oslo_concurrency.lockutils [None req-39ec4b1b-90fa-44ad-91ae-6b2402616ffa tempest-AttachVolumeNegativeTest-10190334 tempest-AttachVolumeNegativeTest-10190334-project] Lock "f5b5ccb0-7429-4c8d-8683-86fdb07ad2c0" acquired by "nova.context.set_target_cell..get_or_set_cached_cell_and_set_connections" :: waited 0.000s {{(pid=116798) inner /usr/local/lib/python3.8/dist-packages/oslo_concurrency/lockutils.py:386}}
Mar 01 16:00:32.946692 dv-cinder-804757-23-iscsi devstack@n-api.service[116799]: [pid: 116799|app: 0|req: 44/86] 10.222.0.21 () {60 vars in 1276 bytes} [Tue Mar 1 16:00:32 2022] GET /compute/v2.1/servers/55e93d1e-60e1-4b80-aa60-8fd77ca32213 => generated 1333 bytes in 160 msecs (HTTP/1.1 200) 9 headers in 360 bytes (1 switches on core 0)
Mar 01 16:00:32.947326 dv-cinder-804757-23-iscsi devstack@n-api.service[116798]: DEBUG oslo_concurrency.lockutils [None req-39ec4b1b-90fa-44ad-91ae-6b2402616ffa tempest-AttachVolumeNegativeTest-10190334 tempest-AttachVolumeNegativeTest-10190334-project] Lock "f5b5ccb0-7429-4c8d-8683-86fdb07ad2c0" "released" by "nova.context.set_target_cell..get_or_set_cached_cell_and_set_connections" :: held 0.001s {{(pid=116798) inner /usr/local/lib/python3.8/dist-packages/oslo_concurrency/lockutils.py:400}}
Mar 01 16:00:33.116634 dv-cinder-804757-23-iscsi devstack@n-api.service[116799]: DEBUG nova.api.openstack.wsgi [None req-34619b89-81bb-4d2c-a0a8-cd54c859edfe tempest-ServerRescueNegativeTestJSON-432600188 tempest-ServerRescueNegativeTestJSON-432600188-project] Calling method '>' {{(pid=116799) _process_stack /opt/stack/nova/nova/api/openstack/wsgi.py:513}}
Mar 01 16:00:33.118396 dv-cinder-804757-23-iscsi devstack@n-api.service[116799]: DEBUG nova.compute.api [None req-34619b89-81bb-4d2c-a0a8-cd54c859edfe tempest-ServerRescueNegativeTestJSON-432600188 tempest-ServerRescueNegativeTestJSON-432600188-project] [instance: 39c59cb4-3d12-4b95-9033-256382d0c7f9] Fetching instance by UUID {{(pid=116799) get /opt/stack/nova/nova/compute/api.py:2918}}
Mar 01 16:00:33.126319 dv-cinder-804757-23-iscsi devstack@n-api.service[116799]: DEBUG oslo_concurrency.lockutils [None req-34619b89-81bb-4d2c-a0a8-cd54c859edfe tempest-ServerRescueNegativeTestJSON-432600188 tempest-ServerRescueNegativeTestJSON-432600188-project] Lock "f5b5ccb0-7429-4c8d-8683-86fdb07ad2c0" acquired by "nova.context.set_target_cell..get_or_set_cached_cell_and_set_connections" :: waited 0.000s {{(pid=116799) inner /usr/local/lib/python3.8/dist-packages/oslo_concurrency/lockutils.py:386}}
Mar 01 16:00:33.126888 dv-cinder-804757-23-iscsi devstack@n-api.service[116799]: DEBUG oslo_concurrency.lockutils [None req-34619b89-81bb-4d2c-a0a8-cd54c859edfe tempest-ServerRescueNegativeTestJSON-432600188 tempest-ServerRescueNegativeTestJSON-432600188-project] Lock "f5b5ccb0-7429-4c8d-8683-86fdb07ad2c0" "released" by "nova.context.set_target_cell..get_or_set_cached_cell_and_set_connections" :: held 0.001s {{(pid=116799) inner /usr/local/lib/python3.8/dist-packages/oslo_concurrency/lockutils.py:400}}
Mar 01 16:00:33.127856 dv-cinder-804757-23-iscsi devstack@n-api.service[116799]: DEBUG oslo_concurrency.lockutils [None req-34619b89-81bb-4d2c-a0a8-cd54c859edfe tempest-ServerRescueNegativeTestJSON-432600188 tempest-ServerRescueNegativeTestJSON-432600188-project] Lock "f5b5ccb0-7429-4c8d-8683-86fdb07ad2c0" acquired by "nova.context.set_target_cell..get_or_set_cached_cell_and_set_connections" :: waited 0.000s {{(pid=116799) inner /usr/local/lib/python3.8/dist-packages/oslo_concurrency/lockutils.py:386}}
Mar 01 16:00:33.128561 dv-cinder-804757-23-iscsi devstack@n-api.service[116799]: DEBUG oslo_concurrency.lockutils [None req-34619b89-81bb-4d2c-a0a8-cd54c859edfe tempest-ServerRescueNegativeTestJSON-432600188 tempest-ServerRescueNegativeTestJSON-432600188-project] Lock "f5b5ccb0-7429-4c8d-8683-86fdb07ad2c0" "released" by "nova.context.set_target_cell..get_or_set_cached_cell_and_set_connections" :: held 0.001s {{(pid=116799) inner /usr/local/lib/python3.8/dist-packages/oslo_concurrency/lockutils.py:400}}
