Feb 18 12:23:19.304747 dv-cinder-804757-15-iscsi devstack@n-api.service[117160]: DEBUG nova.api.openstack.wsgi_app [-] oslo_messaging_rabbit.rabbit_qos_prefetch_count = 0 {{(pid=117160) log_opt_values /usr/local/lib/python3.8/dist-packages/oslo_config/cfg.py:2609}}
Feb 18 12:23:19.305066 dv-cinder-804757-15-iscsi devstack@n-api.service[117160]: DEBUG nova.api.openstack.wsgi_app [-] oslo_messaging_rabbit.rabbit_quorum_queue = False {{(pid=117160) log_opt_values /usr/local/lib/python3.8/dist-packages/oslo_config/cfg.py:2609}}
Feb 18 12:23:19.305393 dv-cinder-804757-15-iscsi devstack@n-api.service[117160]: DEBUG nova.api.openstack.wsgi_app [-] oslo_messaging_rabbit.rabbit_retry_backoff = 2 {{(pid=117160) log_opt_values /usr/local/lib/python3.8/dist-packages/oslo_config/cfg.py:2609}}
Feb 18 12:23:19.305711 dv-cinder-804757-15-iscsi devstack@n-api.service[117160]: DEBUG nova.api.openstack.wsgi_app [-] oslo_messaging_rabbit.rabbit_retry_interval = 1 {{(pid=117160) log_opt_values /usr/local/lib/python3.8/dist-packages/oslo_config/cfg.py:2609}}
Feb 18 12:23:19.306029 dv-cinder-804757-15-iscsi devstack@n-api.service[117160]: DEBUG nova.api.openstack.wsgi_app [-] oslo_messaging_rabbit.rabbit_transient_queues_ttl = 1800 {{(pid=117160) log_opt_values /usr/local/lib/python3.8/dist-packages/oslo_config/cfg.py:2609}}
Feb 18 12:23:19.306382 dv-cinder-804757-15-iscsi devstack@n-api.service[117160]: DEBUG nova.api.openstack.wsgi_app [-] oslo_messaging_rabbit.rpc_conn_pool_size = 30 {{(pid=117160) log_opt_values /usr/local/lib/python3.8/dist-packages/oslo_config/cfg.py:2609}}
Feb 18 12:23:19.306713 dv-cinder-804757-15-iscsi devstack@n-api.service[117160]: DEBUG nova.api.openstack.wsgi_app [-] oslo_messaging_rabbit.ssl = False {{(pid=117160) log_opt_values /usr/local/lib/python3.8/dist-packages/oslo_config/cfg.py:2609}}
Feb 18 12:23:19.307051 dv-cinder-804757-15-iscsi devstack@n-api.service[117160]: DEBUG nova.api.openstack.wsgi_app [-] oslo_messaging_rabbit.ssl_ca_file = {{(pid=117160) log_opt_values /usr/local/lib/python3.8/dist-packages/oslo_config/cfg.py:2609}}
Feb 18 12:23:19.307388 dv-cinder-804757-15-iscsi devstack@n-api.service[117160]: DEBUG nova.api.openstack.wsgi_app [-] oslo_messaging_rabbit.ssl_cert_file = {{(pid=117160) log_opt_values /usr/local/lib/python3.8/dist-packages/oslo_config/cfg.py:2609}}
Feb 18 12:23:19.307726 dv-cinder-804757-15-iscsi devstack@n-api.service[117160]: DEBUG nova.api.openstack.wsgi_app [-] oslo_messaging_rabbit.ssl_key_file = {{(pid=117160) log_opt_values /usr/local/lib/python3.8/dist-packages/oslo_config/cfg.py:2609}}
Feb 18 12:23:19.308063 dv-cinder-804757-15-iscsi devstack@n-api.service[117160]: DEBUG nova.api.openstack.wsgi_app [-] oslo_messaging_rabbit.ssl_version = {{(pid=117160) log_opt_values /usr/local/lib/python3.8/dist-packages/oslo_config/cfg.py:2609}}
Feb 18 12:23:19.308422 dv-cinder-804757-15-iscsi devstack@n-api.service[117160]: DEBUG nova.api.openstack.wsgi_app [-] oslo_messaging_notifications.driver = ['messagingv2'] {{(pid=117160) log_opt_values /usr/local/lib/python3.8/dist-packages/oslo_config/cfg.py:2609}}
Feb 18 12:23:19.308745 dv-cinder-804757-15-iscsi devstack@n-api.service[117160]: DEBUG nova.api.openstack.wsgi_app [-] oslo_messaging_notifications.retry = -1 {{(pid=117160) log_opt_values /usr/local/lib/python3.8/dist-packages/oslo_config/cfg.py:2609}}
Feb 18 12:23:19.309101 dv-cinder-804757-15-iscsi devstack@n-api.service[117160]: DEBUG nova.api.openstack.wsgi_app [-] oslo_messaging_notifications.topics = ['notifications'] {{(pid=117160) log_opt_values /usr/local/lib/python3.8/dist-packages/oslo_config/cfg.py:2609}}
Feb 18 12:23:19.309442 dv-cinder-804757-15-iscsi devstack@n-api.service[117160]: DEBUG nova.api.openstack.wsgi_app [-] oslo_messaging_notifications.transport_url = **** {{(pid=117160) log_opt_values /usr/local/lib/python3.8/dist-packages/oslo_config/cfg.py:2609}}
Feb 18 12:23:19.309768 dv-cinder-804757-15-iscsi devstack@n-api.service[117160]: DEBUG nova.api.openstack.wsgi_app [-] oslo_reports.file_event_handler = None {{(pid=117160) log_opt_values /usr/local/lib/python3.8/dist-packages/oslo_config/cfg.py:2609}}
Feb 18 12:23:19.310104 dv-cinder-804757-15-iscsi devstack@n-api.service[117160]: DEBUG nova.api.openstack.wsgi_app [-] oslo_reports.file_event_handler_interval = 1 {{(pid=117160) log_opt_values /usr/local/lib/python3.8/dist-packages/oslo_config/cfg.py:2609}}
Feb 18 12:23:19.310558 dv-cinder-804757-15-iscsi devstack@n-api.service[117160]: DEBUG nova.api.openstack.wsgi_app [-] oslo_reports.log_dir = None {{(pid=117160) log_opt_values /usr/local/lib/python3.8/dist-packages/oslo_config/cfg.py:2609}}
Feb 18 12:23:19.310830 dv-cinder-804757-15-iscsi devstack@n-api.service[117160]: DEBUG nova.api.openstack.wsgi_app [-] ******************************************************************************** {{(pid=117160) log_opt_values /usr/local/lib/python3.8/dist-packages/oslo_config/cfg.py:2613}}
Feb 18 12:23:19.330731 dv-cinder-804757-15-iscsi devstack@n-api.service[117161]: DEBUG oslo_db.sqlalchemy.engines [None req-a19362d5-551a-4acb-957e-c51ad823b6d4 None None] MySQL server mode set to STRICT_TRANS_TABLES,STRICT_ALL_TABLES,NO_ZERO_IN_DATE,NO_ZERO_DATE,ERROR_FOR_DIVISION_BY_ZERO,TRADITIONAL,NO_ENGINE_SUBSTITUTION {{(pid=117161) _check_effective_sql_mode /usr/local/lib/python3.8/dist-packages/oslo_db/sqlalchemy/engines.py:314}}
Feb 18 12:23:19.337956 dv-cinder-804757-15-iscsi devstack@n-api.service[117160]: DEBUG oslo_db.sqlalchemy.engines [None req-59e0b106-d196-42a1-9dc3-4dded653c51e None None] MySQL server mode set to STRICT_TRANS_TABLES,STRICT_ALL_TABLES,NO_ZERO_IN_DATE,NO_ZERO_DATE,ERROR_FOR_DIVISION_BY_ZERO,TRADITIONAL,NO_ENGINE_SUBSTITUTION {{(pid=117160) _check_effective_sql_mode /usr/local/lib/python3.8/dist-packages/oslo_db/sqlalchemy/engines.py:314}}
Feb 18 12:23:19.404838 dv-cinder-804757-15-iscsi devstack@n-api.service[117161]: DEBUG nova.context [None req-a19362d5-551a-4acb-957e-c51ad823b6d4 None None] Found 2 cells: 00000000-0000-0000-0000-000000000000(cell0),db219a6b-ac74-4134-bffa-ff9d03ce4117(cell1) {{(pid=117161) load_cells /opt/stack/nova/nova/context.py:464}}
Feb 18 12:23:19.409241 dv-cinder-804757-15-iscsi devstack@n-api.service[117161]: DEBUG oslo_concurrency.lockutils [None req-a19362d5-551a-4acb-957e-c51ad823b6d4 None None] Lock "00000000-0000-0000-0000-000000000000" acquired by "nova.context.set_target_cell..get_or_set_cached_cell_and_set_connections" :: waited 0.000s {{(pid=117161) inner /usr/local/lib/python3.8/dist-packages/oslo_concurrency/lockutils.py:386}}
Feb 18 12:23:19.410627 dv-cinder-804757-15-iscsi devstack@n-api.service[117160]: DEBUG nova.context [None req-59e0b106-d196-42a1-9dc3-4dded653c51e None None] Found 2 cells: 00000000-0000-0000-0000-000000000000(cell0),db219a6b-ac74-4134-bffa-ff9d03ce4117(cell1) {{(pid=117160) load_cells /opt/stack/nova/nova/context.py:464}}
Feb 18 12:23:19.411017 dv-cinder-804757-15-iscsi devstack@n-api.service[117161]: DEBUG oslo_concurrency.lockutils [None req-a19362d5-551a-4acb-957e-c51ad823b6d4 None None] Lock "00000000-0000-0000-0000-000000000000" "released" by "nova.context.set_target_cell..get_or_set_cached_cell_and_set_connections" :: held 0.002s {{(pid=117161) inner /usr/local/lib/python3.8/dist-packages/oslo_concurrency/lockutils.py:400}}
Feb 18 12:23:19.411865 dv-cinder-804757-15-iscsi devstack@n-api.service[117161]: DEBUG oslo_concurrency.lockutils [None req-a19362d5-551a-4acb-957e-c51ad823b6d4 None None] Lock "db219a6b-ac74-4134-bffa-ff9d03ce4117" acquired by "nova.context.set_target_cell..get_or_set_cached_cell_and_set_connections" :: waited 0.000s {{(pid=117161) inner /usr/local/lib/python3.8/dist-packages/oslo_concurrency/lockutils.py:386}}
Feb 18 12:23:19.413839 dv-cinder-804757-15-iscsi devstack@n-api.service[117161]: DEBUG oslo_concurrency.lockutils [None req-a19362d5-551a-4acb-957e-c51ad823b6d4 None None] Lock "db219a6b-ac74-4134-bffa-ff9d03ce4117" "released" by "nova.context.set_target_cell..get_or_set_cached_cell_and_set_connections" :: held 0.002s {{(pid=117161) inner /usr/local/lib/python3.8/dist-packages/oslo_concurrency/lockutils.py:400}}
Feb 18 12:23:19.414877 dv-cinder-804757-15-iscsi devstack@n-api.service[117160]: DEBUG oslo_concurrency.lockutils [None req-59e0b106-d196-42a1-9dc3-4dded653c51e None None] Lock "00000000-0000-0000-0000-000000000000" acquired by "nova.context.set_target_cell..get_or_set_cached_cell_and_set_connections" :: waited 0.000s {{(pid=117160) inner /usr/local/lib/python3.8/dist-packages/oslo_concurrency/lockutils.py:386}}
Feb 18 12:23:19.416476 dv-cinder-804757-15-iscsi devstack@n-api.service[117160]: DEBUG oslo_concurrency.lockutils [None req-59e0b106-d196-42a1-9dc3-4dded653c51e None None] Lock "00000000-0000-0000-0000-000000000000" "released" by "nova.context.set_target_cell..get_or_set_cached_cell_and_set_connections" :: held 0.002s {{(pid=117160) inner /usr/local/lib/python3.8/dist-packages/oslo_concurrency/lockutils.py:400}}
Feb 18 12:23:19.417318 dv-cinder-804757-15-iscsi devstack@n-api.service[117160]: DEBUG oslo_concurrency.lockutils [None req-59e0b106-d196-42a1-9dc3-4dded653c51e None None] Lock "db219a6b-ac74-4134-bffa-ff9d03ce4117" acquired by "nova.context.set_target_cell..get_or_set_cached_cell_and_set_connections" :: waited 0.000s {{(pid=117160) inner /usr/local/lib/python3.8/dist-packages/oslo_concurrency/lockutils.py:386}}
Feb 18 12:23:19.419314 dv-cinder-804757-15-iscsi devstack@n-api.service[117160]: DEBUG oslo_concurrency.lockutils [None req-59e0b106-d196-42a1-9dc3-4dded653c51e None None] Lock "db219a6b-ac74-4134-bffa-ff9d03ce4117" "released" by "nova.context.set_target_cell..get_or_set_cached_cell_and_set_connections" :: held 0.002s {{(pid=117160) inner /usr/local/lib/python3.8/dist-packages/oslo_concurrency/lockutils.py:400}}
Feb 18 12:23:19.425476 dv-cinder-804757-15-iscsi devstack@n-api.service[117161]: DEBUG oslo_db.sqlalchemy.engines [None req-a19362d5-551a-4acb-957e-c51ad823b6d4 None None] MySQL server mode set to STRICT_TRANS_TABLES,STRICT_ALL_TABLES,NO_ZERO_IN_DATE,NO_ZERO_DATE,ERROR_FOR_DIVISION_BY_ZERO,TRADITIONAL,NO_ENGINE_SUBSTITUTION {{(pid=117161) _check_effective_sql_mode /usr/local/lib/python3.8/dist-packages/oslo_db/sqlalchemy/engines.py:314}}
Feb 18 12:23:19.427370 dv-cinder-804757-15-iscsi devstack@n-api.service[117161]: DEBUG oslo_db.sqlalchemy.engines [None req-a19362d5-551a-4acb-957e-c51ad823b6d4 None None] MySQL server mode set to STRICT_TRANS_TABLES,STRICT_ALL_TABLES,NO_ZERO_IN_DATE,NO_ZERO_DATE,ERROR_FOR_DIVISION_BY_ZERO,TRADITIONAL,NO_ENGINE_SUBSTITUTION {{(pid=117161) _check_effective_sql_mode /usr/local/lib/python3.8/dist-packages/oslo_db/sqlalchemy/engines.py:314}}
Feb 18 12:23:19.433601 dv-cinder-804757-15-iscsi devstack@n-api.service[117160]: DEBUG oslo_db.sqlalchemy.engines [None req-59e0b106-d196-42a1-9dc3-4dded653c51e None None] MySQL server mode set to STRICT_TRANS_TABLES,STRICT_ALL_TABLES,NO_ZERO_IN_DATE,NO_ZERO_DATE,ERROR_FOR_DIVISION_BY_ZERO,TRADITIONAL,NO_ENGINE_SUBSTITUTION {{(pid=117160) _check_effective_sql_mode /usr/local/lib/python3.8/dist-packages/oslo_db/sqlalchemy/engines.py:314}}
Feb 18 12:23:19.434920 dv-cinder-804757-15-iscsi devstack@n-api.service[117160]: DEBUG oslo_db.sqlalchemy.engines [None req-59e0b106-d196-42a1-9dc3-4dded653c51e None None] MySQL server mode set to STRICT_TRANS_TABLES,STRICT_ALL_TABLES,NO_ZERO_IN_DATE,NO_ZERO_DATE,ERROR_FOR_DIVISION_BY_ZERO,TRADITIONAL,NO_ENGINE_SUBSTITUTION {{(pid=117160) _check_effective_sql_mode /usr/local/lib/python3.8/dist-packages/oslo_db/sqlalchemy/engines.py:314}}
Feb 18 12:23:19.588733 dv-cinder-804757-15-iscsi devstack@n-api.service[117161]: DEBUG oslo_db.sqlalchemy.engines [None req-a19362d5-551a-4acb-957e-c51ad823b6d4 None None] MySQL server mode set to STRICT_TRANS_TABLES,STRICT_ALL_TABLES,NO_ZERO_IN_DATE,NO_ZERO_DATE,ERROR_FOR_DIVISION_BY_ZERO,TRADITIONAL,NO_ENGINE_SUBSTITUTION {{(pid=117161) _check_effective_sql_mode /usr/local/lib/python3.8/dist-packages/oslo_db/sqlalchemy/engines.py:314}}
Feb 18 12:23:19.601786 dv-cinder-804757-15-iscsi devstack@n-api.service[117160]: DEBUG oslo_db.sqlalchemy.engines [None req-59e0b106-d196-42a1-9dc3-4dded653c51e None None] MySQL server mode set to STRICT_TRANS_TABLES,STRICT_ALL_TABLES,NO_ZERO_IN_DATE,NO_ZERO_DATE,ERROR_FOR_DIVISION_BY_ZERO,TRADITIONAL,NO_ENGINE_SUBSTITUTION {{(pid=117160) _check_effective_sql_mode /usr/local/lib/python3.8/dist-packages/oslo_db/sqlalchemy/engines.py:314}}
Feb 18 12:23:19.926498 dv-cinder-804757-15-iscsi devstack@n-api.service[117161]: WARNING keystonemiddleware.auth_token [None req-a19362d5-551a-4acb-957e-c51ad823b6d4 None None] AuthToken middleware is set with keystone_authtoken.service_token_roles_required set to False. This is backwards compatible but deprecated behaviour. Please set this to True.
Feb 18 12:23:19.934033 dv-cinder-804757-15-iscsi devstack@n-api.service[117161]: WARNING keystonemiddleware.auth_token [None req-a19362d5-551a-4acb-957e-c51ad823b6d4 None None] Configuring www_authenticate_uri to point to the public identity endpoint is required; clients may not be able to authenticate against an admin endpoint
Feb 18 12:23:19.978855 dv-cinder-804757-15-iscsi devstack@n-api.service[117160]: WARNING keystonemiddleware.auth_token [None req-59e0b106-d196-42a1-9dc3-4dded653c51e None None] AuthToken middleware is set with keystone_authtoken.service_token_roles_required set to False. This is backwards compatible but deprecated behaviour. Please set this to True.
Feb 18 12:23:19.986926 dv-cinder-804757-15-iscsi devstack@n-api.service[117160]: WARNING keystonemiddleware.auth_token [None req-59e0b106-d196-42a1-9dc3-4dded653c51e None None] Configuring www_authenticate_uri to point to the public identity endpoint is required; clients may not be able to authenticate against an admin endpoint
Feb 18 12:23:20.280408 dv-cinder-804757-15-iscsi devstack@n-api.service[117161]: WARNING keystonemiddleware.auth_token [None req-a19362d5-551a-4acb-957e-c51ad823b6d4 None None] AuthToken middleware is set with keystone_authtoken.service_token_roles_required set to False. This is backwards compatible but deprecated behaviour. Please set this to True.
Feb 18 12:23:20.285702 dv-cinder-804757-15-iscsi devstack@n-api.service[117161]: WARNING keystonemiddleware.auth_token [None req-a19362d5-551a-4acb-957e-c51ad823b6d4 None None] Configuring www_authenticate_uri to point to the public identity endpoint is required; clients may not be able to authenticate against an admin endpoint
Feb 18 12:23:20.293025 dv-cinder-804757-15-iscsi devstack@n-api.service[117161]: WSGI app 0 (mountpoint='') ready in 6 seconds on interpreter 0x5601bdbaf9c0 pid: 117161 (default app)
Feb 18 12:23:20.333138 dv-cinder-804757-15-iscsi devstack@n-api.service[117160]: WARNING keystonemiddleware.auth_token [None req-59e0b106-d196-42a1-9dc3-4dded653c51e None None] AuthToken middleware is set with keystone_authtoken.service_token_roles_required set to False. This is backwards compatible but deprecated behaviour. Please set this to True.
Feb 18 12:23:20.338466 dv-cinder-804757-15-iscsi devstack@n-api.service[117160]: WARNING keystonemiddleware.auth_token [None req-59e0b106-d196-42a1-9dc3-4dded653c51e None None] Configuring www_authenticate_uri to point to the public identity endpoint is required; clients may not be able to authenticate against an admin endpoint
Feb 18 12:23:20.343905 dv-cinder-804757-15-iscsi devstack@n-api.service[117160]: WSGI app 0 (mountpoint='') ready in 6 seconds on interpreter 0x5601bdbaf9c0 pid: 117160 (default app)
Feb 18 12:23:58.503529 dv-cinder-804757-15-iscsi devstack@n-api.service[117161]: DEBUG nova.api.openstack.wsgi [None req-cd028f34-0987-4538-9442-1e69cc89a14d tempest-VolumesSnapshotsTestJSON-1284173164 tempest-VolumesSnapshotsTestJSON-1284173164-project] Action: 'create', calling method: .version_select at 0x7f2f6e1520d0>, body: {"volume": {"size": 1, "display_name": "tempest-VolumesSnapshotsTestJSON-volume-764618602"}} {{(pid=117161) _process_stack /opt/stack/nova/nova/api/openstack/wsgi.py:511}}
Feb 18 12:23:58.540354 dv-cinder-804757-15-iscsi devstack@n-api.service[117160]: DEBUG nova.api.openstack.wsgi [None req-d7e95546-7b49-43e9-94a2-3e45253f9b67 tempest-VolumesGetTestJSON-689081036 tempest-VolumesGetTestJSON-689081036-project] Action: 'create', calling method: .version_select at 0x7f2f6e1530d0>, body: {"volume": {"size": 1, "display_name": "tempest-VolumesGetTestJSON-Volume-1594361828", "metadata": {"Type": "work"}}} {{(pid=117160) _process_stack /opt/stack/nova/nova/api/openstack/wsgi.py:511}}
Feb 18 12:23:59.913228 dv-cinder-804757-15-iscsi devstack@n-api.service[117161]: INFO nova.api.openstack.requestlog [None req-cd028f34-0987-4538-9442-1e69cc89a14d tempest-VolumesSnapshotsTestJSON-1284173164 tempest-VolumesSnapshotsTestJSON-1284173164-project] 10.222.0.52 "POST /compute/v2.1/os-volumes" status: 200 len: 344 microversion: 2.1 time: 2.523554
Feb 18 12:23:59.921209 dv-cinder-804757-15-iscsi devstack@n-api.service[117161]: [pid: 117161|app: 0|req: 1/1] 10.222.0.52 () {60 vars in 1154 bytes} [Fri Feb 18 12:23:57 2022] POST /compute/v2.1/os-volumes => generated 344 bytes in 2527 msecs (HTTP/1.1 200) 10 headers in 448 bytes (1 switches on core 0)
Feb 18 12:24:00.003983 dv-cinder-804757-15-iscsi devstack@n-api.service[117161]: DEBUG nova.api.openstack.wsgi [None req-cb9b38a6-709a-4d48-a2ce-e57ba0bc10e6 tempest-DeleteServersTestJSON-2050092820 tempest-DeleteServersTestJSON-2050092820-project] Action: 'create', calling method: >, body: {"server": {"name": "tempest-DeleteServersTestJSON-server-824438691", "imageRef": "5deef117-2821-4c68-a664-77770c9668b9", "flavorRef": "452", "networks": [{"uuid": "a8b418bb-2b2e-4065-bf48-2fa227dc6509"}]}} {{(pid=117161) _process_stack /opt/stack/nova/nova/api/openstack/wsgi.py:511}}
Feb 18 12:24:00.115301 dv-cinder-804757-15-iscsi devstack@n-api.service[117161]: DEBUG nova.network.neutron [None req-cb9b38a6-709a-4d48-a2ce-e57ba0bc10e6 tempest-DeleteServersTestJSON-2050092820 tempest-DeleteServersTestJSON-2050092820-project] validate_networks() for [('a8b418bb-2b2e-4065-bf48-2fa227dc6509', None, None, None, None, None)] {{(pid=117161) validate_networks /opt/stack/nova/nova/network/neutron.py:2633}}
Feb 18 12:24:00.269395 dv-cinder-804757-15-iscsi devstack@n-api.service[117160]: INFO nova.api.openstack.requestlog [None req-d7e95546-7b49-43e9-94a2-3e45253f9b67 tempest-VolumesGetTestJSON-689081036 tempest-VolumesGetTestJSON-689081036-project] 10.222.0.52 "POST /compute/v2.1/os-volumes" status: 200 len: 353 microversion: 2.1 time: 2.713089
Feb 18 12:24:00.270169 dv-cinder-804757-15-iscsi devstack@n-api.service[117160]: [pid: 117160|app: 0|req: 1/2] 10.222.0.52 () {60 vars in 1155 bytes} [Fri Feb 18 12:23:57 2022] POST /compute/v2.1/os-volumes => generated 353 bytes in 2715 msecs (HTTP/1.1 200) 10 headers in 448 bytes (1 switches on core 0)
Feb 18 12:24:00.282628 dv-cinder-804757-15-iscsi devstack@n-api.service[117160]: DEBUG nova.api.openstack.wsgi [None req-54796eca-8e7b-48b4-8f05-8a98d2b8476d tempest-VolumesSnapshotsTestJSON-1284173164 tempest-VolumesSnapshotsTestJSON-1284173164-project] Calling method '.version_select at 0x7f2f6e017ca0>' {{(pid=117160) _process_stack /opt/stack/nova/nova/api/openstack/wsgi.py:513}}
Feb 18 12:24:00.401643 dv-cinder-804757-15-iscsi devstack@n-api.service[117160]: INFO nova.api.openstack.requestlog [None req-54796eca-8e7b-48b4-8f05-8a98d2b8476d tempest-VolumesSnapshotsTestJSON-1284173164 tempest-VolumesSnapshotsTestJSON-1284173164-project] 10.222.0.52 "GET /compute/v2.1/os-volumes/3dd03555-32c3-4f05-bf2f-3b18c8528235" status: 200 len: 344 microversion: 2.1 time: 0.129984
Feb 18 12:24:00.403604 dv-cinder-804757-15-iscsi devstack@n-api.service[117160]: [pid: 117160|app: 0|req: 2/3] 10.222.0.52 () {58 vars in 1244 bytes} [Fri Feb 18 12:24:00 2022] GET /compute/v2.1/os-volumes/3dd03555-32c3-4f05-bf2f-3b18c8528235 => generated 344 bytes in 133 msecs (HTTP/1.1 200) 9 headers in 357 bytes (1 switches on core 0)
Feb 18 12:24:00.421542 dv-cinder-804757-15-iscsi devstack@n-api.service[117160]: DEBUG nova.api.openstack.wsgi [None req-9248d720-69db-4cc6-b29e-545d1f13da6d tempest-VolumesGetTestJSON-689081036 tempest-VolumesGetTestJSON-689081036-project] Calling method '.version_select at 0x7f2f6e017e50>' {{(pid=117160) _process_stack /opt/stack/nova/nova/api/openstack/wsgi.py:513}}
Feb 18 12:24:00.641960 dv-cinder-804757-15-iscsi devstack@n-api.service[117160]: INFO nova.api.openstack.requestlog [None req-9248d720-69db-4cc6-b29e-545d1f13da6d tempest-VolumesGetTestJSON-689081036 tempest-VolumesGetTestJSON-689081036-project] 10.222.0.52 "GET /compute/v2.1/os-volumes/74bf3289-557f-441a-adfa-2bc03c178d57" status: 200 len: 353 microversion: 2.1 time: 0.237098
Feb 18 12:24:00.642664 dv-cinder-804757-15-iscsi devstack@n-api.service[117160]: [pid: 117160|app: 0|req: 3/4] 10.222.0.52 () {58 vars in 1244 bytes} [Fri Feb 18 12:24:00 2022] GET /compute/v2.1/os-volumes/74bf3289-557f-441a-adfa-2bc03c178d57 => generated 353 bytes in 238 msecs (HTTP/1.1 200) 9 headers in 357 bytes (1 switches on core 0)
Feb 18 12:24:00.733629 dv-cinder-804757-15-iscsi devstack@n-api.service[117160]: DEBUG nova.api.openstack.wsgi [None req-37698724-f089-4096-b685-8ce0ff4d37d6 tempest-AttachVolumeNegativeTest-2095921339 tempest-AttachVolumeNegativeTest-2095921339-project] Action: 'create', calling method: >, body: {"server": {"name": "tempest-AttachVolumeNegativeTest-server-1861179035", "imageRef": "5deef117-2821-4c68-a664-77770c9668b9", "flavorRef": "452", "networks": [{"uuid": "f1d28a73-edef-493c-ac98-beeac644e446"}]}} {{(pid=117160) _process_stack /opt/stack/nova/nova/api/openstack/wsgi.py:511}}
Feb 18 12:24:00.895903 dv-cinder-804757-15-iscsi devstack@n-api.service[117160]: DEBUG nova.network.neutron [None req-37698724-f089-4096-b685-8ce0ff4d37d6 tempest-AttachVolumeNegativeTest-2095921339 tempest-AttachVolumeNegativeTest-2095921339-project] validate_networks() for [('f1d28a73-edef-493c-ac98-beeac644e446', None, None, None, None, None)] {{(pid=117160) validate_networks /opt/stack/nova/nova/network/neutron.py:2633}}
Feb 18 12:24:01.566197 dv-cinder-804757-15-iscsi devstack@n-api.service[117161]: DEBUG nova.virt.hardware [None req-cb9b38a6-709a-4d48-a2ce-e57ba0bc10e6 tempest-DeleteServersTestJSON-2050092820 tempest-DeleteServersTestJSON-2050092820-project] Flavor limits 0:0:0 {{(pid=117161) get_cpu_topology_constraints /opt/stack/nova/nova/virt/hardware.py:343}}
Feb 18 12:24:01.567907 dv-cinder-804757-15-iscsi devstack@n-api.service[117161]: DEBUG nova.virt.hardware [None req-cb9b38a6-709a-4d48-a2ce-e57ba0bc10e6 tempest-DeleteServersTestJSON-2050092820 tempest-DeleteServersTestJSON-2050092820-project] Image limits 0:0:0 {{(pid=117161) get_cpu_topology_constraints /opt/stack/nova/nova/virt/hardware.py:347}}
Feb 18 12:24:01.568843 dv-cinder-804757-15-iscsi devstack@n-api.service[117161]: DEBUG nova.virt.hardware [None req-cb9b38a6-709a-4d48-a2ce-e57ba0bc10e6 tempest-DeleteServersTestJSON-2050092820 tempest-DeleteServersTestJSON-2050092820-project] Flavor pref 0:0:0 {{(pid=117161) get_cpu_topology_constraints /opt/stack/nova/nova/virt/hardware.py:383}}
Feb 18 12:24:01.569473 dv-cinder-804757-15-iscsi devstack@n-api.service[117161]: DEBUG nova.virt.hardware [None req-cb9b38a6-709a-4d48-a2ce-e57ba0bc10e6 tempest-DeleteServersTestJSON-2050092820 tempest-DeleteServersTestJSON-2050092820-project] Image pref 0:0:0 {{(pid=117161) get_cpu_topology_constraints /opt/stack/nova/nova/virt/hardware.py:387}}
Feb 18 12:24:01.570117 dv-cinder-804757-15-iscsi devstack@n-api.service[117161]: DEBUG nova.virt.hardware [None req-cb9b38a6-709a-4d48-a2ce-e57ba0bc10e6 tempest-DeleteServersTestJSON-2050092820 tempest-DeleteServersTestJSON-2050092820-project] Chose sockets=0, cores=0, threads=0; limits were sockets=65536, cores=65536, threads=65536 {{(pid=117161) get_cpu_topology_constraints /opt/stack/nova/nova/virt/hardware.py:425}}
Feb 18 12:24:01.597255 dv-cinder-804757-15-iscsi devstack@n-api.service[117161]: DEBUG oslo_concurrency.lockutils [None req-cb9b38a6-709a-4d48-a2ce-e57ba0bc10e6 tempest-DeleteServersTestJSON-2050092820 tempest-DeleteServersTestJSON-2050092820-project] Lock "00000000-0000-0000-0000-000000000000" acquired by "nova.context.set_target_cell..get_or_set_cached_cell_and_set_connections" :: waited 0.000s {{(pid=117161) inner /usr/local/lib/python3.8/dist-packages/oslo_concurrency/lockutils.py:386}}
Feb 18 12:24:01.601688 dv-cinder-804757-15-iscsi devstack@n-api.service[117161]: DEBUG oslo_concurrency.lockutils [None req-cb9b38a6-709a-4d48-a2ce-e57ba0bc10e6 tempest-DeleteServersTestJSON-2050092820 tempest-DeleteServersTestJSON-2050092820-project] Lock "00000000-0000-0000-0000-000000000000" "released" by "nova.context.set_target_cell..get_or_set_cached_cell_and_set_connections" :: held 0.004s {{(pid=117161) inner /usr/local/lib/python3.8/dist-packages/oslo_concurrency/lockutils.py:400}}
Feb 18 12:24:01.603215 dv-cinder-804757-15-iscsi devstack@n-api.service[117161]: DEBUG oslo_concurrency.lockutils [None req-cb9b38a6-709a-4d48-a2ce-e57ba0bc10e6 tempest-DeleteServersTestJSON-2050092820 tempest-DeleteServersTestJSON-2050092820-project] Lock "db219a6b-ac74-4134-bffa-ff9d03ce4117" acquired by "nova.context.set_target_cell..get_or_set_cached_cell_and_set_connections" :: waited 0.000s {{(pid=117161) inner /usr/local/lib/python3.8/dist-packages/oslo_concurrency/lockutils.py:386}}
Feb 18 12:24:01.607272 dv-cinder-804757-15-iscsi devstack@n-api.service[117161]: DEBUG oslo_concurrency.lockutils [None req-cb9b38a6-709a-4d48-a2ce-e57ba0bc10e6 tempest-DeleteServersTestJSON-2050092820 tempest-DeleteServersTestJSON-2050092820-project] Lock "db219a6b-ac74-4134-bffa-ff9d03ce4117" "released" by "nova.context.set_target_cell..get_or_set_cached_cell_and_set_connections" :: held 0.004s {{(pid=117161) inner /usr/local/lib/python3.8/dist-packages/oslo_concurrency/lockutils.py:400}}
Feb 18 12:24:01.734295 dv-cinder-804757-15-iscsi devstack@n-api.service[117161]: DEBUG nova.quota [None req-cb9b38a6-709a-4d48-a2ce-e57ba0bc10e6 tempest-DeleteServersTestJSON-2050092820 tempest-DeleteServersTestJSON-2050092820-project] Getting quotas for project 3ad1f15d2b144c11a7c0dffbf641b30c. Resources: {'ram', 'instances', 'cores'} {{(pid=117161) _get_quotas /opt/stack/nova/nova/quota.py:387}}
Feb 18 12:24:01.734295 dv-cinder-804757-15-iscsi devstack@n-api.service[117161]: DEBUG nova.quota [None req-cb9b38a6-709a-4d48-a2ce-e57ba0bc10e6 tempest-DeleteServersTestJSON-2050092820 tempest-DeleteServersTestJSON-2050092820-project] Getting quotas for user dc54b45f018145f2bb645327789b9286 and project 3ad1f15d2b144c11a7c0dffbf641b30c. Resources: {'ram', 'instances', 'cores'} {{(pid=117161) _get_quotas /opt/stack/nova/nova/quota.py:377}}
Feb 18 12:24:01.759913 dv-cinder-804757-15-iscsi devstack@n-api.service[117161]: DEBUG nova.compute.api [None req-cb9b38a6-709a-4d48-a2ce-e57ba0bc10e6 tempest-DeleteServersTestJSON-2050092820 tempest-DeleteServersTestJSON-2050092820-project] Going to run 1 instances... {{(pid=117161) _provision_instances /opt/stack/nova/nova/compute/api.py:1350}}
Feb 18 12:24:01.759913 dv-cinder-804757-15-iscsi devstack@n-api.service[117161]: DEBUG nova.compute.api [None req-cb9b38a6-709a-4d48-a2ce-e57ba0bc10e6 tempest-DeleteServersTestJSON-2050092820 tempest-DeleteServersTestJSON-2050092820-project] [instance: 38c6df01-c2d0-49fd-bbb2-64c70eb10643] block_device_mapping [BlockDeviceMapping(attachment_id=,boot_index=0,connection_info=None,created_at=,delete_on_termination=True,deleted=,deleted_at=,destination_type='local',device_name=None,device_type='disk',disk_bus=None,guest_format=None,id=,image_id='5deef117-2821-4c68-a664-77770c9668b9',instance=,instance_uuid=,no_device=False,snapshot_id=None,source_type='image',tag=None,updated_at=,uuid=,volume_id=None,volume_size=None,volume_type=None)] {{(pid=117161) _bdm_validate_set_size_and_instance /opt/stack/nova/nova/compute/api.py:1757}}
Feb 18 12:24:01.921053 dv-cinder-804757-15-iscsi devstack@n-api.service[117161]: INFO nova.api.openstack.requestlog [None req-cb9b38a6-709a-4d48-a2ce-e57ba0bc10e6 tempest-DeleteServersTestJSON-2050092820 tempest-DeleteServersTestJSON-2050092820-project] 10.222.0.52 "POST /compute/v2.1/servers" status: 202 len: 380 microversion: 2.1 time: 2.005756
Feb 18 12:24:01.921744 dv-cinder-804757-15-iscsi devstack@n-api.service[117161]: [pid: 117161|app: 0|req: 2/5] 10.222.0.52 () {60 vars in 1146 bytes} [Fri Feb 18 12:23:59 2022] POST /compute/v2.1/servers => generated 380 bytes in 2007 msecs (HTTP/1.1 202) 10 headers in 451 bytes (1 switches on core 0)
Feb 18 12:24:01.927358 dv-cinder-804757-15-iscsi devstack@n-api.service[117161]: DEBUG nova.api.openstack.wsgi [None req-4ed21c8e-63be-45a0-b1c9-0248a5d98d2b tempest-VolumesTestJSON-1889764229 tempest-VolumesTestJSON-1889764229-project] Calling method '.version_select at 0x7f2f6df2c430>' {{(pid=117161) _process_stack /opt/stack/nova/nova/api/openstack/wsgi.py:513}}
Feb 18 12:24:01.991608 dv-cinder-804757-15-iscsi devstack@n-api.service[117161]: INFO nova.api.openstack.requestlog [None req-4ed21c8e-63be-45a0-b1c9-0248a5d98d2b tempest-VolumesTestJSON-1889764229 tempest-VolumesTestJSON-1889764229-project] 10.222.0.52 "GET /compute/v2.1/os-volumes/9f262381-905d-40f9-92e3-925afad7fdc7" status: 200 len: 350 microversion: 2.1 time: 0.067767
Feb 18 12:24:01.994157 dv-cinder-804757-15-iscsi devstack@n-api.service[117161]: [pid: 117161|app: 0|req: 3/6] 10.222.0.52 () {58 vars in 1244 bytes} [Fri Feb 18 12:24:01 2022] GET /compute/v2.1/os-volumes/9f262381-905d-40f9-92e3-925afad7fdc7 => generated 350 bytes in 70 msecs (HTTP/1.1 200) 9 headers in 357 bytes (1 switches on core 0)
Feb 18 12:24:02.007355 dv-cinder-804757-15-iscsi devstack@n-api.service[117161]: DEBUG nova.api.openstack.wsgi [None req-b0476231-6c01-44f7-b9ff-d93fa0493830 tempest-VolumesSnapshotsTestJSON-1284173164 tempest-VolumesSnapshotsTestJSON-1284173164-project] Calling method '.version_select at 0x7f2f6d6c60d0>' {{(pid=117161) _process_stack /opt/stack/nova/nova/api/openstack/wsgi.py:513}}
Feb 18 12:24:02.019135 dv-cinder-804757-15-iscsi devstack@n-api.service[117160]: DEBUG nova.virt.hardware [None req-37698724-f089-4096-b685-8ce0ff4d37d6 tempest-AttachVolumeNegativeTest-2095921339 tempest-AttachVolumeNegativeTest-2095921339-project] Flavor limits 0:0:0 {{(pid=117160) get_cpu_topology_constraints /opt/stack/nova/nova/virt/hardware.py:343}}
Feb 18 12:24:02.019617 dv-cinder-804757-15-iscsi devstack@n-api.service[117160]: DEBUG nova.virt.hardware [None req-37698724-f089-4096-b685-8ce0ff4d37d6 tempest-AttachVolumeNegativeTest-2095921339 tempest-AttachVolumeNegativeTest-2095921339-project] Image limits 0:0:0 {{(pid=117160) get_cpu_topology_constraints /opt/stack/nova/nova/virt/hardware.py:347}}
Feb 18 12:24:02.027431 dv-cinder-804757-15-iscsi devstack@n-api.service[117160]: DEBUG nova.virt.hardware [None req-37698724-f089-4096-b685-8ce0ff4d37d6 tempest-AttachVolumeNegativeTest-2095921339 tempest-AttachVolumeNegativeTest-2095921339-project] Flavor pref 0:0:0 {{(pid=117160) get_cpu_topology_constraints /opt/stack/nova/nova/virt/hardware.py:383}}
Feb 18 12:24:02.028342 dv-cinder-804757-15-iscsi devstack@n-api.service[117160]: DEBUG nova.virt.hardware [None req-37698724-f089-4096-b685-8ce0ff4d37d6 tempest-AttachVolumeNegativeTest-2095921339 tempest-AttachVolumeNegativeTest-2095921339-project] Image pref 0:0:0 {{(pid=117160) get_cpu_topology_constraints /opt/stack/nova/nova/virt/hardware.py:387}}
Feb 18 12:24:02.028970 dv-cinder-804757-15-iscsi devstack@n-api.service[117160]: DEBUG nova.virt.hardware [None req-37698724-f089-4096-b685-8ce0ff4d37d6 tempest-AttachVolumeNegativeTest-2095921339 tempest-AttachVolumeNegativeTest-2095921339-project] Chose sockets=0, cores=0, threads=0; limits were sockets=65536, cores=65536, threads=65536 {{(pid=117160) get_cpu_topology_constraints /opt/stack/nova/nova/virt/hardware.py:425}}
Feb 18 12:24:02.047099 dv-cinder-804757-15-iscsi devstack@n-api.service[117160]: DEBUG oslo_concurrency.lockutils [None req-37698724-f089-4096-b685-8ce0ff4d37d6 tempest-AttachVolumeNegativeTest-2095921339 tempest-AttachVolumeNegativeTest-2095921339-project] Lock "00000000-0000-0000-0000-000000000000" acquired by "nova.context.set_target_cell..get_or_set_cached_cell_and_set_connections" :: waited 0.000s {{(pid=117160) inner /usr/local/lib/python3.8/dist-packages/oslo_concurrency/lockutils.py:386}}
Feb 18 12:24:02.047540 dv-cinder-804757-15-iscsi devstack@n-api.service[117160]: DEBUG oslo_concurrency.lockutils [None req-37698724-f089-4096-b685-8ce0ff4d37d6 tempest-AttachVolumeNegativeTest-2095921339 tempest-AttachVolumeNegativeTest-2095921339-project] Lock "00000000-0000-0000-0000-000000000000" "released" by "nova.context.set_target_cell..get_or_set_cached_cell_and_set_connections" :: held 0.001s {{(pid=117160) inner /usr/local/lib/python3.8/dist-packages/oslo_concurrency/lockutils.py:400}}
Feb 18 12:24:02.049651 dv-cinder-804757-15-iscsi devstack@n-api.service[117160]: DEBUG oslo_concurrency.lockutils [None req-37698724-f089-4096-b685-8ce0ff4d37d6 tempest-AttachVolumeNegativeTest-2095921339 tempest-AttachVolumeNegativeTest-2095921339-project] Lock "db219a6b-ac74-4134-bffa-ff9d03ce4117" acquired by "nova.context.set_target_cell..get_or_set_cached_cell_and_set_connections" :: waited 0.000s {{(pid=117160) inner /usr/local/lib/python3.8/dist-packages/oslo_concurrency/lockutils.py:386}}
Feb 18 12:24:02.050351 dv-cinder-804757-15-iscsi devstack@n-api.service[117160]: DEBUG oslo_concurrency.lockutils [None req-37698724-f089-4096-b685-8ce0ff4d37d6 tempest-AttachVolumeNegativeTest-2095921339 tempest-AttachVolumeNegativeTest-2095921339-project] Lock "db219a6b-ac74-4134-bffa-ff9d03ce4117" "released" by "nova.context.set_target_cell..get_or_set_cached_cell_and_set_connections" :: held 0.001s {{(pid=117160) inner /usr/local/lib/python3.8/dist-packages/oslo_concurrency/lockutils.py:400}}
Feb 18 12:24:02.103128 dv-cinder-804757-15-iscsi devstack@n-api.service[117160]: DEBUG nova.quota [None req-37698724-f089-4096-b685-8ce0ff4d37d6 tempest-AttachVolumeNegativeTest-2095921339 tempest-AttachVolumeNegativeTest-2095921339-project] Getting quotas for project d6d65e60624c4b23bb816791f5e467e9. Resources: {'ram', 'instances', 'cores'} {{(pid=117160) _get_quotas /opt/stack/nova/nova/quota.py:387}}
Feb 18 12:24:02.107255 dv-cinder-804757-15-iscsi devstack@n-api.service[117160]: DEBUG nova.quota [None req-37698724-f089-4096-b685-8ce0ff4d37d6 tempest-AttachVolumeNegativeTest-2095921339 tempest-AttachVolumeNegativeTest-2095921339-project] Getting quotas for user 49901e2dec1441478459762f3e1894f1 and project d6d65e60624c4b23bb816791f5e467e9. Resources: {'ram', 'instances', 'cores'} {{(pid=117160) _get_quotas /opt/stack/nova/nova/quota.py:377}}
Feb 18 12:24:02.148935 dv-cinder-804757-15-iscsi devstack@n-api.service[117160]: DEBUG nova.compute.api [None req-37698724-f089-4096-b685-8ce0ff4d37d6 tempest-AttachVolumeNegativeTest-2095921339 tempest-AttachVolumeNegativeTest-2095921339-project] Going to run 1 instances... {{(pid=117160) _provision_instances /opt/stack/nova/nova/compute/api.py:1350}}
Feb 18 12:24:02.155797 dv-cinder-804757-15-iscsi devstack@n-api.service[117160]: DEBUG nova.compute.api [None req-37698724-f089-4096-b685-8ce0ff4d37d6 tempest-AttachVolumeNegativeTest-2095921339 tempest-AttachVolumeNegativeTest-2095921339-project] [instance: f0f75824-4869-4931-8976-22c53bd5e650] block_device_mapping [BlockDeviceMapping(attachment_id=,boot_index=0,connection_info=None,created_at=,delete_on_termination=True,deleted=,deleted_at=,destination_type='local',device_name=None,device_type='disk',disk_bus=None,guest_format=None,id=,image_id='5deef117-2821-4c68-a664-77770c9668b9',instance=,instance_uuid=,no_device=False,snapshot_id=None,source_type='image',tag=None,updated_at=,uuid=,volume_id=None,volume_size=None,volume_type=None)] {{(pid=117160) _bdm_validate_set_size_and_instance /opt/stack/nova/nova/compute/api.py:1757}}
Feb 18 12:24:02.160117 dv-cinder-804757-15-iscsi devstack@n-api.service[117161]: INFO nova.api.openstack.requestlog [None req-b0476231-6c01-44f7-b9ff-d93fa0493830 tempest-VolumesSnapshotsTestJSON-1284173164 tempest-VolumesSnapshotsTestJSON-1284173164-project] 10.222.0.52 "GET /compute/v2.1/os-volumes/3dd03555-32c3-4f05-bf2f-3b18c8528235" status: 200 len: 345 microversion: 2.1 time: 0.166586
Feb 18 12:24:02.161529 dv-cinder-804757-15-iscsi devstack@n-api.service[117161]: [pid: 117161|app: 0|req: 4/7] 10.222.0.52 () {58 vars in 1244 bytes} [Fri Feb 18 12:24:01 2022] GET /compute/v2.1/os-volumes/3dd03555-32c3-4f05-bf2f-3b18c8528235 => generated 345 bytes in 168 msecs (HTTP/1.1 200) 9 headers in 357 bytes (1 switches on core 0)
Feb 18 12:24:02.166192 dv-cinder-804757-15-iscsi devstack@n-api.service[117161]: DEBUG nova.api.openstack.wsgi [None req-f938581e-6f2f-4f12-b3de-6dae864c8962 tempest-VolumesGetTestJSON-689081036 tempest-VolumesGetTestJSON-689081036-project] Calling method '.version_select at 0x7f2f6df2cf70>' {{(pid=117161) _process_stack /opt/stack/nova/nova/api/openstack/wsgi.py:513}}
Feb 18 12:24:02.302040 dv-cinder-804757-15-iscsi devstack@n-api.service[117161]: INFO nova.api.openstack.requestlog [None req-f938581e-6f2f-4f12-b3de-6dae864c8962 tempest-VolumesGetTestJSON-689081036 tempest-VolumesGetTestJSON-689081036-project] 10.222.0.52 "GET /compute/v2.1/os-volumes/74bf3289-557f-441a-adfa-2bc03c178d57" status: 200 len: 354 microversion: 2.1 time: 0.139456
Feb 18 12:24:02.302993 dv-cinder-804757-15-iscsi devstack@n-api.service[117161]: [pid: 117161|app: 0|req: 5/8] 10.222.0.52 () {58 vars in 1244 bytes} [Fri Feb 18 12:24:02 2022] GET /compute/v2.1/os-volumes/74bf3289-557f-441a-adfa-2bc03c178d57 => generated 354 bytes in 141 msecs (HTTP/1.1 200) 9 headers in 357 bytes (1 switches on core 0)
Feb 18 12:24:02.307721 dv-cinder-804757-15-iscsi devstack@n-api.service[117161]: DEBUG nova.api.openstack.wsgi [None req-782b1be3-b3ff-41bd-983d-35f61a313665 tempest-DeleteServersTestJSON-2050092820 tempest-DeleteServersTestJSON-2050092820-project] Calling method '>' {{(pid=117161) _process_stack /opt/stack/nova/nova/api/openstack/wsgi.py:513}}
Feb 18 12:24:02.308442 dv-cinder-804757-15-iscsi devstack@n-api.service[117161]: DEBUG nova.compute.api [None req-782b1be3-b3ff-41bd-983d-35f61a313665 tempest-DeleteServersTestJSON-2050092820 tempest-DeleteServersTestJSON-2050092820-project] [instance: 38c6df01-c2d0-49fd-bbb2-64c70eb10643] Fetching instance by UUID {{(pid=117161) get /opt/stack/nova/nova/compute/api.py:2865}}
Feb 18 12:24:02.421174 dv-cinder-804757-15-iscsi devstack@n-api.service[117160]: INFO nova.api.openstack.requestlog [None req-37698724-f089-4096-b685-8ce0ff4d37d6 tempest-AttachVolumeNegativeTest-2095921339 tempest-AttachVolumeNegativeTest-2095921339-project] 10.222.0.52 "POST /compute/v2.1/servers" status: 202 len: 380 microversion: 2.1 time: 1.777539
Feb 18 12:24:02.421834 dv-cinder-804757-15-iscsi devstack@n-api.service[117160]: [pid: 117160|app: 0|req: 4/9] 10.222.0.52 () {60 vars in 1146 bytes} [Fri Feb 18 12:24:00 2022] POST /compute/v2.1/servers => generated 380 bytes in 1779 msecs (HTTP/1.1 202) 10 headers in 451 bytes (1 switches on core 0)
Feb 18 12:24:02.426911 dv-cinder-804757-15-iscsi devstack@n-api.service[117160]: DEBUG nova.api.openstack.wsgi [None req-7dd52559-d94e-4d72-b137-b61eae248a50 tempest-VolumesSnapshotsTestJSON-1284173164 tempest-VolumesSnapshotsTestJSON-1284173164-project] Action: 'create', calling method: .version_select at 0x7f2f6df2c670>, body: {"snapshot": {"volume_id": "3dd03555-32c3-4f05-bf2f-3b18c8528235", "display_name": "tempest-VolumesSnapshotsTestJSON-Snapshot-894692165"}} {{(pid=117160) _process_stack /opt/stack/nova/nova/api/openstack/wsgi.py:511}}
Feb 18 12:24:02.567192 dv-cinder-804757-15-iscsi devstack@n-api.service[117161]: DEBUG nova.policy [None req-782b1be3-b3ff-41bd-983d-35f61a313665 tempest-DeleteServersTestJSON-2050092820 tempest-DeleteServersTestJSON-2050092820-project] Policy check for os_compute_api:os-extended-server-attributes failed with credentials {'is_admin': False, 'user_id': 'dc54b45f018145f2bb645327789b9286', 'user_domain_id': 'default', 'system_scope': None, 'domain_id': None, 'project_id': '3ad1f15d2b144c11a7c0dffbf641b30c', 'project_domain_id': 'default', 'roles': ['member', 'reader'], 'is_admin_project': True, 'service_user_id': None, 'service_user_domain_id': None, 'service_project_id': None, 'service_project_domain_id': None, 'service_roles': []} {{(pid=117161) authorize /opt/stack/nova/nova/policy.py:199}}
Feb 18 12:24:02.596647 dv-cinder-804757-15-iscsi devstack@n-api.service[117161]: INFO nova.api.openstack.requestlog [None req-782b1be3-b3ff-41bd-983d-35f61a313665 tempest-DeleteServersTestJSON-2050092820 tempest-DeleteServersTestJSON-2050092820-project] 10.222.0.52 "GET /compute/v2.1/servers/38c6df01-c2d0-49fd-bbb2-64c70eb10643" status: 200 len: 1214 microversion: 2.1 time: 0.292443
Feb 18 12:24:02.601038 dv-cinder-804757-15-iscsi devstack@n-api.service[117161]: [pid: 117161|app: 0|req: 6/10] 10.222.0.52 () {58 vars in 1235 bytes} [Fri Feb 18 12:24:02 2022] GET /compute/v2.1/servers/38c6df01-c2d0-49fd-bbb2-64c70eb10643 => generated 1214 bytes in 297 msecs (HTTP/1.1 200) 9 headers in 358 bytes (1 switches on core 0)
Feb 18 12:24:02.610945 dv-cinder-804757-15-iscsi devstack@n-api.service[117161]: DEBUG nova.api.openstack.wsgi [None req-7398cb69-027b-423d-897e-3159228b7c0e tempest-VolumesGetTestJSON-689081036 tempest-VolumesGetTestJSON-689081036-project] Calling method '.version_select at 0x7f2f6d6da040>' {{(pid=117161) _process_stack /opt/stack/nova/nova/api/openstack/wsgi.py:513}}
Feb 18 12:24:03.458554 dv-cinder-804757-15-iscsi devstack@n-api.service[117161]: INFO nova.api.openstack.requestlog [None req-7398cb69-027b-423d-897e-3159228b7c0e tempest-VolumesGetTestJSON-689081036 tempest-VolumesGetTestJSON-689081036-project] 10.222.0.52 "GET /compute/v2.1/os-volumes/74bf3289-557f-441a-adfa-2bc03c178d57" status: 200 len: 354 microversion: 2.1 time: 0.855732
Feb 18 12:24:03.459403 dv-cinder-804757-15-iscsi devstack@n-api.service[117161]: [pid: 117161|app: 0|req: 7/11] 10.222.0.52 () {58 vars in 1244 bytes} [Fri Feb 18 12:24:02 2022] GET /compute/v2.1/os-volumes/74bf3289-557f-441a-adfa-2bc03c178d57 => generated 354 bytes in 857 msecs (HTTP/1.1 200) 9 headers in 357 bytes (1 switches on core 0)
Feb 18 12:24:03.463677 dv-cinder-804757-15-iscsi devstack@n-api.service[117161]: DEBUG nova.api.openstack.wsgi [None req-531a7f91-8bbe-47fd-bb62-7f675c63cae9 tempest-AttachVolumeNegativeTest-2095921339 tempest-AttachVolumeNegativeTest-2095921339-project] Calling method '>' {{(pid=117161) _process_stack /opt/stack/nova/nova/api/openstack/wsgi.py:513}}
Feb 18 12:24:03.464349 dv-cinder-804757-15-iscsi devstack@n-api.service[117161]: DEBUG nova.compute.api [None req-531a7f91-8bbe-47fd-bb62-7f675c63cae9 tempest-AttachVolumeNegativeTest-2095921339 tempest-AttachVolumeNegativeTest-2095921339-project] [instance: f0f75824-4869-4931-8976-22c53bd5e650] Fetching instance by UUID {{(pid=117161) get /opt/stack/nova/nova/compute/api.py:2865}}
Feb 18 12:24:03.643949 dv-cinder-804757-15-iscsi devstack@n-api.service[117161]: DEBUG nova.policy [None req-531a7f91-8bbe-47fd-bb62-7f675c63cae9 tempest-AttachVolumeNegativeTest-2095921339 tempest-AttachVolumeNegativeTest-2095921339-project] Policy check for os_compute_api:os-extended-server-attributes failed with credentials {'is_admin': False, 'user_id': '49901e2dec1441478459762f3e1894f1', 'user_domain_id': 'default', 'system_scope': None, 'domain_id': None, 'project_id': 'd6d65e60624c4b23bb816791f5e467e9', 'project_domain_id': 'default', 'roles': ['member', 'reader'], 'is_admin_project': True, 'service_user_id': None, 'service_user_domain_id': None, 'service_project_id': None, 'service_project_domain_id': None, 'service_roles': []} {{(pid=117161) authorize /opt/stack/nova/nova/policy.py:199}}
Feb 18 12:24:03.656588 dv-cinder-804757-15-iscsi devstack@n-api.service[117161]: INFO nova.api.openstack.requestlog [None req-531a7f91-8bbe-47fd-bb62-7f675c63cae9 tempest-AttachVolumeNegativeTest-2095921339 tempest-AttachVolumeNegativeTest-2095921339-project] 10.222.0.52 "GET /compute/v2.1/servers/f0f75824-4869-4931-8976-22c53bd5e650" status: 200 len: 1218 microversion: 2.1 time: 0.192651
Feb 18 12:24:03.657786 dv-cinder-804757-15-iscsi devstack@n-api.service[117161]: [pid: 117161|app: 0|req: 8/12] 10.222.0.52 () {58 vars in 1235 bytes} [Fri Feb 18 12:24:03 2022] GET /compute/v2.1/servers/f0f75824-4869-4931-8976-22c53bd5e650 => generated 1218 bytes in 198 msecs (HTTP/1.1 200) 9 headers in 358 bytes (1 switches on core 0)
Feb 18 12:24:03.671019 dv-cinder-804757-15-iscsi devstack@n-api.service[117161]: DEBUG nova.api.openstack.wsgi [None req-cb9e9a6c-40aa-4e73-b73b-f031ffd7f124 tempest-VolumesGetTestJSON-689081036 tempest-VolumesGetTestJSON-689081036-project] Calling method '.version_select at 0x7f2f6d6ee5e0>' {{(pid=117161) _process_stack /opt/stack/nova/nova/api/openstack/wsgi.py:513}}
Feb 18 12:24:03.745970 dv-cinder-804757-15-iscsi devstack@n-api.service[117160]: INFO nova.api.openstack.requestlog [None req-7dd52559-d94e-4d72-b137-b61eae248a50 tempest-VolumesSnapshotsTestJSON-1284173164 tempest-VolumesSnapshotsTestJSON-1284173164-project] 10.222.0.52 "POST /compute/v2.1/os-snapshots" status: 200 len: 286 microversion: 2.1 time: 1.322619
Feb 18 12:24:03.746959 dv-cinder-804757-15-iscsi devstack@n-api.service[117160]: [pid: 117160|app: 0|req: 5/13] 10.222.0.52 () {60 vars in 1161 bytes} [Fri Feb 18 12:24:02 2022] POST /compute/v2.1/os-snapshots => generated 286 bytes in 1324 msecs (HTTP/1.1 200) 9 headers in 357 bytes (1 switches on core 0)
Feb 18 12:24:03.756853 dv-cinder-804757-15-iscsi devstack@n-api.service[117160]: DEBUG nova.api.openstack.wsgi [None req-2100f693-1685-4940-b202-f97f3024910c tempest-DeleteServersTestJSON-2050092820 tempest-DeleteServersTestJSON-2050092820-project] Calling method '>' {{(pid=117160) _process_stack /opt/stack/nova/nova/api/openstack/wsgi.py:513}}
Feb 18 12:24:03.760610 dv-cinder-804757-15-iscsi devstack@n-api.service[117160]: DEBUG nova.compute.api [None req-2100f693-1685-4940-b202-f97f3024910c tempest-DeleteServersTestJSON-2050092820 tempest-DeleteServersTestJSON-2050092820-project] [instance: 38c6df01-c2d0-49fd-bbb2-64c70eb10643] Fetching instance by UUID {{(pid=117160) get /opt/stack/nova/nova/compute/api.py:2865}}
Feb 18 12:24:03.880766 dv-cinder-804757-15-iscsi devstack@n-api.service[117160]: DEBUG nova.policy [None req-2100f693-1685-4940-b202-f97f3024910c tempest-DeleteServersTestJSON-2050092820 tempest-DeleteServersTestJSON-2050092820-project] Policy check for os_compute_api:os-extended-server-attributes failed with credentials {'is_admin': False, 'user_id': 'dc54b45f018145f2bb645327789b9286', 'user_domain_id': 'default', 'system_scope': None, 'domain_id': None, 'project_id': '3ad1f15d2b144c11a7c0dffbf641b30c', 'project_domain_id': 'default', 'roles': ['member', 'reader'], 'is_admin_project': True, 'service_user_id': None, 'service_user_domain_id': None, 'service_project_id': None, 'service_project_domain_id': None, 'service_roles': []} {{(pid=117160) authorize /opt/stack/nova/nova/policy.py:199}}
Feb 18 12:24:03.902459 dv-cinder-804757-15-iscsi devstack@n-api.service[117160]: INFO nova.api.openstack.requestlog [None req-2100f693-1685-4940-b202-f97f3024910c tempest-DeleteServersTestJSON-2050092820 tempest-DeleteServersTestJSON-2050092820-project] 10.222.0.52 "GET /compute/v2.1/servers/38c6df01-c2d0-49fd-bbb2-64c70eb10643" status: 200 len: 1214 microversion: 2.1 time: 0.154323
Feb 18 12:24:03.903054 dv-cinder-804757-15-iscsi devstack@n-api.service[117160]: [pid: 117160|app: 0|req: 6/14] 10.222.0.52 () {58 vars in 1235 bytes} [Fri Feb 18 12:24:03 2022] GET /compute/v2.1/servers/38c6df01-c2d0-49fd-bbb2-64c70eb10643 => generated 1214 bytes in 156 msecs (HTTP/1.1 200) 9 headers in 358 bytes (1 switches on core 0)
Feb 18 12:24:03.929945 dv-cinder-804757-15-iscsi devstack@n-api.service[117160]: DEBUG nova.api.openstack.wsgi [None req-fbb29121-3798-4978-a4e6-19b33942114b tempest-VolumesSnapshotsTestJSON-1284173164 tempest-VolumesSnapshotsTestJSON-1284173164-project] Calling method '.version_select at 0x7f2f6d6d9ee0>' {{(pid=117160) _process_stack /opt/stack/nova/nova/api/openstack/wsgi.py:513}}
Feb 18 12:24:03.999779 dv-cinder-804757-15-iscsi devstack@n-api.service[117161]: INFO nova.api.openstack.requestlog [None req-cb9e9a6c-40aa-4e73-b73b-f031ffd7f124 tempest-VolumesGetTestJSON-689081036 tempest-VolumesGetTestJSON-689081036-project] 10.222.0.52 "DELETE /compute/v2.1/os-volumes/74bf3289-557f-441a-adfa-2bc03c178d57" status: 202 len: 0 microversion: 2.1 time: 0.339767
Feb 18 12:24:04.003727 dv-cinder-804757-15-iscsi devstack@n-api.service[117161]: [pid: 117161|app: 0|req: 9/15] 10.222.0.52 () {58 vars in 1247 bytes} [Fri Feb 18 12:24:03 2022] DELETE /compute/v2.1/os-volumes/74bf3289-557f-441a-adfa-2bc03c178d57 => generated 0 bytes in 344 msecs (HTTP/1.1 202) 9 headers in 361 bytes (1 switches on core 0)
Feb 18 12:24:04.012226 dv-cinder-804757-15-iscsi devstack@n-api.service[117161]: DEBUG nova.api.openstack.wsgi [None req-a7931daf-7579-4b16-8f53-a5dfcd85ebaa tempest-VolumesGetTestJSON-689081036 tempest-VolumesGetTestJSON-689081036-project] Calling method '.version_select at 0x7f2f6d6eef70>' {{(pid=117161) _process_stack /opt/stack/nova/nova/api/openstack/wsgi.py:513}}
Feb 18 12:24:04.068516 dv-cinder-804757-15-iscsi devstack@n-api.service[117160]: INFO nova.api.openstack.requestlog [None req-fbb29121-3798-4978-a4e6-19b33942114b tempest-VolumesSnapshotsTestJSON-1284173164 tempest-VolumesSnapshotsTestJSON-1284173164-project] 10.222.0.52 "GET /compute/v2.1/os-snapshots/2dc77228-f557-4f52-80ca-219468f2c46b" status: 200 len: 286 microversion: 2.1 time: 0.150651
