Feb 16 14:35:30.742031 dv-cinder-804757-13-smb devstack@n-api.service[123273]: DEBUG nova.context [None req-f0064815-7eb5-4b9e-bcee-cdbc754b9427 None None] Found 2 cells: 00000000-0000-0000-0000-000000000000(cell0),c33985f6-35dc-49a4-968f-2c3796a65e4a(cell1) {{(pid=123273) load_cells /opt/stack/nova/nova/context.py:464}}
Feb 16 14:35:30.746907 dv-cinder-804757-13-smb devstack@n-api.service[123273]: DEBUG oslo_concurrency.lockutils [None req-f0064815-7eb5-4b9e-bcee-cdbc754b9427 None None] Lock "00000000-0000-0000-0000-000000000000" acquired by "nova.context.set_target_cell..get_or_set_cached_cell_and_set_connections" :: waited 0.000s {{(pid=123273) inner /usr/local/lib/python3.8/dist-packages/oslo_concurrency/lockutils.py:386}}
Feb 16 14:35:30.748735 dv-cinder-804757-13-smb devstack@n-api.service[123273]: DEBUG oslo_concurrency.lockutils [None req-f0064815-7eb5-4b9e-bcee-cdbc754b9427 None None] Lock "00000000-0000-0000-0000-000000000000" "released" by "nova.context.set_target_cell..get_or_set_cached_cell_and_set_connections" :: held 0.002s {{(pid=123273) inner /usr/local/lib/python3.8/dist-packages/oslo_concurrency/lockutils.py:400}}
Feb 16 14:35:30.750208 dv-cinder-804757-13-smb devstack@n-api.service[123273]: DEBUG oslo_concurrency.lockutils [None req-f0064815-7eb5-4b9e-bcee-cdbc754b9427 None None] Lock "c33985f6-35dc-49a4-968f-2c3796a65e4a" acquired by "nova.context.set_target_cell..get_or_set_cached_cell_and_set_connections" :: waited 0.000s {{(pid=123273) inner /usr/local/lib/python3.8/dist-packages/oslo_concurrency/lockutils.py:386}}
Feb 16 14:35:30.752441 dv-cinder-804757-13-smb devstack@n-api.service[123273]: DEBUG oslo_concurrency.lockutils [None req-f0064815-7eb5-4b9e-bcee-cdbc754b9427 None None] Lock "c33985f6-35dc-49a4-968f-2c3796a65e4a" "released" by "nova.context.set_target_cell..get_or_set_cached_cell_and_set_connections" :: held 0.002s {{(pid=123273) inner /usr/local/lib/python3.8/dist-packages/oslo_concurrency/lockutils.py:400}}
Feb 16 14:35:30.764754 dv-cinder-804757-13-smb devstack@n-api.service[123273]: DEBUG oslo_db.sqlalchemy.engines [None req-f0064815-7eb5-4b9e-bcee-cdbc754b9427 None None] MySQL server mode set to STRICT_TRANS_TABLES,STRICT_ALL_TABLES,NO_ZERO_IN_DATE,NO_ZERO_DATE,ERROR_FOR_DIVISION_BY_ZERO,TRADITIONAL,NO_ENGINE_SUBSTITUTION {{(pid=123273) _check_effective_sql_mode /usr/local/lib/python3.8/dist-packages/oslo_db/sqlalchemy/engines.py:314}}
Feb 16 14:35:30.766172 dv-cinder-804757-13-smb devstack@n-api.service[123273]: DEBUG oslo_db.sqlalchemy.engines [None req-f0064815-7eb5-4b9e-bcee-cdbc754b9427 None None] MySQL server mode set to STRICT_TRANS_TABLES,STRICT_ALL_TABLES,NO_ZERO_IN_DATE,NO_ZERO_DATE,ERROR_FOR_DIVISION_BY_ZERO,TRADITIONAL,NO_ENGINE_SUBSTITUTION {{(pid=123273) _check_effective_sql_mode /usr/local/lib/python3.8/dist-packages/oslo_db/sqlalchemy/engines.py:314}}
Feb 16 14:35:30.839994 dv-cinder-804757-13-smb devstack@n-api.service[123272]: DEBUG oslo_db.sqlalchemy.engines [None req-943bb303-bfb9-49aa-ac85-72315dcd662c None None] MySQL server mode set to STRICT_TRANS_TABLES,STRICT_ALL_TABLES,NO_ZERO_IN_DATE,NO_ZERO_DATE,ERROR_FOR_DIVISION_BY_ZERO,TRADITIONAL,NO_ENGINE_SUBSTITUTION {{(pid=123272) _check_effective_sql_mode /usr/local/lib/python3.8/dist-packages/oslo_db/sqlalchemy/engines.py:314}}
Feb 16 14:35:30.933458 dv-cinder-804757-13-smb devstack@n-api.service[123273]: DEBUG oslo_db.sqlalchemy.engines [None req-f0064815-7eb5-4b9e-bcee-cdbc754b9427 None None] MySQL server mode set to STRICT_TRANS_TABLES,STRICT_ALL_TABLES,NO_ZERO_IN_DATE,NO_ZERO_DATE,ERROR_FOR_DIVISION_BY_ZERO,TRADITIONAL,NO_ENGINE_SUBSTITUTION {{(pid=123273) _check_effective_sql_mode /usr/local/lib/python3.8/dist-packages/oslo_db/sqlalchemy/engines.py:314}}
Feb 16 14:35:31.329532 dv-cinder-804757-13-smb devstack@n-api.service[123272]: WARNING keystonemiddleware.auth_token [None req-943bb303-bfb9-49aa-ac85-72315dcd662c None None] AuthToken middleware is set with keystone_authtoken.service_token_roles_required set to False. This is backwards compatible but deprecated behaviour. Please set this to True.
Feb 16 14:35:31.336969 dv-cinder-804757-13-smb devstack@n-api.service[123272]: WARNING keystonemiddleware.auth_token [None req-943bb303-bfb9-49aa-ac85-72315dcd662c None None] Configuring www_authenticate_uri to point to the public identity endpoint is required; clients may not be able to authenticate against an admin endpoint
Feb 16 14:35:31.433740 dv-cinder-804757-13-smb devstack@n-api.service[123273]: WARNING keystonemiddleware.auth_token [None req-f0064815-7eb5-4b9e-bcee-cdbc754b9427 None None] AuthToken middleware is set with keystone_authtoken.service_token_roles_required set to False. This is backwards compatible but deprecated behaviour. Please set this to True.
Feb 16 14:35:31.441657 dv-cinder-804757-13-smb devstack@n-api.service[123273]: WARNING keystonemiddleware.auth_token [None req-f0064815-7eb5-4b9e-bcee-cdbc754b9427 None None] Configuring www_authenticate_uri to point to the public identity endpoint is required; clients may not be able to authenticate against an admin endpoint
Feb 16 14:35:31.573087 dv-cinder-804757-13-smb devstack@n-api.service[123272]: WARNING keystonemiddleware.auth_token [None req-943bb303-bfb9-49aa-ac85-72315dcd662c None None] AuthToken middleware is set with keystone_authtoken.service_token_roles_required set to False. This is backwards compatible but deprecated behaviour. Please set this to True.
Feb 16 14:35:31.579314 dv-cinder-804757-13-smb devstack@n-api.service[123272]: WARNING keystonemiddleware.auth_token [None req-943bb303-bfb9-49aa-ac85-72315dcd662c None None] Configuring www_authenticate_uri to point to the public identity endpoint is required; clients may not be able to authenticate against an admin endpoint
Feb 16 14:35:31.585030 dv-cinder-804757-13-smb devstack@n-api.service[123272]: WSGI app 0 (mountpoint='') ready in 6 seconds on interpreter 0x55fe5ba5c9c0 pid: 123272 (default app)
Feb 16 14:35:31.691488 dv-cinder-804757-13-smb devstack@n-api.service[123273]: WARNING keystonemiddleware.auth_token [None req-f0064815-7eb5-4b9e-bcee-cdbc754b9427 None None] AuthToken middleware is set with keystone_authtoken.service_token_roles_required set to False. This is backwards compatible but deprecated behaviour. Please set this to True.
Feb 16 14:35:31.697022 dv-cinder-804757-13-smb devstack@n-api.service[123273]: WARNING keystonemiddleware.auth_token [None req-f0064815-7eb5-4b9e-bcee-cdbc754b9427 None None] Configuring www_authenticate_uri to point to the public identity endpoint is required; clients may not be able to authenticate against an admin endpoint
Feb 16 14:35:31.703904 dv-cinder-804757-13-smb devstack@n-api.service[123273]: WSGI app 0 (mountpoint='') ready in 6 seconds on interpreter 0x55fe5ba5c9c0 pid: 123273 (default app)
Feb 16 14:36:12.082620 dv-cinder-804757-13-smb devstack@n-api.service[123272]: DEBUG nova.api.openstack.wsgi [None req-c97f5140-2ff0-47de-a2fd-c9f51e148d9d tempest-VolumesSnapshotsTestJSON-431587121 tempest-VolumesSnapshotsTestJSON-431587121-project] Action: 'create', calling method: .version_select at 0x7f492fb87af0>, body: {"volume": {"size": 1, "display_name": "tempest-VolumesSnapshotsTestJSON-volume-1100812496"}} {{(pid=123272) _process_stack /opt/stack/nova/nova/api/openstack/wsgi.py:511}}
Feb 16 14:36:12.156335 dv-cinder-804757-13-smb devstack@n-api.service[123273]: DEBUG nova.api.openstack.wsgi [None req-96c43ab6-2fba-4887-9ee4-10f2d11a11a6 tempest-VolumesNegativeTest-1486825848 tempest-VolumesNegativeTest-1486825848-project] Action: 'create', calling method: .version_select at 0x7f492fb86af0>, body: {"volume": {"size": "#$%", "display_name": "tempest-VolumesNegativeTest-Volume-1630612412", "metadata": {"Type": "work"}}} {{(pid=123273) _process_stack /opt/stack/nova/nova/api/openstack/wsgi.py:511}}
Feb 16 14:36:12.159344 dv-cinder-804757-13-smb devstack@n-api.service[123273]: DEBUG nova.api.openstack.wsgi [None req-96c43ab6-2fba-4887-9ee4-10f2d11a11a6 tempest-VolumesNegativeTest-1486825848 tempest-VolumesNegativeTest-1486825848-project] Returning 400 to user: Invalid input for field/attribute size. Value: #$%. '#$%' does not match '^[0-9]+$' {{(pid=123273) __call__ /opt/stack/nova/nova/api/openstack/wsgi.py:936}}
Feb 16 14:36:12.160703 dv-cinder-804757-13-smb devstack@n-api.service[123273]: INFO nova.api.openstack.requestlog [None req-96c43ab6-2fba-4887-9ee4-10f2d11a11a6 tempest-VolumesNegativeTest-1486825848 tempest-VolumesNegativeTest-1486825848-project] 10.222.0.81 "POST /compute/v2.1/os-volumes" status: 400 len: 127 microversion: 2.1 time: 1.596816
Feb 16 14:36:12.161937 dv-cinder-804757-13-smb devstack@n-api.service[123273]: [pid: 123273|app: 0|req: 1/1] 10.222.0.81 () {60 vars in 1155 bytes} [Wed Feb 16 14:36:10 2022] POST /compute/v2.1/os-volumes => generated 127 bytes in 1599 msecs (HTTP/1.1 400) 9 headers in 381 bytes (1 switches on core 0)
Feb 16 14:36:12.176900 dv-cinder-804757-13-smb devstack@n-api.service[123273]: DEBUG nova.api.openstack.wsgi [None req-0c81af2f-0709-4948-bd7b-27c97d59f542 tempest-VolumesNegativeTest-1486825848 tempest-VolumesNegativeTest-1486825848-project] Action: 'create', calling method: .version_select at 0x7f492fb77670>, body: {"volume": {"size": "0", "display_name": "tempest-VolumesNegativeTest-Volume-1678075318", "metadata": {"Type": "work"}}} {{(pid=123273) _process_stack /opt/stack/nova/nova/api/openstack/wsgi.py:511}}
Feb 16 14:36:12.179079 dv-cinder-804757-13-smb devstack@n-api.service[123273]: DEBUG nova.api.openstack.wsgi [None req-0c81af2f-0709-4948-bd7b-27c97d59f542 tempest-VolumesNegativeTest-1486825848 tempest-VolumesNegativeTest-1486825848-project] Returning 400 to user: Invalid input for field/attribute size. Value: 0. 0 is less than the minimum of 1 {{(pid=123273) __call__ /opt/stack/nova/nova/api/openstack/wsgi.py:936}}
Feb 16 14:36:12.194663 dv-cinder-804757-13-smb devstack@n-api.service[123273]: INFO nova.api.openstack.requestlog [None req-0c81af2f-0709-4948-bd7b-27c97d59f542 tempest-VolumesNegativeTest-1486825848 tempest-VolumesNegativeTest-1486825848-project] 10.222.0.81 "POST /compute/v2.1/os-volumes" status: 400 len: 125 microversion: 2.1 time: 0.014069
Feb 16 14:36:12.196257 dv-cinder-804757-13-smb devstack@n-api.service[123273]: [pid: 123273|app: 0|req: 2/2] 10.222.0.81 () {60 vars in 1155 bytes} [Wed Feb 16 14:36:12 2022] POST /compute/v2.1/os-volumes => generated 125 bytes in 27 msecs (HTTP/1.1 400) 9 headers in 381 bytes (1 switches on core 0)
Feb 16 14:36:12.209851 dv-cinder-804757-13-smb devstack@n-api.service[123273]: DEBUG nova.api.openstack.wsgi [None req-50934750-55fd-4500-b207-b02a7e7a3917 tempest-VolumesNegativeTest-1486825848 tempest-VolumesNegativeTest-1486825848-project] Action: 'create', calling method: .version_select at 0x7f492fb86b80>, body: {"volume": {"size": "", "display_name": "tempest-VolumesNegativeTest-Volume-1986526971", "metadata": {"Type": "work"}}} {{(pid=123273) _process_stack /opt/stack/nova/nova/api/openstack/wsgi.py:511}}
Feb 16 14:36:12.211482 dv-cinder-804757-13-smb devstack@n-api.service[123273]: DEBUG nova.api.openstack.wsgi [None req-50934750-55fd-4500-b207-b02a7e7a3917 tempest-VolumesNegativeTest-1486825848 tempest-VolumesNegativeTest-1486825848-project] Returning 400 to user: Invalid input for field/attribute size. Value: . '' does not match '^[0-9]+$' {{(pid=123273) __call__ /opt/stack/nova/nova/api/openstack/wsgi.py:936}}
Feb 16 14:36:12.213008 dv-cinder-804757-13-smb devstack@n-api.service[123273]: INFO nova.api.openstack.requestlog [None req-50934750-55fd-4500-b207-b02a7e7a3917 tempest-VolumesNegativeTest-1486825848 tempest-VolumesNegativeTest-1486825848-project] 10.222.0.81 "POST /compute/v2.1/os-volumes" status: 400 len: 121 microversion: 2.1 time: 0.009804
Feb 16 14:36:12.214622 dv-cinder-804757-13-smb devstack@n-api.service[123273]: [pid: 123273|app: 0|req: 3/3] 10.222.0.81 () {60 vars in 1155 bytes} [Wed Feb 16 14:36:12 2022] POST /compute/v2.1/os-volumes => generated 121 bytes in 12 msecs (HTTP/1.1 400) 9 headers in 381 bytes (1 switches on core 0)
Feb 16 14:36:12.233927 dv-cinder-804757-13-smb devstack@n-api.service[123273]: DEBUG nova.api.openstack.wsgi [None req-aad86d04-dbae-4fc7-b46a-2438ac3f309a tempest-VolumesNegativeTest-1486825848 tempest-VolumesNegativeTest-1486825848-project] Calling method '.version_select at 0x7f492fafc160>' {{(pid=123273) _process_stack /opt/stack/nova/nova/api/openstack/wsgi.py:513}}
Feb 16 14:36:13.312360 dv-cinder-804757-13-smb devstack@n-api.service[123273]: INFO nova.api.openstack.wsgi [None req-aad86d04-dbae-4fc7-b46a-2438ac3f309a tempest-VolumesNegativeTest-1486825848 tempest-VolumesNegativeTest-1486825848-project] HTTP exception thrown: Volume tempest-invalid-1394091607 could not be found.
Feb 16 14:36:13.314531 dv-cinder-804757-13-smb devstack@n-api.service[123273]: DEBUG nova.api.openstack.wsgi [None req-aad86d04-dbae-4fc7-b46a-2438ac3f309a tempest-VolumesNegativeTest-1486825848 tempest-VolumesNegativeTest-1486825848-project] Returning 404 to user: Volume tempest-invalid-1394091607 could not be found. {{(pid=123273) __call__ /opt/stack/nova/nova/api/openstack/wsgi.py:936}}
Feb 16 14:36:13.316013 dv-cinder-804757-13-smb devstack@n-api.service[123273]: INFO nova.api.openstack.requestlog [None req-aad86d04-dbae-4fc7-b46a-2438ac3f309a tempest-VolumesNegativeTest-1486825848 tempest-VolumesNegativeTest-1486825848-project] 10.222.0.81 "DELETE /compute/v2.1/os-volumes/tempest-invalid-1394091607" status: 404 len: 99 microversion: 2.1 time: 1.091738
Feb 16 14:36:13.317114 dv-cinder-804757-13-smb devstack@n-api.service[123273]: [pid: 123273|app: 0|req: 4/4] 10.222.0.81 () {58 vars in 1217 bytes} [Wed Feb 16 14:36:12 2022] DELETE /compute/v2.1/os-volumes/tempest-invalid-1394091607 => generated 99 bytes in 1095 msecs (HTTP/1.1 404) 9 headers in 378 bytes (1 switches on core 0)
Feb 16 14:36:13.332671 dv-cinder-804757-13-smb devstack@n-api.service[123273]: INFO nova.api.openstack.requestlog [None req-919cf80d-6b7d-4cd3-a5f8-4314a9d258aa tempest-VolumesNegativeTest-1486825848 tempest-VolumesNegativeTest-1486825848-project] 10.222.0.81 "DELETE /compute/v2.1/os-volumes/" status: 404 len: 112 microversion: - time: 0.005620
Feb 16 14:36:13.337299 dv-cinder-804757-13-smb devstack@n-api.service[123273]: [pid: 123273|app: 0|req: 5/5] 10.222.0.81 () {58 vars in 1139 bytes} [Wed Feb 16 14:36:13 2022] DELETE /compute/v2.1/os-volumes/ => generated 112 bytes in 12 msecs (HTTP/1.1 404) 5 headers in 228 bytes (2 switches on core 0)
Feb 16 14:36:13.353924 dv-cinder-804757-13-smb devstack@n-api.service[123273]: INFO nova.api.openstack.requestlog [None req-7db1089c-2d95-4970-a620-c22c48b31146 tempest-VolumesNegativeTest-1486825848 tempest-VolumesNegativeTest-1486825848-project] 10.222.0.81 "GET /compute/v2.1/os-volumes/" status: 404 len: 112 microversion: - time: 0.008111
Feb 16 14:36:13.358000 dv-cinder-804757-13-smb devstack@n-api.service[123273]: [pid: 123273|app: 0|req: 6/6] 10.222.0.81 () {58 vars in 1136 bytes} [Wed Feb 16 14:36:13 2022] GET /compute/v2.1/os-volumes/ => generated 112 bytes in 13 msecs (HTTP/1.1 404) 5 headers in 228 bytes (2 switches on core 0)
Feb 16 14:36:13.369789 dv-cinder-804757-13-smb devstack@n-api.service[123273]: DEBUG nova.api.openstack.wsgi [None req-869cc019-94ec-4dd8-8167-97b71eb801b3 tempest-VolumesNegativeTest-1486825848 tempest-VolumesNegativeTest-1486825848-project] Calling method '.version_select at 0x7f492fa69670>' {{(pid=123273) _process_stack /opt/stack/nova/nova/api/openstack/wsgi.py:513}}
Feb 16 14:36:13.633624 dv-cinder-804757-13-smb devstack@n-api.service[123273]: INFO nova.api.openstack.wsgi [None req-869cc019-94ec-4dd8-8167-97b71eb801b3 tempest-VolumesNegativeTest-1486825848 tempest-VolumesNegativeTest-1486825848-project] HTTP exception thrown: Volume c6a6cd50-5ff8-442f-af25-f2342ac9e2c2 could not be found.
Feb 16 14:36:13.634588 dv-cinder-804757-13-smb devstack@n-api.service[123273]: DEBUG nova.api.openstack.wsgi [None req-869cc019-94ec-4dd8-8167-97b71eb801b3 tempest-VolumesNegativeTest-1486825848 tempest-VolumesNegativeTest-1486825848-project] Returning 404 to user: Volume c6a6cd50-5ff8-442f-af25-f2342ac9e2c2 could not be found. {{(pid=123273) __call__ /opt/stack/nova/nova/api/openstack/wsgi.py:936}}
Feb 16 14:36:13.635597 dv-cinder-804757-13-smb devstack@n-api.service[123273]: INFO nova.api.openstack.requestlog [None req-869cc019-94ec-4dd8-8167-97b71eb801b3 tempest-VolumesNegativeTest-1486825848 tempest-VolumesNegativeTest-1486825848-project] 10.222.0.81 "DELETE /compute/v2.1/os-volumes/c6a6cd50-5ff8-442f-af25-f2342ac9e2c2" status: 404 len: 109 microversion: 2.1 time: 0.270364
Feb 16 14:36:13.636382 dv-cinder-804757-13-smb devstack@n-api.service[123273]: [pid: 123273|app: 0|req: 7/7] 10.222.0.81 () {58 vars in 1247 bytes} [Wed Feb 16 14:36:13 2022] DELETE /compute/v2.1/os-volumes/c6a6cd50-5ff8-442f-af25-f2342ac9e2c2 => generated 109 bytes in 272 msecs (HTTP/1.1 404) 9 headers in 379 bytes (2 switches on core 0)
Feb 16 14:36:13.650573 dv-cinder-804757-13-smb devstack@n-api.service[123273]: DEBUG nova.api.openstack.wsgi [None req-dac7f989-2314-484d-b725-f908904a14b3 tempest-VolumesNegativeTest-1486825848 tempest-VolumesNegativeTest-1486825848-project] Calling method '.version_select at 0x7f492fa69310>' {{(pid=123273) _process_stack /opt/stack/nova/nova/api/openstack/wsgi.py:513}}
Feb 16 14:36:13.744730 dv-cinder-804757-13-smb devstack@n-api.service[123273]: INFO nova.api.openstack.wsgi [None req-dac7f989-2314-484d-b725-f908904a14b3 tempest-VolumesNegativeTest-1486825848 tempest-VolumesNegativeTest-1486825848-project] HTTP exception thrown: Volume a6a82cf0-0985-4c4d-81cf-0be4932716f8 could not be found.
Feb 16 14:36:13.745516 dv-cinder-804757-13-smb devstack@n-api.service[123273]: DEBUG nova.api.openstack.wsgi [None req-dac7f989-2314-484d-b725-f908904a14b3 tempest-VolumesNegativeTest-1486825848 tempest-VolumesNegativeTest-1486825848-project] Returning 404 to user: Volume a6a82cf0-0985-4c4d-81cf-0be4932716f8 could not be found. {{(pid=123273) __call__ /opt/stack/nova/nova/api/openstack/wsgi.py:936}}
Feb 16 14:36:13.746599 dv-cinder-804757-13-smb devstack@n-api.service[123273]: INFO nova.api.openstack.requestlog [None req-dac7f989-2314-484d-b725-f908904a14b3 tempest-VolumesNegativeTest-1486825848 tempest-VolumesNegativeTest-1486825848-project] 10.222.0.81 "GET /compute/v2.1/os-volumes/a6a82cf0-0985-4c4d-81cf-0be4932716f8" status: 404 len: 109 microversion: 2.1 time: 0.102025
Feb 16 14:36:13.748363 dv-cinder-804757-13-smb devstack@n-api.service[123273]: [pid: 123273|app: 0|req: 8/8] 10.222.0.81 () {58 vars in 1244 bytes} [Wed Feb 16 14:36:13 2022] GET /compute/v2.1/os-volumes/a6a82cf0-0985-4c4d-81cf-0be4932716f8 => generated 109 bytes in 104 msecs (HTTP/1.1 404) 9 headers in 379 bytes (1 switches on core 0)
Feb 16 14:36:14.138951 dv-cinder-804757-13-smb devstack@n-api.service[123272]: INFO nova.api.openstack.requestlog [None req-c97f5140-2ff0-47de-a2fd-c9f51e148d9d tempest-VolumesSnapshotsTestJSON-431587121 tempest-VolumesSnapshotsTestJSON-431587121-project] 10.222.0.81 "POST /compute/v2.1/os-volumes" status: 200 len: 345 microversion: 2.1 time: 3.942006
Feb 16 14:36:14.139946 dv-cinder-804757-13-smb devstack@n-api.service[123272]: [pid: 123272|app: 0|req: 1/9] 10.222.0.81 () {60 vars in 1154 bytes} [Wed Feb 16 14:36:10 2022] POST /compute/v2.1/os-volumes => generated 345 bytes in 3947 msecs (HTTP/1.1 200) 10 headers in 448 bytes (1 switches on core 0)
Feb 16 14:36:14.155414 dv-cinder-804757-13-smb devstack@n-api.service[123273]: DEBUG nova.api.openstack.wsgi [None req-56924319-7564-4b8d-9320-8a5286933e06 tempest-VolumesSnapshotsTestJSON-431587121 tempest-VolumesSnapshotsTestJSON-431587121-project] Calling method '.version_select at 0x7f492fa05670>' {{(pid=123273) _process_stack /opt/stack/nova/nova/api/openstack/wsgi.py:513}}
Feb 16 14:36:14.390361 dv-cinder-804757-13-smb devstack@n-api.service[123273]: INFO nova.api.openstack.requestlog [None req-56924319-7564-4b8d-9320-8a5286933e06 tempest-VolumesSnapshotsTestJSON-431587121 tempest-VolumesSnapshotsTestJSON-431587121-project] 10.222.0.81 "GET /compute/v2.1/os-volumes/4f1001ed-0df8-49ee-9291-4ff1f288ec95" status: 200 len: 345 microversion: 2.1 time: 0.241521
Feb 16 14:36:14.395985 dv-cinder-804757-13-smb devstack@n-api.service[123273]: [pid: 123273|app: 0|req: 9/10] 10.222.0.81 () {58 vars in 1244 bytes} [Wed Feb 16 14:36:14 2022] GET /compute/v2.1/os-volumes/4f1001ed-0df8-49ee-9291-4ff1f288ec95 => generated 345 bytes in 243 msecs (HTTP/1.1 200) 9 headers in 357 bytes (2 switches on core 0)
Feb 16 14:36:15.406840 dv-cinder-804757-13-smb devstack@n-api.service[123273]: DEBUG nova.api.openstack.wsgi [None req-629c344f-9622-467c-bddb-39078851cea9 tempest-VolumesSnapshotsTestJSON-431587121 tempest-VolumesSnapshotsTestJSON-431587121-project] Calling method '.version_select at 0x7f492fa69790>' {{(pid=123273) _process_stack /opt/stack/nova/nova/api/openstack/wsgi.py:513}}
Feb 16 14:36:15.503343 dv-cinder-804757-13-smb devstack@n-api.service[123272]: DEBUG nova.api.openstack.wsgi [None req-08bca110-bfef-4691-86f3-80887702018c tempest-DeleteServersTestJSON-1699713408 tempest-DeleteServersTestJSON-1699713408-project] Action: 'create', calling method: >, body: {"server": {"name": "tempest-DeleteServersTestJSON-server-960496677", "imageRef": "a0ad576c-b398-44b0-8b4a-7adfd264a8b3", "flavorRef": "452", "networks": [{"uuid": "9a43ffcf-2cc8-4cea-bdb0-d7856251cf15"}]}} {{(pid=123272) _process_stack /opt/stack/nova/nova/api/openstack/wsgi.py:511}}
Feb 16 14:36:15.578477 dv-cinder-804757-13-smb devstack@n-api.service[123273]: INFO nova.api.openstack.requestlog [None req-629c344f-9622-467c-bddb-39078851cea9 tempest-VolumesSnapshotsTestJSON-431587121 tempest-VolumesSnapshotsTestJSON-431587121-project] 10.222.0.81 "GET /compute/v2.1/os-volumes/4f1001ed-0df8-49ee-9291-4ff1f288ec95" status: 200 len: 346 microversion: 2.1 time: 0.178338
Feb 16 14:36:15.580237 dv-cinder-804757-13-smb devstack@n-api.service[123273]: [pid: 123273|app: 0|req: 10/11] 10.222.0.81 () {58 vars in 1244 bytes} [Wed Feb 16 14:36:15 2022] GET /compute/v2.1/os-volumes/4f1001ed-0df8-49ee-9291-4ff1f288ec95 => generated 346 bytes in 181 msecs (HTTP/1.1 200) 9 headers in 357 bytes (1 switches on core 0)
Feb 16 14:36:15.595863 dv-cinder-804757-13-smb devstack@n-api.service[123273]: DEBUG nova.api.openstack.wsgi [None req-097fac02-6d48-4dc7-898c-340916bf29e4 tempest-VolumesSnapshotsTestJSON-431587121 tempest-VolumesSnapshotsTestJSON-431587121-project] Action: 'create', calling method: .version_select at 0x7f492fa051f0>, body: {"snapshot": {"volume_id": "4f1001ed-0df8-49ee-9291-4ff1f288ec95", "display_name": "tempest-VolumesSnapshotsTestJSON-Snapshot-502732421"}} {{(pid=123273) _process_stack /opt/stack/nova/nova/api/openstack/wsgi.py:511}}
Feb 16 14:36:15.802286 dv-cinder-804757-13-smb devstack@n-api.service[123272]: DEBUG nova.network.neutron [None req-08bca110-bfef-4691-86f3-80887702018c tempest-DeleteServersTestJSON-1699713408 tempest-DeleteServersTestJSON-1699713408-project] validate_networks() for [('9a43ffcf-2cc8-4cea-bdb0-d7856251cf15', None, None, None, None, None)] {{(pid=123272) validate_networks /opt/stack/nova/nova/network/neutron.py:2623}}
Feb 16 14:36:16.055091 dv-cinder-804757-13-smb devstack@n-api.service[123273]: INFO nova.api.openstack.requestlog [None req-097fac02-6d48-4dc7-898c-340916bf29e4 tempest-VolumesSnapshotsTestJSON-431587121 tempest-VolumesSnapshotsTestJSON-431587121-project] 10.222.0.81 "POST /compute/v2.1/os-snapshots" status: 200 len: 286 microversion: 2.1 time: 0.465979
Feb 16 14:36:16.055985 dv-cinder-804757-13-smb devstack@n-api.service[123273]: [pid: 123273|app: 0|req: 11/12] 10.222.0.81 () {60 vars in 1161 bytes} [Wed Feb 16 14:36:15 2022] POST /compute/v2.1/os-snapshots => generated 286 bytes in 468 msecs (HTTP/1.1 200) 9 headers in 357 bytes (2 switches on core 0)
Feb 16 14:36:16.068029 dv-cinder-804757-13-smb devstack@n-api.service[123273]: DEBUG nova.api.openstack.wsgi [None req-87aae688-e8c6-4f5f-b317-96e4306bedba tempest-VolumesSnapshotsTestJSON-431587121 tempest-VolumesSnapshotsTestJSON-431587121-project] Calling method '.version_select at 0x7f492fa05040>' {{(pid=123273) _process_stack /opt/stack/nova/nova/api/openstack/wsgi.py:513}}
Feb 16 14:36:16.241581 dv-cinder-804757-13-smb devstack@n-api.service[123273]: INFO nova.api.openstack.requestlog [None req-87aae688-e8c6-4f5f-b317-96e4306bedba tempest-VolumesSnapshotsTestJSON-431587121 tempest-VolumesSnapshotsTestJSON-431587121-project] 10.222.0.81 "GET /compute/v2.1/os-snapshots/1da3be1e-4b53-4881-96da-7a7d269d6bcc" status: 200 len: 286 microversion: 2.1 time: 0.178559
Feb 16 14:36:16.242887 dv-cinder-804757-13-smb devstack@n-api.service[123273]: [pid: 123273|app: 0|req: 12/13] 10.222.0.81 () {58 vars in 1250 bytes} [Wed Feb 16 14:36:16 2022] GET /compute/v2.1/os-snapshots/1da3be1e-4b53-4881-96da-7a7d269d6bcc => generated 286 bytes in 181 msecs (HTTP/1.1 200) 9 headers in 357 bytes (2 switches on core 0)
Feb 16 14:36:16.255722 dv-cinder-804757-13-smb devstack@n-api.service[123273]: DEBUG nova.api.openstack.wsgi [None req-bc19f3ea-c683-4498-9535-9ca7627aa4ec tempest-VolumesSnapshotsTestJSON-431587121 tempest-VolumesSnapshotsTestJSON-431587121-project] Calling method '.version_select at 0x7f492fa05790>' {{(pid=123273) _process_stack /opt/stack/nova/nova/api/openstack/wsgi.py:513}}
Feb 16 14:36:16.341550 dv-cinder-804757-13-smb devstack@n-api.service[123273]: INFO nova.api.openstack.requestlog [None req-bc19f3ea-c683-4498-9535-9ca7627aa4ec tempest-VolumesSnapshotsTestJSON-431587121 tempest-VolumesSnapshotsTestJSON-431587121-project] 10.222.0.81 "GET /compute/v2.1/os-snapshots" status: 200 len: 289 microversion: 2.1 time: 0.090293
Feb 16 14:36:16.342235 dv-cinder-804757-13-smb devstack@n-api.service[123273]: [pid: 123273|app: 0|req: 13/14] 10.222.0.81 () {58 vars in 1139 bytes} [Wed Feb 16 14:36:16 2022] GET /compute/v2.1/os-snapshots => generated 289 bytes in 92 msecs (HTTP/1.1 200) 9 headers in 357 bytes (1 switches on core 0)
Feb 16 14:36:16.355198 dv-cinder-804757-13-smb devstack@n-api.service[123273]: DEBUG nova.api.openstack.wsgi [None req-bb11ccde-7195-4a4e-95d1-554d74d7cab7 tempest-VolumesSnapshotsTestJSON-431587121 tempest-VolumesSnapshotsTestJSON-431587121-project] Calling method '.version_select at 0x7f492fa69550>' {{(pid=123273) _process_stack /opt/stack/nova/nova/api/openstack/wsgi.py:513}}
Feb 16 14:36:16.449877 dv-cinder-804757-13-smb devstack@n-api.service[123273]: INFO nova.api.openstack.requestlog [None req-bb11ccde-7195-4a4e-95d1-554d74d7cab7 tempest-VolumesSnapshotsTestJSON-431587121 tempest-VolumesSnapshotsTestJSON-431587121-project] 10.222.0.81 "GET /compute/v2.1/os-snapshots/1da3be1e-4b53-4881-96da-7a7d269d6bcc" status: 200 len: 287 microversion: 2.1 time: 0.098996
Feb 16 14:36:16.456449 dv-cinder-804757-13-smb devstack@n-api.service[123273]: [pid: 123273|app: 0|req: 14/15] 10.222.0.81 () {58 vars in 1250 bytes} [Wed Feb 16 14:36:16 2022] GET /compute/v2.1/os-snapshots/1da3be1e-4b53-4881-96da-7a7d269d6bcc => generated 287 bytes in 101 msecs (HTTP/1.1 200) 9 headers in 357 bytes (1 switches on core 0)
Feb 16 14:36:16.461965 dv-cinder-804757-13-smb devstack@n-api.service[123273]: DEBUG nova.api.openstack.wsgi [None req-c8da7720-31ec-40a1-b5b9-4bce8d8e8d73 tempest-VolumesSnapshotsTestJSON-431587121 tempest-VolumesSnapshotsTestJSON-431587121-project] Calling method '.version_select at 0x7f492fa11160>' {{(pid=123273) _process_stack /opt/stack/nova/nova/api/openstack/wsgi.py:513}}
Feb 16 14:36:16.650616 dv-cinder-804757-13-smb devstack@n-api.service[123273]: INFO nova.api.openstack.requestlog [None req-c8da7720-31ec-40a1-b5b9-4bce8d8e8d73 tempest-VolumesSnapshotsTestJSON-431587121 tempest-VolumesSnapshotsTestJSON-431587121-project] 10.222.0.81 "DELETE /compute/v2.1/os-snapshots/1da3be1e-4b53-4881-96da-7a7d269d6bcc" status: 202 len: 0 microversion: 2.1 time: 0.192575
Feb 16 14:36:16.651229 dv-cinder-804757-13-smb devstack@n-api.service[123273]: [pid: 123273|app: 0|req: 15/16] 10.222.0.81 () {58 vars in 1253 bytes} [Wed Feb 16 14:36:16 2022] DELETE /compute/v2.1/os-snapshots/1da3be1e-4b53-4881-96da-7a7d269d6bcc => generated 0 bytes in 194 msecs (HTTP/1.1 202) 9 headers in 361 bytes (2 switches on core 0)
Feb 16 14:36:16.665428 dv-cinder-804757-13-smb devstack@n-api.service[123273]: DEBUG nova.api.openstack.wsgi [None req-3505f13d-5311-4660-8ecf-e4119ffb6988 tempest-VolumesSnapshotsTestJSON-431587121 tempest-VolumesSnapshotsTestJSON-431587121-project] Calling method '.version_select at 0x7f492fa69430>' {{(pid=123273) _process_stack /opt/stack/nova/nova/api/openstack/wsgi.py:513}}
Feb 16 14:36:16.790800 dv-cinder-804757-13-smb devstack@n-api.service[123273]: INFO nova.api.openstack.requestlog [None req-3505f13d-5311-4660-8ecf-e4119ffb6988 tempest-VolumesSnapshotsTestJSON-431587121 tempest-VolumesSnapshotsTestJSON-431587121-project] 10.222.0.81 "GET /compute/v2.1/os-snapshots/1da3be1e-4b53-4881-96da-7a7d269d6bcc" status: 200 len: 286 microversion: 2.1 time: 0.130402
Feb 16 14:36:16.791426 dv-cinder-804757-13-smb devstack@n-api.service[123273]: [pid: 123273|app: 0|req: 16/17] 10.222.0.81 () {58 vars in 1250 bytes} [Wed Feb 16 14:36:16 2022] GET /compute/v2.1/os-snapshots/1da3be1e-4b53-4881-96da-7a7d269d6bcc => generated 286 bytes in 132 msecs (HTTP/1.1 200) 9 headers in 357 bytes (1 switches on core 0)
Feb 16 14:36:17.804385 dv-cinder-804757-13-smb devstack@n-api.service[123273]: DEBUG nova.api.openstack.wsgi [None req-e82e6318-dfc3-4319-9e59-39bf1ba1d69d tempest-VolumesSnapshotsTestJSON-431587121 tempest-VolumesSnapshotsTestJSON-431587121-project] Calling method '.version_select at 0x7f492fa05700>' {{(pid=123273) _process_stack /opt/stack/nova/nova/api/openstack/wsgi.py:513}}
Feb 16 14:36:17.893136 dv-cinder-804757-13-smb devstack@n-api.service[123273]: INFO nova.api.openstack.wsgi [None req-e82e6318-dfc3-4319-9e59-39bf1ba1d69d tempest-VolumesSnapshotsTestJSON-431587121 tempest-VolumesSnapshotsTestJSON-431587121-project] HTTP exception thrown: Snapshot 1da3be1e-4b53-4881-96da-7a7d269d6bcc could not be found.
Feb 16 14:36:17.896111 dv-cinder-804757-13-smb devstack@n-api.service[123273]: DEBUG nova.api.openstack.wsgi [None req-e82e6318-dfc3-4319-9e59-39bf1ba1d69d tempest-VolumesSnapshotsTestJSON-431587121 tempest-VolumesSnapshotsTestJSON-431587121-project] Returning 404 to user: Snapshot 1da3be1e-4b53-4881-96da-7a7d269d6bcc could not be found. {{(pid=123273) __call__ /opt/stack/nova/nova/api/openstack/wsgi.py:936}}
Feb 16 14:36:17.898992 dv-cinder-804757-13-smb devstack@n-api.service[123273]: INFO nova.api.openstack.requestlog [None req-e82e6318-dfc3-4319-9e59-39bf1ba1d69d tempest-VolumesSnapshotsTestJSON-431587121 tempest-VolumesSnapshotsTestJSON-431587121-project] 10.222.0.81 "GET /compute/v2.1/os-snapshots/1da3be1e-4b53-4881-96da-7a7d269d6bcc" status: 404 len: 111 microversion: 2.1 time: 0.098101
Feb 16 14:36:17.900353 dv-cinder-804757-13-smb devstack@n-api.service[123273]: [pid: 123273|app: 0|req: 17/18] 10.222.0.81 () {58 vars in 1250 bytes} [Wed Feb 16 14:36:17 2022] GET /compute/v2.1/os-snapshots/1da3be1e-4b53-4881-96da-7a7d269d6bcc => generated 111 bytes in 101 msecs (HTTP/1.1 404) 9 headers in 379 bytes (2 switches on core 0)
Feb 16 14:36:17.931592 dv-cinder-804757-13-smb devstack@n-api.service[123273]: DEBUG nova.api.openstack.wsgi [None req-989622ac-0257-47c0-a3d2-c8cfe8894c65 tempest-VolumesSnapshotsTestJSON-431587121 tempest-VolumesSnapshotsTestJSON-431587121-project] Calling method '.version_select at 0x7f492fa05c10>' {{(pid=123273) _process_stack /opt/stack/nova/nova/api/openstack/wsgi.py:513}}
Feb 16 14:36:18.273889 dv-cinder-804757-13-smb devstack@n-api.service[123273]: INFO nova.api.openstack.requestlog [None req-989622ac-0257-47c0-a3d2-c8cfe8894c65 tempest-VolumesSnapshotsTestJSON-431587121 tempest-VolumesSnapshotsTestJSON-431587121-project] 10.222.0.81 "DELETE /compute/v2.1/os-volumes/4f1001ed-0df8-49ee-9291-4ff1f288ec95" status: 202 len: 0 microversion: 2.1 time: 0.366068
Feb 16 14:36:18.277901 dv-cinder-804757-13-smb devstack@n-api.service[123273]: [pid: 123273|app: 0|req: 18/19] 10.222.0.81 () {58 vars in 1247 bytes} [Wed Feb 16 14:36:17 2022] DELETE /compute/v2.1/os-volumes/4f1001ed-0df8-49ee-9291-4ff1f288ec95 => generated 0 bytes in 371 msecs (HTTP/1.1 202) 9 headers in 361 bytes (1 switches on core 0)
Feb 16 14:36:18.293361 dv-cinder-804757-13-smb devstack@n-api.service[123273]: DEBUG nova.api.openstack.wsgi [None req-769b5156-931d-40d0-be01-21a0cbaf1e2a tempest-VolumesSnapshotsTestJSON-431587121 tempest-VolumesSnapshotsTestJSON-431587121-project] Calling method '.version_select at 0x7f492fa05820>' {{(pid=123273) _process_stack /opt/stack/nova/nova/api/openstack/wsgi.py:513}}
Feb 16 14:36:18.431732 dv-cinder-804757-13-smb devstack@n-api.service[123272]: DEBUG nova.virt.hardware [None req-08bca110-bfef-4691-86f3-80887702018c tempest-DeleteServersTestJSON-1699713408 tempest-DeleteServersTestJSON-1699713408-project] Flavor limits 0:0:0 {{(pid=123272) get_cpu_topology_constraints /opt/stack/nova/nova/virt/hardware.py:343}}
Feb 16 14:36:18.432472 dv-cinder-804757-13-smb devstack@n-api.service[123272]: DEBUG nova.virt.hardware [None req-08bca110-bfef-4691-86f3-80887702018c tempest-DeleteServersTestJSON-1699713408 tempest-DeleteServersTestJSON-1699713408-project] Image limits 0:0:0 {{(pid=123272) get_cpu_topology_constraints /opt/stack/nova/nova/virt/hardware.py:347}}
Feb 16 14:36:18.432793 dv-cinder-804757-13-smb devstack@n-api.service[123272]: DEBUG nova.virt.hardware [None req-08bca110-bfef-4691-86f3-80887702018c tempest-DeleteServersTestJSON-1699713408 tempest-DeleteServersTestJSON-1699713408-project] Flavor pref 0:0:0 {{(pid=123272) get_cpu_topology_constraints /opt/stack/nova/nova/virt/hardware.py:383}}
Feb 16 14:36:18.433227 dv-cinder-804757-13-smb devstack@n-api.service[123272]: DEBUG nova.virt.hardware [None req-08bca110-bfef-4691-86f3-80887702018c tempest-DeleteServersTestJSON-1699713408 tempest-DeleteServersTestJSON-1699713408-project] Image pref 0:0:0 {{(pid=123272) get_cpu_topology_constraints /opt/stack/nova/nova/virt/hardware.py:387}}
Feb 16 14:36:18.433654 dv-cinder-804757-13-smb devstack@n-api.service[123272]: DEBUG nova.virt.hardware [None req-08bca110-bfef-4691-86f3-80887702018c tempest-DeleteServersTestJSON-1699713408 tempest-DeleteServersTestJSON-1699713408-project] Chose sockets=0, cores=0, threads=0; limits were sockets=65536, cores=65536, threads=65536 {{(pid=123272) get_cpu_topology_constraints /opt/stack/nova/nova/virt/hardware.py:425}}
Feb 16 14:36:18.465985 dv-cinder-804757-13-smb devstack@n-api.service[123273]: INFO nova.api.openstack.requestlog [None req-769b5156-931d-40d0-be01-21a0cbaf1e2a tempest-VolumesSnapshotsTestJSON-431587121 tempest-VolumesSnapshotsTestJSON-431587121-project] 10.222.0.81 "GET /compute/v2.1/os-volumes/4f1001ed-0df8-49ee-9291-4ff1f288ec95" status: 200 len: 345 microversion: 2.1 time: 0.179867
Feb 16 14:36:18.466748 dv-cinder-804757-13-smb devstack@n-api.service[123273]: [pid: 123273|app: 0|req: 19/20] 10.222.0.81 () {58 vars in 1244 bytes} [Wed Feb 16 14:36:18 2022] GET /compute/v2.1/os-volumes/4f1001ed-0df8-49ee-9291-4ff1f288ec95 => generated 345 bytes in 183 msecs (HTTP/1.1 200) 9 headers in 357 bytes (1 switches on core 0)
Feb 16 14:36:18.549757 dv-cinder-804757-13-smb devstack@n-api.service[123272]: DEBUG oslo_concurrency.lockutils [None req-08bca110-bfef-4691-86f3-80887702018c tempest-DeleteServersTestJSON-1699713408 tempest-DeleteServersTestJSON-1699713408-project] Lock "00000000-0000-0000-0000-000000000000" acquired by "nova.context.set_target_cell..get_or_set_cached_cell_and_set_connections" :: waited 0.001s {{(pid=123272) inner /usr/local/lib/python3.8/dist-packages/oslo_concurrency/lockutils.py:386}}
Feb 16 14:36:18.550229 dv-cinder-804757-13-smb devstack@n-api.service[123272]: DEBUG oslo_concurrency.lockutils [None req-08bca110-bfef-4691-86f3-80887702018c tempest-DeleteServersTestJSON-1699713408 tempest-DeleteServersTestJSON-1699713408-project] Lock "00000000-0000-0000-0000-000000000000" "released" by "nova.context.set_target_cell..get_or_set_cached_cell_and_set_connections" :: held 0.001s {{(pid=123272) inner /usr/local/lib/python3.8/dist-packages/oslo_concurrency/lockutils.py:400}}
Feb 16 14:36:18.551091 dv-cinder-804757-13-smb devstack@n-api.service[123272]: DEBUG oslo_concurrency.lockutils [None req-08bca110-bfef-4691-86f3-80887702018c tempest-DeleteServersTestJSON-1699713408 tempest-DeleteServersTestJSON-1699713408-project] Lock "c33985f6-35dc-49a4-968f-2c3796a65e4a" acquired by "nova.context.set_target_cell..get_or_set_cached_cell_and_set_connections" :: waited 0.000s {{(pid=123272) inner /usr/local/lib/python3.8/dist-packages/oslo_concurrency/lockutils.py:386}}
Feb 16 14:36:18.551548 dv-cinder-804757-13-smb devstack@n-api.service[123272]: DEBUG oslo_concurrency.lockutils [None req-08bca110-bfef-4691-86f3-80887702018c tempest-DeleteServersTestJSON-1699713408 tempest-DeleteServersTestJSON-1699713408-project] Lock "c33985f6-35dc-49a4-968f-2c3796a65e4a" "released" by "nova.context.set_target_cell..get_or_set_cached_cell_and_set_connections" :: held 0.000s {{(pid=123272) inner /usr/local/lib/python3.8/dist-packages/oslo_concurrency/lockutils.py:400}}
Feb 16 14:36:18.630203 dv-cinder-804757-13-smb devstack@n-api.service[123272]: DEBUG nova.quota [None req-08bca110-bfef-4691-86f3-80887702018c tempest-DeleteServersTestJSON-1699713408 tempest-DeleteServersTestJSON-1699713408-project] Getting quotas for project db1d24fecc274832bac9b2dd70dd03c9. Resources: {'instances', 'cores', 'ram'} {{(pid=123272) _get_quotas /opt/stack/nova/nova/quota.py:387}}
Feb 16 14:36:18.655356 dv-cinder-804757-13-smb devstack@n-api.service[123272]: DEBUG nova.quota [None req-08bca110-bfef-4691-86f3-80887702018c tempest-DeleteServersTestJSON-1699713408 tempest-DeleteServersTestJSON-1699713408-project] Getting quotas for user 176b4748c55b4c56911f29077ae31892 and project db1d24fecc274832bac9b2dd70dd03c9. Resources: {'instances', 'cores', 'ram'} {{(pid=123272) _get_quotas /opt/stack/nova/nova/quota.py:377}}
Feb 16 14:36:18.691197 dv-cinder-804757-13-smb devstack@n-api.service[123272]: DEBUG nova.compute.api [None req-08bca110-bfef-4691-86f3-80887702018c tempest-DeleteServersTestJSON-1699713408 tempest-DeleteServersTestJSON-1699713408-project] Going to run 1 instances... {{(pid=123272) _provision_instances /opt/stack/nova/nova/compute/api.py:1350}}
Feb 16 14:36:18.706711 dv-cinder-804757-13-smb devstack@n-api.service[123272]: DEBUG nova.compute.api [None req-08bca110-bfef-4691-86f3-80887702018c tempest-DeleteServersTestJSON-1699713408 tempest-DeleteServersTestJSON-1699713408-project] [instance: 818546fc-b9a2-4e3a-af25-dfc7e15ea97b] block_device_mapping [BlockDeviceMapping(attachment_id=,boot_index=0,connection_info=None,created_at=,delete_on_termination=True,deleted=,deleted_at=,destination_type='local',device_name=None,device_type='disk',disk_bus=None,guest_format=None,id=,image_id='a0ad576c-b398-44b0-8b4a-7adfd264a8b3',instance=,instance_uuid=,no_device=False,snapshot_id=None,source_type='image',tag=None,updated_at=,uuid=,volume_id=None,volume_size=None,volume_type=None)] {{(pid=123272) _bdm_validate_set_size_and_instance /opt/stack/nova/nova/compute/api.py:1757}}
Feb 16 14:36:18.938881 dv-cinder-804757-13-smb devstack@n-api.service[123272]: INFO nova.api.openstack.requestlog [None req-08bca110-bfef-4691-86f3-80887702018c tempest-DeleteServersTestJSON-1699713408 tempest-DeleteServersTestJSON-1699713408-project] 10.222.0.81 "POST /compute/v2.1/servers" status: 202 len: 380 microversion: 2.1 time: 4.156858
Feb 16 14:36:18.947978 dv-cinder-804757-13-smb devstack@n-api.service[123272]: [pid: 123272|app: 0|req: 2/21] 10.222.0.81 () {60 vars in 1146 bytes} [Wed Feb 16 14:36:14 2022] POST /compute/v2.1/servers => generated 380 bytes in 4167 msecs (HTTP/1.1 202) 10 headers in 451 bytes (1 switches on core 0)
Feb 16 14:36:18.952250 dv-cinder-804757-13-smb devstack@n-api.service[123273]: DEBUG nova.api.openstack.wsgi [None req-8fff9a7a-e352-4834-8547-afe482c5b6b8 tempest-DeleteServersTestJSON-1699713408 tempest-DeleteServersTestJSON-1699713408-project] Calling method '>' {{(pid=123273) _process_stack /opt/stack/nova/nova/api/openstack/wsgi.py:513}}
Feb 16 14:36:18.953058 dv-cinder-804757-13-smb devstack@n-api.service[123273]: DEBUG nova.compute.api [None req-8fff9a7a-e352-4834-8547-afe482c5b6b8 tempest-DeleteServersTestJSON-1699713408 tempest-DeleteServersTestJSON-1699713408-project] [instance: 818546fc-b9a2-4e3a-af25-dfc7e15ea97b] Fetching instance by UUID {{(pid=123273) get /opt/stack/nova/nova/compute/api.py:2865}}
Feb 16 14:36:19.431593 dv-cinder-804757-13-smb devstack@n-api.service[123273]: DEBUG nova.policy [None req-8fff9a7a-e352-4834-8547-afe482c5b6b8 tempest-DeleteServersTestJSON-1699713408 tempest-DeleteServersTestJSON-1699713408-project] Policy check for os_compute_api:os-extended-server-attributes failed with credentials {'is_admin': False, 'user_id': '176b4748c55b4c56911f29077ae31892', 'user_domain_id': 'default', 'system_scope': None, 'domain_id': None, 'project_id': 'db1d24fecc274832bac9b2dd70dd03c9', 'project_domain_id': 'default', 'roles': ['member', 'reader'], 'is_admin_project': True, 'service_user_id': None, 'service_user_domain_id': None, 'service_project_id': None, 'service_project_domain_id': None, 'service_roles': []} {{(pid=123273) authorize /opt/stack/nova/nova/policy.py:199}}
Feb 16 14:36:19.483511 dv-cinder-804757-13-smb devstack@n-api.service[123272]: DEBUG nova.api.openstack.wsgi [None req-59c85f2d-9e0d-4792-abe3-5c0db33f9aaa tempest-VolumesSnapshotsTestJSON-431587121 tempest-VolumesSnapshotsTestJSON-431587121-project] Calling method '.version_select at 0x7f492f9dfca0>' {{(pid=123272) _process_stack /opt/stack/nova/nova/api/openstack/wsgi.py:513}}
Feb 16 14:36:19.490860 dv-cinder-804757-13-smb devstack@n-api.service[123273]: INFO nova.api.openstack.requestlog [None req-8fff9a7a-e352-4834-8547-afe482c5b6b8 tempest-DeleteServersTestJSON-1699713408 tempest-DeleteServersTestJSON-1699713408-project] 10.222.0.81 "GET /compute/v2.1/servers/818546fc-b9a2-4e3a-af25-dfc7e15ea97b" status: 200 len: 1214 microversion: 2.1 time: 0.528907
Feb 16 14:36:19.492167 dv-cinder-804757-13-smb devstack@n-api.service[123273]: [pid: 123273|app: 0|req: 20/22] 10.222.0.81 () {58 vars in 1235 bytes} [Wed Feb 16 14:36:18 2022] GET /compute/v2.1/servers/818546fc-b9a2-4e3a-af25-dfc7e15ea97b => generated 1214 bytes in 546 msecs (HTTP/1.1 200) 9 headers in 358 bytes (2 switches on core 0)
Feb 16 14:36:19.560359 dv-cinder-804757-13-smb devstack@n-api.service[123272]: INFO nova.api.openstack.wsgi [None req-59c85f2d-9e0d-4792-abe3-5c0db33f9aaa tempest-VolumesSnapshotsTestJSON-431587121 tempest-VolumesSnapshotsTestJSON-431587121-project] HTTP exception thrown: Volume 4f1001ed-0df8-49ee-9291-4ff1f288ec95 could not be found.
Feb 16 14:36:19.561024 dv-cinder-804757-13-smb devstack@n-api.service[123272]: DEBUG nova.api.openstack.wsgi [None req-59c85f2d-9e0d-4792-abe3-5c0db33f9aaa tempest-VolumesSnapshotsTestJSON-431587121 tempest-VolumesSnapshotsTestJSON-431587121-project] Returning 404 to user: Volume 4f1001ed-0df8-49ee-9291-4ff1f288ec95 could not be found. {{(pid=123272) __call__ /opt/stack/nova/nova/api/openstack/wsgi.py:936}}
Feb 16 14:36:19.562361 dv-cinder-804757-13-smb devstack@n-api.service[123272]: INFO nova.api.openstack.requestlog [None req-59c85f2d-9e0d-4792-abe3-5c0db33f9aaa tempest-VolumesSnapshotsTestJSON-431587121 tempest-VolumesSnapshotsTestJSON-431587121-project] 10.222.0.81 "GET /compute/v2.1/os-volumes/4f1001ed-0df8-49ee-9291-4ff1f288ec95" status: 404 len: 109 microversion: 2.1 time: 0.083858
Feb 16 14:36:19.564021 dv-cinder-804757-13-smb devstack@n-api.service[123272]: [pid: 123272|app: 0|req: 3/23] 10.222.0.81 () {58 vars in 1244 bytes} [Wed Feb 16 14:36:19 2022] GET /compute/v2.1/os-volumes/4f1001ed-0df8-49ee-9291-4ff1f288ec95 => generated 109 bytes in 86 msecs (HTTP/1.1 404) 9 headers in 379 bytes (2 switches on core 0)
Feb 16 14:36:19.580897 dv-cinder-804757-13-smb devstack@n-api.service[123273]: DEBUG nova.api.openstack.wsgi [None req-a3417cb6-c13f-4d87-8003-aa47193f5fa4 tempest-VolumesSnapshotsTestJSON-431587121 tempest-VolumesSnapshotsTestJSON-431587121-project] Calling method '.version_select at 0x7f492fa05550>' {{(pid=123273) _process_stack /opt/stack/nova/nova/api/openstack/wsgi.py:513}}
Feb 16 14:36:19.655969 dv-cinder-804757-13-smb devstack@n-api.service[123273]: INFO nova.api.openstack.wsgi [None req-a3417cb6-c13f-4d87-8003-aa47193f5fa4 tempest-VolumesSnapshotsTestJSON-431587121 tempest-VolumesSnapshotsTestJSON-431587121-project] HTTP exception thrown: Volume 4f1001ed-0df8-49ee-9291-4ff1f288ec95 could not be found.
Feb 16 14:36:19.659942 dv-cinder-804757-13-smb devstack@n-api.service[123273]: DEBUG nova.api.openstack.wsgi [None req-a3417cb6-c13f-4d87-8003-aa47193f5fa4 tempest-VolumesSnapshotsTestJSON-431587121 tempest-VolumesSnapshotsTestJSON-431587121-project] Returning 404 to user: Volume 4f1001ed-0df8-49ee-9291-4ff1f288ec95 could not be found. {{(pid=123273) __call__ /opt/stack/nova/nova/api/openstack/wsgi.py:936}}
Feb 16 14:36:19.662227 dv-cinder-804757-13-smb devstack@n-api.service[123273]: INFO nova.api.openstack.requestlog [None req-a3417cb6-c13f-4d87-8003-aa47193f5fa4 tempest-VolumesSnapshotsTestJSON-431587121 tempest-VolumesSnapshotsTestJSON-431587121-project] 10.222.0.81 "DELETE /compute/v2.1/os-volumes/4f1001ed-0df8-49ee-9291-4ff1f288ec95" status: 404 len: 109 microversion: 2.1 time: 0.086262
Feb 16 14:36:19.663592 dv-cinder-804757-13-smb devstack@n-api.service[123273]: [pid: 123273|app: 0|req: 21/24] 10.222.0.81 () {58 vars in 1247 bytes} [Wed Feb 16 14:36:19 2022] DELETE /compute/v2.1/os-volumes/4f1001ed-0df8-49ee-9291-4ff1f288ec95 => generated 109 bytes in 88 msecs (HTTP/1.1 404) 9 headers in 379 bytes (1 switches on core 0)
Feb 16 14:36:19.680950 dv-cinder-804757-13-smb devstack@n-api.service[123272]: DEBUG nova.api.openstack.wsgi [None req-e78734ab-6648-47e2-965f-abe19066a47a tempest-VolumesSnapshotsTestJSON-431587121 tempest-VolumesSnapshotsTestJSON-431587121-project] Calling method '.version_select at 0x7f492f978670>' {{(pid=123272) _process_stack /opt/stack/nova/nova/api/openstack/wsgi.py:513}}
Feb 16 14:36:19.766169 dv-cinder-804757-13-smb devstack@n-api.service[123272]: INFO nova.api.openstack.wsgi [None req-e78734ab-6648-47e2-965f-abe19066a47a tempest-VolumesSnapshotsTestJSON-431587121 tempest-VolumesSnapshotsTestJSON-431587121-project] HTTP exception thrown: Volume 4f1001ed-0df8-49ee-9291-4ff1f288ec95 could not be found.
Feb 16 14:36:19.766819 dv-cinder-804757-13-smb devstack@n-api.service[123272]: DEBUG nova.api.openstack.wsgi [None req-e78734ab-6648-47e2-965f-abe19066a47a tempest-VolumesSnapshotsTestJSON-431587121 tempest-VolumesSnapshotsTestJSON-431587121-project] Returning 404 to user: Volume 4f1001ed-0df8-49ee-9291-4ff1f288ec95 could not be found. {{(pid=123272) __call__ /opt/stack/nova/nova/api/openstack/wsgi.py:936}}
Feb 16 14:36:19.768460 dv-cinder-804757-13-smb devstack@n-api.service[123272]: INFO nova.api.openstack.requestlog [None req-e78734ab-6648-47e2-965f-abe19066a47a tempest-VolumesSnapshotsTestJSON-431587121 tempest-VolumesSnapshotsTestJSON-431587121-project] 10.222.0.81 "GET /compute/v2.1/os-volumes/4f1001ed-0df8-49ee-9291-4ff1f288ec95" status: 404 len: 109 microversion: 2.1 time: 0.099634
Feb 16 14:36:19.772193 dv-cinder-804757-13-smb devstack@n-api.service[123272]: [pid: 123272|app: 0|req: 4/25] 10.222.0.81 () {58 vars in 1244 bytes} [Wed Feb 16 14:36:19 2022] GET /compute/v2.1/os-volumes/4f1001ed-0df8-49ee-9291-4ff1f288ec95 => generated 109 bytes in 102 msecs (HTTP/1.1 404) 9 headers in 379 bytes (1 switches on core 0)
Feb 16 14:36:20.515368 dv-cinder-804757-13-smb devstack@n-api.service[123273]: DEBUG nova.api.openstack.wsgi [None req-eefbb1ba-6bff-4555-a048-a280777c630d tempest-DeleteServersTestJSON-1699713408 tempest-DeleteServersTestJSON-1699713408-project] Calling method '>' {{(pid=123273) _process_stack /opt/stack/nova/nova/api/openstack/wsgi.py:513}}
Feb 16 14:36:20.516899 dv-cinder-804757-13-smb devstack@n-api.service[123273]: DEBUG nova.compute.api [None req-eefbb1ba-6bff-4555-a048-a280777c630d tempest-DeleteServersTestJSON-1699713408 tempest-DeleteServersTestJSON-1699713408-project] [instance: 818546fc-b9a2-4e3a-af25-dfc7e15ea97b] Fetching instance by UUID {{(pid=123273) get /opt/stack/nova/nova/compute/api.py:2865}}
Feb 16 14:36:20.732809 dv-cinder-804757-13-smb devstack@n-api.service[123273]: DEBUG nova.policy [None req-eefbb1ba-6bff-4555-a048-a280777c630d tempest-DeleteServersTestJSON-1699713408 tempest-DeleteServersTestJSON-1699713408-project] Policy check for os_compute_api:os-extended-server-attributes failed with credentials {'is_admin': False, 'user_id': '176b4748c55b4c56911f29077ae31892', 'user_domain_id': 'default', 'system_scope': None, 'domain_id': None, 'project_id': 'db1d24fecc274832bac9b2dd70dd03c9', 'project_domain_id': 'default', 'roles': ['member', 'reader'], 'is_admin_project': True, 'service_user_id': None, 'service_user_domain_id': None, 'service_project_id': None, 'service_project_domain_id': None, 'service_roles': []} {{(pid=123273) authorize /opt/stack/nova/nova/policy.py:199}}
Feb 16 14:36:20.754706 dv-cinder-804757-13-smb devstack@n-api.service[123273]: INFO nova.api.openstack.requestlog [None req-eefbb1ba-6bff-4555-a048-a280777c630d tempest-DeleteServersTestJSON-1699713408 tempest-DeleteServersTestJSON-1699713408-project] 10.222.0.81 "GET /compute/v2.1/servers/818546fc-b9a2-4e3a-af25-dfc7e15ea97b" status: 200 len: 1214 microversion: 2.1 time: 0.244323
