Jan 21 09:34:02.979321 dv-cinder-804757-11-iscsi neutron-server[102944]: DEBUG neutron.db.l3_hamode_db [None req-46330cc3-28cf-46a1-80f2-a1d270ee5de4 None None] neutron.services.l3_router.l3_router_plugin.L3RouterPlugin method _process_sync_ha_data called with arguments (, [{'id': '6a49c2d8-59a1-4977-a1fd-f343544610b9', 'name': 'tempest-AttachVolumeTestJSON-1786378661-router', 'tenant_id': 'b6f9cc3425ed4063b652acdefbd7e38a', 'admin_state_up': True, 'status': 'ACTIVE', 'external_gateway_info': {'network_id': '3432ff7a-3a20-40dd-9fcd-d733d8343196', 'external_fixed_ips': [{'subnet_id': 'f7679789-0d0b-4941-9984-98d21794e0d5', 'ip_address': '172.27.0.103'}], 'enable_snat': True}, 'gw_port_id': 'b496347e-619e-4d68-9451-209951d2b749', 'description': '', 'availability_zones': ['nova'], 'distributed': False, 'ha': False, 'ha_vr_id': 0, 'availability_zone_hints': [], 'routes': [], 'flavor_id': None, 'tags': [], 'created_at': '2022-01-21T09:32:50Z', 'updated_at': '2022-01-21T09:33:00Z', 'revision_number': 4, 'project_id': 'b6f9cc3425ed4063b652acdefbd7e38a', 'gw_port': {'id': 'b496347e-619e-4d68-9451-209951d2b749', 'name': '', 'network_id': '3432ff7a-3a20-40dd-9fcd-d733d8343196', 'tenant_id': '', 'mac_address': 'fa:16:3e:df:52:a7', 'admin_state_up': True, 'status': 'ACTIVE', 'device_id': '6a49c2d8-59a1-4977-a1fd-f343544610b9', 'device_owner': 'network:router_gateway', 'standard_attr_id': 81, 'fixed_ips': [{'subnet_id': 'f7679789-0d0b-4941-9984-98d21794e0d5', 'ip_address': '172.27.0.103', 'prefixlen': 24}], 'allowed_address_pairs': [], 'extra_dhcp_opts': [], 'security_groups': [], 'description': '', 'binding:vnic_type': 'normal', 'binding:profile': {}, 'binding:host_id': 'dv-cinder-804757-11-iscsi', 'binding:vif_type': 'ovs', 'binding:vif_details': {'connectivity': 'l2', 'port_filter': True, 'ovs_hybrid_plug': False, 'datapath_type': 'system', 'bridge_name': 'br-int'}, 'port_security_enabled': False, 'tags': [], 'created_at': '2022-01-21T09:32:52Z', 'updated_at': '2022-01-21T09:33:04Z', 'revision_number': 4, 'project_id': '', 'subnets': [{'id': 'f7679789-0d0b-4941-9984-98d21794e0d5', 'cidr': '172.27.0.0/24', 'gateway_ip': '172.27.0.1', 'dns_nameservers': [], 'ipv6_ra_mode': None, 'subnetpool_id': None}], 'extra_subnets': [], 'address_scopes': {4: None, 6: None}, 'mtu': 1500}, 'enable_snat': True, 'gw_port_host': 'dv-cinder-804757-11-iscsi', '_floatingips': [{'id': '4645171f-0323-4af1-97e3-fdc7374abe50', 'tenant_id': 'b6f9cc3425ed4063b652acdefbd7e38a', 'floating_ip_address': '172.27.0.69', 'floating_network_id': '3432ff7a-3a20-40dd-9fcd-d733d8343196', 'router_id': '6a49c2d8-59a1-4977-a1fd-f343544610b9', 'port_id': '1aa4f93f-dbd4-475d-94bd-339087ffac79', 'fixed_ip_address': '172.20.0.14', 'status': 'DOWN', 'standard_attr_id': 123, 'description': '', 'qos_policy_id': None, 'qos_network_policy_id': None, 'port_details': {'name': '', 'network_id': 'f5288e12-abce-4856-8228-6403daf10f57', 'mac_address': 'fa:16:3e:b6:1e:1f', 'admin_state_up': True, 'status': 'ACTIVE', 'device_id': 'a955862c-0fd0-407f-8a97-2707b3f5612d', 'device_owner': 'compute:nova'}, 'dns_domain': '', 'dns_name': '', 'tags': [], 'created_at': '2022-01-21T09:33:11Z', 'updated_at': '2022-01-21T09:34:01Z', 'revision_number': 1, 'project_id': 'b6f9cc3425ed4063b652acdefbd7e38a', 'fixed_ip_address_scope': None}], '_interfaces': [{'id': 'bb27cdfc-d0ab-48c1-85ee-f20c02fcad2e', 'name': '', 'network_id': 'f5288e12-abce-4856-8228-6403daf10f57', 'tenant_id': 'b6f9cc3425ed4063b652acdefbd7e38a', 'mac_address': 'fa:16:3e:44:8b:bc', 'admin_state_up': True, 'status': 'ACTIVE', 'device_id': '6a49c2d8-59a1-4977-a1fd-f343544610b9', 'device_owner': 'network:router_interface', 'standard_attr_id': 100, 'fixed_ips': [{'subnet_id': 'b963862c-dd28-4096-8426-16c379636c7c', 'ip_address': '172.20.0.1', 'prefixlen': 28}], 'allowed_address_pairs': [], 'extra_dhcp_opts': [], 'security_groups': [], 'description': '', 'binding:vnic_type': 'normal', 'binding:profile': {}, 'binding:host_id': 'dv-cinder-804757-11-iscsi', 'binding:vif_type': 'ovs', 'binding:vif_details': {'connectivity': 'l2', 'port_filter': True, 'ovs_hybrid_plug': False, 'datapath_type': 'system', 'bridge_name': 'br-int'}, 'port_security_enabled': False, 'tags': [], 'created_at': '2022-01-21T09:32:58Z', 'updated_at': '2022-01-21T09:33:09Z', 'revision_number': 5, 'project_id': 'b6f9cc3425ed4063b652acdefbd7e38a', 'subnets': [{'id': 'b963862c-dd28-4096-8426-16c379636c7c', 'cidr': '172.20.0.0/28', 'gateway_ip': '172.20.0.1', 'dns_nameservers': [], 'ipv6_ra_mode': None, 'subnetpool_id': None}], 'extra_subnets': [], 'address_scopes': {4: None, 6: None}, 'mtu': 1500}]}], 'dv-cinder-804757-11-iscsi', False) {} {{(pid=102944) wrapper /usr/local/lib/python3.8/dist-packages/oslo_log/helpers.py:65}}
Jan 21 09:34:02.987766 dv-cinder-804757-11-iscsi neutron-server[102942]: DEBUG neutron_lib.callbacks.manager [None req-1a1a57ae-4bc4-44f7-aea0-daa48946a344 admin admin] Publish callbacks [] for security_group (None), before_create {{(pid=102942) _notify_loop /usr/local/lib/python3.8/dist-packages/neutron_lib/callbacks/manager.py:176}}
Jan 21 09:34:03.010621 dv-cinder-804757-11-iscsi neutron-server[102944]: DEBUG neutron.api.rpc.handlers.l3_rpc [None req-46330cc3-28cf-46a1-80f2-a1d270ee5de4 None None] The sync data for ids ['6a49c2d8-59a1-4977-a1fd-f343544610b9'] in dv-cinder-804757-11-iscsi is: [{'id': '6a49c2d8-59a1-4977-a1fd-f343544610b9', 'name': 'tempest-AttachVolumeTestJSON-1786378661-router', 'tenant_id': 'b6f9cc3425ed4063b652acdefbd7e38a', 'admin_state_up': True, 'status': 'ACTIVE', 'external_gateway_info': {'network_id': '3432ff7a-3a20-40dd-9fcd-d733d8343196', 'external_fixed_ips': [{'subnet_id': 'f7679789-0d0b-4941-9984-98d21794e0d5', 'ip_address': '172.27.0.103'}], 'enable_snat': True}, 'gw_port_id': 'b496347e-619e-4d68-9451-209951d2b749', 'description': '', 'availability_zones': ['nova'], 'distributed': False, 'ha': False, 'ha_vr_id': 0, 'availability_zone_hints': [], 'routes': [], 'flavor_id': None, 'tags': [], 'created_at': '2022-01-21T09:32:50Z', 'updated_at': '2022-01-21T09:33:00Z', 'revision_number': 4, 'project_id': 'b6f9cc3425ed4063b652acdefbd7e38a', 'gw_port': {'id': 'b496347e-619e-4d68-9451-209951d2b749', 'name': '', 'network_id': '3432ff7a-3a20-40dd-9fcd-d733d8343196', 'tenant_id': '', 'mac_address': 'fa:16:3e:df:52:a7', 'admin_state_up': True, 'status': 'ACTIVE', 'device_id': '6a49c2d8-59a1-4977-a1fd-f343544610b9', 'device_owner': 'network:router_gateway', 'standard_attr_id': 81, 'fixed_ips': [{'subnet_id': 'f7679789-0d0b-4941-9984-98d21794e0d5', 'ip_address': '172.27.0.103', 'prefixlen': 24}], 'allowed_address_pairs': [], 'extra_dhcp_opts': [], 'security_groups': [], 'description': '', 'binding:vnic_type': 'normal', 'binding:profile': {}, 'binding:host_id': 'dv-cinder-804757-11-iscsi', 'binding:vif_type': 'ovs', 'binding:vif_details': {'connectivity': 'l2', 'port_filter': True, 'ovs_hybrid_plug': False, 'datapath_type': 'system', 'bridge_name': 'br-int'}, 'port_security_enabled': False, 'tags': [], 'created_at': '2022-01-21T09:32:52Z', 'updated_at': '2022-01-21T09:33:04Z', 'revision_number': 4, 'project_id': '', 'subnets': [{'id': 'f7679789-0d0b-4941-9984-98d21794e0d5', 'cidr': '172.27.0.0/24', 'gateway_ip': '172.27.0.1', 'dns_nameservers': [], 'ipv6_ra_mode': None, 'subnetpool_id': None}], 'extra_subnets': [], 'address_scopes': {4: None, 6: None}, 'mtu': 1500}, 'enable_snat': True, 'gw_port_host': 'dv-cinder-804757-11-iscsi', '_floatingips': [{'id': '4645171f-0323-4af1-97e3-fdc7374abe50', 'tenant_id': 'b6f9cc3425ed4063b652acdefbd7e38a', 'floating_ip_address': '172.27.0.69', 'floating_network_id': '3432ff7a-3a20-40dd-9fcd-d733d8343196', 'router_id': '6a49c2d8-59a1-4977-a1fd-f343544610b9', 'port_id': '1aa4f93f-dbd4-475d-94bd-339087ffac79', 'fixed_ip_address': '172.20.0.14', 'status': 'DOWN', 'standard_attr_id': 123, 'description': '', 'qos_policy_id': None, 'qos_network_policy_id': None, 'port_details': {'name': '', 'network_id': 'f5288e12-abce-4856-8228-6403daf10f57', 'mac_address': 'fa:16:3e:b6:1e:1f', 'admin_state_up': True, 'status': 'ACTIVE', 'device_id': 'a955862c-0fd0-407f-8a97-2707b3f5612d', 'device_owner': 'compute:nova'}, 'dns_domain': '', 'dns_name': '', 'tags': [], 'created_at': '2022-01-21T09:33:11Z', 'updated_at': '2022-01-21T09:34:01Z', 'revision_number': 1, 'project_id': 'b6f9cc3425ed4063b652acdefbd7e38a', 'fixed_ip_address_scope': None}], '_interfaces': [{'id': 'bb27cdfc-d0ab-48c1-85ee-f20c02fcad2e', 'name': '', 'network_id': 'f5288e12-abce-4856-8228-6403daf10f57', 'tenant_id': 'b6f9cc3425ed4063b652acdefbd7e38a', 'mac_address': 'fa:16:3e:44:8b:bc', 'admin_state_up': True, 'status': 'ACTIVE', 'device_id': '6a49c2d8-59a1-4977-a1fd-f343544610b9', 'device_owner': 'network:router_interface', 'standard_attr_id': 100, 'fixed_ips': [{'subnet_id': 'b963862c-dd28-4096-8426-16c379636c7c', 'ip_address': '172.20.0.1', 'prefixlen': 28}], 'allowed_address_pairs': [], 'extra_dhcp_opts': [], 'security_groups': [], 'description': '', 'binding:vnic_type': 'normal', 'binding:profile': {}, 'binding:host_id': 'dv-cinder-804757-11-iscsi', 'binding:vif_type': 'ovs', 'binding:vif_details': {'connectivity': 'l2', 'port_filter': True, 'ovs_hybrid_plug': False, 'datapath_type': 'system', 'bridge_name': 'br-int'}, 'port_security_enabled': False, 'tags': [], 'created_at': '2022-01-21T09:32:58Z', 'updated_at': '2022-01-21T09:33:09Z', 'revision_number': 5, 'project_id': 'b6f9cc3425ed4063b652acdefbd7e38a', 'subnets': [{'id': 'b963862c-dd28-4096-8426-16c379636c7c', 'cidr': '172.20.0.0/28', 'gateway_ip': '172.20.0.1', 'dns_nameservers': [], 'ipv6_ra_mode': None, 'subnetpool_id': None}], 'extra_subnets': [], 'address_scopes': {4: None, 6: None}, 'mtu': 1500}]}] {{(pid=102944) sync_routers /opt/stack/neutron/neutron/api/rpc/handlers/l3_rpc.py:137}}
Jan 21 09:34:03.066432 dv-cinder-804757-11-iscsi neutron-server[102942]: DEBUG neutron_lib.callbacks.manager [None req-1a1a57ae-4bc4-44f7-aea0-daa48946a344 admin admin] Publish callbacks [] for security_group (b91a05ac-4225-41ae-ab58-2aef9032ce79), precommit_create {{(pid=102942) _notify_loop /usr/local/lib/python3.8/dist-packages/neutron_lib/callbacks/manager.py:176}}
Jan 21 09:34:03.120542 dv-cinder-804757-11-iscsi neutron-server[102942]: DEBUG neutron_lib.callbacks.manager [None req-1a1a57ae-4bc4-44f7-aea0-daa48946a344 admin admin] Publish callbacks ['neutron.plugins.ml2.ovo_rpc._ObjectChangeHandler.handle_event-751152'] for security_group (b91a05ac-4225-41ae-ab58-2aef9032ce79), after_create {{(pid=102942) _notify_loop /usr/local/lib/python3.8/dist-packages/neutron_lib/callbacks/manager.py:176}}
Jan 21 09:34:03.159699 dv-cinder-804757-11-iscsi neutron-server[102942]: INFO neutron.wsgi [None req-1a1a57ae-4bc4-44f7-aea0-daa48946a344 admin admin] 10.222.0.79 "GET /v2.0/security-groups?tenant_id=f41d2fbd0c48401aae21a68e93d59563&name=default HTTP/1.1" status: 200 len: 2996 time: 0.2830756
Jan 21 09:34:03.160449 dv-cinder-804757-11-iscsi neutron-server[102942]: DEBUG neutron.api.rpc.handlers.resources_rpc [None req-1a1a57ae-4bc4-44f7-aea0-daa48946a344 admin admin] Pushing event updated for resources: {'SecurityGroup': ['ID=b91a05ac-4225-41ae-ab58-2aef9032ce79,revision_number=1']} {{(pid=102942) push /opt/stack/neutron/neutron/api/rpc/handlers/resources_rpc.py:237}}
Jan 21 09:34:03.162410 dv-cinder-804757-11-iscsi neutron-server[102941]: DEBUG neutron.wsgi [-] (102941) accepted ('10.222.0.79', 60458) {{(pid=102941) server /usr/local/lib/python3.8/dist-packages/eventlet/wsgi.py:1004}}
Jan 21 09:34:03.228349 dv-cinder-804757-11-iscsi neutron-server[102941]: DEBUG neutron_lib.callbacks.manager [None req-a130e472-b086-42db-9b60-685e8ba93458 admin admin] Publish callbacks [] for security_group (b91a05ac-4225-41ae-ab58-2aef9032ce79), before_delete {{(pid=102941) _notify_loop /usr/local/lib/python3.8/dist-packages/neutron_lib/callbacks/manager.py:176}}
Jan 21 09:34:03.230917 dv-cinder-804757-11-iscsi neutron-server[102943]: DEBUG neutron.api.rpc.handlers.l3_rpc [None req-182a1db5-c842-462e-a8d2-8d1cf00cfe31 None None] New status for floating IP 4645171f-0323-4af1-97e3-fdc7374abe50: ACTIVE {{(pid=102943) update_floatingip_statuses /opt/stack/neutron/neutron/api/rpc/handlers/l3_rpc.py:270}}
Jan 21 09:34:03.254926 dv-cinder-804757-11-iscsi neutron-server[102941]: DEBUG neutron_lib.callbacks.manager [None req-a130e472-b086-42db-9b60-685e8ba93458 admin admin] Publish callbacks [] for security_group (b91a05ac-4225-41ae-ab58-2aef9032ce79), precommit_delete {{(pid=102941) _notify_loop /usr/local/lib/python3.8/dist-packages/neutron_lib/callbacks/manager.py:176}}
Jan 21 09:34:03.388076 dv-cinder-804757-11-iscsi neutron-server[102941]: DEBUG neutron_lib.callbacks.manager [None req-a130e472-b086-42db-9b60-685e8ba93458 admin admin] Publish callbacks ['neutron.plugins.ml2.ovo_rpc._ObjectChangeHandler.handle_event-751152'] for security_group (b91a05ac-4225-41ae-ab58-2aef9032ce79), after_delete {{(pid=102941) _notify_loop /usr/local/lib/python3.8/dist-packages/neutron_lib/callbacks/manager.py:176}}
Jan 21 09:34:03.390878 dv-cinder-804757-11-iscsi neutron-server[102941]: DEBUG neutron_lib.callbacks.manager [None req-a130e472-b086-42db-9b60-685e8ba93458 admin admin] Publish callbacks [] for security_group (None), before_response {{(pid=102941) _notify_loop /usr/local/lib/python3.8/dist-packages/neutron_lib/callbacks/manager.py:176}}
Jan 21 09:34:03.392084 dv-cinder-804757-11-iscsi neutron-server[102941]: INFO neutron.wsgi [None req-a130e472-b086-42db-9b60-685e8ba93458 admin admin] 10.222.0.79 "DELETE /v2.0/security-groups/b91a05ac-4225-41ae-ab58-2aef9032ce79 HTTP/1.1" status: 204 len: 168 time: 0.2280719
Jan 21 09:34:03.401035 dv-cinder-804757-11-iscsi neutron-server[102941]: DEBUG neutron.api.rpc.handlers.resources_rpc [None req-a130e472-b086-42db-9b60-685e8ba93458 admin admin] Pushing event deleted for resources: {'SecurityGroup': ['ID=b91a05ac-4225-41ae-ab58-2aef9032ce79,revision_number=None']} {{(pid=102941) push /opt/stack/neutron/neutron/api/rpc/handlers/resources_rpc.py:237}}
Jan 21 09:34:03.422145 dv-cinder-804757-11-iscsi neutron-server[102943]: DEBUG neutron_lib.callbacks.manager [None req-f1e22803-4ce6-4533-8464-f4054419e1d7 None None] Publish callbacks ['neutron.services.segments.db._update_segment_host_mapping_for_agent-8734358007565', 'neutron.plugins.ml2.plugin.Ml2Plugin._retry_binding_revived_agents-1800074'] for agent (9191444a-6484-4377-bc5e-2de6d82d17af), after_update {{(pid=102943) _notify_loop /usr/local/lib/python3.8/dist-packages/neutron_lib/callbacks/manager.py:176}}
Jan 21 09:34:03.985216 dv-cinder-804757-11-iscsi neutron-server[102941]: DEBUG neutron.wsgi [-] (102941) accepted ('10.222.0.79', 60476) {{(pid=102941) server /usr/local/lib/python3.8/dist-packages/eventlet/wsgi.py:1004}}
Jan 21 09:34:03.998914 dv-cinder-804757-11-iscsi neutron-server[102941]: DEBUG neutron_lib.callbacks.manager [None req-0483bdb8-7b83-4fd9-9188-cfcbc0b8b5ee admin admin] Publish callbacks [] for security_group (None), before_create {{(pid=102941) _notify_loop /usr/local/lib/python3.8/dist-packages/neutron_lib/callbacks/manager.py:176}}
Jan 21 09:34:04.077525 dv-cinder-804757-11-iscsi neutron-server[102941]: DEBUG neutron_lib.callbacks.manager [None req-0483bdb8-7b83-4fd9-9188-cfcbc0b8b5ee admin admin] Publish callbacks [] for security_group (50e8bd73-7bef-4eb4-9c48-0204bd0415a6), precommit_create {{(pid=102941) _notify_loop /usr/local/lib/python3.8/dist-packages/neutron_lib/callbacks/manager.py:176}}
Jan 21 09:34:04.135190 dv-cinder-804757-11-iscsi neutron-server[102941]: DEBUG neutron.pecan_wsgi.hooks.policy_enforcement [req-8241316a-8a26-46a0-9e7c-87eb6814396d req-37876534-3c63-4dde-834b-8c295ac010bc service neutron] Attributes excluded by policy engine: ['standard_attr_id', 'shared'] {{(pid=102941) _exclude_attributes_by_policy /opt/stack/neutron/neutron/pecan_wsgi/hooks/policy_enforcement.py:255}}
Jan 21 09:34:04.136614 dv-cinder-804757-11-iscsi neutron-server[102941]: INFO neutron.wsgi [req-8241316a-8a26-46a0-9e7c-87eb6814396d req-37876534-3c63-4dde-834b-8c295ac010bc service neutron] 10.222.0.105 "GET /v2.0/subnets?id=b963862c-dd28-4096-8426-16c379636c7c HTTP/1.1" status: 200 len: 850 time: 0.0440879
Jan 21 09:34:04.159065 dv-cinder-804757-11-iscsi neutron-server[102941]: DEBUG neutron_lib.callbacks.manager [None req-0483bdb8-7b83-4fd9-9188-cfcbc0b8b5ee admin admin] Publish callbacks ['neutron.plugins.ml2.ovo_rpc._ObjectChangeHandler.handle_event-751152'] for security_group (50e8bd73-7bef-4eb4-9c48-0204bd0415a6), after_create {{(pid=102941) _notify_loop /usr/local/lib/python3.8/dist-packages/neutron_lib/callbacks/manager.py:176}}
Jan 21 09:34:04.195853 dv-cinder-804757-11-iscsi neutron-server[102941]: DEBUG neutron.api.rpc.handlers.resources_rpc [None req-0483bdb8-7b83-4fd9-9188-cfcbc0b8b5ee admin admin] Pushing event updated for resources: {'SecurityGroup': ['ID=50e8bd73-7bef-4eb4-9c48-0204bd0415a6,revision_number=1']} {{(pid=102941) push /opt/stack/neutron/neutron/api/rpc/handlers/resources_rpc.py:237}}
Jan 21 09:34:04.200028 dv-cinder-804757-11-iscsi neutron-server[102941]: INFO neutron.wsgi [None req-0483bdb8-7b83-4fd9-9188-cfcbc0b8b5ee admin admin] 10.222.0.79 "GET /v2.0/security-groups?tenant_id=548d4e98a77b40799423c83454f67d15&name=default HTTP/1.1" status: 200 len: 2996 time: 0.2137551
Jan 21 09:34:04.202757 dv-cinder-804757-11-iscsi neutron-server[102941]: DEBUG neutron.wsgi [-] (102941) accepted ('10.222.0.79', 60480) {{(pid=102941) server /usr/local/lib/python3.8/dist-packages/eventlet/wsgi.py:1004}}
Jan 21 09:34:04.252326 dv-cinder-804757-11-iscsi neutron-server[102941]: DEBUG neutron_lib.callbacks.manager [None req-c74e4524-a24e-47cb-b3b0-c206afa1b13a admin admin] Publish callbacks [] for security_group (50e8bd73-7bef-4eb4-9c48-0204bd0415a6), before_delete {{(pid=102941) _notify_loop /usr/local/lib/python3.8/dist-packages/neutron_lib/callbacks/manager.py:176}}
Jan 21 09:34:04.273497 dv-cinder-804757-11-iscsi neutron-server[102941]: DEBUG neutron_lib.callbacks.manager [None req-c74e4524-a24e-47cb-b3b0-c206afa1b13a admin admin] Publish callbacks [] for security_group (50e8bd73-7bef-4eb4-9c48-0204bd0415a6), precommit_delete {{(pid=102941) _notify_loop /usr/local/lib/python3.8/dist-packages/neutron_lib/callbacks/manager.py:176}}
Jan 21 09:34:04.387967 dv-cinder-804757-11-iscsi neutron-server[102941]: DEBUG neutron_lib.callbacks.manager [None req-c74e4524-a24e-47cb-b3b0-c206afa1b13a admin admin] Publish callbacks ['neutron.plugins.ml2.ovo_rpc._ObjectChangeHandler.handle_event-751152'] for security_group (50e8bd73-7bef-4eb4-9c48-0204bd0415a6), after_delete {{(pid=102941) _notify_loop /usr/local/lib/python3.8/dist-packages/neutron_lib/callbacks/manager.py:176}}
Jan 21 09:34:04.392096 dv-cinder-804757-11-iscsi neutron-server[102941]: DEBUG neutron_lib.callbacks.manager [None req-c74e4524-a24e-47cb-b3b0-c206afa1b13a admin admin] Publish callbacks [] for security_group (None), before_response {{(pid=102941) _notify_loop /usr/local/lib/python3.8/dist-packages/neutron_lib/callbacks/manager.py:176}}
Jan 21 09:34:04.393569 dv-cinder-804757-11-iscsi neutron-server[102941]: INFO neutron.wsgi [None req-c74e4524-a24e-47cb-b3b0-c206afa1b13a admin admin] 10.222.0.79 "DELETE /v2.0/security-groups/50e8bd73-7bef-4eb4-9c48-0204bd0415a6 HTTP/1.1" status: 204 len: 168 time: 0.1900122
Jan 21 09:34:04.402030 dv-cinder-804757-11-iscsi neutron-server[102941]: DEBUG neutron.api.rpc.handlers.resources_rpc [None req-c74e4524-a24e-47cb-b3b0-c206afa1b13a admin admin] Pushing event deleted for resources: {'SecurityGroup': ['ID=50e8bd73-7bef-4eb4-9c48-0204bd0415a6,revision_number=None']} {{(pid=102941) push /opt/stack/neutron/neutron/api/rpc/handlers/resources_rpc.py:237}}
Jan 21 09:34:05.839887 dv-cinder-804757-11-iscsi neutron-server[102943]: DEBUG neutron_lib.callbacks.manager [None req-2e14e00f-3e35-4b13-8dab-93220cc1a390 None None] Publish callbacks ['neutron.services.segments.db._update_segment_host_mapping_for_agent-8734358007565', 'neutron.plugins.ml2.plugin.Ml2Plugin._retry_binding_revived_agents-1800074'] for agent (26e7f786-55a9-4c60-9c84-0fe4101fa07a), after_update {{(pid=102943) _notify_loop /usr/local/lib/python3.8/dist-packages/neutron_lib/callbacks/manager.py:176}}
Jan 21 09:34:06.095008 dv-cinder-804757-11-iscsi neutron-server[102941]: DEBUG neutron.wsgi [-] (102941) accepted ('10.222.0.79', 60526) {{(pid=102941) server /usr/local/lib/python3.8/dist-packages/eventlet/wsgi.py:1004}}
Jan 21 09:34:06.203554 dv-cinder-804757-11-iscsi neutron-server[102941]: DEBUG neutron_lib.callbacks.manager [None req-7012ef3b-ce5a-4ecb-a435-6470ff7ae11f admin admin] Publish callbacks [] for security_group (None), before_create {{(pid=102941) _notify_loop /usr/local/lib/python3.8/dist-packages/neutron_lib/callbacks/manager.py:176}}
Jan 21 09:34:06.279602 dv-cinder-804757-11-iscsi neutron-server[102941]: DEBUG neutron_lib.callbacks.manager [None req-7012ef3b-ce5a-4ecb-a435-6470ff7ae11f admin admin] Publish callbacks [] for security_group (2f60b1e5-29b4-4e00-9601-f0b2d48e4b4b), precommit_create {{(pid=102941) _notify_loop /usr/local/lib/python3.8/dist-packages/neutron_lib/callbacks/manager.py:176}}
Jan 21 09:34:06.319251 dv-cinder-804757-11-iscsi neutron-server[102941]: DEBUG neutron_lib.callbacks.manager [None req-7012ef3b-ce5a-4ecb-a435-6470ff7ae11f admin admin] Publish callbacks ['neutron.plugins.ml2.ovo_rpc._ObjectChangeHandler.handle_event-751152'] for security_group (2f60b1e5-29b4-4e00-9601-f0b2d48e4b4b), after_create {{(pid=102941) _notify_loop /usr/local/lib/python3.8/dist-packages/neutron_lib/callbacks/manager.py:176}}
Jan 21 09:34:06.359752 dv-cinder-804757-11-iscsi neutron-server[102941]: DEBUG neutron.api.rpc.handlers.resources_rpc [None req-7012ef3b-ce5a-4ecb-a435-6470ff7ae11f admin admin] Pushing event updated for resources: {'SecurityGroup': ['ID=2f60b1e5-29b4-4e00-9601-f0b2d48e4b4b,revision_number=1']} {{(pid=102941) push /opt/stack/neutron/neutron/api/rpc/handlers/resources_rpc.py:237}}
Jan 21 09:34:06.364583 dv-cinder-804757-11-iscsi neutron-server[102941]: INFO neutron.wsgi [None req-7012ef3b-ce5a-4ecb-a435-6470ff7ae11f admin admin] 10.222.0.79 "GET /v2.0/security-groups?tenant_id=97384f89f8dc432a8e509b6e07dfb21d&name=default HTTP/1.1" status: 200 len: 2996 time: 0.2684646
Jan 21 09:34:06.369965 dv-cinder-804757-11-iscsi neutron-server[102941]: DEBUG neutron.wsgi [-] (102941) accepted ('10.222.0.79', 60530) {{(pid=102941) server /usr/local/lib/python3.8/dist-packages/eventlet/wsgi.py:1004}}
Jan 21 09:34:06.424937 dv-cinder-804757-11-iscsi neutron-server[102941]: DEBUG neutron_lib.callbacks.manager [None req-f22e71f1-9ffc-43cf-a62d-25e84ae057f8 admin admin] Publish callbacks [] for security_group (2f60b1e5-29b4-4e00-9601-f0b2d48e4b4b), before_delete {{(pid=102941) _notify_loop /usr/local/lib/python3.8/dist-packages/neutron_lib/callbacks/manager.py:176}}
Jan 21 09:34:06.453529 dv-cinder-804757-11-iscsi neutron-server[102941]: DEBUG neutron_lib.callbacks.manager [None req-f22e71f1-9ffc-43cf-a62d-25e84ae057f8 admin admin] Publish callbacks [] for security_group (2f60b1e5-29b4-4e00-9601-f0b2d48e4b4b), precommit_delete {{(pid=102941) _notify_loop /usr/local/lib/python3.8/dist-packages/neutron_lib/callbacks/manager.py:176}}
Jan 21 09:34:06.559191 dv-cinder-804757-11-iscsi neutron-server[102941]: DEBUG neutron_lib.callbacks.manager [None req-f22e71f1-9ffc-43cf-a62d-25e84ae057f8 admin admin] Publish callbacks ['neutron.plugins.ml2.ovo_rpc._ObjectChangeHandler.handle_event-751152'] for security_group (2f60b1e5-29b4-4e00-9601-f0b2d48e4b4b), after_delete {{(pid=102941) _notify_loop /usr/local/lib/python3.8/dist-packages/neutron_lib/callbacks/manager.py:176}}
Jan 21 09:34:06.561819 dv-cinder-804757-11-iscsi neutron-server[102941]: DEBUG neutron_lib.callbacks.manager [None req-f22e71f1-9ffc-43cf-a62d-25e84ae057f8 admin admin] Publish callbacks [] for security_group (None), before_response {{(pid=102941) _notify_loop /usr/local/lib/python3.8/dist-packages/neutron_lib/callbacks/manager.py:176}}
Jan 21 09:34:06.562980 dv-cinder-804757-11-iscsi neutron-server[102941]: INFO neutron.wsgi [None req-f22e71f1-9ffc-43cf-a62d-25e84ae057f8 admin admin] 10.222.0.79 "DELETE /v2.0/security-groups/2f60b1e5-29b4-4e00-9601-f0b2d48e4b4b HTTP/1.1" status: 204 len: 168 time: 0.1920023
Jan 21 09:34:06.571771 dv-cinder-804757-11-iscsi neutron-server[102941]: DEBUG neutron.api.rpc.handlers.resources_rpc [None req-f22e71f1-9ffc-43cf-a62d-25e84ae057f8 admin admin] Pushing event deleted for resources: {'SecurityGroup': ['ID=2f60b1e5-29b4-4e00-9601-f0b2d48e4b4b,revision_number=None']} {{(pid=102941) push /opt/stack/neutron/neutron/api/rpc/handlers/resources_rpc.py:237}}
Jan 21 09:34:06.808107 dv-cinder-804757-11-iscsi neutron-server[102941]: DEBUG neutron.pecan_wsgi.hooks.policy_enforcement [req-8241316a-8a26-46a0-9e7c-87eb6814396d req-38f64e20-27a1-4001-9d53-c63679d135b7 service neutron] Attributes excluded by policy engine: ['standard_attr_id'] {{(pid=102941) _exclude_attributes_by_policy /opt/stack/neutron/neutron/pecan_wsgi/hooks/policy_enforcement.py:255}}
Jan 21 09:34:06.809693 dv-cinder-804757-11-iscsi neutron-server[102941]: INFO neutron.wsgi [req-8241316a-8a26-46a0-9e7c-87eb6814396d req-38f64e20-27a1-4001-9d53-c63679d135b7 service neutron] 10.222.0.105 "GET /v2.0/ports?network_id=f5288e12-abce-4856-8228-6403daf10f57&device_owner=network%3Adhcp HTTP/1.1" status: 200 len: 1176 time: 0.0424638
Jan 21 09:34:06.907498 dv-cinder-804757-11-iscsi neutron-server[102943]: DEBUG neutron_lib.callbacks.manager [None req-9e181eac-afad-42a8-9ce3-a03af6a7fd43 None None] Publish callbacks ['neutron.services.segments.db._update_segment_host_mapping_for_agent-8734358007565', 'neutron.plugins.ml2.plugin.Ml2Plugin._retry_binding_revived_agents-1800074'] for agent (f018c423-25d3-44c7-a1ea-fdb0cceff2cc), after_update {{(pid=102943) _notify_loop /usr/local/lib/python3.8/dist-packages/neutron_lib/callbacks/manager.py:176}}
Jan 21 09:34:07.256447 dv-cinder-804757-11-iscsi neutron-server[102942]: DEBUG neutron.pecan_wsgi.hooks.policy_enforcement [req-04b37779-196e-4b42-a987-d50a8de9edea req-5699c1d9-935a-42d9-b52d-2c038fdeb62f tempest-ServerRescueNegativeTestJSON-823727886 tempest-ServerRescueNegativeTestJSON-823727886-project] Attributes excluded by policy engine: ['standard_attr_id', 'binding:profile', 'binding:host_id', 'binding:vif_type', 'binding:vif_details'] {{(pid=102942) _exclude_attributes_by_policy /opt/stack/neutron/neutron/pecan_wsgi/hooks/policy_enforcement.py:255}}
Jan 21 09:34:07.258269 dv-cinder-804757-11-iscsi neutron-server[102942]: INFO neutron.wsgi [req-04b37779-196e-4b42-a987-d50a8de9edea req-5699c1d9-935a-42d9-b52d-2c038fdeb62f tempest-ServerRescueNegativeTestJSON-823727886 tempest-ServerRescueNegativeTestJSON-823727886-project] 10.222.0.79 "GET /v2.0/ports?device_id=7f6335a1-58cf-4fee-aab6-7c6c637f82ad HTTP/1.1" status: 200 len: 945 time: 0.0523772
Jan 21 09:34:07.294677 dv-cinder-804757-11-iscsi neutron-server[102941]: INFO neutron.wsgi [req-8241316a-8a26-46a0-9e7c-87eb6814396d req-25205ddc-1270-4018-90f4-839e134ea605 service neutron] 10.222.0.105 "GET /v2.0/networks/f5288e12-abce-4856-8228-6403daf10f57?fields=segments HTTP/1.1" status: 200 len: 212 time: 0.1132810
Jan 21 09:34:07.321587 dv-cinder-804757-11-iscsi neutron-server[102942]: INFO neutron.wsgi [req-04b37779-196e-4b42-a987-d50a8de9edea req-ab6fe441-9a4f-43d7-bb69-b47595ac67cb tempest-ServerRescueNegativeTestJSON-823727886 tempest-ServerRescueNegativeTestJSON-823727886-project] 10.222.0.79 "GET /v2.0/security-groups?id=9ac84980-50fb-4212-837f-67019f46abf8&fields=id&fields=name HTTP/1.1" status: 200 len: 286 time: 0.0560889
Jan 21 09:34:07.385316 dv-cinder-804757-11-iscsi neutron-server[102941]: INFO neutron.wsgi [req-8241316a-8a26-46a0-9e7c-87eb6814396d req-98d03000-45aa-43f1-a6f5-062248c24488 service neutron] 10.222.0.105 "GET /v2.0/networks/f5288e12-abce-4856-8228-6403daf10f57?fields=provider%3Aphysical_network&fields=provider%3Anetwork_type HTTP/1.1" status: 200 len: 281 time: 0.0862846
Jan 21 09:34:08.087575 dv-cinder-804757-11-iscsi neutron-server[102941]: DEBUG neutron.wsgi [-] (102941) accepted ('10.222.0.79', 60578) {{(pid=102941) server /usr/local/lib/python3.8/dist-packages/eventlet/wsgi.py:1004}}
Jan 21 09:34:08.238247 dv-cinder-804757-11-iscsi neutron-server[102941]: DEBUG neutron_lib.callbacks.manager [None req-444aac67-70cc-4b9b-9d14-39ebcb7fcdaf admin admin] Publish callbacks [] for security_group (None), before_create {{(pid=102941) _notify_loop /usr/local/lib/python3.8/dist-packages/neutron_lib/callbacks/manager.py:176}}
Jan 21 09:34:08.338809 dv-cinder-804757-11-iscsi neutron-server[102941]: DEBUG neutron_lib.callbacks.manager [None req-444aac67-70cc-4b9b-9d14-39ebcb7fcdaf admin admin] Publish callbacks [] for security_group (6fbd4723-f7ad-4bc0-80d7-aa9498ab5e89), precommit_create {{(pid=102941) _notify_loop /usr/local/lib/python3.8/dist-packages/neutron_lib/callbacks/manager.py:176}}
Jan 21 09:34:08.365746 dv-cinder-804757-11-iscsi neutron-server[102943]: DEBUG neutron_lib.callbacks.manager [None req-edb39e23-6160-4cdc-b19c-10ed19cddaaa None None] Publish callbacks ['neutron.services.segments.db._update_segment_host_mapping_for_agent-8734358007565', 'neutron.plugins.ml2.plugin.Ml2Plugin._retry_binding_revived_agents-1800074'] for agent (8353fedc-268a-4c0a-b2bd-18d4f6102c27), after_update {{(pid=102943) _notify_loop /usr/local/lib/python3.8/dist-packages/neutron_lib/callbacks/manager.py:176}}
Jan 21 09:34:08.406450 dv-cinder-804757-11-iscsi neutron-server[102941]: DEBUG neutron_lib.callbacks.manager [None req-444aac67-70cc-4b9b-9d14-39ebcb7fcdaf admin admin] Publish callbacks ['neutron.plugins.ml2.ovo_rpc._ObjectChangeHandler.handle_event-751152'] for security_group (6fbd4723-f7ad-4bc0-80d7-aa9498ab5e89), after_create {{(pid=102941) _notify_loop /usr/local/lib/python3.8/dist-packages/neutron_lib/callbacks/manager.py:176}}
Jan 21 09:34:08.467189 dv-cinder-804757-11-iscsi neutron-server[102941]: INFO neutron.wsgi [None req-444aac67-70cc-4b9b-9d14-39ebcb7fcdaf admin admin] 10.222.0.79 "GET /v2.0/security-groups?tenant_id=c221e78d647e4e6a8c2cd9d3d59f23b4&name=default HTTP/1.1" status: 200 len: 2996 time: 0.3784175
Jan 21 09:34:08.468444 dv-cinder-804757-11-iscsi neutron-server[102941]: DEBUG neutron.api.rpc.handlers.resources_rpc [None req-444aac67-70cc-4b9b-9d14-39ebcb7fcdaf admin admin] Pushing event updated for resources: {'SecurityGroup': ['ID=6fbd4723-f7ad-4bc0-80d7-aa9498ab5e89,revision_number=1']} {{(pid=102941) push /opt/stack/neutron/neutron/api/rpc/handlers/resources_rpc.py:237}}
Jan 21 09:34:08.469385 dv-cinder-804757-11-iscsi neutron-server[102942]: DEBUG neutron.pecan_wsgi.hooks.policy_enforcement [req-33188080-ab20-445a-91d1-829633013d7f req-692c6d9f-39b8-4221-b087-73ea5999a043 tempest-ServerRescueNegativeTestJSON-823727886 tempest-ServerRescueNegativeTestJSON-823727886-project] Attributes excluded by policy engine: ['standard_attr_id', 'binding:profile', 'binding:host_id', 'binding:vif_type', 'binding:vif_details'] {{(pid=102942) _exclude_attributes_by_policy /opt/stack/neutron/neutron/pecan_wsgi/hooks/policy_enforcement.py:255}}
Jan 21 09:34:08.470951 dv-cinder-804757-11-iscsi neutron-server[102942]: INFO neutron.wsgi [req-33188080-ab20-445a-91d1-829633013d7f req-692c6d9f-39b8-4221-b087-73ea5999a043 tempest-ServerRescueNegativeTestJSON-823727886 tempest-ServerRescueNegativeTestJSON-823727886-project] 10.222.0.79 "GET /v2.0/ports?device_id=7f6335a1-58cf-4fee-aab6-7c6c637f82ad HTTP/1.1" status: 200 len: 945 time: 0.0698287
Jan 21 09:34:08.472314 dv-cinder-804757-11-iscsi neutron-server[102941]: DEBUG neutron.wsgi [-] (102941) accepted ('10.222.0.79', 60592) {{(pid=102941) server /usr/local/lib/python3.8/dist-packages/eventlet/wsgi.py:1004}}
Jan 21 09:34:08.540947 dv-cinder-804757-11-iscsi neutron-server[102941]: DEBUG neutron_lib.callbacks.manager [None req-5ba70b91-13d6-4373-b7f6-13df412df34a admin admin] Publish callbacks [] for security_group (6fbd4723-f7ad-4bc0-80d7-aa9498ab5e89), before_delete {{(pid=102941) _notify_loop /usr/local/lib/python3.8/dist-packages/neutron_lib/callbacks/manager.py:176}}
Jan 21 09:34:08.559041 dv-cinder-804757-11-iscsi neutron-server[102942]: INFO neutron.wsgi [req-33188080-ab20-445a-91d1-829633013d7f req-0a9958b3-cd35-457a-ab68-61b9ef88c2c5 tempest-ServerRescueNegativeTestJSON-823727886 tempest-ServerRescueNegativeTestJSON-823727886-project] 10.222.0.79 "GET /v2.0/security-groups?id=9ac84980-50fb-4212-837f-67019f46abf8&fields=id&fields=name HTTP/1.1" status: 200 len: 286 time: 0.0754039
Jan 21 09:34:08.573295 dv-cinder-804757-11-iscsi neutron-server[102941]: DEBUG neutron_lib.callbacks.manager [None req-5ba70b91-13d6-4373-b7f6-13df412df34a admin admin] Publish callbacks [] for security_group (6fbd4723-f7ad-4bc0-80d7-aa9498ab5e89), precommit_delete {{(pid=102941) _notify_loop /usr/local/lib/python3.8/dist-packages/neutron_lib/callbacks/manager.py:176}}
Jan 21 09:34:08.708001 dv-cinder-804757-11-iscsi neutron-server[102941]: DEBUG neutron_lib.callbacks.manager [None req-5ba70b91-13d6-4373-b7f6-13df412df34a admin admin] Publish callbacks ['neutron.plugins.ml2.ovo_rpc._ObjectChangeHandler.handle_event-751152'] for security_group (6fbd4723-f7ad-4bc0-80d7-aa9498ab5e89), after_delete {{(pid=102941) _notify_loop /usr/local/lib/python3.8/dist-packages/neutron_lib/callbacks/manager.py:176}}
Jan 21 09:34:08.711145 dv-cinder-804757-11-iscsi neutron-server[102941]: DEBUG neutron_lib.callbacks.manager [None req-5ba70b91-13d6-4373-b7f6-13df412df34a admin admin] Publish callbacks [] for security_group (None), before_response {{(pid=102941) _notify_loop /usr/local/lib/python3.8/dist-packages/neutron_lib/callbacks/manager.py:176}}
Jan 21 09:34:08.712716 dv-cinder-804757-11-iscsi neutron-server[102941]: INFO neutron.wsgi [None req-5ba70b91-13d6-4373-b7f6-13df412df34a admin admin] 10.222.0.79 "DELETE /v2.0/security-groups/6fbd4723-f7ad-4bc0-80d7-aa9498ab5e89 HTTP/1.1" status: 204 len: 168 time: 0.2389021
Jan 21 09:34:08.722507 dv-cinder-804757-11-iscsi neutron-server[102941]: DEBUG neutron.api.rpc.handlers.resources_rpc [None req-5ba70b91-13d6-4373-b7f6-13df412df34a admin admin] Pushing event deleted for resources: {'SecurityGroup': ['ID=6fbd4723-f7ad-4bc0-80d7-aa9498ab5e89,revision_number=None']} {{(pid=102941) push /opt/stack/neutron/neutron/api/rpc/handlers/resources_rpc.py:237}}
Jan 21 09:34:09.737572 dv-cinder-804757-11-iscsi neutron-server[102943]: DEBUG neutron_lib.callbacks.manager [None req-95d636f2-7e55-41ea-93a5-9a89dd440dbd None None] Publish callbacks ['neutron.services.segments.db._update_segment_host_mapping_for_agent-8734358007565', 'neutron.plugins.ml2.plugin.Ml2Plugin._retry_binding_revived_agents-1800074'] for agent (5066ef31-34b8-4f5b-a152-442bba3970a2), after_update {{(pid=102943) _notify_loop /usr/local/lib/python3.8/dist-packages/neutron_lib/callbacks/manager.py:176}}
Jan 21 09:34:13.946447 dv-cinder-804757-11-iscsi neutron-server[102942]: DEBUG neutron.pecan_wsgi.hooks.policy_enforcement [req-00f2c85e-2880-4623-8b1a-c0f7a5adc03f req-a5cfb792-6867-4114-a48f-b020739bc782 tempest-ServerRescueNegativeTestJSON-823727886 tempest-ServerRescueNegativeTestJSON-823727886-project] Attributes excluded by policy engine: ['standard_attr_id', 'binding:profile', 'binding:host_id', 'binding:vif_type', 'binding:vif_details'] {{(pid=102942) _exclude_attributes_by_policy /opt/stack/neutron/neutron/pecan_wsgi/hooks/policy_enforcement.py:255}}
Jan 21 09:34:13.948088 dv-cinder-804757-11-iscsi neutron-server[102942]: INFO neutron.wsgi [req-00f2c85e-2880-4623-8b1a-c0f7a5adc03f req-a5cfb792-6867-4114-a48f-b020739bc782 tempest-ServerRescueNegativeTestJSON-823727886 tempest-ServerRescueNegativeTestJSON-823727886-project] 10.222.0.79 "GET /v2.0/ports?device_id=7f6335a1-58cf-4fee-aab6-7c6c637f82ad HTTP/1.1" status: 200 len: 945 time: 0.0501480
Jan 21 09:34:13.993955 dv-cinder-804757-11-iscsi neutron-server[102942]: INFO neutron.wsgi [req-00f2c85e-2880-4623-8b1a-c0f7a5adc03f req-b3bf8c89-eacb-4d14-8b16-e87f819ba43f tempest-ServerRescueNegativeTestJSON-823727886 tempest-ServerRescueNegativeTestJSON-823727886-project] 10.222.0.79 "GET /v2.0/security-groups?id=9ac84980-50fb-4212-837f-67019f46abf8&fields=id&fields=name HTTP/1.1" status: 200 len: 286 time: 0.0403163
Jan 21 09:34:15.118044 dv-cinder-804757-11-iscsi neutron-server[102941]: DEBUG neutron.pecan_wsgi.hooks.policy_enforcement [req-5978ea40-92cd-47a8-9e6f-896217aae228 req-e0c2ad86-27a9-406d-a046-d869592e028b tempest-ServerRescueNegativeTestJSON-823727886 tempest-ServerRescueNegativeTestJSON-823727886-project] Attributes excluded by policy engine: ['standard_attr_id', 'binding:profile', 'binding:host_id', 'binding:vif_type', 'binding:vif_details'] {{(pid=102941) _exclude_attributes_by_policy /opt/stack/neutron/neutron/pecan_wsgi/hooks/policy_enforcement.py:255}}
Jan 21 09:34:15.120604 dv-cinder-804757-11-iscsi neutron-server[102941]: INFO neutron.wsgi [req-5978ea40-92cd-47a8-9e6f-896217aae228 req-e0c2ad86-27a9-406d-a046-d869592e028b tempest-ServerRescueNegativeTestJSON-823727886 tempest-ServerRescueNegativeTestJSON-823727886-project] 10.222.0.79 "GET /v2.0/ports?device_id=7f6335a1-58cf-4fee-aab6-7c6c637f82ad HTTP/1.1" status: 200 len: 945 time: 0.0535750
Jan 21 09:34:15.173816 dv-cinder-804757-11-iscsi neutron-server[102941]: INFO neutron.wsgi [req-5978ea40-92cd-47a8-9e6f-896217aae228 req-de9077d8-42ec-4086-b1cc-5695ca40e2e5 tempest-ServerRescueNegativeTestJSON-823727886 tempest-ServerRescueNegativeTestJSON-823727886-project] 10.222.0.79 "GET /v2.0/security-groups?id=9ac84980-50fb-4212-837f-67019f46abf8&fields=id&fields=name HTTP/1.1" status: 200 len: 286 time: 0.0475163
Jan 21 09:34:15.319109 dv-cinder-804757-11-iscsi neutron-server[102942]: DEBUG neutron.pecan_wsgi.hooks.policy_enforcement [req-6b621a02-b0e3-443a-bfdc-a981db4e125f req-34016502-5488-4ec4-9095-d68cf066eeec tempest-AttachVolumeNegativeTest-479911462 tempest-AttachVolumeNegativeTest-479911462-project] Attributes excluded by policy engine: ['standard_attr_id', 'vlan_transparent', 'provider:network_type', 'provider:physical_network', 'provider:segmentation_id'] {{(pid=102942) _exclude_attributes_by_policy /opt/stack/neutron/neutron/pecan_wsgi/hooks/policy_enforcement.py:255}}
Jan 21 09:34:15.320776 dv-cinder-804757-11-iscsi neutron-server[102942]: INFO neutron.wsgi [req-6b621a02-b0e3-443a-bfdc-a981db4e125f req-34016502-5488-4ec4-9095-d68cf066eeec tempest-AttachVolumeNegativeTest-479911462 tempest-AttachVolumeNegativeTest-479911462-project] 10.222.0.79 "GET /v2.0/networks?id=5a7a7e9c-55c4-497e-9d1a-46f357de7116 HTTP/1.1" status: 200 len: 814 time: 0.1102655
Jan 21 09:34:15.335172 dv-cinder-804757-11-iscsi neutron-server[102942]: INFO neutron.wsgi [req-6b621a02-b0e3-443a-bfdc-a981db4e125f req-82112be3-479f-4648-8de9-3debcd5c5926 tempest-AttachVolumeNegativeTest-479911462 tempest-AttachVolumeNegativeTest-479911462-project] 10.222.0.79 "GET /v2.0/quotas/494dc58845dc47ab975c9fc3dc6507fb HTTP/1.1" status: 200 len: 375 time: 0.0092416
Jan 21 09:34:15.383534 dv-cinder-804757-11-iscsi neutron-server[102942]: INFO neutron.wsgi [req-6b621a02-b0e3-443a-bfdc-a981db4e125f req-bc7d2790-c283-4268-b297-eeabe78f720b tempest-AttachVolumeNegativeTest-479911462 tempest-AttachVolumeNegativeTest-479911462-project] 10.222.0.79 "GET /v2.0/ports?tenant_id=494dc58845dc47ab975c9fc3dc6507fb&fields=id HTTP/1.1" status: 200 len: 255 time: 0.0429792
Jan 21 09:34:15.478871 dv-cinder-804757-11-iscsi neutron-server[102942]: INFO neutron.wsgi [req-6b621a02-b0e3-443a-bfdc-a981db4e125f req-ff8f80ed-1063-4fad-a2a2-b6be9829ef3b service neutron] 10.222.0.79 "GET /v2.0/networks/5a7a7e9c-55c4-497e-9d1a-46f357de7116?fields=segments HTTP/1.1" status: 200 len: 212 time: 0.0887334
Jan 21 09:34:15.566820 dv-cinder-804757-11-iscsi neutron-server[102942]: INFO neutron.wsgi [req-6b621a02-b0e3-443a-bfdc-a981db4e125f req-50db13d9-f720-4bbe-a927-796011ad9d63 service neutron] 10.222.0.79 "GET /v2.0/networks/5a7a7e9c-55c4-497e-9d1a-46f357de7116?fields=provider%3Aphysical_network&fields=provider%3Anetwork_type HTTP/1.1" status: 200 len: 281 time: 0.0824046
Jan 21 09:34:15.809019 dv-cinder-804757-11-iscsi neutron-server[102941]: INFO neutron.wsgi [req-3f3627a7-c4ea-4a37-95e4-a37e7eb800b2 req-420457d8-62c4-41a3-b159-ef122229879b tempest-AttachVolumeNegativeTest-479911462 tempest-AttachVolumeNegativeTest-479911462-project] 10.222.0.79 "GET /v2.0/ports?device_id=659a7ba7-576c-490d-80cc-ec5f569171d2 HTTP/1.1" status: 200 len: 210 time: 0.0295913
Jan 21 09:34:19.550595 dv-cinder-804757-11-iscsi neutron-server[102941]: INFO neutron.wsgi [req-844d428f-e8ac-4312-8bc6-4296b8134f8d req-b48dad44-68c5-4a4d-998e-9b145d3119b8 tempest-AttachVolumeNegativeTest-479911462 tempest-AttachVolumeNegativeTest-479911462-project] 10.222.0.79 "GET /v2.0/ports?device_id=659a7ba7-576c-490d-80cc-ec5f569171d2 HTTP/1.1" status: 200 len: 210 time: 0.0263348
Jan 21 09:34:19.567151 dv-cinder-804757-11-iscsi neutron-server[102942]: DEBUG neutron.pecan_wsgi.hooks.policy_enforcement [req-e3707a68-2388-40e9-a57c-0c1a78685bac req-fa2d3cdb-ddc2-481b-9ea5-0e457be6a30a tempest-ServerRescueNegativeTestJSON-823727886 tempest-ServerRescueNegativeTestJSON-823727886-project] Attributes excluded by policy engine: ['standard_attr_id', 'binding:profile', 'binding:host_id', 'binding:vif_type', 'binding:vif_details'] {{(pid=102942) _exclude_attributes_by_policy /opt/stack/neutron/neutron/pecan_wsgi/hooks/policy_enforcement.py:255}}
Jan 21 09:34:19.569291 dv-cinder-804757-11-iscsi neutron-server[102942]: INFO neutron.wsgi [req-e3707a68-2388-40e9-a57c-0c1a78685bac req-fa2d3cdb-ddc2-481b-9ea5-0e457be6a30a tempest-ServerRescueNegativeTestJSON-823727886 tempest-ServerRescueNegativeTestJSON-823727886-project] 10.222.0.79 "GET /v2.0/ports?device_id=7f6335a1-58cf-4fee-aab6-7c6c637f82ad HTTP/1.1" status: 200 len: 945 time: 0.0506806
Jan 21 09:34:19.620587 dv-cinder-804757-11-iscsi neutron-server[102942]: INFO neutron.wsgi [req-e3707a68-2388-40e9-a57c-0c1a78685bac req-9eef1662-4e8c-4d1e-883d-3590497566d2 tempest-ServerRescueNegativeTestJSON-823727886 tempest-ServerRescueNegativeTestJSON-823727886-project] 10.222.0.79 "GET /v2.0/security-groups?id=9ac84980-50fb-4212-837f-67019f46abf8&fields=id&fields=name HTTP/1.1" status: 200 len: 286 time: 0.0458536
Jan 21 09:34:20.584054 dv-cinder-804757-11-iscsi neutron-server[102941]: DEBUG neutron.pecan_wsgi.hooks.policy_enforcement [req-6b621a02-b0e3-443a-bfdc-a981db4e125f req-ea7417cb-6316-430e-a3d6-8cb725044daa tempest-AttachVolumeNegativeTest-479911462 tempest-AttachVolumeNegativeTest-479911462-project] Attributes excluded by policy engine: ['standard_attr_id', 'vlan_transparent', 'provider:network_type', 'provider:physical_network', 'provider:segmentation_id'] {{(pid=102941) _exclude_attributes_by_policy /opt/stack/neutron/neutron/pecan_wsgi/hooks/policy_enforcement.py:255}}
Jan 21 09:34:20.585616 dv-cinder-804757-11-iscsi neutron-server[102941]: INFO neutron.wsgi [req-6b621a02-b0e3-443a-bfdc-a981db4e125f req-ea7417cb-6316-430e-a3d6-8cb725044daa tempest-AttachVolumeNegativeTest-479911462 tempest-AttachVolumeNegativeTest-479911462-project] 10.222.0.105 "GET /v2.0/networks?id=5a7a7e9c-55c4-497e-9d1a-46f357de7116 HTTP/1.1" status: 200 len: 814 time: 0.1370614
Jan 21 09:34:20.612226 dv-cinder-804757-11-iscsi neutron-server[102941]: DEBUG neutron.api.v2.base [req-6b621a02-b0e3-443a-bfdc-a981db4e125f req-a89af791-87bc-4ea3-85b3-2172ae5476d7 tempest-AttachVolumeNegativeTest-479911462 tempest-AttachVolumeNegativeTest-479911462-project] Request body: {'port': {'device_id': '659a7ba7-576c-490d-80cc-ec5f569171d2', 'network_id': '5a7a7e9c-55c4-497e-9d1a-46f357de7116', 'admin_state_up': True, 'tenant_id': '494dc58845dc47ab975c9fc3dc6507fb'}} {{(pid=102941) prepare_request_body /opt/stack/neutron/neutron/api/v2/base.py:729}}
Jan 21 09:34:20.731262 dv-cinder-804757-11-iscsi neutron-server[102942]: INFO neutron.wsgi [req-19627412-4fc6-4a43-b763-17be9655fe6d req-8bf3e0ef-075d-405d-86fa-55a9bc6fc738 tempest-AttachVolumeNegativeTest-479911462 tempest-AttachVolumeNegativeTest-479911462-project] 10.222.0.79 "GET /v2.0/ports?device_id=659a7ba7-576c-490d-80cc-ec5f569171d2 HTTP/1.1" status: 200 len: 210 time: 0.0359931
Jan 21 09:34:20.807790 dv-cinder-804757-11-iscsi neutron-server[102941]: DEBUG neutron.pecan_wsgi.hooks.policy_enforcement [req-00085661-ba8b-49d3-9ef4-96c9dc7dc837 req-262d0199-dd97-48ce-ac1a-78170a7cc7a5 tempest-ServerRescueNegativeTestJSON-823727886 tempest-ServerRescueNegativeTestJSON-823727886-project] Attributes excluded by policy engine: ['standard_attr_id', 'binding:profile', 'binding:host_id', 'binding:vif_type', 'binding:vif_details'] {{(pid=102941) _exclude_attributes_by_policy /opt/stack/neutron/neutron/pecan_wsgi/hooks/policy_enforcement.py:255}}
Jan 21 09:34:20.809735 dv-cinder-804757-11-iscsi neutron-server[102941]: INFO neutron.wsgi [req-00085661-ba8b-49d3-9ef4-96c9dc7dc837 req-262d0199-dd97-48ce-ac1a-78170a7cc7a5 tempest-ServerRescueNegativeTestJSON-823727886 tempest-ServerRescueNegativeTestJSON-823727886-project] 10.222.0.79 "GET /v2.0/ports?device_id=7f6335a1-58cf-4fee-aab6-7c6c637f82ad HTTP/1.1" status: 200 len: 945 time: 0.0958741
Jan 21 09:34:20.870125 dv-cinder-804757-11-iscsi neutron-server[102941]: INFO neutron.wsgi [req-00085661-ba8b-49d3-9ef4-96c9dc7dc837 req-f6835243-d24b-4ca0-96e3-29e980794217 tempest-ServerRescueNegativeTestJSON-823727886 tempest-ServerRescueNegativeTestJSON-823727886-project] 10.222.0.79 "GET /v2.0/security-groups?id=9ac84980-50fb-4212-837f-67019f46abf8&fields=id&fields=name HTTP/1.1" status: 200 len: 286 time: 0.0533214
Jan 21 09:34:20.873534 dv-cinder-804757-11-iscsi neutron-server[102941]: DEBUG neutron.pecan_wsgi.hooks.quota_enforcement [req-6b621a02-b0e3-443a-bfdc-a981db4e125f req-a89af791-87bc-4ea3-85b3-2172ae5476d7 tempest-AttachVolumeNegativeTest-479911462 tempest-AttachVolumeNegativeTest-479911462-project] Made reservation on behalf of 494dc58845dc47ab975c9fc3dc6507fb for: {'port': 1} {{(pid=102941) before /opt/stack/neutron/neutron/pecan_wsgi/hooks/quota_enforcement.py:53}}
Jan 21 09:34:20.877032 dv-cinder-804757-11-iscsi neutron-server[102941]: DEBUG neutron_lib.callbacks.manager [req-6b621a02-b0e3-443a-bfdc-a981db4e125f req-a89af791-87bc-4ea3-85b3-2172ae5476d7 tempest-AttachVolumeNegativeTest-479911462 tempest-AttachVolumeNegativeTest-479911462-project] Publish callbacks ['neutron.plugins.ml2.plugin.SecurityGroupDbMixin._ensure_default_security_group_handler-1745493'] for port (None), before_create {{(pid=102941) _notify_loop /usr/local/lib/python3.8/dist-packages/neutron_lib/callbacks/manager.py:176}}
Jan 21 09:34:21.014341 dv-cinder-804757-11-iscsi neutron-server[102941]: DEBUG neutron.db.db_base_plugin_common [req-6b621a02-b0e3-443a-bfdc-a981db4e125f req-a89af791-87bc-4ea3-85b3-2172ae5476d7 tempest-AttachVolumeNegativeTest-479911462 tempest-AttachVolumeNegativeTest-479911462-project] Allocated IP 172.20.0.8 (5a7a7e9c-55c4-497e-9d1a-46f357de7116/d4043a95-40b9-4d76-ada9-0468158daf76/2314cbf4-a6ba-49d1-bc11-41df79364308) {{(pid=102941) _store_ip_allocation /opt/stack/neutron/neutron/db/db_base_plugin_common.py:131}}
Jan 21 09:34:21.192715 dv-cinder-804757-11-iscsi neutron-server[102941]: DEBUG neutron_lib.callbacks.manager [req-6b621a02-b0e3-443a-bfdc-a981db4e125f req-a89af791-87bc-4ea3-85b3-2172ae5476d7 tempest-AttachVolumeNegativeTest-479911462 tempest-AttachVolumeNegativeTest-479911462-project] Publish callbacks [] for port (2314cbf4-a6ba-49d1-bc11-41df79364308), precommit_create {{(pid=102941) _notify_loop /usr/local/lib/python3.8/dist-packages/neutron_lib/callbacks/manager.py:176}}
Jan 21 09:34:21.268450 dv-cinder-804757-11-iscsi neutron-server[102941]: DEBUG neutron_lib.callbacks.manager [req-6b621a02-b0e3-443a-bfdc-a981db4e125f req-a89af791-87bc-4ea3-85b3-2172ae5476d7 tempest-AttachVolumeNegativeTest-479911462 tempest-AttachVolumeNegativeTest-479911462-project] Publish callbacks ['neutron.plugins.ml2.plugin.SecurityGroupServerNotifierRpcMixin._notify_sg_on_port_change-1748774', 'neutron.plugins.ml2.ovo_rpc._ObjectChangeHandler.handle_event-412949', 'neutron.api.rpc.agentnotifiers.dhcp_rpc_agent_api.DhcpAgentNotifyAPI._native_event_send_dhcp_notification-608101', 'neutron.db.l3_dvrscheduler_db._notify_l3_agent_new_port-8734357451906'] for port (2314cbf4-a6ba-49d1-bc11-41df79364308), after_create {{(pid=102941) _notify_loop /usr/local/lib/python3.8/dist-packages/neutron_lib/callbacks/manager.py:176}}
Jan 21 09:34:21.290602 dv-cinder-804757-11-iscsi neutron-server[102943]: DEBUG neutron.plugins.ml2.db [None req-c9e2a539-f6b8-4b08-a388-5cf6bccffea0 None None] get_ports_and_sgs() called for port_ids ['83acdb8b-1908-4337-8a89-a4b1e46a9750'] {{(pid=102943) get_ports_and_sgs /opt/stack/neutron/neutron/plugins/ml2/db.py:156}}
Jan 21 09:34:21.325711 dv-cinder-804757-11-iscsi neutron-server[102941]: DEBUG neutron.scheduler.dhcp_agent_scheduler [req-6b621a02-b0e3-443a-bfdc-a981db4e125f req-a89af791-87bc-4ea3-85b3-2172ae5476d7 tempest-AttachVolumeNegativeTest-479911462 tempest-AttachVolumeNegativeTest-479911462-project] Network 5a7a7e9c-55c4-497e-9d1a-46f357de7116 is already hosted by enough agents. {{(pid=102941) _get_dhcp_agents_hosting_network /opt/stack/neutron/neutron/scheduler/dhcp_agent_scheduler.py:275}}
Jan 21 09:34:21.328719 dv-cinder-804757-11-iscsi neutron-server[102941]: DEBUG neutron.scheduler.base_scheduler [req-6b621a02-b0e3-443a-bfdc-a981db4e125f req-a89af791-87bc-4ea3-85b3-2172ae5476d7 tempest-AttachVolumeNegativeTest-479911462 tempest-AttachVolumeNegativeTest-479911462-project] Resources bound (agent type, host, resource id): {{(pid=102941) schedule /opt/stack/neutron/neutron/scheduler/base_scheduler.py:57}}
