Sep 01 15:28:55.236889 dv-cinder-804735-6-iscsi devstack@c-api.service[100665]: warnings.warn('Policy enforcement is depending on the value of '
Sep 01 15:28:55.265249 dv-cinder-804735-6-iscsi devstack@c-api.service[100665]: INFO cinder.volume.api [None req-19967d59-5f74-4a1d-965d-f50b5dbbc8c5 tempest-UserMessagesTest-1611841643 tempest-UserMessagesTest-1611841643-project] Volume info retrieved successfully.
Sep 01 15:28:55.304514 dv-cinder-804735-6-iscsi devstack@c-api.service[100665]: INFO cinder.api.openstack.wsgi [None req-19967d59-5f74-4a1d-965d-f50b5dbbc8c5 tempest-UserMessagesTest-1611841643 tempest-UserMessagesTest-1611841643-project] http://10.222.0.69/volume/v3/56c24e2953e34d8ab28e4bf1a21cebb0/volumes/0cc95fc7-d47b-4e98-a099-e4041f3e0f5d returned with HTTP 200
Sep 01 15:28:55.308776 dv-cinder-804735-6-iscsi devstack@c-api.service[100665]: [pid: 100665|app: 0|req: 81/154] 10.222.0.69 () {60 vars in 1365 bytes} [Wed Sep 1 15:28:55 2021] GET /volume/v3/56c24e2953e34d8ab28e4bf1a21cebb0/volumes/0cc95fc7-d47b-4e98-a099-e4041f3e0f5d => generated 941 bytes in 128 msecs (HTTP/1.1 200) 7 headers in 285 bytes (1 switches on core 0)
Sep 01 15:28:55.325343 dv-cinder-804735-6-iscsi devstack@c-api.service[100664]: INFO cinder.api.openstack.wsgi [None req-7a1a10c1-3063-4584-be8e-961b38e8c98a tempest-UserMessagesTest-1611841643 tempest-UserMessagesTest-1611841643-project] GET http://10.222.0.69/volume/v3/56c24e2953e34d8ab28e4bf1a21cebb0/messages
Sep 01 15:28:55.326406 dv-cinder-804735-6-iscsi devstack@c-api.service[100664]: DEBUG cinder.api.openstack.wsgi [None req-7a1a10c1-3063-4584-be8e-961b38e8c98a tempest-UserMessagesTest-1611841643 tempest-UserMessagesTest-1611841643-project] Empty body provided in request {{(pid=100664) get_body /opt/stack/cinder/cinder/api/openstack/wsgi.py:703}}
Sep 01 15:28:55.326727 dv-cinder-804735-6-iscsi devstack@c-api.service[100664]: /usr/local/lib/python3.8/dist-packages/webob/acceptparse.py:1047: DeprecationWarning: The behavior of AcceptValidHeader.best_match is currently being maintained for backward compatibility, but it will be deprecated in the future, as it does not conform to the RFC.
Sep 01 15:28:55.326727 dv-cinder-804735-6-iscsi devstack@c-api.service[100664]: warnings.warn(
Sep 01 15:28:55.327263 dv-cinder-804735-6-iscsi devstack@c-api.service[100664]: DEBUG cinder.api.openstack.wsgi [None req-7a1a10c1-3063-4584-be8e-961b38e8c98a tempest-UserMessagesTest-1611841643 tempest-UserMessagesTest-1611841643-project] Calling method 'version_select' {{(pid=100664) _process_stack /opt/stack/cinder/cinder/api/openstack/wsgi.py:856}}
Sep 01 15:28:55.338861 dv-cinder-804735-6-iscsi devstack@c-api.service[100664]: INFO cinder.api.openstack.wsgi [None req-7a1a10c1-3063-4584-be8e-961b38e8c98a tempest-UserMessagesTest-1611841643 tempest-UserMessagesTest-1611841643-project] http://10.222.0.69/volume/v3/56c24e2953e34d8ab28e4bf1a21cebb0/messages returned with HTTP 200
Sep 01 15:28:55.351068 dv-cinder-804735-6-iscsi devstack@c-api.service[100665]: INFO cinder.api.openstack.wsgi [None req-5c3bd137-6c6b-4192-bfd5-c8335d2ab3da tempest-UserMessagesTest-1611841643 tempest-UserMessagesTest-1611841643-project] DELETE http://10.222.0.69/volume/v3/56c24e2953e34d8ab28e4bf1a21cebb0/messages/68ae4a36-69a6-45cc-92f6-2f73b8cf878b
Sep 01 15:28:55.352347 dv-cinder-804735-6-iscsi devstack@c-api.service[100665]: DEBUG cinder.api.openstack.wsgi [None req-5c3bd137-6c6b-4192-bfd5-c8335d2ab3da tempest-UserMessagesTest-1611841643 tempest-UserMessagesTest-1611841643-project] Empty body provided in request {{(pid=100665) get_body /opt/stack/cinder/cinder/api/openstack/wsgi.py:703}}
Sep 01 15:28:55.352687 dv-cinder-804735-6-iscsi devstack@c-api.service[100665]: /usr/local/lib/python3.8/dist-packages/webob/acceptparse.py:1047: DeprecationWarning: The behavior of AcceptValidHeader.best_match is currently being maintained for backward compatibility, but it will be deprecated in the future, as it does not conform to the RFC.
Sep 01 15:28:55.352687 dv-cinder-804735-6-iscsi devstack@c-api.service[100665]: warnings.warn(
Sep 01 15:28:55.353228 dv-cinder-804735-6-iscsi devstack@c-api.service[100665]: DEBUG cinder.api.openstack.wsgi [None req-5c3bd137-6c6b-4192-bfd5-c8335d2ab3da tempest-UserMessagesTest-1611841643 tempest-UserMessagesTest-1611841643-project] Calling method 'version_select' {{(pid=100665) _process_stack /opt/stack/cinder/cinder/api/openstack/wsgi.py:856}}
Sep 01 15:28:55.359617 dv-cinder-804735-6-iscsi devstack@c-api.service[100664]: [pid: 100664|app: 0|req: 74/155] 10.222.0.69 () {60 vars in 1257 bytes} [Wed Sep 1 15:28:55 2021] GET /volume/v3/56c24e2953e34d8ab28e4bf1a21cebb0/messages => generated 736 bytes in 38 msecs (HTTP/1.1 200) 7 headers in 285 bytes (1 switches on core 0)
Sep 01 15:28:55.389524 dv-cinder-804735-6-iscsi devstack@c-api.service[100665]: INFO cinder.api.openstack.wsgi [None req-5c3bd137-6c6b-4192-bfd5-c8335d2ab3da tempest-UserMessagesTest-1611841643 tempest-UserMessagesTest-1611841643-project] http://10.222.0.69/volume/v3/56c24e2953e34d8ab28e4bf1a21cebb0/messages/68ae4a36-69a6-45cc-92f6-2f73b8cf878b returned with HTTP 204
Sep 01 15:28:55.397047 dv-cinder-804735-6-iscsi devstack@c-api.service[100665]: [pid: 100665|app: 0|req: 82/156] 10.222.0.69 () {60 vars in 1371 bytes} [Wed Sep 1 15:28:55 2021] DELETE /volume/v3/56c24e2953e34d8ab28e4bf1a21cebb0/messages/68ae4a36-69a6-45cc-92f6-2f73b8cf878b => generated 0 bytes in 46 msecs (HTTP/1.1 204) 6 headers in 235 bytes (1 switches on core 0)
Sep 01 15:28:55.401563 dv-cinder-804735-6-iscsi devstack@c-api.service[100664]: INFO cinder.api.openstack.wsgi [None req-65cbbfdc-e868-4113-bd2e-65a3a6dfeada tempest-UserMessagesTest-1611841643 tempest-UserMessagesTest-1611841643-project] GET http://10.222.0.69/volume/v3/56c24e2953e34d8ab28e4bf1a21cebb0/messages/68ae4a36-69a6-45cc-92f6-2f73b8cf878b
Sep 01 15:28:55.402482 dv-cinder-804735-6-iscsi devstack@c-api.service[100664]: DEBUG cinder.api.openstack.wsgi [None req-65cbbfdc-e868-4113-bd2e-65a3a6dfeada tempest-UserMessagesTest-1611841643 tempest-UserMessagesTest-1611841643-project] Empty body provided in request {{(pid=100664) get_body /opt/stack/cinder/cinder/api/openstack/wsgi.py:703}}
Sep 01 15:28:55.403042 dv-cinder-804735-6-iscsi devstack@c-api.service[100664]: DEBUG cinder.api.openstack.wsgi [None req-65cbbfdc-e868-4113-bd2e-65a3a6dfeada tempest-UserMessagesTest-1611841643 tempest-UserMessagesTest-1611841643-project] Calling method 'version_select' {{(pid=100664) _process_stack /opt/stack/cinder/cinder/api/openstack/wsgi.py:856}}
Sep 01 15:28:55.435662 dv-cinder-804735-6-iscsi devstack@c-api.service[100664]: INFO cinder.api.openstack.wsgi [None req-65cbbfdc-e868-4113-bd2e-65a3a6dfeada tempest-UserMessagesTest-1611841643 tempest-UserMessagesTest-1611841643-project] http://10.222.0.69/volume/v3/56c24e2953e34d8ab28e4bf1a21cebb0/messages/68ae4a36-69a6-45cc-92f6-2f73b8cf878b returned with HTTP 404
Sep 01 15:28:55.451057 dv-cinder-804735-6-iscsi devstack@c-api.service[100665]: INFO cinder.api.openstack.wsgi [None req-26edb44e-0e7d-4740-82d6-000d7f48e488 tempest-UserMessagesTest-1417198024 tempest-UserMessagesTest-1417198024-project-admin] POST http://10.222.0.69/volume/v3/1657dbcd06594f0da28b09ab7ef32dd7/types
Sep 01 15:28:55.451935 dv-cinder-804735-6-iscsi devstack@c-api.service[100665]: DEBUG cinder.api.openstack.wsgi [None req-26edb44e-0e7d-4740-82d6-000d7f48e488 tempest-UserMessagesTest-1417198024 tempest-UserMessagesTest-1417198024-project-admin] Action: 'create', calling method: _create, body: {"volume_type": {"name": "tempest-UserMessagesTest-volume-type-1709317513", "extra_specs": {"storage_protocol": "tempest-storage_protocol-841059579", "vendor_name": "tempest-vendor_name-2023077781"}}} {{(pid=100665) _process_stack /opt/stack/cinder/cinder/api/openstack/wsgi.py:854}}
Sep 01 15:28:55.455368 dv-cinder-804735-6-iscsi devstack@c-api.service[100664]: [pid: 100664|app: 0|req: 75/157] 10.222.0.69 () {60 vars in 1368 bytes} [Wed Sep 1 15:28:55 2021] GET /volume/v3/56c24e2953e34d8ab28e4bf1a21cebb0/messages/68ae4a36-69a6-45cc-92f6-2f73b8cf878b => generated 110 bytes in 45 msecs (HTTP/1.1 404) 7 headers in 292 bytes (1 switches on core 0)
Sep 01 15:28:55.527337 dv-cinder-804735-6-iscsi devstack@c-api.service[100665]: INFO cinder.api.openstack.wsgi [None req-26edb44e-0e7d-4740-82d6-000d7f48e488 tempest-UserMessagesTest-1417198024 tempest-UserMessagesTest-1417198024-project-admin] http://10.222.0.69/volume/v3/1657dbcd06594f0da28b09ab7ef32dd7/types returned with HTTP 200
Sep 01 15:28:55.543357 dv-cinder-804735-6-iscsi devstack@c-api.service[100664]: INFO cinder.api.openstack.wsgi [None req-b29653b4-0ea0-40f2-baa8-4fb34a3092d8 tempest-UserMessagesTest-1611841643 tempest-UserMessagesTest-1611841643-project] POST http://10.222.0.69/volume/v3/56c24e2953e34d8ab28e4bf1a21cebb0/volumes
Sep 01 15:28:55.544101 dv-cinder-804735-6-iscsi devstack@c-api.service[100664]: DEBUG cinder.api.openstack.wsgi [None req-b29653b4-0ea0-40f2-baa8-4fb34a3092d8 tempest-UserMessagesTest-1611841643 tempest-UserMessagesTest-1611841643-project] Action: 'create', calling method: create, body: {"volume": {"volume_type": "f6f7fce0-1731-43e1-bd5d-747be77de924", "size": 1, "name": "tempest-UserMessagesTest-Volume-838233765"}} {{(pid=100664) _process_stack /opt/stack/cinder/cinder/api/openstack/wsgi.py:854}}
Sep 01 15:28:55.545082 dv-cinder-804735-6-iscsi devstack@c-api.service[100664]: DEBUG cinder.api.v3.volumes [None req-b29653b4-0ea0-40f2-baa8-4fb34a3092d8 tempest-UserMessagesTest-1611841643 tempest-UserMessagesTest-1611841643-project] Create volume request body: {'volume': {'volume_type': 'f6f7fce0-1731-43e1-bd5d-747be77de924', 'size': 1, 'name': 'tempest-UserMessagesTest-Volume-838233765'}} {{(pid=100664) create /opt/stack/cinder/cinder/api/v3/volumes.py:298}}
Sep 01 15:28:55.548975 dv-cinder-804735-6-iscsi devstack@c-api.service[100665]: [pid: 100665|app: 0|req: 83/158] 10.222.0.69 () {60 vars in 1230 bytes} [Wed Sep 1 15:28:55 2021] POST /volume/v3/1657dbcd06594f0da28b09ab7ef32dd7/types => generated 327 bytes in 106 msecs (HTTP/1.1 200) 7 headers in 285 bytes (2 switches on core 0)
Sep 01 15:28:55.555016 dv-cinder-804735-6-iscsi devstack@c-api.service[100664]: INFO cinder.api.v3.volumes [None req-b29653b4-0ea0-40f2-baa8-4fb34a3092d8 tempest-UserMessagesTest-1611841643 tempest-UserMessagesTest-1611841643-project] Create volume of 1 GB
Sep 01 15:28:55.556048 dv-cinder-804735-6-iscsi devstack@c-api.service[100664]: /usr/local/lib/python3.8/dist-packages/oslo_context/context.py:105: DeprecationWarning: Policy enforcement is depending on the value of is_admin. This key is deprecated. Please update your policy file to use the standard policy values.
Sep 01 15:28:55.556048 dv-cinder-804735-6-iscsi devstack@c-api.service[100664]: warnings.warn('Policy enforcement is depending on the value of '
Sep 01 15:28:55.556865 dv-cinder-804735-6-iscsi devstack@c-api.service[100664]: INFO cinder.volume.api [None req-b29653b4-0ea0-40f2-baa8-4fb34a3092d8 tempest-UserMessagesTest-1611841643 tempest-UserMessagesTest-1611841643-project] Availability Zones retrieved successfully.
Sep 01 15:28:55.623580 dv-cinder-804735-6-iscsi devstack@c-api.service[100664]: DEBUG cinder.volume.api [None req-b29653b4-0ea0-40f2-baa8-4fb34a3092d8 tempest-UserMessagesTest-1611841643 tempest-UserMessagesTest-1611841643-project] Flow 'volume_create_api' (15ecabf8-b743-4262-b52a-303d7f2fab71) transitioned into state 'RUNNING' from state 'PENDING' {{(pid=100664) _flow_receiver /usr/local/lib/python3.8/dist-packages/taskflow/listeners/logging.py:141}}
Sep 01 15:28:55.632838 dv-cinder-804735-6-iscsi devstack@c-api.service[100664]: DEBUG cinder.volume.api [None req-b29653b4-0ea0-40f2-baa8-4fb34a3092d8 tempest-UserMessagesTest-1611841643 tempest-UserMessagesTest-1611841643-project] Task 'cinder.volume.flows.api.create_volume.ExtractVolumeRequestTask;volume:create' (f5bada94-264b-443e-885a-c58125d3111a) transitioned into state 'RUNNING' from state 'PENDING' {{(pid=100664) _task_receiver /usr/local/lib/python3.8/dist-packages/taskflow/listeners/logging.py:190}}
Sep 01 15:28:55.639010 dv-cinder-804735-6-iscsi devstack@c-api.service[100665]: INFO cinder.api.openstack.wsgi [None req-1373c231-104d-465f-a733-292eff2ac401 tempest-VolumesTestJSON-1408441316 tempest-VolumesTestJSON-1408441316-project] GET http://10.222.0.69/volume/v3/8f530471e68f413f93211b296af58330/volumes/d5d196a3-8248-4af1-ab6a-2803dbc2bc1d
Sep 01 15:28:55.640201 dv-cinder-804735-6-iscsi devstack@c-api.service[100665]: DEBUG cinder.api.openstack.wsgi [None req-1373c231-104d-465f-a733-292eff2ac401 tempest-VolumesTestJSON-1408441316 tempest-VolumesTestJSON-1408441316-project] Empty body provided in request {{(pid=100665) get_body /opt/stack/cinder/cinder/api/openstack/wsgi.py:703}}
Sep 01 15:28:55.640947 dv-cinder-804735-6-iscsi devstack@c-api.service[100665]: DEBUG cinder.api.openstack.wsgi [None req-1373c231-104d-465f-a733-292eff2ac401 tempest-VolumesTestJSON-1408441316 tempest-VolumesTestJSON-1408441316-project] Calling method 'show' {{(pid=100665) _process_stack /opt/stack/cinder/cinder/api/openstack/wsgi.py:856}}
Sep 01 15:28:55.660054 dv-cinder-804735-6-iscsi devstack@c-api.service[100664]: DEBUG cinder.volume.flows.api.create_volume [None req-b29653b4-0ea0-40f2-baa8-4fb34a3092d8 tempest-UserMessagesTest-1611841643 tempest-UserMessagesTest-1611841643-project] Validating volume size '1' using validate_int {{(pid=100664) _extract_size /opt/stack/cinder/cinder/volume/flows/api/create_volume.py:225}}
Sep 01 15:28:55.681078 dv-cinder-804735-6-iscsi devstack@c-api.service[100665]: INFO cinder.api.openstack.wsgi [None req-1373c231-104d-465f-a733-292eff2ac401 tempest-VolumesTestJSON-1408441316 tempest-VolumesTestJSON-1408441316-project] http://10.222.0.69/volume/v3/8f530471e68f413f93211b296af58330/volumes/d5d196a3-8248-4af1-ab6a-2803dbc2bc1d returned with HTTP 404
Sep 01 15:28:55.689374 dv-cinder-804735-6-iscsi devstack@c-api.service[100665]: [pid: 100665|app: 0|req: 84/159] 10.222.0.69 () {58 vars in 1325 bytes} [Wed Sep 1 15:28:55 2021] GET /volume/v3/8f530471e68f413f93211b296af58330/volumes/d5d196a3-8248-4af1-ab6a-2803dbc2bc1d => generated 109 bytes in 53 msecs (HTTP/1.1 404) 7 headers in 292 bytes (1 switches on core 0)
Sep 01 15:28:55.705969 dv-cinder-804735-6-iscsi devstack@c-api.service[100665]: INFO cinder.api.openstack.wsgi [None req-558171fd-df2b-43c5-b466-5e208aaa51eb tempest-VolumesTestJSON-1408441316 tempest-VolumesTestJSON-1408441316-project] DELETE http://10.222.0.69/volume/v3/8f530471e68f413f93211b296af58330/volumes/37d2b12c-34f9-43a6-b024-85fc0241a943
Sep 01 15:28:55.709614 dv-cinder-804735-6-iscsi devstack@c-api.service[100665]: DEBUG cinder.api.openstack.wsgi [None req-558171fd-df2b-43c5-b466-5e208aaa51eb tempest-VolumesTestJSON-1408441316 tempest-VolumesTestJSON-1408441316-project] Empty body provided in request {{(pid=100665) get_body /opt/stack/cinder/cinder/api/openstack/wsgi.py:703}}
Sep 01 15:28:55.711332 dv-cinder-804735-6-iscsi devstack@c-api.service[100665]: DEBUG cinder.api.openstack.wsgi [None req-558171fd-df2b-43c5-b466-5e208aaa51eb tempest-VolumesTestJSON-1408441316 tempest-VolumesTestJSON-1408441316-project] Calling method 'delete' {{(pid=100665) _process_stack /opt/stack/cinder/cinder/api/openstack/wsgi.py:856}}
Sep 01 15:28:55.714002 dv-cinder-804735-6-iscsi devstack@c-api.service[100665]: INFO cinder.api.v3.volumes [None req-558171fd-df2b-43c5-b466-5e208aaa51eb tempest-VolumesTestJSON-1408441316 tempest-VolumesTestJSON-1408441316-project] Delete volume with id: 37d2b12c-34f9-43a6-b024-85fc0241a943
Sep 01 15:28:55.760730 dv-cinder-804735-6-iscsi devstack@c-api.service[100665]: /usr/local/lib/python3.8/dist-packages/oslo_context/context.py:105: DeprecationWarning: Policy enforcement is depending on the value of is_admin. This key is deprecated. Please update your policy file to use the standard policy values.
Sep 01 15:28:55.760730 dv-cinder-804735-6-iscsi devstack@c-api.service[100665]: warnings.warn('Policy enforcement is depending on the value of '
Sep 01 15:28:55.764842 dv-cinder-804735-6-iscsi devstack@c-api.service[100664]: DEBUG cinder.volume.api [None req-b29653b4-0ea0-40f2-baa8-4fb34a3092d8 tempest-UserMessagesTest-1611841643 tempest-UserMessagesTest-1611841643-project] Task 'cinder.volume.flows.api.create_volume.ExtractVolumeRequestTask;volume:create' (f5bada94-264b-443e-885a-c58125d3111a) transitioned into state 'SUCCESS' from state 'RUNNING' with result '{'size': 1, 'snapshot_id': None, 'source_volid': None, 'volume_type': VolumeType(created_at=2021-09-01T15:28:55Z,deleted=False,deleted_at=None,description=None,extra_specs={storage_protocol='tempest-storage_protocol-841059579',vendor_name='tempest-vendor_name-2023077781'},id=f6f7fce0-1731-43e1-bd5d-747be77de924,is_public=True,name='tempest-UserMessagesTest-volume-type-1709317513',projects=[],qos_specs=,qos_specs_id=None,updated_at=None), 'volume_type_id': 'f6f7fce0-1731-43e1-bd5d-747be77de924', 'encryption_key_id': None, 'qos_specs': None, 'consistencygroup_id': None, 'cgsnapshot_id': None, 'group_id': None, 'replication_status': 'disabled', 'refresh_az': False, 'backup_id': None, 'multiattach': False, 'availability_zones': ['nova']}' {{(pid=100664) _task_receiver /usr/local/lib/python3.8/dist-packages/taskflow/listeners/logging.py:178}}
Sep 01 15:28:55.767013 dv-cinder-804735-6-iscsi devstack@c-api.service[100664]: DEBUG cinder.volume.api [None req-b29653b4-0ea0-40f2-baa8-4fb34a3092d8 tempest-UserMessagesTest-1611841643 tempest-UserMessagesTest-1611841643-project] Task 'cinder.volume.flows.api.create_volume.QuotaReserveTask;volume:create' (06beedec-94c8-402f-b1e9-175566d28457) transitioned into state 'RUNNING' from state 'PENDING' {{(pid=100664) _task_receiver /usr/local/lib/python3.8/dist-packages/taskflow/listeners/logging.py:190}}
Sep 01 15:28:55.775672 dv-cinder-804735-6-iscsi devstack@c-api.service[100665]: INFO cinder.volume.api [None req-558171fd-df2b-43c5-b466-5e208aaa51eb tempest-VolumesTestJSON-1408441316 tempest-VolumesTestJSON-1408441316-project] Volume info retrieved successfully.
Sep 01 15:28:55.826665 dv-cinder-804735-6-iscsi devstack@c-api.service[100665]: INFO cinder.volume.api [None req-558171fd-df2b-43c5-b466-5e208aaa51eb tempest-VolumesTestJSON-1408441316 tempest-VolumesTestJSON-1408441316-project] Delete volume request issued successfully.
Sep 01 15:28:55.830638 dv-cinder-804735-6-iscsi devstack@c-api.service[100665]: INFO cinder.api.openstack.wsgi [None req-558171fd-df2b-43c5-b466-5e208aaa51eb tempest-VolumesTestJSON-1408441316 tempest-VolumesTestJSON-1408441316-project] http://10.222.0.69/volume/v3/8f530471e68f413f93211b296af58330/volumes/37d2b12c-34f9-43a6-b024-85fc0241a943 returned with HTTP 202
Sep 01 15:28:55.835939 dv-cinder-804735-6-iscsi devstack@c-api.service[100665]: [pid: 100665|app: 0|req: 85/160] 10.222.0.69 () {58 vars in 1328 bytes} [Wed Sep 1 15:28:55 2021] DELETE /volume/v3/8f530471e68f413f93211b296af58330/volumes/37d2b12c-34f9-43a6-b024-85fc0241a943 => generated 0 bytes in 145 msecs (HTTP/1.1 202) 6 headers in 233 bytes (1 switches on core 0)
Sep 01 15:28:55.837683 dv-cinder-804735-6-iscsi devstack@c-api.service[100664]: WARNING cinder.quota [None req-b29653b4-0ea0-40f2-baa8-4fb34a3092d8 tempest-UserMessagesTest-1611841643 tempest-UserMessagesTest-1611841643-project] Deprecated: Default quota for resource: volumes_tempest-UserMessagesTest-volume-type-1709317513 is set by the default quota flag: quota_volumes_tempest-UserMessagesTest-volume-type-1709317513, it is now deprecated. Please use the default quota class for default quota.
Sep 01 15:28:55.842394 dv-cinder-804735-6-iscsi devstack@c-api.service[100664]: WARNING cinder.quota [None req-b29653b4-0ea0-40f2-baa8-4fb34a3092d8 tempest-UserMessagesTest-1611841643 tempest-UserMessagesTest-1611841643-project] Deprecated: Default quota for resource: gigabytes_tempest-UserMessagesTest-volume-type-1709317513 is set by the default quota flag: quota_gigabytes_tempest-UserMessagesTest-volume-type-1709317513, it is now deprecated. Please use the default quota class for default quota.
Sep 01 15:28:55.847982 dv-cinder-804735-6-iscsi devstack@c-api.service[100665]: INFO cinder.api.openstack.wsgi [None req-9af8c1c1-94a2-403a-add1-9c9c4c2a9f92 tempest-VolumesTestJSON-1408441316 tempest-VolumesTestJSON-1408441316-project] GET http://10.222.0.69/volume/v3/8f530471e68f413f93211b296af58330/volumes/37d2b12c-34f9-43a6-b024-85fc0241a943
Sep 01 15:28:55.851210 dv-cinder-804735-6-iscsi devstack@c-api.service[100665]: DEBUG cinder.api.openstack.wsgi [None req-9af8c1c1-94a2-403a-add1-9c9c4c2a9f92 tempest-VolumesTestJSON-1408441316 tempest-VolumesTestJSON-1408441316-project] Empty body provided in request {{(pid=100665) get_body /opt/stack/cinder/cinder/api/openstack/wsgi.py:703}}
Sep 01 15:28:55.851652 dv-cinder-804735-6-iscsi devstack@c-api.service[100665]: /usr/local/lib/python3.8/dist-packages/webob/acceptparse.py:1047: DeprecationWarning: The behavior of AcceptValidHeader.best_match is currently being maintained for backward compatibility, but it will be deprecated in the future, as it does not conform to the RFC.
Sep 01 15:28:55.851652 dv-cinder-804735-6-iscsi devstack@c-api.service[100665]: warnings.warn(
Sep 01 15:28:55.853013 dv-cinder-804735-6-iscsi devstack@c-api.service[100665]: DEBUG cinder.api.openstack.wsgi [None req-9af8c1c1-94a2-403a-add1-9c9c4c2a9f92 tempest-VolumesTestJSON-1408441316 tempest-VolumesTestJSON-1408441316-project] Calling method 'show' {{(pid=100665) _process_stack /opt/stack/cinder/cinder/api/openstack/wsgi.py:856}}
Sep 01 15:28:55.898326 dv-cinder-804735-6-iscsi devstack@c-api.service[100665]: /usr/local/lib/python3.8/dist-packages/oslo_context/context.py:105: DeprecationWarning: Policy enforcement is depending on the value of is_admin. This key is deprecated. Please update your policy file to use the standard policy values.
Sep 01 15:28:55.898326 dv-cinder-804735-6-iscsi devstack@c-api.service[100665]: warnings.warn('Policy enforcement is depending on the value of '
Sep 01 15:28:55.921499 dv-cinder-804735-6-iscsi devstack@c-api.service[100665]: INFO cinder.volume.api [None req-9af8c1c1-94a2-403a-add1-9c9c4c2a9f92 tempest-VolumesTestJSON-1408441316 tempest-VolumesTestJSON-1408441316-project] Volume info retrieved successfully.
Sep 01 15:28:55.938050 dv-cinder-804735-6-iscsi devstack@c-api.service[100665]: INFO cinder.api.openstack.wsgi [None req-9af8c1c1-94a2-403a-add1-9c9c4c2a9f92 tempest-VolumesTestJSON-1408441316 tempest-VolumesTestJSON-1408441316-project] http://10.222.0.69/volume/v3/8f530471e68f413f93211b296af58330/volumes/37d2b12c-34f9-43a6-b024-85fc0241a943 returned with HTTP 200
Sep 01 15:28:55.939259 dv-cinder-804735-6-iscsi devstack@c-api.service[100665]: [pid: 100665|app: 0|req: 86/161] 10.222.0.69 () {58 vars in 1325 bytes} [Wed Sep 1 15:28:55 2021] GET /volume/v3/8f530471e68f413f93211b296af58330/volumes/37d2b12c-34f9-43a6-b024-85fc0241a943 => generated 921 bytes in 103 msecs (HTTP/1.1 200) 7 headers in 285 bytes (1 switches on core 0)
Sep 01 15:28:55.978534 dv-cinder-804735-6-iscsi devstack@c-api.service[100664]: DEBUG cinder.quota [None req-b29653b4-0ea0-40f2-baa8-4fb34a3092d8 tempest-UserMessagesTest-1611841643 tempest-UserMessagesTest-1611841643-project] Created reservations ['225cbbd0-e4b0-46ac-b202-6626ee5bdff3', '7a793055-7135-463c-a7ce-1830b95c838c', '7a9c70f3-4431-4546-a5b2-aec041b8d8c0', '2c71d40f-1981-463e-b5f8-855ed101a6be'] {{(pid=100664) reserve /opt/stack/cinder/cinder/quota.py:755}}
Sep 01 15:28:55.980868 dv-cinder-804735-6-iscsi devstack@c-api.service[100664]: DEBUG cinder.volume.api [None req-b29653b4-0ea0-40f2-baa8-4fb34a3092d8 tempest-UserMessagesTest-1611841643 tempest-UserMessagesTest-1611841643-project] Task 'cinder.volume.flows.api.create_volume.QuotaReserveTask;volume:create' (06beedec-94c8-402f-b1e9-175566d28457) transitioned into state 'SUCCESS' from state 'RUNNING' with result '{'reservations': ['225cbbd0-e4b0-46ac-b202-6626ee5bdff3', '7a793055-7135-463c-a7ce-1830b95c838c', '7a9c70f3-4431-4546-a5b2-aec041b8d8c0', '2c71d40f-1981-463e-b5f8-855ed101a6be']}' {{(pid=100664) _task_receiver /usr/local/lib/python3.8/dist-packages/taskflow/listeners/logging.py:178}}
Sep 01 15:28:55.983211 dv-cinder-804735-6-iscsi devstack@c-api.service[100664]: DEBUG cinder.volume.api [None req-b29653b4-0ea0-40f2-baa8-4fb34a3092d8 tempest-UserMessagesTest-1611841643 tempest-UserMessagesTest-1611841643-project] Task 'cinder.volume.flows.api.create_volume.EntryCreateTask;volume:create' (3b1faf99-cc79-406f-a13e-2dca7ce9e4f1) transitioned into state 'RUNNING' from state 'PENDING' {{(pid=100664) _task_receiver /usr/local/lib/python3.8/dist-packages/taskflow/listeners/logging.py:190}}
Sep 01 15:28:56.031997 dv-cinder-804735-6-iscsi devstack@c-api.service[100664]: DEBUG cinder.volume.api [None req-b29653b4-0ea0-40f2-baa8-4fb34a3092d8 tempest-UserMessagesTest-1611841643 tempest-UserMessagesTest-1611841643-project] Task 'cinder.volume.flows.api.create_volume.EntryCreateTask;volume:create' (3b1faf99-cc79-406f-a13e-2dca7ce9e4f1) transitioned into state 'SUCCESS' from state 'RUNNING' with result '{'volume_id': '5cc7fd36-0377-48b9-9ebb-f88a2b82633f', 'volume_properties': VolumeProperties(attach_status='detached',availability_zone='nova',cgsnapshot_id=None,consistencygroup_id=None,display_description=None,display_name='tempest-UserMessagesTest-Volume-838233765',encryption_key_id=None,group_id=None,group_type_id=,metadata={},multiattach=False,project_id='56c24e2953e34d8ab28e4bf1a21cebb0',qos_specs=None,replication_status=,reservations=['225cbbd0-e4b0-46ac-b202-6626ee5bdff3','7a793055-7135-463c-a7ce-1830b95c838c','7a9c70f3-4431-4546-a5b2-aec041b8d8c0','2c71d40f-1981-463e-b5f8-855ed101a6be'],size=1,snapshot_id=None,source_replicaid=,source_volid=None,status='creating',user_id='bf8c7bd8a5b0496591231ebb3331cfaf',volume_type_id=f6f7fce0-1731-43e1-bd5d-747be77de924), 'volume': Volume(_name_id=None,admin_metadata=,attach_status='detached',availability_zone='nova',bootable=False,cluster=,cluster_name=None,consistencygroup=,consistencygroup_id=None,created_at=2021-09-01T15:28:55Z,deleted=False,deleted_at=None,display_description=None,display_name='tempest-UserMessagesTest-Volume-838233765',ec2_id=None,encryption_key_id=None,glance_metadata=,group=,group_id=None,host=None,id=5cc7fd36-0377-48b9-9ebb-f88a2b82633f,launched_at=None,metadata={},migration_status=None,multiattach=False,previous_status=None,project_id='56c24e2953e34d8ab28e4bf1a21cebb0',provider_auth=None,provider_geometry=None,provider_id=None,provider_location=None,replication_driver_data=None,replication_extended_status=None,replication_status=None,scheduled_at=None,service_uuid=None,shared_targets=True,size=1,snapshot_id=None,snapshots=,source_volid=None,status='creating',terminated_at=None,updated_at=None,use_quota=True,user_id='bf8c7bd8a5b0496591231ebb3331cfaf',volume_attachment=,volume_type=VolumeType(f6f7fce0-1731-43e1-bd5d-747be77de924),volume_type_id=f6f7fce0-1731-43e1-bd5d-747be77de924)}' {{(pid=100664) _task_receiver /usr/local/lib/python3.8/dist-packages/taskflow/listeners/logging.py:178}}
Sep 01 15:28:56.034424 dv-cinder-804735-6-iscsi devstack@c-api.service[100664]: DEBUG cinder.volume.api [None req-b29653b4-0ea0-40f2-baa8-4fb34a3092d8 tempest-UserMessagesTest-1611841643 tempest-UserMessagesTest-1611841643-project] Task 'cinder.volume.flows.api.create_volume.QuotaCommitTask;volume:create' (bc3b8cc6-abfc-4d1d-9737-08ab1955b373) transitioned into state 'RUNNING' from state 'PENDING' {{(pid=100664) _task_receiver /usr/local/lib/python3.8/dist-packages/taskflow/listeners/logging.py:190}}
Sep 01 15:28:56.090029 dv-cinder-804735-6-iscsi devstack@c-api.service[100664]: DEBUG cinder.volume.api [None req-b29653b4-0ea0-40f2-baa8-4fb34a3092d8 tempest-UserMessagesTest-1611841643 tempest-UserMessagesTest-1611841643-project] Task 'cinder.volume.flows.api.create_volume.QuotaCommitTask;volume:create' (bc3b8cc6-abfc-4d1d-9737-08ab1955b373) transitioned into state 'SUCCESS' from state 'RUNNING' with result '{'volume_properties': VolumeProperties(attach_status='detached',availability_zone='nova',cgsnapshot_id=None,consistencygroup_id=None,display_description=None,display_name='tempest-UserMessagesTest-Volume-838233765',encryption_key_id=None,group_id=None,group_type_id=,metadata={},multiattach=False,project_id='56c24e2953e34d8ab28e4bf1a21cebb0',qos_specs=None,replication_status=,reservations=['225cbbd0-e4b0-46ac-b202-6626ee5bdff3','7a793055-7135-463c-a7ce-1830b95c838c','7a9c70f3-4431-4546-a5b2-aec041b8d8c0','2c71d40f-1981-463e-b5f8-855ed101a6be'],size=1,snapshot_id=None,source_replicaid=,source_volid=None,status='creating',user_id='bf8c7bd8a5b0496591231ebb3331cfaf',volume_type_id=f6f7fce0-1731-43e1-bd5d-747be77de924)}' {{(pid=100664) _task_receiver /usr/local/lib/python3.8/dist-packages/taskflow/listeners/logging.py:178}}
Sep 01 15:28:56.092620 dv-cinder-804735-6-iscsi devstack@c-api.service[100664]: DEBUG cinder.volume.api [None req-b29653b4-0ea0-40f2-baa8-4fb34a3092d8 tempest-UserMessagesTest-1611841643 tempest-UserMessagesTest-1611841643-project] Task 'cinder.volume.flows.api.create_volume.VolumeCastTask;volume:create' (fc1568df-a1f0-493a-986c-37450a8af9f0) transitioned into state 'RUNNING' from state 'PENDING' {{(pid=100664) _task_receiver /usr/local/lib/python3.8/dist-packages/taskflow/listeners/logging.py:190}}
Sep 01 15:28:56.148109 dv-cinder-804735-6-iscsi devstack@c-api.service[100664]: DEBUG cinder.volume.api [None req-b29653b4-0ea0-40f2-baa8-4fb34a3092d8 tempest-UserMessagesTest-1611841643 tempest-UserMessagesTest-1611841643-project] Task 'cinder.volume.flows.api.create_volume.VolumeCastTask;volume:create' (fc1568df-a1f0-493a-986c-37450a8af9f0) transitioned into state 'SUCCESS' from state 'RUNNING' with result 'None' {{(pid=100664) _task_receiver /usr/local/lib/python3.8/dist-packages/taskflow/listeners/logging.py:178}}
Sep 01 15:28:56.158461 dv-cinder-804735-6-iscsi devstack@c-api.service[100664]: DEBUG cinder.volume.api [None req-b29653b4-0ea0-40f2-baa8-4fb34a3092d8 tempest-UserMessagesTest-1611841643 tempest-UserMessagesTest-1611841643-project] Flow 'volume_create_api' (15ecabf8-b743-4262-b52a-303d7f2fab71) transitioned into state 'SUCCESS' from state 'RUNNING' {{(pid=100664) _flow_receiver /usr/local/lib/python3.8/dist-packages/taskflow/listeners/logging.py:141}}
Sep 01 15:28:56.159994 dv-cinder-804735-6-iscsi devstack@c-api.service[100664]: INFO cinder.volume.api [None req-b29653b4-0ea0-40f2-baa8-4fb34a3092d8 tempest-UserMessagesTest-1611841643 tempest-UserMessagesTest-1611841643-project] Create volume request issued successfully.
Sep 01 15:28:56.194045 dv-cinder-804735-6-iscsi devstack@c-api.service[100664]: INFO cinder.api.openstack.wsgi [None req-b29653b4-0ea0-40f2-baa8-4fb34a3092d8 tempest-UserMessagesTest-1611841643 tempest-UserMessagesTest-1611841643-project] http://10.222.0.69/volume/v3/56c24e2953e34d8ab28e4bf1a21cebb0/volumes returned with HTTP 202
Sep 01 15:28:56.206105 dv-cinder-804735-6-iscsi devstack@c-api.service[100664]: [pid: 100664|app: 0|req: 76/162] 10.222.0.69 () {62 vars in 1276 bytes} [Wed Sep 1 15:28:55 2021] POST /volume/v3/56c24e2953e34d8ab28e4bf1a21cebb0/volumes => generated 851 bytes in 673 msecs (HTTP/1.1 202) 7 headers in 291 bytes (2 switches on core 0)
Sep 01 15:28:56.209522 dv-cinder-804735-6-iscsi devstack@c-api.service[100665]: INFO cinder.api.openstack.wsgi [None req-49ca900a-5661-472e-ac2a-e6f1eced9c48 tempest-UserMessagesTest-1611841643 tempest-UserMessagesTest-1611841643-project] GET http://10.222.0.69/volume/v3/56c24e2953e34d8ab28e4bf1a21cebb0/volumes/5cc7fd36-0377-48b9-9ebb-f88a2b82633f
Sep 01 15:28:56.210687 dv-cinder-804735-6-iscsi devstack@c-api.service[100665]: DEBUG cinder.api.openstack.wsgi [None req-49ca900a-5661-472e-ac2a-e6f1eced9c48 tempest-UserMessagesTest-1611841643 tempest-UserMessagesTest-1611841643-project] Empty body provided in request {{(pid=100665) get_body /opt/stack/cinder/cinder/api/openstack/wsgi.py:703}}
Sep 01 15:28:56.212982 dv-cinder-804735-6-iscsi devstack@c-api.service[100665]: /usr/local/lib/python3.8/dist-packages/webob/acceptparse.py:1047: DeprecationWarning: The behavior of AcceptValidHeader.best_match is currently being maintained for backward compatibility, but it will be deprecated in the future, as it does not conform to the RFC.
Sep 01 15:28:56.212982 dv-cinder-804735-6-iscsi devstack@c-api.service[100665]: warnings.warn(
Sep 01 15:28:56.213619 dv-cinder-804735-6-iscsi devstack@c-api.service[100665]: DEBUG cinder.api.openstack.wsgi [None req-49ca900a-5661-472e-ac2a-e6f1eced9c48 tempest-UserMessagesTest-1611841643 tempest-UserMessagesTest-1611841643-project] Calling method 'show' {{(pid=100665) _process_stack /opt/stack/cinder/cinder/api/openstack/wsgi.py:856}}
Sep 01 15:28:56.248949 dv-cinder-804735-6-iscsi devstack@c-api.service[100665]: /usr/local/lib/python3.8/dist-packages/oslo_context/context.py:105: DeprecationWarning: Policy enforcement is depending on the value of is_admin. This key is deprecated. Please update your policy file to use the standard policy values.
Sep 01 15:28:56.248949 dv-cinder-804735-6-iscsi devstack@c-api.service[100665]: warnings.warn('Policy enforcement is depending on the value of '
Sep 01 15:28:56.285150 dv-cinder-804735-6-iscsi devstack@c-api.service[100665]: INFO cinder.volume.api [None req-49ca900a-5661-472e-ac2a-e6f1eced9c48 tempest-UserMessagesTest-1611841643 tempest-UserMessagesTest-1611841643-project] Volume info retrieved successfully.
Sep 01 15:28:56.328182 dv-cinder-804735-6-iscsi devstack@c-api.service[100665]: INFO cinder.api.openstack.wsgi [None req-49ca900a-5661-472e-ac2a-e6f1eced9c48 tempest-UserMessagesTest-1611841643 tempest-UserMessagesTest-1611841643-project] http://10.222.0.69/volume/v3/56c24e2953e34d8ab28e4bf1a21cebb0/volumes/5cc7fd36-0377-48b9-9ebb-f88a2b82633f returned with HTTP 200
Sep 01 15:28:56.338856 dv-cinder-804735-6-iscsi devstack@c-api.service[100665]: [pid: 100665|app: 0|req: 87/163] 10.222.0.69 () {60 vars in 1365 bytes} [Wed Sep 1 15:28:56 2021] GET /volume/v3/56c24e2953e34d8ab28e4bf1a21cebb0/volumes/5cc7fd36-0377-48b9-9ebb-f88a2b82633f => generated 919 bytes in 134 msecs (HTTP/1.1 200) 7 headers in 285 bytes (1 switches on core 0)
Sep 01 15:28:56.957097 dv-cinder-804735-6-iscsi devstack@c-api.service[100664]: INFO cinder.api.openstack.wsgi [None req-1d93175d-dac4-4a3f-8358-1d164f7a2733 tempest-VolumesTestJSON-1408441316 tempest-VolumesTestJSON-1408441316-project] GET http://10.222.0.69/volume/v3/8f530471e68f413f93211b296af58330/volumes/37d2b12c-34f9-43a6-b024-85fc0241a943
Sep 01 15:28:56.959745 dv-cinder-804735-6-iscsi devstack@c-api.service[100664]: DEBUG cinder.api.openstack.wsgi [None req-1d93175d-dac4-4a3f-8358-1d164f7a2733 tempest-VolumesTestJSON-1408441316 tempest-VolumesTestJSON-1408441316-project] Empty body provided in request {{(pid=100664) get_body /opt/stack/cinder/cinder/api/openstack/wsgi.py:703}}
Sep 01 15:28:56.960417 dv-cinder-804735-6-iscsi devstack@c-api.service[100664]: /usr/local/lib/python3.8/dist-packages/webob/acceptparse.py:1047: DeprecationWarning: The behavior of AcceptValidHeader.best_match is currently being maintained for backward compatibility, but it will be deprecated in the future, as it does not conform to the RFC.
Sep 01 15:28:56.960417 dv-cinder-804735-6-iscsi devstack@c-api.service[100664]: warnings.warn(
Sep 01 15:28:56.961475 dv-cinder-804735-6-iscsi devstack@c-api.service[100664]: DEBUG cinder.api.openstack.wsgi [None req-1d93175d-dac4-4a3f-8358-1d164f7a2733 tempest-VolumesTestJSON-1408441316 tempest-VolumesTestJSON-1408441316-project] Calling method 'show' {{(pid=100664) _process_stack /opt/stack/cinder/cinder/api/openstack/wsgi.py:856}}
Sep 01 15:28:56.988061 dv-cinder-804735-6-iscsi devstack@c-api.service[100664]: INFO cinder.api.openstack.wsgi [None req-1d93175d-dac4-4a3f-8358-1d164f7a2733 tempest-VolumesTestJSON-1408441316 tempest-VolumesTestJSON-1408441316-project] http://10.222.0.69/volume/v3/8f530471e68f413f93211b296af58330/volumes/37d2b12c-34f9-43a6-b024-85fc0241a943 returned with HTTP 404
Sep 01 15:28:56.989136 dv-cinder-804735-6-iscsi devstack@c-api.service[100664]: [pid: 100664|app: 0|req: 77/164] 10.222.0.69 () {58 vars in 1325 bytes} [Wed Sep 1 15:28:56 2021] GET /volume/v3/8f530471e68f413f93211b296af58330/volumes/37d2b12c-34f9-43a6-b024-85fc0241a943 => generated 109 bytes in 37 msecs (HTTP/1.1 404) 7 headers in 292 bytes (1 switches on core 0)
Sep 01 15:28:57.353969 dv-cinder-804735-6-iscsi devstack@c-api.service[100665]: INFO cinder.api.openstack.wsgi [None req-4244e4a7-472a-4d37-b123-1dcbf687841e tempest-UserMessagesTest-1611841643 tempest-UserMessagesTest-1611841643-project] GET http://10.222.0.69/volume/v3/56c24e2953e34d8ab28e4bf1a21cebb0/volumes/5cc7fd36-0377-48b9-9ebb-f88a2b82633f
Sep 01 15:28:57.355232 dv-cinder-804735-6-iscsi devstack@c-api.service[100665]: DEBUG cinder.api.openstack.wsgi [None req-4244e4a7-472a-4d37-b123-1dcbf687841e tempest-UserMessagesTest-1611841643 tempest-UserMessagesTest-1611841643-project] Empty body provided in request {{(pid=100665) get_body /opt/stack/cinder/cinder/api/openstack/wsgi.py:703}}
Sep 01 15:28:57.355653 dv-cinder-804735-6-iscsi devstack@c-api.service[100665]: /usr/local/lib/python3.8/dist-packages/webob/acceptparse.py:1047: DeprecationWarning: The behavior of AcceptValidHeader.best_match is currently being maintained for backward compatibility, but it will be deprecated in the future, as it does not conform to the RFC.
Sep 01 15:28:57.355653 dv-cinder-804735-6-iscsi devstack@c-api.service[100665]: warnings.warn(
Sep 01 15:28:57.356563 dv-cinder-804735-6-iscsi devstack@c-api.service[100665]: DEBUG cinder.api.openstack.wsgi [None req-4244e4a7-472a-4d37-b123-1dcbf687841e tempest-UserMessagesTest-1611841643 tempest-UserMessagesTest-1611841643-project] Calling method 'show' {{(pid=100665) _process_stack /opt/stack/cinder/cinder/api/openstack/wsgi.py:856}}
Sep 01 15:28:57.420308 dv-cinder-804735-6-iscsi devstack@c-api.service[100665]: /usr/local/lib/python3.8/dist-packages/oslo_context/context.py:105: DeprecationWarning: Policy enforcement is depending on the value of is_admin. This key is deprecated. Please update your policy file to use the standard policy values.
Sep 01 15:28:57.420308 dv-cinder-804735-6-iscsi devstack@c-api.service[100665]: warnings.warn('Policy enforcement is depending on the value of '
Sep 01 15:28:57.447548 dv-cinder-804735-6-iscsi devstack@c-api.service[100665]: INFO cinder.volume.api [None req-4244e4a7-472a-4d37-b123-1dcbf687841e tempest-UserMessagesTest-1611841643 tempest-UserMessagesTest-1611841643-project] Volume info retrieved successfully.
Sep 01 15:28:57.480420 dv-cinder-804735-6-iscsi devstack@c-api.service[100665]: INFO cinder.api.openstack.wsgi [None req-4244e4a7-472a-4d37-b123-1dcbf687841e tempest-UserMessagesTest-1611841643 tempest-UserMessagesTest-1611841643-project] http://10.222.0.69/volume/v3/56c24e2953e34d8ab28e4bf1a21cebb0/volumes/5cc7fd36-0377-48b9-9ebb-f88a2b82633f returned with HTTP 200
Sep 01 15:28:57.493881 dv-cinder-804735-6-iscsi devstack@c-api.service[100665]: [pid: 100665|app: 0|req: 88/165] 10.222.0.69 () {60 vars in 1365 bytes} [Wed Sep 1 15:28:57 2021] GET /volume/v3/56c24e2953e34d8ab28e4bf1a21cebb0/volumes/5cc7fd36-0377-48b9-9ebb-f88a2b82633f => generated 940 bytes in 144 msecs (HTTP/1.1 200) 7 headers in 285 bytes (1 switches on core 0)
Sep 01 15:28:57.499267 dv-cinder-804735-6-iscsi devstack@c-api.service[100664]: INFO cinder.api.openstack.wsgi [None req-10dc1d13-3307-4efa-8948-1cc45b56a3b6 tempest-UserMessagesTest-1611841643 tempest-UserMessagesTest-1611841643-project] GET http://10.222.0.69/volume/v3/56c24e2953e34d8ab28e4bf1a21cebb0/messages
Sep 01 15:28:57.499817 dv-cinder-804735-6-iscsi devstack@c-api.service[100664]: DEBUG cinder.api.openstack.wsgi [None req-10dc1d13-3307-4efa-8948-1cc45b56a3b6 tempest-UserMessagesTest-1611841643 tempest-UserMessagesTest-1611841643-project] Empty body provided in request {{(pid=100664) get_body /opt/stack/cinder/cinder/api/openstack/wsgi.py:703}}
Sep 01 15:28:57.500227 dv-cinder-804735-6-iscsi devstack@c-api.service[100664]: DEBUG cinder.api.openstack.wsgi [None req-10dc1d13-3307-4efa-8948-1cc45b56a3b6 tempest-UserMessagesTest-1611841643 tempest-UserMessagesTest-1611841643-project] Calling method 'version_select' {{(pid=100664) _process_stack /opt/stack/cinder/cinder/api/openstack/wsgi.py:856}}
Sep 01 15:28:57.501536 dv-cinder-804735-6-iscsi devstack@c-api.service[100664]: /usr/local/lib/python3.8/dist-packages/oslo_context/context.py:105: DeprecationWarning: Policy enforcement is depending on the value of is_admin. This key is deprecated. Please update your policy file to use the standard policy values.
Sep 01 15:28:57.501536 dv-cinder-804735-6-iscsi devstack@c-api.service[100664]: warnings.warn('Policy enforcement is depending on the value of '
Sep 01 15:28:57.513312 dv-cinder-804735-6-iscsi devstack@c-api.service[100664]: INFO cinder.api.openstack.wsgi [None req-10dc1d13-3307-4efa-8948-1cc45b56a3b6 tempest-UserMessagesTest-1611841643 tempest-UserMessagesTest-1611841643-project] http://10.222.0.69/volume/v3/56c24e2953e34d8ab28e4bf1a21cebb0/messages returned with HTTP 200
Sep 01 15:28:57.515964 dv-cinder-804735-6-iscsi devstack@c-api.service[100664]: [pid: 100664|app: 0|req: 78/166] 10.222.0.69 () {60 vars in 1257 bytes} [Wed Sep 1 15:28:57 2021] GET /volume/v3/56c24e2953e34d8ab28e4bf1a21cebb0/messages => generated 736 bytes in 22 msecs (HTTP/1.1 200) 7 headers in 285 bytes (2 switches on core 0)
Sep 01 15:28:57.531002 dv-cinder-804735-6-iscsi devstack@c-api.service[100665]: INFO cinder.api.openstack.wsgi [None req-6f7586e3-aff3-4a16-a8e1-e6bfbe1f6f0c tempest-UserMessagesTest-1611841643 tempest-UserMessagesTest-1611841643-project] GET http://10.222.0.69/volume/v3/56c24e2953e34d8ab28e4bf1a21cebb0/messages/81bc0bef-54d1-47e7-9f38-993c2901aebc
Sep 01 15:28:57.531538 dv-cinder-804735-6-iscsi devstack@c-api.service[100665]: DEBUG cinder.api.openstack.wsgi [None req-6f7586e3-aff3-4a16-a8e1-e6bfbe1f6f0c tempest-UserMessagesTest-1611841643 tempest-UserMessagesTest-1611841643-project] Empty body provided in request {{(pid=100665) get_body /opt/stack/cinder/cinder/api/openstack/wsgi.py:703}}
Sep 01 15:28:57.531760 dv-cinder-804735-6-iscsi devstack@c-api.service[100665]: /usr/local/lib/python3.8/dist-packages/webob/acceptparse.py:1047: DeprecationWarning: The behavior of AcceptValidHeader.best_match is currently being maintained for backward compatibility, but it will be deprecated in the future, as it does not conform to the RFC.
Sep 01 15:28:57.531760 dv-cinder-804735-6-iscsi devstack@c-api.service[100665]: warnings.warn(
Sep 01 15:28:57.532132 dv-cinder-804735-6-iscsi devstack@c-api.service[100665]: DEBUG cinder.api.openstack.wsgi [None req-6f7586e3-aff3-4a16-a8e1-e6bfbe1f6f0c tempest-UserMessagesTest-1611841643 tempest-UserMessagesTest-1611841643-project] Calling method 'version_select' {{(pid=100665) _process_stack /opt/stack/cinder/cinder/api/openstack/wsgi.py:856}}
Sep 01 15:28:57.543344 dv-cinder-804735-6-iscsi devstack@c-api.service[100665]: INFO cinder.api.openstack.wsgi [None req-6f7586e3-aff3-4a16-a8e1-e6bfbe1f6f0c tempest-UserMessagesTest-1611841643 tempest-UserMessagesTest-1611841643-project] http://10.222.0.69/volume/v3/56c24e2953e34d8ab28e4bf1a21cebb0/messages/81bc0bef-54d1-47e7-9f38-993c2901aebc returned with HTTP 200
Sep 01 15:28:57.544621 dv-cinder-804735-6-iscsi devstack@c-api.service[100665]: [pid: 100665|app: 0|req: 89/167] 10.222.0.69 () {60 vars in 1368 bytes} [Wed Sep 1 15:28:57 2021] GET /volume/v3/56c24e2953e34d8ab28e4bf1a21cebb0/messages/81bc0bef-54d1-47e7-9f38-993c2901aebc => generated 733 bytes in 21 msecs (HTTP/1.1 200) 7 headers in 285 bytes (1 switches on core 0)
Sep 01 15:28:57.555582 dv-cinder-804735-6-iscsi devstack@c-api.service[100664]: INFO cinder.api.openstack.wsgi [None req-bd569e4c-c560-4592-806f-bc0d20b6d0d3 tempest-UserMessagesTest-1611841643 tempest-UserMessagesTest-1611841643-project] GET http://10.222.0.69/volume/v3/56c24e2953e34d8ab28e4bf1a21cebb0/messages
Sep 01 15:28:57.556351 dv-cinder-804735-6-iscsi devstack@c-api.service[100664]: DEBUG cinder.api.openstack.wsgi [None req-bd569e4c-c560-4592-806f-bc0d20b6d0d3 tempest-UserMessagesTest-1611841643 tempest-UserMessagesTest-1611841643-project] Empty body provided in request {{(pid=100664) get_body /opt/stack/cinder/cinder/api/openstack/wsgi.py:703}}
Sep 01 15:28:57.556925 dv-cinder-804735-6-iscsi devstack@c-api.service[100664]: DEBUG cinder.api.openstack.wsgi [None req-bd569e4c-c560-4592-806f-bc0d20b6d0d3 tempest-UserMessagesTest-1611841643 tempest-UserMessagesTest-1611841643-project] Calling method 'version_select' {{(pid=100664) _process_stack /opt/stack/cinder/cinder/api/openstack/wsgi.py:856}}
Sep 01 15:28:57.564973 dv-cinder-804735-6-iscsi devstack@c-api.service[100664]: INFO cinder.api.openstack.wsgi [None req-bd569e4c-c560-4592-806f-bc0d20b6d0d3 tempest-UserMessagesTest-1611841643 tempest-UserMessagesTest-1611841643-project] http://10.222.0.69/volume/v3/56c24e2953e34d8ab28e4bf1a21cebb0/messages returned with HTTP 200
Sep 01 15:28:57.571915 dv-cinder-804735-6-iscsi devstack@c-api.service[100664]: [pid: 100664|app: 0|req: 79/168] 10.222.0.69 () {60 vars in 1257 bytes} [Wed Sep 1 15:28:57 2021] GET /volume/v3/56c24e2953e34d8ab28e4bf1a21cebb0/messages => generated 736 bytes in 17 msecs (HTTP/1.1 200) 7 headers in 285 bytes (1 switches on core 0)
Sep 01 15:28:57.576881 dv-cinder-804735-6-iscsi devstack@c-api.service[100665]: INFO cinder.api.openstack.wsgi [None req-fc6a8c21-e2cb-4d64-b006-5b6f0ea43aa8 tempest-UserMessagesTest-1611841643 tempest-UserMessagesTest-1611841643-project] DELETE http://10.222.0.69/volume/v3/56c24e2953e34d8ab28e4bf1a21cebb0/messages/81bc0bef-54d1-47e7-9f38-993c2901aebc
Sep 01 15:28:57.578148 dv-cinder-804735-6-iscsi devstack@c-api.service[100665]: DEBUG cinder.api.openstack.wsgi [None req-fc6a8c21-e2cb-4d64-b006-5b6f0ea43aa8 tempest-UserMessagesTest-1611841643 tempest-UserMessagesTest-1611841643-project] Empty body provided in request {{(pid=100665) get_body /opt/stack/cinder/cinder/api/openstack/wsgi.py:703}}
Sep 01 15:28:57.578714 dv-cinder-804735-6-iscsi devstack@c-api.service[100665]: DEBUG cinder.api.openstack.wsgi [None req-fc6a8c21-e2cb-4d64-b006-5b6f0ea43aa8 tempest-UserMessagesTest-1611841643 tempest-UserMessagesTest-1611841643-project] Calling method 'version_select' {{(pid=100665) _process_stack /opt/stack/cinder/cinder/api/openstack/wsgi.py:856}}
Sep 01 15:28:57.593252 dv-cinder-804735-6-iscsi devstack@c-api.service[100665]: INFO cinder.api.openstack.wsgi [None req-fc6a8c21-e2cb-4d64-b006-5b6f0ea43aa8 tempest-UserMessagesTest-1611841643 tempest-UserMessagesTest-1611841643-project] http://10.222.0.69/volume/v3/56c24e2953e34d8ab28e4bf1a21cebb0/messages/81bc0bef-54d1-47e7-9f38-993c2901aebc returned with HTTP 204
Sep 01 15:28:57.595315 dv-cinder-804735-6-iscsi devstack@c-api.service[100665]: [pid: 100665|app: 0|req: 90/169] 10.222.0.69 () {60 vars in 1371 bytes} [Wed Sep 1 15:28:57 2021] DELETE /volume/v3/56c24e2953e34d8ab28e4bf1a21cebb0/messages/81bc0bef-54d1-47e7-9f38-993c2901aebc => generated 0 bytes in 22 msecs (HTTP/1.1 204) 6 headers in 235 bytes (1 switches on core 0)
Sep 01 15:28:57.605068 dv-cinder-804735-6-iscsi devstack@c-api.service[100664]: INFO cinder.api.openstack.wsgi [None req-d7575130-1d86-47a2-bb0b-1136e91d0414 tempest-UserMessagesTest-1611841643 tempest-UserMessagesTest-1611841643-project] DELETE http://10.222.0.69/volume/v3/56c24e2953e34d8ab28e4bf1a21cebb0/volumes/5cc7fd36-0377-48b9-9ebb-f88a2b82633f
Sep 01 15:28:57.605697 dv-cinder-804735-6-iscsi devstack@c-api.service[100664]: DEBUG cinder.api.openstack.wsgi [None req-d7575130-1d86-47a2-bb0b-1136e91d0414 tempest-UserMessagesTest-1611841643 tempest-UserMessagesTest-1611841643-project] Empty body provided in request {{(pid=100664) get_body /opt/stack/cinder/cinder/api/openstack/wsgi.py:703}}
Sep 01 15:28:57.606264 dv-cinder-804735-6-iscsi devstack@c-api.service[100664]: DEBUG cinder.api.openstack.wsgi [None req-d7575130-1d86-47a2-bb0b-1136e91d0414 tempest-UserMessagesTest-1611841643 tempest-UserMessagesTest-1611841643-project] Calling method 'delete' {{(pid=100664) _process_stack /opt/stack/cinder/cinder/api/openstack/wsgi.py:856}}
Sep 01 15:28:57.606937 dv-cinder-804735-6-iscsi devstack@c-api.service[100664]: INFO cinder.api.v3.volumes [None req-d7575130-1d86-47a2-bb0b-1136e91d0414 tempest-UserMessagesTest-1611841643 tempest-UserMessagesTest-1611841643-project] Delete volume with id: 5cc7fd36-0377-48b9-9ebb-f88a2b82633f
Sep 01 15:28:57.626214 dv-cinder-804735-6-iscsi devstack@c-api.service[100664]: /usr/local/lib/python3.8/dist-packages/oslo_context/context.py:105: DeprecationWarning: Policy enforcement is depending on the value of is_admin. This key is deprecated. Please update your policy file to use the standard policy values.
Sep 01 15:28:57.626214 dv-cinder-804735-6-iscsi devstack@c-api.service[100664]: warnings.warn('Policy enforcement is depending on the value of '
Sep 01 15:28:57.627632 dv-cinder-804735-6-iscsi devstack@c-api.service[100664]: INFO cinder.volume.api [None req-d7575130-1d86-47a2-bb0b-1136e91d0414 tempest-UserMessagesTest-1611841643 tempest-UserMessagesTest-1611841643-project] Volume info retrieved successfully.
Sep 01 15:28:57.632643 dv-cinder-804735-6-iscsi devstack@c-api.service[100664]: DEBUG cinder.volume.api [None req-d7575130-1d86-47a2-bb0b-1136e91d0414 tempest-UserMessagesTest-1611841643 tempest-UserMessagesTest-1611841643-project] Decrease volume quotas for non temporary volume in non error_managing status. {{(pid=100664) delete /opt/stack/cinder/cinder/volume/api.py:406}}
