Nov 02 07:43:19.525818 dv-cinder-804735-33-smb neutron-server[111644]: DEBUG neutron_lib.callbacks.manager [None req-2a52a823-fe60-4a9f-98ef-2013bc782dcb None None] Publish callbacks ['neutron.services.segments.db._update_segment_host_mapping_for_agent-8761598136432', 'neutron.plugins.ml2.plugin.Ml2Plugin._retry_binding_revived_agents-852490'] for agent (2a281b75-03ac-4c35-bac8-5c35121575d3), after_update {{(pid=111644) _notify_loop /usr/local/lib/python3.8/dist-packages/neutron_lib/callbacks/manager.py:176}}
Nov 02 07:43:19.532575 dv-cinder-804735-33-smb neutron-server[111642]: INFO neutron.wsgi [None req-7dacf92d-9e1c-43d3-b288-687068135ef3 admin admin] 10.222.0.26 "POST /networking/v2.0/subnets HTTP/1.1" status: 201 len: 855 time: 0.9776750
Nov 02 07:43:19.532716 dv-cinder-804735-33-smb neutron-server[111643]: DEBUG neutron_lib.callbacks.manager [None req-e2819fad-6277-43bc-9eb5-64ee7b73f092 admin admin] Publish callbacks [] for subnet (None), before_create {{(pid=111643) _notify_loop /usr/local/lib/python3.8/dist-packages/neutron_lib/callbacks/manager.py:176}}
Nov 02 07:43:19.536399 dv-cinder-804735-33-smb neutron-server[111642]: DEBUG neutron.wsgi [-] (111642) accepted ('10.222.0.26', 33514) {{(pid=111642) server /usr/local/lib/python3.8/dist-packages/eventlet/wsgi.py:1004}}
Nov 02 07:43:19.585191 dv-cinder-804735-33-smb neutron-server[111642]: DEBUG neutron.api.v2.base [None req-17e3f08b-3477-4d5a-bd63-b4b917b90c0e admin admin] Request body: {'router': {'name': 'tempest-ServerRescueNegativeTestJSON-2013348043-router', 'tenant_id': 'f7ca4d5eb68e4e79bc69fcfd13289491', 'external_gateway_info': {'network_id': '4c25a02d-45b1-4e49-9ccd-eee6f6c9cb33'}}} {{(pid=111642) prepare_request_body /opt/stack/neutron/neutron/api/v2/base.py:730}}
Nov 02 07:43:19.594047 dv-cinder-804735-33-smb neutron-server[111644]: DEBUG neutron.api.rpc.handlers.dhcp_rpc [None req-287eed2c-77f0-4235-a45f-710e9b321007 None None] Create dhcp port {'port': {'name': '', 'admin_state_up': True, 'device_id': 'dhcp406c8687-7872-5e78-b41c-5c9ded5fc57e-76f458ba-ba53-48e9-9b03-e81efe3dd024', 'network_id': '76f458ba-ba53-48e9-9b03-e81efe3dd024', 'project_id': 'f7ca4d5eb68e4e79bc69fcfd13289491', 'fixed_ips': [{'subnet_id': '14b8b586-1c01-4afd-891c-993b404717c6'}]}} from dv-cinder-804735-33-smb. {{(pid=111644) create_dhcp_port /opt/stack/neutron/neutron/api/rpc/handlers/dhcp_rpc.py:282}}
Nov 02 07:43:19.595294 dv-cinder-804735-33-smb neutron-server[111644]: DEBUG neutron_lib.callbacks.manager [None req-287eed2c-77f0-4235-a45f-710e9b321007 None None] Publish callbacks ['neutron.plugins.ml2.plugin.SecurityGroupDbMixin._ensure_default_security_group_handler-912184'] for port (None), before_create {{(pid=111644) _notify_loop /usr/local/lib/python3.8/dist-packages/neutron_lib/callbacks/manager.py:176}}
Nov 02 07:43:19.629069 dv-cinder-804735-33-smb neutron-server[111643]: DEBUG neutron_lib.callbacks.manager [None req-de1f8d5f-26c1-4629-8cf5-6a512cb0e80e admin admin] Publish callbacks [] for security_group (None), before_create {{(pid=111643) _notify_loop /usr/local/lib/python3.8/dist-packages/neutron_lib/callbacks/manager.py:176}}
Nov 02 07:43:19.733644 dv-cinder-804735-33-smb neutron-server[111642]: DEBUG neutron_lib.callbacks.manager [None req-17e3f08b-3477-4d5a-bd63-b4b917b90c0e admin admin] Publish callbacks ['neutron.services.l3_router.l3_router_plugin.L3_HA_NAT_db_mixin._before_router_create_handler-1762178', 'neutron.services.l3_router.service_providers.driver_controller.DriverController._check_router_request-41358'] for router (84b2732f-8199-4132-980c-b6f5448788ad), before_create {{(pid=111642) _notify_loop /usr/local/lib/python3.8/dist-packages/neutron_lib/callbacks/manager.py:176}}
Nov 02 07:43:19.735208 dv-cinder-804735-33-smb neutron-server[111642]: DEBUG neutron_lib.callbacks.manager [None req-17e3f08b-3477-4d5a-bd63-b4b917b90c0e admin admin] Publish callbacks ['neutron.services.l3_router.l3_router_plugin.L3_HA_NAT_db_mixin._precommit_router_create-1708206', 'neutron.services.l3_router.l3_router_plugin.DVRResourceOperationHandler._set_distributed_flag-1711718', 'neutron.services.l3_router.l3_router_plugin.RouterAvailabilityZoneMixin._process_az_request-1723687', 'neutron.services.l3_router.service_providers.driver_controller.DriverController._set_router_provider-41399'] for router (84b2732f-8199-4132-980c-b6f5448788ad), precommit_create {{(pid=111642) _notify_loop /usr/local/lib/python3.8/dist-packages/neutron_lib/callbacks/manager.py:176}}
Nov 02 07:43:19.821245 dv-cinder-804735-33-smb neutron-server[111643]: DEBUG dbcounter [-] [111643] Writing DB stats neutron:SELECT=83,neutron:UPDATE=5,neutron:INSERT=8,neutron:DELETE=4 {{(pid=111643) stat_writer /usr/local/lib/python3.8/dist-packages/dbcounter.py:114}}
Nov 02 07:43:19.903064 dv-cinder-804735-33-smb neutron-server[111642]: DEBUG neutron_lib.callbacks.manager [None req-17e3f08b-3477-4d5a-bd63-b4b917b90c0e admin admin] Publish callbacks [] for router_controller (84b2732f-8199-4132-980c-b6f5448788ad), precommit_add_association {{(pid=111642) _notify_loop /usr/local/lib/python3.8/dist-packages/neutron_lib/callbacks/manager.py:176}}
Nov 02 07:43:19.926936 dv-cinder-804735-33-smb neutron-server[111643]: DEBUG neutron_lib.callbacks.manager [None req-de1f8d5f-26c1-4629-8cf5-6a512cb0e80e admin admin] Publish callbacks [] for security_group (61a40bd1-44aa-4533-961f-28946c8fd340), precommit_create {{(pid=111643) _notify_loop /usr/local/lib/python3.8/dist-packages/neutron_lib/callbacks/manager.py:176}}
Nov 02 07:43:19.929536 dv-cinder-804735-33-smb neutron-server[111644]: DEBUG neutron.db.db_base_plugin_common [None req-287eed2c-77f0-4235-a45f-710e9b321007 None None] Allocated IP 172.20.0.2 (76f458ba-ba53-48e9-9b03-e81efe3dd024/14b8b586-1c01-4afd-891c-993b404717c6/7fdd670e-bb2f-4c46-bd78-6d17d1a28203) {{(pid=111644) _store_ip_allocation /opt/stack/neutron/neutron/db/db_base_plugin_common.py:131}}
Nov 02 07:43:19.947561 dv-cinder-804735-33-smb neutron-server[111642]: DEBUG neutron_lib.callbacks.manager [None req-b3bb285f-5288-4102-ade9-dbb9d16a6506 admin admin] Publish callbacks ['neutron.plugins.ml2.ovo_rpc._ObjectChangeHandler.handle_event-1827565', 'neutron.api.rpc.agentnotifiers.dhcp_rpc_agent_api.DhcpAgentNotifyAPI._native_event_send_dhcp_notification-1640212'] for subnet (ca20c2ea-0176-4cd4-add1-a10ce3e8f30f), after_create {{(pid=111642) _notify_loop /usr/local/lib/python3.8/dist-packages/neutron_lib/callbacks/manager.py:176}}
Nov 02 07:43:20.005824 dv-cinder-804735-33-smb neutron-server[111642]: DEBUG neutron.api.rpc.handlers.resources_rpc [None req-b3bb285f-5288-4102-ade9-dbb9d16a6506 admin admin] Pushing event updated for resources: {'Subnet': ['ID=ca20c2ea-0176-4cd4-add1-a10ce3e8f30f,revision_number=0']} {{(pid=111642) push /opt/stack/neutron/neutron/api/rpc/handlers/resources_rpc.py:237}}
Nov 02 07:43:20.021725 dv-cinder-804735-33-smb neutron-server[111642]: DEBUG dbcounter [-] [111642] Writing DB stats neutron:SELECT=84,neutron:INSERT=12,neutron:DELETE=2,neutron:UPDATE=2 {{(pid=111642) stat_writer /usr/local/lib/python3.8/dist-packages/dbcounter.py:114}}
Nov 02 07:43:20.024944 dv-cinder-804735-33-smb neutron-server[111643]: DEBUG neutron_lib.callbacks.manager [None req-de1f8d5f-26c1-4629-8cf5-6a512cb0e80e admin admin] Publish callbacks ['neutron.plugins.ml2.ovo_rpc._ObjectChangeHandler.handle_event-1827328'] for security_group (61a40bd1-44aa-4533-961f-28946c8fd340), after_create {{(pid=111643) _notify_loop /usr/local/lib/python3.8/dist-packages/neutron_lib/callbacks/manager.py:176}}
Nov 02 07:43:20.095103 dv-cinder-804735-33-smb neutron-server[111644]: DEBUG neutron_lib.callbacks.manager [None req-287eed2c-77f0-4235-a45f-710e9b321007 None None] Publish callbacks [] for port (7fdd670e-bb2f-4c46-bd78-6d17d1a28203), precommit_create {{(pid=111644) _notify_loop /usr/local/lib/python3.8/dist-packages/neutron_lib/callbacks/manager.py:176}}
Nov 02 07:43:20.131819 dv-cinder-804735-33-smb neutron-server[111642]: DEBUG neutron.plugins.ml2.drivers.mech_agent [None req-b3bb285f-5288-4102-ade9-dbb9d16a6506 admin admin] Checking segment: {'id': '7d183f0e-a0fa-49b1-ba0f-a45a97dd8819', 'network_type': 'vlan', 'physical_network': 'physnet1', 'segmentation_id': 790, 'network_id': '4b6131bc-893b-48a0-991c-148694bd160e'} for mappings: {'physnet1': 'br-data'} with network types: ['local', 'flat', 'vlan'] {{(pid=111642) check_segment_for_agent /opt/stack/neutron/neutron/plugins/ml2/drivers/mech_agent.py:399}}
Nov 02 07:43:20.132186 dv-cinder-804735-33-smb neutron-server[111642]: DEBUG neutron.scheduler.dhcp_agent_scheduler [None req-b3bb285f-5288-4102-ade9-dbb9d16a6506 admin admin] Network hostable DHCP agents. Network: 4b6131bc-893b-48a0-991c-148694bd160e, hostable agents: ['2a281b75-03ac-4c35-bac8-5c35121575d3'], hosted agents: [] {{(pid=111642) _get_network_hostable_dhcp_agents /opt/stack/neutron/neutron/scheduler/dhcp_agent_scheduler.py:329}}
Nov 02 07:43:20.132305 dv-cinder-804735-33-smb neutron-server[111643]: DEBUG neutron.api.rpc.handlers.resources_rpc [None req-de1f8d5f-26c1-4629-8cf5-6a512cb0e80e admin admin] Pushing event updated for resources: {'SecurityGroup': ['ID=61a40bd1-44aa-4533-961f-28946c8fd340,revision_number=1']} {{(pid=111643) push /opt/stack/neutron/neutron/api/rpc/handlers/resources_rpc.py:237}}
Nov 02 07:43:20.135800 dv-cinder-804735-33-smb neutron-server[111642]: DEBUG dbcounter [-] [111642] Writing DB stats neutron:SELECT=87,neutron:INSERT=11,neutron:UPDATE=2 {{(pid=111642) stat_writer /usr/local/lib/python3.8/dist-packages/dbcounter.py:114}}
Nov 02 07:43:20.178976 dv-cinder-804735-33-smb neutron-server[111644]: DEBUG neutron_lib.callbacks.manager [None req-287eed2c-77f0-4235-a45f-710e9b321007 None None] Publish callbacks ['neutron.plugins.ml2.plugin.SecurityGroupServerNotifierRpcMixin._notify_sg_on_port_change-912255', 'neutron.plugins.ml2.ovo_rpc._ObjectChangeHandler.handle_event-9286', 'neutron.api.rpc.agentnotifiers.dhcp_rpc_agent_api.DhcpAgentNotifyAPI._native_event_send_dhcp_notification-1640212', 'neutron.db.l3_dvrscheduler_db._notify_l3_agent_new_port-8761597633455'] for port (7fdd670e-bb2f-4c46-bd78-6d17d1a28203), after_create {{(pid=111644) _notify_loop /usr/local/lib/python3.8/dist-packages/neutron_lib/callbacks/manager.py:176}}
Nov 02 07:43:20.193242 dv-cinder-804735-33-smb neutron-server[111643]: INFO neutron.wsgi [None req-de1f8d5f-26c1-4629-8cf5-6a512cb0e80e admin admin] 10.222.0.26 "GET /networking/v2.0/security-groups?tenant_id=38d08f66dcb047ab86aeb7110476298a&name=default HTTP/1.1" status: 200 len: 2992 time: 0.8330815
Nov 02 07:43:20.197049 dv-cinder-804735-33-smb neutron-server[111643]: DEBUG neutron.wsgi [-] (111643) accepted ('10.222.0.26', 33542) {{(pid=111643) server /usr/local/lib/python3.8/dist-packages/eventlet/wsgi.py:1004}}
Nov 02 07:43:20.248594 dv-cinder-804735-33-smb neutron-server[111643]: DEBUG neutron_lib.callbacks.manager [None req-e2819fad-6277-43bc-9eb5-64ee7b73f092 admin admin] Publish callbacks ['neutron.plugins.ml2.ovo_rpc._ObjectChangeHandler.handle_event-1827565', 'neutron.api.rpc.agentnotifiers.dhcp_rpc_agent_api.DhcpAgentNotifyAPI._native_event_send_dhcp_notification-1640212'] for subnet (b4087f44-46bd-4e4c-bf74-f651099a524d), after_create {{(pid=111643) _notify_loop /usr/local/lib/python3.8/dist-packages/neutron_lib/callbacks/manager.py:176}}
Nov 02 07:43:20.256938 dv-cinder-804735-33-smb neutron-server[111644]: DEBUG neutron.scheduler.dhcp_agent_scheduler [None req-287eed2c-77f0-4235-a45f-710e9b321007 None None] Network 76f458ba-ba53-48e9-9b03-e81efe3dd024 is already hosted by enough agents. {{(pid=111644) _get_dhcp_agents_hosting_network /opt/stack/neutron/neutron/scheduler/dhcp_agent_scheduler.py:275}}
Nov 02 07:43:20.262762 dv-cinder-804735-33-smb neutron-server[111642]: DEBUG neutron_lib.callbacks.manager [None req-17e3f08b-3477-4d5a-bd63-b4b917b90c0e admin admin] Publish callbacks [] for router_gateway (84b2732f-8199-4132-980c-b6f5448788ad), precommit_update {{(pid=111642) _notify_loop /usr/local/lib/python3.8/dist-packages/neutron_lib/callbacks/manager.py:176}}
Nov 02 07:43:20.267576 dv-cinder-804735-33-smb neutron-server[111643]: DEBUG dbcounter [-] [111643] Writing DB stats neutron:SELECT=81,neutron:INSERT=17,neutron:UPDATE=2 {{(pid=111643) stat_writer /usr/local/lib/python3.8/dist-packages/dbcounter.py:114}}
Nov 02 07:43:20.274484 dv-cinder-804735-33-smb neutron-server[111644]: DEBUG neutron.scheduler.base_scheduler [None req-287eed2c-77f0-4235-a45f-710e9b321007 None None] Resources bound (agent type, host, resource id): {{(pid=111644) schedule /opt/stack/neutron/neutron/scheduler/base_scheduler.py:57}}
Nov 02 07:43:20.276415 dv-cinder-804735-33-smb neutron-server[111644]: DEBUG neutron.api.rpc.handlers.resources_rpc [None req-287eed2c-77f0-4235-a45f-710e9b321007 None None] Pushing event updated for resources: {'Port': ['ID=7fdd670e-bb2f-4c46-bd78-6d17d1a28203,revision_number=1']} {{(pid=111644) push /opt/stack/neutron/neutron/api/rpc/handlers/resources_rpc.py:237}}
Nov 02 07:43:20.279386 dv-cinder-804735-33-smb neutron-server[111644]: DEBUG neutron.db.l3_dvrscheduler_db [None req-287eed2c-77f0-4235-a45f-710e9b321007 None None] Received port after_create {{(pid=111644) _notify_l3_agent_new_port /opt/stack/neutron/neutron/db/l3_dvrscheduler_db.py:542}}
Nov 02 07:43:20.300454 dv-cinder-804735-33-smb neutron-server[111644]: DEBUG neutron.api.rpc.callbacks.version_manager [None req-287eed2c-77f0-4235-a45f-710e9b321007 None None] Version for resource type AddressGroup changed None to 1.2 on consumer Open vSwitch agent@dv-cinder-804735-33-smb {{(pid=111644) _set_version /opt/stack/neutron/neutron/api/rpc/callbacks/version_manager.py:113}}
Nov 02 07:43:20.302793 dv-cinder-804735-33-smb neutron-server[111644]: DEBUG neutron.api.rpc.callbacks.version_manager [None req-287eed2c-77f0-4235-a45f-710e9b321007 None None] Version for resource type Agent changed None to 1.1 on consumer Open vSwitch agent@dv-cinder-804735-33-smb {{(pid=111644) _set_version /opt/stack/neutron/neutron/api/rpc/callbacks/version_manager.py:113}}
Nov 02 07:43:20.302793 dv-cinder-804735-33-smb neutron-server[111644]: DEBUG neutron.api.rpc.callbacks.version_manager [None req-287eed2c-77f0-4235-a45f-710e9b321007 None None] Version for resource type ConntrackHelper changed None to 1.0 on consumer Open vSwitch agent@dv-cinder-804735-33-smb {{(pid=111644) _set_version /opt/stack/neutron/neutron/api/rpc/callbacks/version_manager.py:113}}
Nov 02 07:43:20.302793 dv-cinder-804735-33-smb neutron-server[111644]: DEBUG neutron.api.rpc.callbacks.version_manager [None req-287eed2c-77f0-4235-a45f-710e9b321007 None None] Version for resource type LocalIPAssociation changed None to 1.0 on consumer Open vSwitch agent@dv-cinder-804735-33-smb {{(pid=111644) _set_version /opt/stack/neutron/neutron/api/rpc/callbacks/version_manager.py:113}}
Nov 02 07:43:20.302793 dv-cinder-804735-33-smb neutron-server[111644]: DEBUG neutron.api.rpc.callbacks.version_manager [None req-287eed2c-77f0-4235-a45f-710e9b321007 None None] Version for resource type Log changed None to 1.0 on consumer Open vSwitch agent@dv-cinder-804735-33-smb {{(pid=111644) _set_version /opt/stack/neutron/neutron/api/rpc/callbacks/version_manager.py:113}}
Nov 02 07:43:20.302793 dv-cinder-804735-33-smb neutron-server[111644]: DEBUG neutron.api.rpc.callbacks.version_manager [None req-287eed2c-77f0-4235-a45f-710e9b321007 None None] Version for resource type NDPProxy changed None to 1.0 on consumer Open vSwitch agent@dv-cinder-804735-33-smb {{(pid=111644) _set_version /opt/stack/neutron/neutron/api/rpc/callbacks/version_manager.py:113}}
Nov 02 07:43:20.303303 dv-cinder-804735-33-smb neutron-server[111644]: DEBUG neutron.api.rpc.callbacks.version_manager [None req-287eed2c-77f0-4235-a45f-710e9b321007 None None] Version for resource type Network changed None to 1.1 on consumer Open vSwitch agent@dv-cinder-804735-33-smb {{(pid=111644) _set_version /opt/stack/neutron/neutron/api/rpc/callbacks/version_manager.py:113}}
Nov 02 07:43:20.303790 dv-cinder-804735-33-smb neutron-server[111644]: DEBUG neutron.api.rpc.callbacks.version_manager [None req-287eed2c-77f0-4235-a45f-710e9b321007 None None] Version for resource type Port changed None to 1.7 on consumer Open vSwitch agent@dv-cinder-804735-33-smb {{(pid=111644) _set_version /opt/stack/neutron/neutron/api/rpc/callbacks/version_manager.py:113}}
Nov 02 07:43:20.304110 dv-cinder-804735-33-smb neutron-server[111644]: DEBUG neutron.api.rpc.callbacks.version_manager [None req-287eed2c-77f0-4235-a45f-710e9b321007 None None] Version for resource type PortForwarding changed None to 1.3 on consumer Open vSwitch agent@dv-cinder-804735-33-smb {{(pid=111644) _set_version /opt/stack/neutron/neutron/api/rpc/callbacks/version_manager.py:113}}
Nov 02 07:43:20.304433 dv-cinder-804735-33-smb neutron-server[111644]: DEBUG neutron.api.rpc.callbacks.version_manager [None req-287eed2c-77f0-4235-a45f-710e9b321007 None None] Version for resource type QosPolicy changed None to 1.10 on consumer Open vSwitch agent@dv-cinder-804735-33-smb {{(pid=111644) _set_version /opt/stack/neutron/neutron/api/rpc/callbacks/version_manager.py:113}}
Nov 02 07:43:20.304757 dv-cinder-804735-33-smb neutron-server[111644]: DEBUG neutron.api.rpc.callbacks.version_manager [None req-287eed2c-77f0-4235-a45f-710e9b321007 None None] Version for resource type SecurityGroup changed None to 1.5 on consumer Open vSwitch agent@dv-cinder-804735-33-smb {{(pid=111644) _set_version /opt/stack/neutron/neutron/api/rpc/callbacks/version_manager.py:113}}
Nov 02 07:43:20.305096 dv-cinder-804735-33-smb neutron-server[111644]: DEBUG neutron.api.rpc.callbacks.version_manager [None req-287eed2c-77f0-4235-a45f-710e9b321007 None None] Version for resource type SecurityGroupRule changed None to 1.2 on consumer Open vSwitch agent@dv-cinder-804735-33-smb {{(pid=111644) _set_version /opt/stack/neutron/neutron/api/rpc/callbacks/version_manager.py:113}}
Nov 02 07:43:20.305419 dv-cinder-804735-33-smb neutron-server[111644]: DEBUG neutron.api.rpc.callbacks.version_manager [None req-287eed2c-77f0-4235-a45f-710e9b321007 None None] Version for resource type SubPort changed None to 1.0 on consumer Open vSwitch agent@dv-cinder-804735-33-smb {{(pid=111644) _set_version /opt/stack/neutron/neutron/api/rpc/callbacks/version_manager.py:113}}
Nov 02 07:43:20.305758 dv-cinder-804735-33-smb neutron-server[111644]: DEBUG neutron.api.rpc.callbacks.version_manager [None req-287eed2c-77f0-4235-a45f-710e9b321007 None None] Version for resource type Subnet changed None to 1.1 on consumer Open vSwitch agent@dv-cinder-804735-33-smb {{(pid=111644) _set_version /opt/stack/neutron/neutron/api/rpc/callbacks/version_manager.py:113}}
Nov 02 07:43:20.306074 dv-cinder-804735-33-smb neutron-server[111644]: DEBUG neutron.api.rpc.callbacks.version_manager [None req-287eed2c-77f0-4235-a45f-710e9b321007 None None] Version for resource type Trunk changed None to 1.1 on consumer Open vSwitch agent@dv-cinder-804735-33-smb {{(pid=111644) _set_version /opt/stack/neutron/neutron/api/rpc/callbacks/version_manager.py:113}}
Nov 02 07:43:20.307195 dv-cinder-804735-33-smb neutron-server[111644]: DEBUG neutron.api.rpc.callbacks.version_manager [None req-287eed2c-77f0-4235-a45f-710e9b321007 None None] Tracked resource versions report:
Nov 02 07:43:20.307195 dv-cinder-804735-33-smb neutron-server[111644]: pushed versions:
Nov 02 07:43:20.307195 dv-cinder-804735-33-smb neutron-server[111644]: { 'AddressGroup': {'1.2'},
Nov 02 07:43:20.307195 dv-cinder-804735-33-smb neutron-server[111644]: 'Agent': {'1.1'},
Nov 02 07:43:20.307195 dv-cinder-804735-33-smb neutron-server[111644]: 'ConntrackHelper': {'1.0'},
Nov 02 07:43:20.307195 dv-cinder-804735-33-smb neutron-server[111644]: 'LocalIPAssociation': {'1.0'},
Nov 02 07:43:20.307195 dv-cinder-804735-33-smb neutron-server[111644]: 'Log': {'1.0'},
Nov 02 07:43:20.307195 dv-cinder-804735-33-smb neutron-server[111644]: 'NDPProxy': {'1.0'},
Nov 02 07:43:20.307195 dv-cinder-804735-33-smb neutron-server[111644]: 'Network': {'1.1'},
Nov 02 07:43:20.307195 dv-cinder-804735-33-smb neutron-server[111644]: 'Port': {'1.7'},
Nov 02 07:43:20.307195 dv-cinder-804735-33-smb neutron-server[111644]: 'PortForwarding': {'1.3'},
Nov 02 07:43:20.307195 dv-cinder-804735-33-smb neutron-server[111644]: 'QosPolicy': {'1.10'},
Nov 02 07:43:20.307195 dv-cinder-804735-33-smb neutron-server[111644]: 'SecurityGroup': {'1.5'},
Nov 02 07:43:20.307195 dv-cinder-804735-33-smb neutron-server[111644]: 'SecurityGroupRule': {'1.2'},
Nov 02 07:43:20.307195 dv-cinder-804735-33-smb neutron-server[111644]: 'SubPort': {'1.0'},
Nov 02 07:43:20.307195 dv-cinder-804735-33-smb neutron-server[111644]: 'Subnet': {'1.1'},
Nov 02 07:43:20.307195 dv-cinder-804735-33-smb neutron-server[111644]: 'Trunk': {'1.1'}}
Nov 02 07:43:20.307195 dv-cinder-804735-33-smb neutron-server[111644]: consumer versions:
Nov 02 07:43:20.307195 dv-cinder-804735-33-smb neutron-server[111644]: { DHCP agent@dv-cinder-804735-33-smb: {},
Nov 02 07:43:20.307195 dv-cinder-804735-33-smb neutron-server[111644]: HyperV agent@hv-cinder-80473: {},
Nov 02 07:43:20.307195 dv-cinder-804735-33-smb neutron-server[111644]: L3 agent@dv-cinder-804735-33-smb: {},
Nov 02 07:43:20.307195 dv-cinder-804735-33-smb neutron-server[111644]: Metadata agent@dv-cinder-804735-33-smb: {},
Nov 02 07:43:20.307195 dv-cinder-804735-33-smb neutron-server[111644]: Metering agent@dv-cinder-804735-33-smb: {},
Nov 02 07:43:20.307195 dv-cinder-804735-33-smb neutron-server[111644]: Open vSwitch agent@dv-cinder-804735-33-smb: { 'AddressGroup': '1.2',
Nov 02 07:43:20.307195 dv-cinder-804735-33-smb neutron-server[111644]: 'Agent': '1.1',
Nov 02 07:43:20.307195 dv-cinder-804735-33-smb neutron-server[111644]: 'ConntrackHelper': '1.0',
Nov 02 07:43:20.307195 dv-cinder-804735-33-smb neutron-server[111644]: 'LocalIPAssociation': '1.0',
Nov 02 07:43:20.307195 dv-cinder-804735-33-smb neutron-server[111644]: 'Log': '1.0',
Nov 02 07:43:20.307195 dv-cinder-804735-33-smb neutron-server[111644]: 'NDPProxy': '1.0',
Nov 02 07:43:20.307195 dv-cinder-804735-33-smb neutron-server[111644]: 'Network': '1.1',
Nov 02 07:43:20.307195 dv-cinder-804735-33-smb neutron-server[111644]: 'Port': '1.7',
Nov 02 07:43:20.307195 dv-cinder-804735-33-smb neutron-server[111644]: 'PortForwarding': '1.3',
Nov 02 07:43:20.307195 dv-cinder-804735-33-smb neutron-server[111644]: 'QosPolicy': '1.10',
Nov 02 07:43:20.307195 dv-cinder-804735-33-smb neutron-server[111644]: 'SecurityGroup': '1.5',
Nov 02 07:43:20.307195 dv-cinder-804735-33-smb neutron-server[111644]: 'SecurityGroupRule': '1.2',
Nov 02 07:43:20.307195 dv-cinder-804735-33-smb neutron-server[111644]: 'SubPort': '1.0',
Nov 02 07:43:20.307195 dv-cinder-804735-33-smb neutron-server[111644]: 'Subnet': '1.1',
Nov 02 07:43:20.307195 dv-cinder-804735-33-smb neutron-server[111644]: 'Trunk': '1.1'}}
Nov 02 07:43:20.307195 dv-cinder-804735-33-smb neutron-server[111644]: {{(pid=111644) report /opt/stack/neutron/neutron/api/rpc/callbacks/version_manager.py:175}}
Nov 02 07:43:20.342575 dv-cinder-804735-33-smb neutron-server[111644]: DEBUG dbcounter [-] [111644] Writing DB stats neutron:SELECT=91,neutron:UPDATE=6,neutron:INSERT=3 {{(pid=111644) stat_writer /usr/local/lib/python3.8/dist-packages/dbcounter.py:114}}
Nov 02 07:43:20.347400 dv-cinder-804735-33-smb neutron-server[111643]: DEBUG neutron.api.rpc.handlers.resources_rpc [None req-e2819fad-6277-43bc-9eb5-64ee7b73f092 admin admin] Pushing event updated for resources: {'Subnet': ['ID=b4087f44-46bd-4e4c-bf74-f651099a524d,revision_number=0']} {{(pid=111643) push /opt/stack/neutron/neutron/api/rpc/handlers/resources_rpc.py:237}}
Nov 02 07:43:20.355658 dv-cinder-804735-33-smb neutron-server[111642]: DEBUG neutron.scheduler.dhcp_agent_scheduler [None req-b3bb285f-5288-4102-ade9-dbb9d16a6506 admin admin] Network 4b6131bc-893b-48a0-991c-148694bd160e is scheduled to be hosted by DHCP agent 2a281b75-03ac-4c35-bac8-5c35121575d3 with binding_index 1 {{(pid=111642) bind /opt/stack/neutron/neutron/scheduler/dhcp_agent_scheduler.py:227}}
Nov 02 07:43:20.356357 dv-cinder-804735-33-smb neutron-server[111643]: DEBUG neutron_lib.callbacks.manager [None req-7e8423ba-66c9-44c2-81ad-5e734b30b8cb admin admin] Publish callbacks [] for security_group (61a40bd1-44aa-4533-961f-28946c8fd340), before_delete {{(pid=111643) _notify_loop /usr/local/lib/python3.8/dist-packages/neutron_lib/callbacks/manager.py:176}}
Nov 02 07:43:20.374900 dv-cinder-804735-33-smb neutron-server[111643]: DEBUG neutron.plugins.ml2.drivers.mech_agent [None req-e2819fad-6277-43bc-9eb5-64ee7b73f092 admin admin] Checking segment: {'id': '3e4c2e51-2a23-49b6-86ef-cd44b4db1e9f', 'network_type': 'vlan', 'physical_network': 'physnet1', 'segmentation_id': 754, 'network_id': 'd8342d7b-099e-4eaa-8fac-39116c37b9eb'} for mappings: {'physnet1': 'br-data'} with network types: ['local', 'flat', 'vlan'] {{(pid=111643) check_segment_for_agent /opt/stack/neutron/neutron/plugins/ml2/drivers/mech_agent.py:399}}
Nov 02 07:43:20.375323 dv-cinder-804735-33-smb neutron-server[111643]: DEBUG neutron.scheduler.dhcp_agent_scheduler [None req-e2819fad-6277-43bc-9eb5-64ee7b73f092 admin admin] Network hostable DHCP agents. Network: d8342d7b-099e-4eaa-8fac-39116c37b9eb, hostable agents: ['2a281b75-03ac-4c35-bac8-5c35121575d3'], hosted agents: [] {{(pid=111643) _get_network_hostable_dhcp_agents /opt/stack/neutron/neutron/scheduler/dhcp_agent_scheduler.py:329}}
Nov 02 07:43:20.392479 dv-cinder-804735-33-smb neutron-server[111644]: DEBUG neutron.plugins.ml2.managers [None req-287eed2c-77f0-4235-a45f-710e9b321007 None None] Attempting to bind port 7fdd670e-bb2f-4c46-bd78-6d17d1a28203 on host dv-cinder-804735-33-smb for vnic_type normal with profile {{(pid=111644) bind_port /opt/stack/neutron/neutron/plugins/ml2/managers.py:810}}
Nov 02 07:43:20.393092 dv-cinder-804735-33-smb neutron-server[111644]: DEBUG neutron.plugins.ml2.managers [None req-287eed2c-77f0-4235-a45f-710e9b321007 None None] Attempting to bind port 7fdd670e-bb2f-4c46-bd78-6d17d1a28203 by drivers openvswitch,hyperv on host dv-cinder-804735-33-smb at level 0 using segments [{'id': 'ccea9448-cf3b-4a4a-b301-37c52f1e67df', 'network_type': 'vlan', 'physical_network': 'physnet1', 'segmentation_id': 760, 'network_id': '76f458ba-ba53-48e9-9b03-e81efe3dd024'}] {{(pid=111644) _bind_port_level /opt/stack/neutron/neutron/plugins/ml2/managers.py:835}}
Nov 02 07:43:20.398158 dv-cinder-804735-33-smb neutron-server[111644]: DEBUG neutron.plugins.ml2.drivers.mech_agent [None req-287eed2c-77f0-4235-a45f-710e9b321007 None None] Attempting to bind port 7fdd670e-bb2f-4c46-bd78-6d17d1a28203 on network 76f458ba-ba53-48e9-9b03-e81efe3dd024 {{(pid=111644) bind_port /opt/stack/neutron/neutron/plugins/ml2/drivers/mech_agent.py:91}}
Nov 02 07:43:20.398304 dv-cinder-804735-33-smb neutron-server[111643]: DEBUG neutron_lib.callbacks.manager [None req-7e8423ba-66c9-44c2-81ad-5e734b30b8cb admin admin] Publish callbacks [] for security_group (61a40bd1-44aa-4533-961f-28946c8fd340), precommit_delete {{(pid=111643) _notify_loop /usr/local/lib/python3.8/dist-packages/neutron_lib/callbacks/manager.py:176}}
Nov 02 07:43:20.453783 dv-cinder-804735-33-smb neutron-server[111644]: DEBUG neutron.plugins.ml2.drivers.mech_agent [None req-287eed2c-77f0-4235-a45f-710e9b321007 None None] Checking agent: {'id': 'da6bc32c-c1b5-46c4-8c0d-4965edd4f7a1', 'agent_type': 'Open vSwitch agent', 'binary': 'neutron-openvswitch-agent', 'topic': 'N/A', 'host': 'dv-cinder-804735-33-smb', 'admin_state_up': True, 'created_at': datetime.datetime(2022, 11, 2, 7, 34, 55), 'started_at': datetime.datetime(2022, 11, 2, 7, 35, 25), 'heartbeat_timestamp': datetime.datetime(2022, 11, 2, 7, 42, 55), 'description': None, 'resources_synced': None, 'availability_zone': None, 'alive': True, 'configurations': {'arp_responder_enabled': False, 'baremetal_smartnic': False, 'bridge_mappings': {'physnet1': 'br-data'}, 'datapath_type': 'system', 'devices': 0, 'enable_distributed_routing': False, 'extensions': [], 'in_distributed_mode': False, 'integration_bridge': 'br-int', 'l2_population': False, 'log_agent_heartbeats': False, 'ovs_capabilities': {'datapath_types': ['netdev', 'system'], 'iface_types': ['erspan', 'geneve', 'gre', 'internal', 'ip6erspan', 'ip6gre', 'lisp', 'patch', 'stt', 'system', 'tap', 'vxlan']}, 'ovs_hybrid_plug': False, 'resource_provider_bandwidths': {}, 'resource_provider_hypervisors': {'br-data': 'dv-cinder-804735-33-smb'}, 'resource_provider_inventory_defaults': {'allocation_ratio': 1.0, 'min_unit': 1, 'step_size': 1, 'reserved': 0}, 'resource_provider_packet_processing_inventory_defaults': {'allocation_ratio': 1.0, 'min_unit': 1, 'step_size': 1, 'reserved': 0}, 'resource_provider_packet_processing_with_direction': {}, 'resource_provider_packet_processing_without_direction': {}, 'tunnel_types': [], 'tunneling_ip': None, 'vhostuser_socket_dir': '/var/run/openvswitch'}, 'resource_versions': {'AddressGroup': '1.2', 'Agent': '1.1', 'ConntrackHelper': '1.0', 'LocalIPAssociation': '1.0', 'Log': '1.0', 'NDPProxy': '1.0', 'Network': '1.1', 'Port': '1.7', 'PortForwarding': '1.3', 'QosPolicy': '1.10', 'SecurityGroup': '1.5', 'SecurityGroupRule': '1.2', 'SubPort': '1.0', 'Subnet': '1.1', 'Trunk': '1.1'}} {{(pid=111644) bind_port /opt/stack/neutron/neutron/plugins/ml2/drivers/mech_agent.py:127}}
Nov 02 07:43:20.457942 dv-cinder-804735-33-smb neutron-server[111644]: DEBUG neutron.plugins.ml2.drivers.mech_agent [None req-287eed2c-77f0-4235-a45f-710e9b321007 None None] Checking segment: {'id': 'ccea9448-cf3b-4a4a-b301-37c52f1e67df', 'network_type': 'vlan', 'physical_network': 'physnet1', 'segmentation_id': 760, 'network_id': '76f458ba-ba53-48e9-9b03-e81efe3dd024'} for mappings: {'physnet1': 'br-data'} with network types: ['local', 'flat', 'vlan'] {{(pid=111644) check_segment_for_agent /opt/stack/neutron/neutron/plugins/ml2/drivers/mech_agent.py:399}}
Nov 02 07:43:20.457942 dv-cinder-804735-33-smb neutron-server[111644]: DEBUG neutron_lib.callbacks.manager [None req-287eed2c-77f0-4235-a45f-710e9b321007 None None] Publish callbacks [] for ovs_bridge_name (None), before_read {{(pid=111644) _notify_loop /usr/local/lib/python3.8/dist-packages/neutron_lib/callbacks/manager.py:176}}
Nov 02 07:43:20.457942 dv-cinder-804735-33-smb neutron-server[111644]: DEBUG neutron.plugins.ml2.drivers.mech_agent [None req-287eed2c-77f0-4235-a45f-710e9b321007 None None] Bound using segment: {'id': 'ccea9448-cf3b-4a4a-b301-37c52f1e67df', 'network_type': 'vlan', 'physical_network': 'physnet1', 'segmentation_id': 760, 'network_id': '76f458ba-ba53-48e9-9b03-e81efe3dd024'} {{(pid=111644) bind_port /opt/stack/neutron/neutron/plugins/ml2/drivers/mech_agent.py:137}}
Nov 02 07:43:20.457942 dv-cinder-804735-33-smb neutron-server[111644]: DEBUG neutron.plugins.ml2.managers [None req-287eed2c-77f0-4235-a45f-710e9b321007 None None] Bound port: 7fdd670e-bb2f-4c46-bd78-6d17d1a28203, host: dv-cinder-804735-33-smb, vif_type: ovs, vif_details: {"connectivity": "l2", "port_filter": true, "ovs_hybrid_plug": false, "datapath_type": "system", "bridge_name": "br-int"}, binding_levels: [{'bound_driver': 'openvswitch', 'bound_segment': {'id': 'ccea9448-cf3b-4a4a-b301-37c52f1e67df', 'network_type': 'vlan', 'physical_network': 'physnet1', 'segmentation_id': 760, 'network_id': '76f458ba-ba53-48e9-9b03-e81efe3dd024'}}] {{(pid=111644) _bind_port_level /opt/stack/neutron/neutron/plugins/ml2/managers.py:947}}
Nov 02 07:43:20.457942 dv-cinder-804735-33-smb neutron-server[111644]: DEBUG neutron_lib.callbacks.manager [None req-287eed2c-77f0-4235-a45f-710e9b321007 None None] Publish callbacks ['neutron.plugins.ml2.plugin.SecurityGroupDbMixin._ensure_default_security_group_handler-912184'] for port (7fdd670e-bb2f-4c46-bd78-6d17d1a28203), before_update {{(pid=111644) _notify_loop /usr/local/lib/python3.8/dist-packages/neutron_lib/callbacks/manager.py:176}}
Nov 02 07:43:20.479726 dv-cinder-804735-33-smb neutron-server[111642]: DEBUG neutron.scheduler.base_scheduler [None req-b3bb285f-5288-4102-ade9-dbb9d16a6506 admin admin] Resources bound (agent type, host, resource id): (DHCP agent, dv-cinder-804735-33-smb, 4b6131bc-893b-48a0-991c-148694bd160e) {{(pid=111642) schedule /opt/stack/neutron/neutron/scheduler/base_scheduler.py:57}}
Nov 02 07:43:20.487707 dv-cinder-804735-33-smb neutron-server[111642]: DEBUG neutron.pecan_wsgi.hooks.policy_enforcement [None req-b3bb285f-5288-4102-ade9-dbb9d16a6506 admin admin] Attributes excluded by policy engine: ['standard_attr_id', 'shared', 'network'] {{(pid=111642) _exclude_attributes_by_policy /opt/stack/neutron/neutron/pecan_wsgi/hooks/policy_enforcement.py:259}}
Nov 02 07:43:20.488295 dv-cinder-804735-33-smb neutron-server[111642]: DEBUG neutron_lib.callbacks.manager [None req-b3bb285f-5288-4102-ade9-dbb9d16a6506 admin admin] Publish callbacks ['neutron.api.rpc.agentnotifiers.dhcp_rpc_agent_api.DhcpAgentNotifyAPI._send_dhcp_notification-1640198'] for subnet (None), before_response {{(pid=111642) _notify_loop /usr/local/lib/python3.8/dist-packages/neutron_lib/callbacks/manager.py:176}}
Nov 02 07:43:20.497116 dv-cinder-804735-33-smb neutron-server[111644]: DEBUG neutron.api.rpc.handlers.dhcp_rpc [None req-eade9748-cac4-46be-921a-bf27a146c9d2 None None] Network 4b6131bc-893b-48a0-991c-148694bd160e requested from dv-cinder-804735-33-smb {{(pid=111644) get_network_info /opt/stack/neutron/neutron/api/rpc/handlers/dhcp_rpc.py:193}}
Nov 02 07:43:20.562250 dv-cinder-804735-33-smb neutron-server[111643]: DEBUG neutron_lib.callbacks.manager [None req-7e8423ba-66c9-44c2-81ad-5e734b30b8cb admin admin] Publish callbacks ['neutron.plugins.ml2.ovo_rpc._ObjectChangeHandler.handle_event-1827328'] for security_group (61a40bd1-44aa-4533-961f-28946c8fd340), after_delete {{(pid=111643) _notify_loop /usr/local/lib/python3.8/dist-packages/neutron_lib/callbacks/manager.py:176}}
Nov 02 07:43:20.567751 dv-cinder-804735-33-smb neutron-server[111643]: DEBUG neutron_lib.callbacks.manager [None req-7e8423ba-66c9-44c2-81ad-5e734b30b8cb admin admin] Publish callbacks [] for security_group (None), before_response {{(pid=111643) _notify_loop /usr/local/lib/python3.8/dist-packages/neutron_lib/callbacks/manager.py:176}}
Nov 02 07:43:20.569578 dv-cinder-804735-33-smb neutron-server[111643]: INFO neutron.wsgi [None req-7e8423ba-66c9-44c2-81ad-5e734b30b8cb admin admin] 10.222.0.26 "DELETE /networking/v2.0/security-groups/61a40bd1-44aa-4533-961f-28946c8fd340 HTTP/1.1" status: 204 len: 168 time: 0.3715491
Nov 02 07:43:20.572250 dv-cinder-804735-33-smb neutron-server[111644]: DEBUG dbcounter [-] [111644] Writing DB stats neutron:SELECT=95,neutron:UPDATE=2,neutron:INSERT=3 {{(pid=111644) stat_writer /usr/local/lib/python3.8/dist-packages/dbcounter.py:114}}
Nov 02 07:43:20.586899 dv-cinder-804735-33-smb neutron-server[111643]: DEBUG neutron.api.rpc.handlers.resources_rpc [None req-7e8423ba-66c9-44c2-81ad-5e734b30b8cb admin admin] Pushing event deleted for resources: {'SecurityGroup': ['ID=61a40bd1-44aa-4533-961f-28946c8fd340,revision_number=None']} {{(pid=111643) push /opt/stack/neutron/neutron/api/rpc/handlers/resources_rpc.py:237}}
Nov 02 07:43:20.588882 dv-cinder-804735-33-smb neutron-server[111644]: DEBUG neutron.plugins.ml2.db [None req-287eed2c-77f0-4235-a45f-710e9b321007 None None] For port 7fdd670e-bb2f-4c46-bd78-6d17d1a28203, host dv-cinder-804735-33-smb, cleared binding levels {{(pid=111644) clear_binding_levels /opt/stack/neutron/neutron/plugins/ml2/db.py:87}}
Nov 02 07:43:20.593980 dv-cinder-804735-33-smb neutron-server[111643]: DEBUG neutron.scheduler.dhcp_agent_scheduler [None req-e2819fad-6277-43bc-9eb5-64ee7b73f092 admin admin] Network d8342d7b-099e-4eaa-8fac-39116c37b9eb is scheduled to be hosted by DHCP agent 2a281b75-03ac-4c35-bac8-5c35121575d3 with binding_index 1 {{(pid=111643) bind /opt/stack/neutron/neutron/scheduler/dhcp_agent_scheduler.py:227}}
Nov 02 07:43:20.595811 dv-cinder-804735-33-smb neutron-server[111644]: DEBUG neutron.plugins.ml2.db [None req-287eed2c-77f0-4235-a45f-710e9b321007 None None] For port 7fdd670e-bb2f-4c46-bd78-6d17d1a28203, host dv-cinder-804735-33-smb, set binding levels [PortBindingLevel(driver='openvswitch',host='dv-cinder-804735-33-smb',level=0,port_id=7fdd670e-bb2f-4c46-bd78-6d17d1a28203,segment=NetworkSegment(ccea9448-cf3b-4a4a-b301-37c52f1e67df),segment_id=ccea9448-cf3b-4a4a-b301-37c52f1e67df)] {{(pid=111644) set_binding_levels /opt/stack/neutron/neutron/plugins/ml2/db.py:59}}
Nov 02 07:43:20.611237 dv-cinder-804735-33-smb neutron-server[111643]: DEBUG neutron.scheduler.base_scheduler [None req-e2819fad-6277-43bc-9eb5-64ee7b73f092 admin admin] Resources bound (agent type, host, resource id): (DHCP agent, dv-cinder-804735-33-smb, d8342d7b-099e-4eaa-8fac-39116c37b9eb) {{(pid=111643) schedule /opt/stack/neutron/neutron/scheduler/base_scheduler.py:57}}
Nov 02 07:43:20.612988 dv-cinder-804735-33-smb neutron-server[111643]: DEBUG neutron.pecan_wsgi.hooks.policy_enforcement [None req-e2819fad-6277-43bc-9eb5-64ee7b73f092 admin admin] Attributes excluded by policy engine: ['standard_attr_id', 'shared', 'network'] {{(pid=111643) _exclude_attributes_by_policy /opt/stack/neutron/neutron/pecan_wsgi/hooks/policy_enforcement.py:259}}
Nov 02 07:43:20.614197 dv-cinder-804735-33-smb neutron-server[111643]: DEBUG neutron_lib.callbacks.manager [None req-e2819fad-6277-43bc-9eb5-64ee7b73f092 admin admin] Publish callbacks ['neutron.api.rpc.agentnotifiers.dhcp_rpc_agent_api.DhcpAgentNotifyAPI._send_dhcp_notification-1640198'] for subnet (None), before_response {{(pid=111643) _notify_loop /usr/local/lib/python3.8/dist-packages/neutron_lib/callbacks/manager.py:176}}
Nov 02 07:43:20.615063 dv-cinder-804735-33-smb neutron-server[111642]: INFO neutron.wsgi [None req-b3bb285f-5288-4102-ade9-dbb9d16a6506 admin admin] 10.222.0.26 "POST /networking/v2.0/subnets HTTP/1.1" status: 201 len: 848 time: 1.3515067
Nov 02 07:43:20.618210 dv-cinder-804735-33-smb neutron-server[111642]: DEBUG neutron.wsgi [-] (111642) accepted ('10.222.0.26', 33552) {{(pid=111642) server /usr/local/lib/python3.8/dist-packages/eventlet/wsgi.py:1004}}
Nov 02 07:43:20.622998 dv-cinder-804735-33-smb neutron-server[111644]: DEBUG neutron.api.rpc.handlers.dhcp_rpc [None req-c0e402b4-eb42-4eb7-a783-7544c2e962b5 None None] Network d8342d7b-099e-4eaa-8fac-39116c37b9eb requested from dv-cinder-804735-33-smb {{(pid=111644) get_network_info /opt/stack/neutron/neutron/api/rpc/handlers/dhcp_rpc.py:193}}
Nov 02 07:43:20.624278 dv-cinder-804735-33-smb neutron-server[111642]: DEBUG neutron.api.v2.base [None req-1e5120f9-9612-4232-b395-34535b485520 admin admin] Request body: {'router': {'name': 'tempest-DeleteServersTestJSON-1794983320-router', 'tenant_id': '20acd5f2f33f4da8a4ef61363a283844', 'external_gateway_info': {'network_id': '4c25a02d-45b1-4e49-9ccd-eee6f6c9cb33'}}} {{(pid=111642) prepare_request_body /opt/stack/neutron/neutron/api/v2/base.py:730}}
Nov 02 07:43:20.654728 dv-cinder-804735-33-smb neutron-server[111642]: DEBUG neutron_lib.callbacks.manager [None req-17e3f08b-3477-4d5a-bd63-b4b917b90c0e admin admin] Publish callbacks [] for router_gateway (84b2732f-8199-4132-980c-b6f5448788ad), before_create {{(pid=111642) _notify_loop /usr/local/lib/python3.8/dist-packages/neutron_lib/callbacks/manager.py:176}}
Nov 02 07:43:20.678965 dv-cinder-804735-33-smb neutron-server[111642]: DEBUG neutron_lib.callbacks.manager [None req-17e3f08b-3477-4d5a-bd63-b4b917b90c0e admin admin] Publish callbacks ['neutron.plugins.ml2.plugin.SecurityGroupDbMixin._ensure_default_security_group_handler-912184'] for port (None), before_create {{(pid=111642) _notify_loop /usr/local/lib/python3.8/dist-packages/neutron_lib/callbacks/manager.py:176}}
Nov 02 07:43:20.722761 dv-cinder-804735-33-smb neutron-server[111644]: DEBUG neutron.api.rpc.handlers.dhcp_rpc [None req-1672c80f-c237-416f-b89b-549566e4d58f None None] Create dhcp port {'port': {'name': '', 'admin_state_up': True, 'device_id': 'dhcp406c8687-7872-5e78-b41c-5c9ded5fc57e-4b6131bc-893b-48a0-991c-148694bd160e', 'network_id': '4b6131bc-893b-48a0-991c-148694bd160e', 'project_id': '20acd5f2f33f4da8a4ef61363a283844', 'fixed_ips': [{'subnet_id': 'ca20c2ea-0176-4cd4-add1-a10ce3e8f30f'}]}} from dv-cinder-804735-33-smb. {{(pid=111644) create_dhcp_port /opt/stack/neutron/neutron/api/rpc/handlers/dhcp_rpc.py:282}}
Nov 02 07:43:20.724292 dv-cinder-804735-33-smb neutron-server[111644]: DEBUG neutron_lib.callbacks.manager [None req-1672c80f-c237-416f-b89b-549566e4d58f None None] Publish callbacks ['neutron.plugins.ml2.plugin.SecurityGroupDbMixin._ensure_default_security_group_handler-912184'] for port (None), before_create {{(pid=111644) _notify_loop /usr/local/lib/python3.8/dist-packages/neutron_lib/callbacks/manager.py:176}}
Nov 02 07:43:20.745061 dv-cinder-804735-33-smb neutron-server[111643]: INFO neutron.wsgi [None req-e2819fad-6277-43bc-9eb5-64ee7b73f092 admin admin] 10.222.0.26 "POST /networking/v2.0/subnets HTTP/1.1" status: 201 len: 853 time: 1.3423581
Nov 02 07:43:20.745358 dv-cinder-804735-33-smb neutron-server[111644]: DEBUG neutron_lib.callbacks.manager [None req-287eed2c-77f0-4235-a45f-710e9b321007 None None] Publish callbacks ['neutron.plugins.ml2.plugin.SecurityGroupServerNotifierRpcMixin._notify_sg_on_port_change-912255', 'neutron.plugins.ml2.ovo_rpc._ObjectChangeHandler.handle_event-9286', 'neutron.api.rpc.agentnotifiers.dhcp_rpc_agent_api.DhcpAgentNotifyAPI._native_event_send_dhcp_notification-1640212', 'neutron.db.l3_db.L3RpcNotifierMixin._notify_gateway_port_ip_changed-8761598045058', 'neutron.db.l3_dvrscheduler_db._notify_l3_agent_port_update-8761597633473', 'neutron.db.l3_hascheduler_db._notify_l3_agent_ha_port_update-8761597633491'] for port (7fdd670e-bb2f-4c46-bd78-6d17d1a28203), after_update {{(pid=111644) _notify_loop /usr/local/lib/python3.8/dist-packages/neutron_lib/callbacks/manager.py:176}}
Nov 02 07:43:20.746121 dv-cinder-804735-33-smb neutron-server[111643]: DEBUG neutron.wsgi [-] (111643) accepted ('10.222.0.26', 33556) {{(pid=111643) server /usr/local/lib/python3.8/dist-packages/eventlet/wsgi.py:1004}}
Nov 02 07:43:20.754766 dv-cinder-804735-33-smb neutron-server[111643]: DEBUG neutron.api.v2.base [None req-d76ce25e-fa30-405a-9769-3de67a6d4911 admin admin] Request body: {'router': {'name': 'tempest-AttachVolumeShelveTestJSON-2052628418-router', 'tenant_id': '5eb23720bea740eea688e561b98b5121', 'external_gateway_info': {'network_id': '4c25a02d-45b1-4e49-9ccd-eee6f6c9cb33'}}} {{(pid=111643) prepare_request_body /opt/stack/neutron/neutron/api/v2/base.py:730}}
Nov 02 07:43:20.834414 dv-cinder-804735-33-smb neutron-server[111642]: DEBUG neutron.db.db_base_plugin_common [None req-17e3f08b-3477-4d5a-bd63-b4b917b90c0e admin admin] Allocated IP 172.28.4.63 (4c25a02d-45b1-4e49-9ccd-eee6f6c9cb33/014a34f0-35b2-47ad-ba0c-371072899594/9ba6581a-bef2-4e73-9f1e-4c1c1ae39012) {{(pid=111642) _store_ip_allocation /opt/stack/neutron/neutron/db/db_base_plugin_common.py:131}}
Nov 02 07:43:20.878349 dv-cinder-804735-33-smb neutron-server[111643]: DEBUG neutron_lib.callbacks.manager [None req-d76ce25e-fa30-405a-9769-3de67a6d4911 admin admin] Publish callbacks ['neutron.services.l3_router.l3_router_plugin.L3_HA_NAT_db_mixin._before_router_create_handler-1762178', 'neutron.services.l3_router.service_providers.driver_controller.DriverController._check_router_request-41358'] for router (6c4a8899-0a44-48d5-adf3-e0850fff3359), before_create {{(pid=111643) _notify_loop /usr/local/lib/python3.8/dist-packages/neutron_lib/callbacks/manager.py:176}}
Nov 02 07:43:20.884278 dv-cinder-804735-33-smb neutron-server[111643]: DEBUG neutron_lib.callbacks.manager [None req-d76ce25e-fa30-405a-9769-3de67a6d4911 admin admin] Publish callbacks ['neutron.services.l3_router.l3_router_plugin.L3_HA_NAT_db_mixin._precommit_router_create-1708206', 'neutron.services.l3_router.l3_router_plugin.DVRResourceOperationHandler._set_distributed_flag-1711718', 'neutron.services.l3_router.l3_router_plugin.RouterAvailabilityZoneMixin._process_az_request-1723687', 'neutron.services.l3_router.service_providers.driver_controller.DriverController._set_router_provider-41399'] for router (6c4a8899-0a44-48d5-adf3-e0850fff3359), precommit_create {{(pid=111643) _notify_loop /usr/local/lib/python3.8/dist-packages/neutron_lib/callbacks/manager.py:176}}
Nov 02 07:43:20.900955 dv-cinder-804735-33-smb neutron-server[111642]: DEBUG neutron_lib.callbacks.manager [None req-1e5120f9-9612-4232-b395-34535b485520 admin admin] Publish callbacks ['neutron.services.l3_router.l3_router_plugin.L3_HA_NAT_db_mixin._before_router_create_handler-1762178', 'neutron.services.l3_router.service_providers.driver_controller.DriverController._check_router_request-41358'] for router (6ce729ac-d107-40a2-9807-13074414acf7), before_create {{(pid=111642) _notify_loop /usr/local/lib/python3.8/dist-packages/neutron_lib/callbacks/manager.py:176}}
Nov 02 07:43:20.902510 dv-cinder-804735-33-smb neutron-server[111642]: DEBUG neutron_lib.callbacks.manager [None req-1e5120f9-9612-4232-b395-34535b485520 admin admin] Publish callbacks ['neutron.services.l3_router.l3_router_plugin.L3_HA_NAT_db_mixin._precommit_router_create-1708206', 'neutron.services.l3_router.l3_router_plugin.DVRResourceOperationHandler._set_distributed_flag-1711718', 'neutron.services.l3_router.l3_router_plugin.RouterAvailabilityZoneMixin._process_az_request-1723687', 'neutron.services.l3_router.service_providers.driver_controller.DriverController._set_router_provider-41399'] for router (6ce729ac-d107-40a2-9807-13074414acf7), precommit_create {{(pid=111642) _notify_loop /usr/local/lib/python3.8/dist-packages/neutron_lib/callbacks/manager.py:176}}
Nov 02 07:43:20.904355 dv-cinder-804735-33-smb neutron-server[111644]: DEBUG neutron.api.rpc.handlers.resources_rpc [None req-287eed2c-77f0-4235-a45f-710e9b321007 None None] Pushing event updated for resources: {'Port': ['ID=7fdd670e-bb2f-4c46-bd78-6d17d1a28203,revision_number=2']} {{(pid=111644) push /opt/stack/neutron/neutron/api/rpc/handlers/resources_rpc.py:237}}
Nov 02 07:43:20.914225 dv-cinder-804735-33-smb neutron-server[111644]: DEBUG neutron.api.rpc.handlers.dhcp_rpc [None req-fd0511f7-a07f-43e8-8f6f-421abe2a2311 None None] Create dhcp port {'port': {'name': '', 'admin_state_up': True, 'device_id': 'dhcp406c8687-7872-5e78-b41c-5c9ded5fc57e-d8342d7b-099e-4eaa-8fac-39116c37b9eb', 'network_id': 'd8342d7b-099e-4eaa-8fac-39116c37b9eb', 'project_id': '5eb23720bea740eea688e561b98b5121', 'fixed_ips': [{'subnet_id': 'b4087f44-46bd-4e4c-bf74-f651099a524d'}]}} from dv-cinder-804735-33-smb. {{(pid=111644) create_dhcp_port /opt/stack/neutron/neutron/api/rpc/handlers/dhcp_rpc.py:282}}
Nov 02 07:43:20.915362 dv-cinder-804735-33-smb neutron-server[111644]: DEBUG neutron_lib.callbacks.manager [None req-fd0511f7-a07f-43e8-8f6f-421abe2a2311 None None] Publish callbacks ['neutron.plugins.ml2.plugin.SecurityGroupDbMixin._ensure_default_security_group_handler-912184'] for port (None), before_create {{(pid=111644) _notify_loop /usr/local/lib/python3.8/dist-packages/neutron_lib/callbacks/manager.py:176}}
Nov 02 07:43:21.067952 dv-cinder-804735-33-smb neutron-server[111644]: DEBUG neutron.db.db_base_plugin_common [None req-1672c80f-c237-416f-b89b-549566e4d58f None None] Allocated IP 172.20.0.2 (4b6131bc-893b-48a0-991c-148694bd160e/ca20c2ea-0176-4cd4-add1-a10ce3e8f30f/737af1ac-0fe4-4ff7-9136-60ac4c4250e6) {{(pid=111644) _store_ip_allocation /opt/stack/neutron/neutron/db/db_base_plugin_common.py:131}}
Nov 02 07:43:21.069650 dv-cinder-804735-33-smb neutron-server[111642]: DEBUG neutron_lib.callbacks.manager [None req-1e5120f9-9612-4232-b395-34535b485520 admin admin] Publish callbacks [] for router_controller (6ce729ac-d107-40a2-9807-13074414acf7), precommit_add_association {{(pid=111642) _notify_loop /usr/local/lib/python3.8/dist-packages/neutron_lib/callbacks/manager.py:176}}
Nov 02 07:43:21.095673 dv-cinder-804735-33-smb neutron-server[111642]: DEBUG neutron_lib.callbacks.manager [None req-17e3f08b-3477-4d5a-bd63-b4b917b90c0e admin admin] Publish callbacks [] for port (9ba6581a-bef2-4e73-9f1e-4c1c1ae39012), precommit_create {{(pid=111642) _notify_loop /usr/local/lib/python3.8/dist-packages/neutron_lib/callbacks/manager.py:176}}
Nov 02 07:43:21.136983 dv-cinder-804735-33-smb neutron-server[111643]: DEBUG neutron_lib.callbacks.manager [None req-d76ce25e-fa30-405a-9769-3de67a6d4911 admin admin] Publish callbacks [] for router_controller (6c4a8899-0a44-48d5-adf3-e0850fff3359), precommit_add_association {{(pid=111643) _notify_loop /usr/local/lib/python3.8/dist-packages/neutron_lib/callbacks/manager.py:176}}
Nov 02 07:43:21.424455 dv-cinder-804735-33-smb neutron-server[111642]: DEBUG neutron_lib.callbacks.manager [None req-17e3f08b-3477-4d5a-bd63-b4b917b90c0e admin admin] Publish callbacks ['neutron.plugins.ml2.plugin.SecurityGroupServerNotifierRpcMixin._notify_sg_on_port_change-912255', 'neutron.plugins.ml2.ovo_rpc._ObjectChangeHandler.handle_event-9286', 'neutron.api.rpc.agentnotifiers.dhcp_rpc_agent_api.DhcpAgentNotifyAPI._native_event_send_dhcp_notification-1640212', 'neutron.db.l3_dvrscheduler_db._notify_l3_agent_new_port-8761597633455'] for port (9ba6581a-bef2-4e73-9f1e-4c1c1ae39012), after_create {{(pid=111642) _notify_loop /usr/local/lib/python3.8/dist-packages/neutron_lib/callbacks/manager.py:176}}
Nov 02 07:43:21.519302 dv-cinder-804735-33-smb neutron-server[111644]: DEBUG neutron.db.db_base_plugin_common [None req-fd0511f7-a07f-43e8-8f6f-421abe2a2311 None None] Allocated IP 172.20.0.2 (d8342d7b-099e-4eaa-8fac-39116c37b9eb/b4087f44-46bd-4e4c-bf74-f651099a524d/2775b7b2-b2f5-4e7f-adb3-2b0f4b5d74b5) {{(pid=111644) _store_ip_allocation /opt/stack/neutron/neutron/db/db_base_plugin_common.py:131}}
