May 19 12:09:06.334702 dv-cinder-804735-30-iscsi neutron-server[103806]: DEBUG neutron_lib.callbacks.manager [None req-103ae607-69f4-478c-ba3c-58d24954536d None None] Publish callbacks ['neutron.services.segments.db._update_segment_host_mapping_for_agent-8784146835460', 'neutron.plugins.ml2.plugin.Ml2Plugin._retry_binding_revived_agents-819631'] for agent (4c7f54d1-3d11-44c2-8685-52621176c901), after_update {{(pid=103806) _notify_loop /usr/local/lib/python3.8/dist-packages/neutron_lib/callbacks/manager.py:176}}
May 19 12:09:06.455806 dv-cinder-804735-30-iscsi neutron-server[103806]: DEBUG neutron.plugins.ml2.plugin [None req-f8ac7375-de9b-45c1-a51c-fae615e500cf None None] Current status of the port cbce84f7-5e1a-42ff-abfc-a92b5d6c4722 is: ACTIVE; New status is: ACTIVE {{(pid=103806) _update_individual_port_db_status /opt/stack/neutron/neutron/plugins/ml2/plugin.py:2296}}
May 19 12:09:06.555173 dv-cinder-804735-30-iscsi neutron-server[103805]: DEBUG neutron.api.rpc.handlers.resources_rpc [None req-73595e12-2d20-43c4-94af-d531c9c9760a admin admin] Pushing event updated for resources: {'Subnet': ['ID=6662e633-00b8-4a9a-8438-8eb136aab888,revision_number=0']} {{(pid=103805) push /opt/stack/neutron/neutron/api/rpc/handlers/resources_rpc.py:237}}
May 19 12:09:06.564203 dv-cinder-804735-30-iscsi neutron-server[103805]: DEBUG neutron.plugins.ml2.drivers.mech_agent [None req-73595e12-2d20-43c4-94af-d531c9c9760a admin admin] Checking segment: {'id': 'da73aef7-dc1c-4a6d-b1dc-e485dea352e1', 'network_type': 'vlan', 'physical_network': 'physnet1', 'segmentation_id': 501, 'network_id': '31dbaa3b-af2d-4782-acbc-1ce43838265d'} for mappings: {'physnet1': 'br-data'} with network types: ['local', 'flat', 'vlan'] {{(pid=103805) check_segment_for_agent /opt/stack/neutron/neutron/plugins/ml2/drivers/mech_agent.py:373}}
May 19 12:09:06.564588 dv-cinder-804735-30-iscsi neutron-server[103805]: DEBUG neutron.scheduler.dhcp_agent_scheduler [None req-73595e12-2d20-43c4-94af-d531c9c9760a admin admin] Network hostable DHCP agents. Network: 31dbaa3b-af2d-4782-acbc-1ce43838265d, hostable agents: ['e049d205-4823-48a6-bef6-c16c7fb6afc0'], hosted agents: [] {{(pid=103805) _get_network_hostable_dhcp_agents /opt/stack/neutron/neutron/scheduler/dhcp_agent_scheduler.py:329}}
May 19 12:09:06.591780 dv-cinder-804735-30-iscsi neutron-server[103804]: DEBUG neutron.api.rpc.handlers.resources_rpc [None req-d99a91a7-955c-4efe-8646-6abc52dca7b7 admin admin] Pushing event updated for resources: {'Port': ['ID=c83f82b9-f0f7-4c25-964f-fa29c04a882a,revision_number=1']} {{(pid=103804) push /opt/stack/neutron/neutron/api/rpc/handlers/resources_rpc.py:237}}
May 19 12:09:06.623600 dv-cinder-804735-30-iscsi neutron-server[103807]: DEBUG dbcounter [-] [103807] Writing DB stats neutron:SELECT=97,neutron:UPDATE=2,neutron:INSERT=1 {{(pid=103807) stat_writer /usr/local/lib/python3.8/dist-packages/dbcounter.py:114}}
May 19 12:09:06.631674 dv-cinder-804735-30-iscsi neutron-server[103805]: DEBUG neutron.scheduler.dhcp_agent_scheduler [None req-73595e12-2d20-43c4-94af-d531c9c9760a admin admin] Network 31dbaa3b-af2d-4782-acbc-1ce43838265d is scheduled to be hosted by DHCP agent e049d205-4823-48a6-bef6-c16c7fb6afc0 with binding_index 1 {{(pid=103805) bind /opt/stack/neutron/neutron/scheduler/dhcp_agent_scheduler.py:227}}
May 19 12:09:06.639961 dv-cinder-804735-30-iscsi neutron-server[103804]: DEBUG neutron_lib.callbacks.manager [None req-3eba5a95-6203-4dc9-ac52-885e3254c02c admin admin] Publish callbacks ['neutron.plugins.ml2.ovo_rpc._ObjectChangeHandler.handle_event-1580654', 'neutron.api.rpc.agentnotifiers.dhcp_rpc_agent_api.DhcpAgentNotifyAPI._native_event_send_dhcp_notification-1624971'] for subnet (0217b534-0ff5-455a-85eb-3c7acc8cde91), after_create {{(pid=103804) _notify_loop /usr/local/lib/python3.8/dist-packages/neutron_lib/callbacks/manager.py:176}}
May 19 12:09:06.652525 dv-cinder-804735-30-iscsi neutron-server[103805]: DEBUG neutron.scheduler.base_scheduler [None req-73595e12-2d20-43c4-94af-d531c9c9760a admin admin] Resources bound (agent type, host, resource id): (DHCP agent, dv-cinder-804735-30-iscsi, 31dbaa3b-af2d-4782-acbc-1ce43838265d) {{(pid=103805) schedule /opt/stack/neutron/neutron/scheduler/base_scheduler.py:57}}
May 19 12:09:06.658792 dv-cinder-804735-30-iscsi neutron-server[103805]: DEBUG neutron.pecan_wsgi.hooks.policy_enforcement [None req-73595e12-2d20-43c4-94af-d531c9c9760a admin admin] Attributes excluded by policy engine: ['standard_attr_id', 'shared', 'network'] {{(pid=103805) _exclude_attributes_by_policy /opt/stack/neutron/neutron/pecan_wsgi/hooks/policy_enforcement.py:259}}
May 19 12:09:06.660924 dv-cinder-804735-30-iscsi neutron-server[103805]: DEBUG neutron_lib.callbacks.manager [None req-73595e12-2d20-43c4-94af-d531c9c9760a admin admin] Publish callbacks ['neutron.api.rpc.agentnotifiers.dhcp_rpc_agent_api.DhcpAgentNotifyAPI._send_dhcp_notification-1624997'] for subnet (None), before_response {{(pid=103805) _notify_loop /usr/local/lib/python3.8/dist-packages/neutron_lib/callbacks/manager.py:176}}
May 19 12:09:06.668491 dv-cinder-804735-30-iscsi neutron-server[103806]: DEBUG neutron.api.rpc.handlers.dhcp_rpc [None req-63d42cfe-1688-493f-8f3c-ae44f45b665e None None] Network 31dbaa3b-af2d-4782-acbc-1ce43838265d requested from dv-cinder-804735-30-iscsi {{(pid=103806) get_network_info /opt/stack/neutron/neutron/api/rpc/handlers/dhcp_rpc.py:191}}
May 19 12:09:06.691559 dv-cinder-804735-30-iscsi neutron-server[103805]: INFO neutron.wsgi [None req-73595e12-2d20-43c4-94af-d531c9c9760a admin admin] 10.222.0.73 "POST /v2.0/subnets HTTP/1.1" status: 201 len: 852 time: 1.4384468
May 19 12:09:06.698181 dv-cinder-804735-30-iscsi neutron-server[103805]: DEBUG neutron.wsgi [-] (103805) accepted ('10.222.0.73', 56884) {{(pid=103805) server /usr/local/lib/python3.8/dist-packages/eventlet/wsgi.py:1004}}
May 19 12:09:06.729255 dv-cinder-804735-30-iscsi neutron-server[103805]: DEBUG neutron.api.v2.base [None req-12272ab6-4951-41fa-a341-6e48cce1de15 admin admin] Request body: {'router': {'name': 'tempest-AttachVolumeShelveTestJSON-637941197-router', 'tenant_id': '2c81f2396c844183bcb29107917af0c4', 'external_gateway_info': {'network_id': '5d8a089a-3260-4a75-8647-ee82cb4de725'}}} {{(pid=103805) prepare_request_body /opt/stack/neutron/neutron/api/v2/base.py:730}}
May 19 12:09:06.797608 dv-cinder-804735-30-iscsi neutron-server[103806]: DEBUG neutron.db.provisioning_blocks [None req-54eec3ad-6129-46cd-afc7-14f040fbc21c None None] Provisioning complete for port c83f82b9-f0f7-4c25-964f-fa29c04a882a triggered by entity DHCP. {{(pid=103806) provisioning_complete /opt/stack/neutron/neutron/db/provisioning_blocks.py:145}}
May 19 12:09:06.798215 dv-cinder-804735-30-iscsi neutron-server[103806]: DEBUG neutron_lib.callbacks.manager [None req-54eec3ad-6129-46cd-afc7-14f040fbc21c None None] Publish callbacks ['neutron.plugins.ml2.plugin.Ml2Plugin._port_provisioned-819701'] for port (c83f82b9-f0f7-4c25-964f-fa29c04a882a), provisioning_complete {{(pid=103806) _notify_loop /usr/local/lib/python3.8/dist-packages/neutron_lib/callbacks/manager.py:176}}
May 19 12:09:06.843853 dv-cinder-804735-30-iscsi neutron-server[103805]: DEBUG neutron_lib.callbacks.manager [None req-12272ab6-4951-41fa-a341-6e48cce1de15 admin admin] Publish callbacks ['neutron.services.l3_router.l3_router_plugin.L3_HA_NAT_db_mixin._before_router_create_handler-1709986', 'neutron.services.l3_router.service_providers.driver_controller.DriverController._check_router_request-4153'] for router (6f541d68-4bd9-420f-a3fb-d11bab3ea3ab), before_create {{(pid=103805) _notify_loop /usr/local/lib/python3.8/dist-packages/neutron_lib/callbacks/manager.py:176}}
May 19 12:09:06.850204 dv-cinder-804735-30-iscsi neutron-server[103805]: DEBUG neutron_lib.callbacks.manager [None req-12272ab6-4951-41fa-a341-6e48cce1de15 admin admin] Publish callbacks ['neutron.services.l3_router.l3_router_plugin.L3_HA_NAT_db_mixin._precommit_router_create-1709910', 'neutron.services.l3_router.l3_router_plugin.DVRResourceOperationHandler._set_distributed_flag-1716155', 'neutron.services.l3_router.l3_router_plugin.RouterAvailabilityZoneMixin._process_az_request-1706146', 'neutron.services.l3_router.service_providers.driver_controller.DriverController._set_router_provider-4096'] for router (6f541d68-4bd9-420f-a3fb-d11bab3ea3ab), precommit_create {{(pid=103805) _notify_loop /usr/local/lib/python3.8/dist-packages/neutron_lib/callbacks/manager.py:176}}
May 19 12:09:06.866910 dv-cinder-804735-30-iscsi neutron-server[103805]: DEBUG dbcounter [-] [103805] Writing DB stats neutron:SELECT=86,neutron:INSERT=7,neutron:UPDATE=4,neutron:DELETE=3 {{(pid=103805) stat_writer /usr/local/lib/python3.8/dist-packages/dbcounter.py:114}}
May 19 12:09:06.914927 dv-cinder-804735-30-iscsi neutron-server[103806]: DEBUG neutron.plugins.ml2.plugin [None req-54eec3ad-6129-46cd-afc7-14f040fbc21c None None] Port c83f82b9-f0f7-4c25-964f-fa29c04a882a cannot update to ACTIVE because it is not bound. {{(pid=103806) _port_provisioned /opt/stack/neutron/neutron/plugins/ml2/plugin.py:352}}
May 19 12:09:06.926865 dv-cinder-804735-30-iscsi neutron-server[103806]: DEBUG neutron.api.rpc.handlers.dhcp_rpc [None req-15751442-e772-46a6-a172-2710c9b39f8d None None] Create dhcp port {'port': {'name': '', 'admin_state_up': True, 'device_id': 'dhcpa10111c3-091c-5875-b003-5b6ae7057c81-31dbaa3b-af2d-4782-acbc-1ce43838265d', 'network_id': '31dbaa3b-af2d-4782-acbc-1ce43838265d', 'project_id': '2c81f2396c844183bcb29107917af0c4', 'fixed_ips': [{'subnet_id': '6662e633-00b8-4a9a-8438-8eb136aab888'}]}} from dv-cinder-804735-30-iscsi. {{(pid=103806) create_dhcp_port /opt/stack/neutron/neutron/api/rpc/handlers/dhcp_rpc.py:268}}
May 19 12:09:06.931035 dv-cinder-804735-30-iscsi neutron-server[103806]: DEBUG neutron_lib.callbacks.manager [None req-15751442-e772-46a6-a172-2710c9b39f8d None None] Publish callbacks ['neutron.plugins.ml2.plugin.SecurityGroupDbMixin._ensure_default_security_group_handler-907877'] for port (None), before_create {{(pid=103806) _notify_loop /usr/local/lib/python3.8/dist-packages/neutron_lib/callbacks/manager.py:176}}
May 19 12:09:06.945840 dv-cinder-804735-30-iscsi neutron-server[103804]: DEBUG neutron.api.rpc.handlers.resources_rpc [None req-3eba5a95-6203-4dc9-ac52-885e3254c02c admin admin] Pushing event updated for resources: {'Subnet': ['ID=0217b534-0ff5-455a-85eb-3c7acc8cde91,revision_number=0']} {{(pid=103804) push /opt/stack/neutron/neutron/api/rpc/handlers/resources_rpc.py:237}}
May 19 12:09:06.948589 dv-cinder-804735-30-iscsi neutron-server[103804]: DEBUG neutron.wsgi [-] (103804) accepted ('10.222.0.73', 56904) {{(pid=103804) server /usr/local/lib/python3.8/dist-packages/eventlet/wsgi.py:1004}}
May 19 12:09:06.957429 dv-cinder-804735-30-iscsi neutron-server[103804]: DEBUG neutron.plugins.ml2.drivers.mech_agent [None req-3eba5a95-6203-4dc9-ac52-885e3254c02c admin admin] Checking segment: {'id': '471fe9bc-dfbd-40d3-bd11-ebcbbdc6d46e', 'network_type': 'vlan', 'physical_network': 'physnet1', 'segmentation_id': 502, 'network_id': '1ea45d93-18cf-46cf-afe5-c41d50de41f0'} for mappings: {'physnet1': 'br-data'} with network types: ['local', 'flat', 'vlan'] {{(pid=103804) check_segment_for_agent /opt/stack/neutron/neutron/plugins/ml2/drivers/mech_agent.py:373}}
May 19 12:09:06.957950 dv-cinder-804735-30-iscsi neutron-server[103804]: DEBUG neutron.scheduler.dhcp_agent_scheduler [None req-3eba5a95-6203-4dc9-ac52-885e3254c02c admin admin] Network hostable DHCP agents. Network: 1ea45d93-18cf-46cf-afe5-c41d50de41f0, hostable agents: ['e049d205-4823-48a6-bef6-c16c7fb6afc0'], hosted agents: [] {{(pid=103804) _get_network_hostable_dhcp_agents /opt/stack/neutron/neutron/scheduler/dhcp_agent_scheduler.py:329}}
May 19 12:09:06.967203 dv-cinder-804735-30-iscsi neutron-server[103807]: DEBUG neutron.db.l3_hamode_db [None req-f465d0e9-5385-4f73-8019-a5c6103cf550 None None] neutron.services.l3_router.l3_router_plugin.L3RouterPlugin method _process_sync_ha_data called with arguments (, [{'id': '265e23e5-9c5c-4cf3-a14c-bb2d067bc97e', 'name': 'tempest-ServerRescueNegativeTestJSON-1603250116-router', 'tenant_id': 'cc116fcb3c3a4aecb4a00f28430d58c7', 'admin_state_up': True, 'status': 'ACTIVE', 'external_gateway_info': {'network_id': '5d8a089a-3260-4a75-8647-ee82cb4de725', 'external_fixed_ips': [{'subnet_id': 'eca7d14d-cde6-4418-97ef-d44edc3ff6a0', 'ip_address': '172.27.2.4'}], 'enable_snat': True}, 'gw_port_id': 'a7b3eb15-35bf-4a03-ad32-7594c7f76b61', 'description': '', 'availability_zones': ['nova'], 'distributed': False, 'ha': False, 'ha_vr_id': 0, 'availability_zone_hints': [], 'routes': [], 'flavor_id': None, 'tags': [], 'created_at': '2022-05-19T12:09:01Z', 'updated_at': '2022-05-19T12:09:02Z', 'revision_number': 3, 'project_id': 'cc116fcb3c3a4aecb4a00f28430d58c7', 'gw_port': {'id': 'a7b3eb15-35bf-4a03-ad32-7594c7f76b61', 'name': '', 'network_id': '5d8a089a-3260-4a75-8647-ee82cb4de725', 'tenant_id': '', 'mac_address': 'fa:16:3e:e6:81:ef', 'admin_state_up': True, 'status': 'DOWN', 'device_id': '265e23e5-9c5c-4cf3-a14c-bb2d067bc97e', 'device_owner': 'network:router_gateway', 'standard_attr_id': 41, 'fixed_ips': [{'subnet_id': 'eca7d14d-cde6-4418-97ef-d44edc3ff6a0', 'ip_address': '172.27.2.4', 'prefixlen': 24}], 'allowed_address_pairs': [], 'extra_dhcp_opts': [], 'security_groups': [], 'description': '', 'binding:vnic_type': 'normal', 'binding:profile': {}, 'binding:host_id': 'dv-cinder-804735-30-iscsi', 'binding:vif_type': 'ovs', 'binding:vif_details': {'connectivity': 'l2', 'port_filter': True, 'ovs_hybrid_plug': False, 'datapath_type': 'system', 'bridge_name': 'br-int', 'bound_drivers': {'0': 'openvswitch'}}, 'port_security_enabled': False, 'tags': [], 'created_at': '2022-05-19T12:09:02Z', 'updated_at': '2022-05-19T12:09:05Z', 'revision_number': 3, 'project_id': '', 'subnets': [{'id': 'eca7d14d-cde6-4418-97ef-d44edc3ff6a0', 'cidr': '172.27.2.0/24', 'gateway_ip': '172.27.2.1', 'dns_nameservers': [], 'ipv6_ra_mode': None, 'subnetpool_id': None}], 'extra_subnets': [], 'address_scopes': {4: None, 6: None}, 'mtu': 1500}, 'enable_snat': True, 'gw_port_host': 'dv-cinder-804735-30-iscsi'}], 'dv-cinder-804735-30-iscsi', False) {} {{(pid=103807) wrapper /usr/local/lib/python3.8/dist-packages/oslo_log/helpers.py:65}}
May 19 12:09:06.974235 dv-cinder-804735-30-iscsi neutron-server[103804]: WARNING keystonemiddleware.auth_token [-] A valid token was submitted as a service token, but it was not a valid service token. This is incorrect but backwards compatible behaviour. This will be removed in future releases.
May 19 12:09:07.026867 dv-cinder-804735-30-iscsi neutron-server[103807]: DEBUG neutron.api.rpc.handlers.l3_rpc [None req-f465d0e9-5385-4f73-8019-a5c6103cf550 None None] The sync data for ids ['265e23e5-9c5c-4cf3-a14c-bb2d067bc97e'] in dv-cinder-804735-30-iscsi is: [{'id': '265e23e5-9c5c-4cf3-a14c-bb2d067bc97e', 'name': 'tempest-ServerRescueNegativeTestJSON-1603250116-router', 'tenant_id': 'cc116fcb3c3a4aecb4a00f28430d58c7', 'admin_state_up': True, 'status': 'ACTIVE', 'external_gateway_info': {'network_id': '5d8a089a-3260-4a75-8647-ee82cb4de725', 'external_fixed_ips': [{'subnet_id': 'eca7d14d-cde6-4418-97ef-d44edc3ff6a0', 'ip_address': '172.27.2.4'}], 'enable_snat': True}, 'gw_port_id': 'a7b3eb15-35bf-4a03-ad32-7594c7f76b61', 'description': '', 'availability_zones': ['nova'], 'distributed': False, 'ha': False, 'ha_vr_id': 0, 'availability_zone_hints': [], 'routes': [], 'flavor_id': None, 'tags': [], 'created_at': '2022-05-19T12:09:01Z', 'updated_at': '2022-05-19T12:09:02Z', 'revision_number': 3, 'project_id': 'cc116fcb3c3a4aecb4a00f28430d58c7', 'gw_port': {'id': 'a7b3eb15-35bf-4a03-ad32-7594c7f76b61', 'name': '', 'network_id': '5d8a089a-3260-4a75-8647-ee82cb4de725', 'tenant_id': '', 'mac_address': 'fa:16:3e:e6:81:ef', 'admin_state_up': True, 'status': 'DOWN', 'device_id': '265e23e5-9c5c-4cf3-a14c-bb2d067bc97e', 'device_owner': 'network:router_gateway', 'standard_attr_id': 41, 'fixed_ips': [{'subnet_id': 'eca7d14d-cde6-4418-97ef-d44edc3ff6a0', 'ip_address': '172.27.2.4', 'prefixlen': 24}], 'allowed_address_pairs': [], 'extra_dhcp_opts': [], 'security_groups': [], 'description': '', 'binding:vnic_type': 'normal', 'binding:profile': {}, 'binding:host_id': 'dv-cinder-804735-30-iscsi', 'binding:vif_type': 'ovs', 'binding:vif_details': {'connectivity': 'l2', 'port_filter': True, 'ovs_hybrid_plug': False, 'datapath_type': 'system', 'bridge_name': 'br-int', 'bound_drivers': {'0': 'openvswitch'}}, 'port_security_enabled': False, 'tags': [], 'created_at': '2022-05-19T12:09:02Z', 'updated_at': '2022-05-19T12:09:05Z', 'revision_number': 3, 'project_id': '', 'subnets': [{'id': 'eca7d14d-cde6-4418-97ef-d44edc3ff6a0', 'cidr': '172.27.2.0/24', 'gateway_ip': '172.27.2.1', 'dns_nameservers': [], 'ipv6_ra_mode': None, 'subnetpool_id': None}], 'extra_subnets': [], 'address_scopes': {4: None, 6: None}, 'mtu': 1500}, 'enable_snat': True, 'gw_port_host': 'dv-cinder-804735-30-iscsi'}] {{(pid=103807) sync_routers /opt/stack/neutron/neutron/api/rpc/handlers/l3_rpc.py:137}}
May 19 12:09:07.066362 dv-cinder-804735-30-iscsi neutron-server[103805]: DEBUG neutron_lib.callbacks.manager [None req-12272ab6-4951-41fa-a341-6e48cce1de15 admin admin] Publish callbacks [] for router_controller (6f541d68-4bd9-420f-a3fb-d11bab3ea3ab), precommit_add_association {{(pid=103805) _notify_loop /usr/local/lib/python3.8/dist-packages/neutron_lib/callbacks/manager.py:176}}
May 19 12:09:07.306145 dv-cinder-804735-30-iscsi neutron-server[103806]: DEBUG neutron.db.db_base_plugin_common [None req-15751442-e772-46a6-a172-2710c9b39f8d None None] Allocated IP 172.20.0.2 (31dbaa3b-af2d-4782-acbc-1ce43838265d/6662e633-00b8-4a9a-8438-8eb136aab888/d2fa8885-f4f0-44ef-906d-b003e1f62438) {{(pid=103806) _store_ip_allocation /opt/stack/neutron/neutron/db/db_base_plugin_common.py:131}}
May 19 12:09:07.418942 dv-cinder-804735-30-iscsi neutron-server[103805]: DEBUG neutron_lib.callbacks.manager [None req-12272ab6-4951-41fa-a341-6e48cce1de15 admin admin] Publish callbacks [] for router_gateway (6f541d68-4bd9-420f-a3fb-d11bab3ea3ab), precommit_update {{(pid=103805) _notify_loop /usr/local/lib/python3.8/dist-packages/neutron_lib/callbacks/manager.py:176}}
May 19 12:09:07.467773 dv-cinder-804735-30-iscsi neutron-server[103804]: DEBUG neutron.wsgi [-] (103804) accepted ('10.222.0.73', 56926) {{(pid=103804) server /usr/local/lib/python3.8/dist-packages/eventlet/wsgi.py:1004}}
May 19 12:09:07.486067 dv-cinder-804735-30-iscsi neutron-server[103804]: DEBUG neutron.scheduler.dhcp_agent_scheduler [None req-3eba5a95-6203-4dc9-ac52-885e3254c02c admin admin] Network 1ea45d93-18cf-46cf-afe5-c41d50de41f0 is scheduled to be hosted by DHCP agent e049d205-4823-48a6-bef6-c16c7fb6afc0 with binding_index 1 {{(pid=103804) bind /opt/stack/neutron/neutron/scheduler/dhcp_agent_scheduler.py:227}}
May 19 12:09:07.524867 dv-cinder-804735-30-iscsi neutron-server[103804]: DEBUG neutron.scheduler.base_scheduler [None req-3eba5a95-6203-4dc9-ac52-885e3254c02c admin admin] Resources bound (agent type, host, resource id): (DHCP agent, dv-cinder-804735-30-iscsi, 1ea45d93-18cf-46cf-afe5-c41d50de41f0) {{(pid=103804) schedule /opt/stack/neutron/neutron/scheduler/base_scheduler.py:57}}
May 19 12:09:07.539761 dv-cinder-804735-30-iscsi neutron-server[103804]: DEBUG neutron.pecan_wsgi.hooks.policy_enforcement [req-ad230b45-3a87-4ab4-bb8b-bd0a82f7fbf0 req-e25be8f9-aec6-489e-80dc-62c77425b491 tempest-DeleteServersTestJSON-888163049 tempest-DeleteServersTestJSON-888163049-project] Attributes excluded by policy engine: ['standard_attr_id', 'vlan_transparent', 'provider:network_type', 'provider:physical_network', 'provider:segmentation_id'] {{(pid=103804) _exclude_attributes_by_policy /opt/stack/neutron/neutron/pecan_wsgi/hooks/policy_enforcement.py:259}}
May 19 12:09:07.553257 dv-cinder-804735-30-iscsi neutron-server[103804]: INFO neutron.wsgi [req-ad230b45-3a87-4ab4-bb8b-bd0a82f7fbf0 req-e25be8f9-aec6-489e-80dc-62c77425b491 tempest-DeleteServersTestJSON-888163049 tempest-DeleteServersTestJSON-888163049-project] 10.222.0.73 "GET /v2.0/networks?id=837050ae-20c0-47c8-b037-ffb77c6a192e HTTP/1.1" status: 200 len: 811 time: 0.5809014
May 19 12:09:07.555088 dv-cinder-804735-30-iscsi neutron-server[103804]: DEBUG neutron_lib.callbacks.manager [None req-d99a91a7-955c-4efe-8646-6abc52dca7b7 admin admin] Publish callbacks ['neutron.plugins.ml2.plugin.SecurityGroupDbMixin._ensure_default_security_group_handler-907877'] for port (c83f82b9-f0f7-4c25-964f-fa29c04a882a), before_update {{(pid=103804) _notify_loop /usr/local/lib/python3.8/dist-packages/neutron_lib/callbacks/manager.py:176}}
May 19 12:09:07.558041 dv-cinder-804735-30-iscsi neutron-server[103804]: DEBUG neutron.pecan_wsgi.hooks.policy_enforcement [None req-3eba5a95-6203-4dc9-ac52-885e3254c02c admin admin] Attributes excluded by policy engine: ['standard_attr_id', 'shared', 'network'] {{(pid=103804) _exclude_attributes_by_policy /opt/stack/neutron/neutron/pecan_wsgi/hooks/policy_enforcement.py:259}}
May 19 12:09:07.570120 dv-cinder-804735-30-iscsi neutron-server[103804]: DEBUG neutron_lib.callbacks.manager [None req-3eba5a95-6203-4dc9-ac52-885e3254c02c admin admin] Publish callbacks ['neutron.api.rpc.agentnotifiers.dhcp_rpc_agent_api.DhcpAgentNotifyAPI._send_dhcp_notification-1624997'] for subnet (None), before_response {{(pid=103804) _notify_loop /usr/local/lib/python3.8/dist-packages/neutron_lib/callbacks/manager.py:176}}
May 19 12:09:07.595618 dv-cinder-804735-30-iscsi neutron-server[103806]: DEBUG neutron.api.rpc.handlers.dhcp_rpc [None req-1602a4c6-a96d-45d9-8b01-d82389b3f0bc None None] Network 1ea45d93-18cf-46cf-afe5-c41d50de41f0 requested from dv-cinder-804735-30-iscsi {{(pid=103806) get_network_info /opt/stack/neutron/neutron/api/rpc/handlers/dhcp_rpc.py:191}}
May 19 12:09:07.651694 dv-cinder-804735-30-iscsi neutron-server[103804]: INFO neutron.wsgi [req-ad230b45-3a87-4ab4-bb8b-bd0a82f7fbf0 req-23f35146-e7fe-455d-bc1b-473d5baabecd tempest-DeleteServersTestJSON-888163049 tempest-DeleteServersTestJSON-888163049-project] 10.222.0.73 "GET /v2.0/quotas/7a4583d722934c65ac491706596c5538 HTTP/1.1" status: 200 len: 375 time: 0.0973952
May 19 12:09:07.736938 dv-cinder-804735-30-iscsi neutron-server[103804]: INFO neutron.wsgi [None req-3eba5a95-6203-4dc9-ac52-885e3254c02c admin admin] 10.222.0.73 "POST /v2.0/subnets HTTP/1.1" status: 201 len: 860 time: 1.8093297
May 19 12:09:07.769539 dv-cinder-804735-30-iscsi neutron-server[103804]: DEBUG neutron.wsgi [-] (103804) accepted ('10.222.0.73', 56940) {{(pid=103804) server /usr/local/lib/python3.8/dist-packages/eventlet/wsgi.py:1004}}
May 19 12:09:07.801477 dv-cinder-804735-30-iscsi neutron-server[103804]: INFO neutron.wsgi [req-ad230b45-3a87-4ab4-bb8b-bd0a82f7fbf0 req-a6f04ebb-598d-4212-87c2-636d3638b900 tempest-DeleteServersTestJSON-888163049 tempest-DeleteServersTestJSON-888163049-project] 10.222.0.73 "GET /v2.0/ports?tenant_id=7a4583d722934c65ac491706596c5538&fields=id HTTP/1.1" status: 200 len: 210 time: 0.1486313
May 19 12:09:07.819521 dv-cinder-804735-30-iscsi neutron-server[103806]: DEBUG neutron.plugins.ml2.rpc [None req-f8ac7375-de9b-45c1-a51c-fae615e500cf None None] Device a7b3eb15-35bf-4a03-ad32-7594c7f76b61 up at agent ovs-agent-dv-cinder-804735-30-iscsi {{(pid=103806) update_device_up /opt/stack/neutron/neutron/plugins/ml2/rpc.py:296}}
May 19 12:09:07.842923 dv-cinder-804735-30-iscsi neutron-server[103804]: DEBUG neutron_lib.callbacks.manager [None req-8f627b9e-c548-40d3-a8e7-c137ecc64e25 admin admin] Publish callbacks [] for security_group (None), before_create {{(pid=103804) _notify_loop /usr/local/lib/python3.8/dist-packages/neutron_lib/callbacks/manager.py:176}}
May 19 12:09:07.906207 dv-cinder-804735-30-iscsi neutron-server[103805]: DEBUG neutron_lib.callbacks.manager [None req-12272ab6-4951-41fa-a341-6e48cce1de15 admin admin] Publish callbacks [] for router_gateway (6f541d68-4bd9-420f-a3fb-d11bab3ea3ab), before_create {{(pid=103805) _notify_loop /usr/local/lib/python3.8/dist-packages/neutron_lib/callbacks/manager.py:176}}
May 19 12:09:07.921345 dv-cinder-804735-30-iscsi neutron-server[103804]: DEBUG dbcounter [-] [103804] Writing DB stats neutron:SELECT=93,neutron:UPDATE=3,neutron:INSERT=4 {{(pid=103804) stat_writer /usr/local/lib/python3.8/dist-packages/dbcounter.py:114}}
May 19 12:09:07.955892 dv-cinder-804735-30-iscsi neutron-server[103805]: DEBUG neutron_lib.callbacks.manager [None req-12272ab6-4951-41fa-a341-6e48cce1de15 admin admin] Publish callbacks ['neutron.plugins.ml2.plugin.SecurityGroupDbMixin._ensure_default_security_group_handler-907877'] for port (None), before_create {{(pid=103805) _notify_loop /usr/local/lib/python3.8/dist-packages/neutron_lib/callbacks/manager.py:176}}
May 19 12:09:08.051751 dv-cinder-804735-30-iscsi neutron-server[103804]: DEBUG neutron_lib.callbacks.manager [None req-d9f22332-0f14-4e50-bd67-dd842189a0eb admin admin] Publish callbacks [] for security_group (None), before_create {{(pid=103804) _notify_loop /usr/local/lib/python3.8/dist-packages/neutron_lib/callbacks/manager.py:176}}
May 19 12:09:08.106597 dv-cinder-804735-30-iscsi neutron-server[103806]: DEBUG neutron_lib.callbacks.manager [None req-15751442-e772-46a6-a172-2710c9b39f8d None None] Publish callbacks [] for port (d2fa8885-f4f0-44ef-906d-b003e1f62438), precommit_create {{(pid=103806) _notify_loop /usr/local/lib/python3.8/dist-packages/neutron_lib/callbacks/manager.py:176}}
May 19 12:09:08.181335 dv-cinder-804735-30-iscsi neutron-server[103804]: DEBUG dbcounter [-] [103804] Writing DB stats neutron:SELECT=92,neutron:UPDATE=2,neutron:INSERT=4,neutron:DELETE=2 {{(pid=103804) stat_writer /usr/local/lib/python3.8/dist-packages/dbcounter.py:114}}
May 19 12:09:08.231184 dv-cinder-804735-30-iscsi neutron-server[103806]: DEBUG neutron.db.provisioning_blocks [None req-f8ac7375-de9b-45c1-a51c-fae615e500cf None None] Provisioning complete for port a7b3eb15-35bf-4a03-ad32-7594c7f76b61 triggered by entity L2. {{(pid=103806) provisioning_complete /opt/stack/neutron/neutron/db/provisioning_blocks.py:145}}
May 19 12:09:08.233930 dv-cinder-804735-30-iscsi neutron-server[103805]: DEBUG neutron.db.db_base_plugin_common [None req-12272ab6-4951-41fa-a341-6e48cce1de15 admin admin] Allocated IP 172.27.2.169 (5d8a089a-3260-4a75-8647-ee82cb4de725/eca7d14d-cde6-4418-97ef-d44edc3ff6a0/8c1954e9-0cb8-48fc-b633-66e9c41b6092) {{(pid=103805) _store_ip_allocation /opt/stack/neutron/neutron/db/db_base_plugin_common.py:131}}
May 19 12:09:08.236307 dv-cinder-804735-30-iscsi neutron-server[103806]: DEBUG neutron_lib.callbacks.manager [None req-f8ac7375-de9b-45c1-a51c-fae615e500cf None None] Publish callbacks ['neutron.plugins.ml2.plugin.Ml2Plugin._port_provisioned-819701'] for port (a7b3eb15-35bf-4a03-ad32-7594c7f76b61), provisioning_complete {{(pid=103806) _notify_loop /usr/local/lib/python3.8/dist-packages/neutron_lib/callbacks/manager.py:176}}
May 19 12:09:08.349748 dv-cinder-804735-30-iscsi neutron-server[103804]: DEBUG neutron_lib.callbacks.manager [None req-d99a91a7-955c-4efe-8646-6abc52dca7b7 admin admin] Publish callbacks [] for port (c83f82b9-f0f7-4c25-964f-fa29c04a882a), precommit_update {{(pid=103804) _notify_loop /usr/local/lib/python3.8/dist-packages/neutron_lib/callbacks/manager.py:176}}
May 19 12:09:08.392285 dv-cinder-804735-30-iscsi neutron-server[103804]: DEBUG neutron_lib.callbacks.manager [None req-8f627b9e-c548-40d3-a8e7-c137ecc64e25 admin admin] Publish callbacks [] for security_group (694f9202-e651-4ca7-a860-7c961241b91f), precommit_create {{(pid=103804) _notify_loop /usr/local/lib/python3.8/dist-packages/neutron_lib/callbacks/manager.py:176}}
May 19 12:09:08.395706 dv-cinder-804735-30-iscsi neutron-server[103804]: DEBUG neutron_lib.callbacks.manager [None req-d99a91a7-955c-4efe-8646-6abc52dca7b7 admin admin] Publish callbacks ['neutron.plugins.ml2.plugin.SecurityGroupServerNotifierRpcMixin._notify_sg_on_port_change-907979', 'neutron.plugins.ml2.ovo_rpc._ObjectChangeHandler.handle_event-85944', 'neutron.api.rpc.agentnotifiers.dhcp_rpc_agent_api.DhcpAgentNotifyAPI._native_event_send_dhcp_notification-1624971', 'neutron.db.l3_db.L3RpcNotifierMixin._notify_gateway_port_ip_changed-8784146667659', 'neutron.db.l3_dvrscheduler_db._notify_l3_agent_port_update-8784146292035', 'neutron.db.l3_hascheduler_db._notify_l3_agent_ha_port_update-8784146292053'] for port (c83f82b9-f0f7-4c25-964f-fa29c04a882a), after_update {{(pid=103804) _notify_loop /usr/local/lib/python3.8/dist-packages/neutron_lib/callbacks/manager.py:176}}
May 19 12:09:08.396431 dv-cinder-804735-30-iscsi neutron-server[103806]: DEBUG neutron_lib.callbacks.manager [None req-15751442-e772-46a6-a172-2710c9b39f8d None None] Publish callbacks ['neutron.plugins.ml2.plugin.SecurityGroupServerNotifierRpcMixin._notify_sg_on_port_change-907979', 'neutron.plugins.ml2.ovo_rpc._ObjectChangeHandler.handle_event-85944', 'neutron.api.rpc.agentnotifiers.dhcp_rpc_agent_api.DhcpAgentNotifyAPI._native_event_send_dhcp_notification-1624971', 'neutron.db.l3_dvrscheduler_db._notify_l3_agent_new_port-8784146292017'] for port (d2fa8885-f4f0-44ef-906d-b003e1f62438), after_create {{(pid=103806) _notify_loop /usr/local/lib/python3.8/dist-packages/neutron_lib/callbacks/manager.py:176}}
May 19 12:09:08.398298 dv-cinder-804735-30-iscsi neutron-server[103804]: DEBUG neutron_lib.callbacks.manager [None req-d99a91a7-955c-4efe-8646-6abc52dca7b7 admin admin] Publish callbacks ['neutron.api.rpc.agentnotifiers.dhcp_rpc_agent_api.DhcpAgentNotifyAPI._after_router_interface_created-1624985', 'neutron.services.l3_router.l3_router_plugin.DVRResourceOperationHandler._update_snat_v6_addrs_after_intf_update-1719051'] for router_interface (265e23e5-9c5c-4cf3-a14c-bb2d067bc97e), after_create {{(pid=103804) _notify_loop /usr/local/lib/python3.8/dist-packages/neutron_lib/callbacks/manager.py:176}}
May 19 12:09:08.419674 dv-cinder-804735-30-iscsi neutron-server[103804]: DEBUG neutron.wsgi [req-ad230b45-3a87-4ab4-bb8b-bd0a82f7fbf0 req-9b9571d7-7be0-4008-8309-caaf4246e884 service neutron] http://10.222.0.73:9696/v2.0/extensions returned with HTTP 200 {{(pid=103804) __call__ /opt/stack/neutron/neutron/wsgi.py:730}}
May 19 12:09:08.427383 dv-cinder-804735-30-iscsi neutron-server[103804]: INFO neutron.wsgi [req-ad230b45-3a87-4ab4-bb8b-bd0a82f7fbf0 req-9b9571d7-7be0-4008-8309-caaf4246e884 service neutron] 10.222.0.73 "GET /v2.0/extensions HTTP/1.1" status: 200 len: 14320 time: 0.3058720
May 19 12:09:08.441418 dv-cinder-804735-30-iscsi neutron-server[103805]: DEBUG neutron_lib.callbacks.manager [None req-12272ab6-4951-41fa-a341-6e48cce1de15 admin admin] Publish callbacks [] for port (8c1954e9-0cb8-48fc-b633-66e9c41b6092), precommit_create {{(pid=103805) _notify_loop /usr/local/lib/python3.8/dist-packages/neutron_lib/callbacks/manager.py:176}}
May 19 12:09:08.442215 dv-cinder-804735-30-iscsi neutron-server[103806]: DEBUG dbcounter [-] [103806] Writing DB stats neutron:SELECT=95,neutron:UPDATE=2,neutron:INSERT=3 {{(pid=103806) stat_writer /usr/local/lib/python3.8/dist-packages/dbcounter.py:114}}
May 19 12:09:08.454185 dv-cinder-804735-30-iscsi neutron-server[103806]: DEBUG neutron.api.rpc.handlers.dhcp_rpc [None req-824fe12a-322a-4a59-9e32-a2526f1a79d8 None None] Network 1ea45d93-18cf-46cf-afe5-c41d50de41f0 requested from dv-cinder-804735-30-iscsi {{(pid=103806) get_network_info /opt/stack/neutron/neutron/api/rpc/handlers/dhcp_rpc.py:191}}
May 19 12:09:08.533341 dv-cinder-804735-30-iscsi neutron-server[103804]: DEBUG neutron_lib.callbacks.manager [None req-8f627b9e-c548-40d3-a8e7-c137ecc64e25 admin admin] Publish callbacks ['neutron.plugins.ml2.ovo_rpc._ObjectChangeHandler.handle_event-1580678'] for security_group (694f9202-e651-4ca7-a860-7c961241b91f), after_create {{(pid=103804) _notify_loop /usr/local/lib/python3.8/dist-packages/neutron_lib/callbacks/manager.py:176}}
May 19 12:09:08.548759 dv-cinder-804735-30-iscsi neutron-server[103804]: DEBUG neutron.api.rpc.handlers.resources_rpc [None req-d99a91a7-955c-4efe-8646-6abc52dca7b7 admin admin] Pushing event updated for resources: {'Port': ['ID=c83f82b9-f0f7-4c25-964f-fa29c04a882a,revision_number=2']} {{(pid=103804) push /opt/stack/neutron/neutron/api/rpc/handlers/resources_rpc.py:237}}
May 19 12:09:08.554910 dv-cinder-804735-30-iscsi neutron-server[103805]: DEBUG dbcounter [-] [103805] Writing DB stats neutron:SELECT=90,neutron:INSERT=6,neutron:UPDATE=4 {{(pid=103805) stat_writer /usr/local/lib/python3.8/dist-packages/dbcounter.py:114}}
May 19 12:09:08.555708 dv-cinder-804735-30-iscsi neutron-server[103805]: DEBUG dbcounter [-] [103805] Writing DB stats neutron:SELECT=81,neutron:DELETE=2,neutron:INSERT=14,neutron:UPDATE=3 {{(pid=103805) stat_writer /usr/local/lib/python3.8/dist-packages/dbcounter.py:114}}
May 19 12:09:08.561797 dv-cinder-804735-30-iscsi neutron-server[103806]: DEBUG neutron.scheduler.dhcp_agent_scheduler [None req-15751442-e772-46a6-a172-2710c9b39f8d None None] Network 31dbaa3b-af2d-4782-acbc-1ce43838265d is already hosted by enough agents. {{(pid=103806) _get_dhcp_agents_hosting_network /opt/stack/neutron/neutron/scheduler/dhcp_agent_scheduler.py:275}}
May 19 12:09:08.562435 dv-cinder-804735-30-iscsi neutron-server[103805]: DEBUG neutron_lib.callbacks.manager [None req-12272ab6-4951-41fa-a341-6e48cce1de15 admin admin] Publish callbacks ['neutron.plugins.ml2.plugin.SecurityGroupServerNotifierRpcMixin._notify_sg_on_port_change-907979', 'neutron.plugins.ml2.ovo_rpc._ObjectChangeHandler.handle_event-85944', 'neutron.api.rpc.agentnotifiers.dhcp_rpc_agent_api.DhcpAgentNotifyAPI._native_event_send_dhcp_notification-1624971', 'neutron.db.l3_dvrscheduler_db._notify_l3_agent_new_port-8784146292017'] for port (8c1954e9-0cb8-48fc-b633-66e9c41b6092), after_create {{(pid=103805) _notify_loop /usr/local/lib/python3.8/dist-packages/neutron_lib/callbacks/manager.py:176}}
May 19 12:09:08.622689 dv-cinder-804735-30-iscsi neutron-server[103806]: DEBUG dbcounter [-] [103806] Writing DB stats neutron:SELECT=92,neutron:INSERT=3,neutron:UPDATE=5 {{(pid=103806) stat_writer /usr/local/lib/python3.8/dist-packages/dbcounter.py:114}}
May 19 12:09:08.641806 dv-cinder-804735-30-iscsi neutron-server[103806]: DEBUG neutron.api.rpc.handlers.resources_rpc [None req-15751442-e772-46a6-a172-2710c9b39f8d None None] Pushing event updated for resources: {'Port': ['ID=d2fa8885-f4f0-44ef-906d-b003e1f62438,revision_number=1']} {{(pid=103806) push /opt/stack/neutron/neutron/api/rpc/handlers/resources_rpc.py:237}}
May 19 12:09:08.645495 dv-cinder-804735-30-iscsi neutron-server[103806]: DEBUG neutron.scheduler.base_scheduler [None req-15751442-e772-46a6-a172-2710c9b39f8d None None] Resources bound (agent type, host, resource id): {{(pid=103806) schedule /opt/stack/neutron/neutron/scheduler/base_scheduler.py:57}}
May 19 12:09:08.669424 dv-cinder-804735-30-iscsi neutron-server[103805]: DEBUG neutron.scheduler.dhcp_agent_scheduler [None req-12272ab6-4951-41fa-a341-6e48cce1de15 admin admin] Network 5d8a089a-3260-4a75-8647-ee82cb4de725 is already hosted by enough agents. {{(pid=103805) _get_dhcp_agents_hosting_network /opt/stack/neutron/neutron/scheduler/dhcp_agent_scheduler.py:275}}
May 19 12:09:08.674892 dv-cinder-804735-30-iscsi neutron-server[103805]: DEBUG neutron.scheduler.base_scheduler [None req-12272ab6-4951-41fa-a341-6e48cce1de15 admin admin] Resources bound (agent type, host, resource id): {{(pid=103805) schedule /opt/stack/neutron/neutron/scheduler/base_scheduler.py:57}}
May 19 12:09:08.686051 dv-cinder-804735-30-iscsi neutron-server[103806]: DEBUG neutron.db.l3_dvrscheduler_db [None req-15751442-e772-46a6-a172-2710c9b39f8d None None] Received port after_create {{(pid=103806) _notify_l3_agent_new_port /opt/stack/neutron/neutron/db/l3_dvrscheduler_db.py:536}}
May 19 12:09:08.761801 dv-cinder-804735-30-iscsi neutron-server[103805]: DEBUG neutron.db.l3_dvrscheduler_db [None req-12272ab6-4951-41fa-a341-6e48cce1de15 admin admin] Received port after_create {{(pid=103805) _notify_l3_agent_new_port /opt/stack/neutron/neutron/db/l3_dvrscheduler_db.py:536}}
May 19 12:09:08.813494 dv-cinder-804735-30-iscsi neutron-server[103806]: DEBUG neutron.plugins.ml2.plugin [None req-f8ac7375-de9b-45c1-a51c-fae615e500cf None None] Current status of the port a7b3eb15-35bf-4a03-ad32-7594c7f76b61 is: DOWN; New status is: ACTIVE {{(pid=103806) _update_individual_port_db_status /opt/stack/neutron/neutron/plugins/ml2/plugin.py:2296}}
May 19 12:09:08.813494 dv-cinder-804735-30-iscsi neutron-server[103806]: DEBUG neutron_lib.callbacks.manager [None req-f8ac7375-de9b-45c1-a51c-fae615e500cf None None] Publish callbacks ['neutron.plugins.ml2.plugin.SecurityGroupDbMixin._ensure_default_security_group_handler-907877'] for port (a7b3eb15-35bf-4a03-ad32-7594c7f76b61), before_update {{(pid=103806) _notify_loop /usr/local/lib/python3.8/dist-packages/neutron_lib/callbacks/manager.py:176}}
May 19 12:09:08.863024 dv-cinder-804735-30-iscsi neutron-server[103804]: DEBUG neutron_lib.callbacks.manager [None req-d9f22332-0f14-4e50-bd67-dd842189a0eb admin admin] Publish callbacks [] for security_group (eec11822-7770-4941-982f-d418be5a99d6), precommit_create {{(pid=103804) _notify_loop /usr/local/lib/python3.8/dist-packages/neutron_lib/callbacks/manager.py:176}}
May 19 12:09:08.875814 dv-cinder-804735-30-iscsi neutron-server[103805]: DEBUG neutron.api.rpc.handlers.resources_rpc [None req-12272ab6-4951-41fa-a341-6e48cce1de15 admin admin] Pushing event updated for resources: {'Port': ['ID=8c1954e9-0cb8-48fc-b633-66e9c41b6092,revision_number=1']} {{(pid=103805) push /opt/stack/neutron/neutron/api/rpc/handlers/resources_rpc.py:237}}
May 19 12:09:08.883989 dv-cinder-804735-30-iscsi neutron-server[103806]: DEBUG neutron.plugins.ml2.db [None req-f8ac7375-de9b-45c1-a51c-fae615e500cf None None] For port a7b3eb15-35bf-4a03-ad32-7594c7f76b61, host dv-cinder-804735-30-iscsi, got binding levels [PortBindingLevel(driver='openvswitch',host='dv-cinder-804735-30-iscsi',level=0,port_id=a7b3eb15-35bf-4a03-ad32-7594c7f76b61,segment=NetworkSegment(b06861cc-6b03-48cd-9fee-a0aae53bfeff),segment_id=b06861cc-6b03-48cd-9fee-a0aae53bfeff)] {{(pid=103806) get_binding_level_objs /opt/stack/neutron/neutron/plugins/ml2/db.py:74}}
May 19 12:09:08.884593 dv-cinder-804735-30-iscsi neutron-server[103804]: INFO neutron.wsgi [None req-8f627b9e-c548-40d3-a8e7-c137ecc64e25 admin admin] 10.222.0.73 "GET /v2.0/security-groups?tenant_id=1d062625964248e9837faaf1e6890c10&name=default HTTP/1.1" status: 200 len: 2992 time: 1.3853173
May 19 12:09:08.891842 dv-cinder-804735-30-iscsi neutron-server[103805]: DEBUG neutron.wsgi [-] (103805) accepted ('10.222.0.73', 56984) {{(pid=103805) server /usr/local/lib/python3.8/dist-packages/eventlet/wsgi.py:1004}}
May 19 12:09:08.910626 dv-cinder-804735-30-iscsi neutron-server[103804]: INFO neutron.wsgi [req-ad230b45-3a87-4ab4-bb8b-bd0a82f7fbf0 req-3941521e-fc3c-4e8f-9221-1e87b06feb7b service neutron] 10.222.0.73 "GET /v2.0/networks/837050ae-20c0-47c8-b037-ffb77c6a192e?fields=segments HTTP/1.1" status: 200 len: 212 time: 0.4790554
May 19 12:09:08.912606 dv-cinder-804735-30-iscsi neutron-server[103804]: DEBUG neutron_lib.callbacks.manager [None req-d9f22332-0f14-4e50-bd67-dd842189a0eb admin admin] Publish callbacks ['neutron.plugins.ml2.ovo_rpc._ObjectChangeHandler.handle_event-1580678'] for security_group (eec11822-7770-4941-982f-d418be5a99d6), after_create {{(pid=103804) _notify_loop /usr/local/lib/python3.8/dist-packages/neutron_lib/callbacks/manager.py:176}}
May 19 12:09:08.914940 dv-cinder-804735-30-iscsi neutron-server[103806]: DEBUG neutron_lib.callbacks.manager [None req-f8ac7375-de9b-45c1-a51c-fae615e500cf None None] Publish callbacks ['neutron.plugins.ml2.plugin.SecurityGroupServerNotifierRpcMixin._notify_sg_on_port_change-907979', 'neutron.plugins.ml2.ovo_rpc._ObjectChangeHandler.handle_event-85944', 'neutron.api.rpc.agentnotifiers.dhcp_rpc_agent_api.DhcpAgentNotifyAPI._native_event_send_dhcp_notification-1624971', 'neutron.db.l3_db.L3RpcNotifierMixin._notify_gateway_port_ip_changed-8784146667659', 'neutron.db.l3_dvrscheduler_db._notify_l3_agent_port_update-8784146292035', 'neutron.db.l3_hascheduler_db._notify_l3_agent_ha_port_update-8784146292053'] for port (a7b3eb15-35bf-4a03-ad32-7594c7f76b61), after_update {{(pid=103806) _notify_loop /usr/local/lib/python3.8/dist-packages/neutron_lib/callbacks/manager.py:176}}
May 19 12:09:08.915810 dv-cinder-804735-30-iscsi neutron-server[103804]: DEBUG neutron.api.rpc.handlers.resources_rpc [None req-8f627b9e-c548-40d3-a8e7-c137ecc64e25 admin admin] Pushing event updated for resources: {'SecurityGroup': ['ID=694f9202-e651-4ca7-a860-7c961241b91f,revision_number=1']} {{(pid=103804) push /opt/stack/neutron/neutron/api/rpc/handlers/resources_rpc.py:237}}
May 19 12:09:08.959543 dv-cinder-804735-30-iscsi neutron-server[103804]: DEBUG dbcounter [-] [103804] Writing DB stats neutron:SELECT=83,neutron:INSERT=16,neutron:UPDATE=1 {{(pid=103804) stat_writer /usr/local/lib/python3.8/dist-packages/dbcounter.py:114}}
May 19 12:09:08.961111 dv-cinder-804735-30-iscsi neutron-server[103806]: DEBUG neutron.plugins.ml2.managers [None req-15751442-e772-46a6-a172-2710c9b39f8d None None] Attempting to bind port d2fa8885-f4f0-44ef-906d-b003e1f62438 on host dv-cinder-804735-30-iscsi for vnic_type normal with profile {{(pid=103806) bind_port /opt/stack/neutron/neutron/plugins/ml2/managers.py:795}}
May 19 12:09:08.961474 dv-cinder-804735-30-iscsi neutron-server[103806]: DEBUG neutron.plugins.ml2.managers [None req-15751442-e772-46a6-a172-2710c9b39f8d None None] Attempting to bind port d2fa8885-f4f0-44ef-906d-b003e1f62438 by drivers openvswitch,hyperv on host dv-cinder-804735-30-iscsi at level 0 using segments [{'id': 'da73aef7-dc1c-4a6d-b1dc-e485dea352e1', 'network_type': 'vlan', 'physical_network': 'physnet1', 'segmentation_id': 501, 'network_id': '31dbaa3b-af2d-4782-acbc-1ce43838265d'}] {{(pid=103806) _bind_port_level /opt/stack/neutron/neutron/plugins/ml2/managers.py:820}}
May 19 12:09:08.961837 dv-cinder-804735-30-iscsi neutron-server[103806]: DEBUG neutron.plugins.ml2.drivers.mech_agent [None req-15751442-e772-46a6-a172-2710c9b39f8d None None] Attempting to bind port d2fa8885-f4f0-44ef-906d-b003e1f62438 on network 31dbaa3b-af2d-4782-acbc-1ce43838265d {{(pid=103806) bind_port /opt/stack/neutron/neutron/plugins/ml2/drivers/mech_agent.py:91}}
May 19 12:09:09.013126 dv-cinder-804735-30-iscsi neutron-server[103804]: DEBUG neutron.wsgi [-] (103804) accepted ('10.222.0.73', 56990) {{(pid=103804) server /usr/local/lib/python3.8/dist-packages/eventlet/wsgi.py:1004}}
May 19 12:09:09.024251 dv-cinder-804735-30-iscsi neutron-server[103804]: DEBUG neutron.api.v2.base [None req-f4bec863-e634-4933-8a30-fa6edd999a76 admin admin] Request body: {'network': {'name': 'tempest-EncryptedVolumesExtendAttachedTest-1255765128-network', 'tenant_id': '94d561027acf49129b8878131fdd100d'}} {{(pid=103804) prepare_request_body /opt/stack/neutron/neutron/api/v2/base.py:730}}
May 19 12:09:09.072642 dv-cinder-804735-30-iscsi neutron-server[103804]: INFO neutron.wsgi [None req-d9f22332-0f14-4e50-bd67-dd842189a0eb admin admin] 10.222.0.73 "GET /v2.0/security-groups?tenant_id=dc10c67b949e4e91a5add7996094f3db&name=default HTTP/1.1" status: 200 len: 2992 time: 1.3016670
May 19 12:09:09.081089 dv-cinder-804735-30-iscsi neutron-server[103804]: DEBUG neutron.wsgi [-] (103804) accepted ('10.222.0.73', 56996) {{(pid=103804) server /usr/local/lib/python3.8/dist-packages/eventlet/wsgi.py:1004}}
May 19 12:09:09.101492 dv-cinder-804735-30-iscsi neutron-server[103804]: DEBUG neutron.pecan_wsgi.hooks.quota_enforcement [None req-f4bec863-e634-4933-8a30-fa6edd999a76 admin admin] Made reservation on behalf of 94d561027acf49129b8878131fdd100d for: {'network': 1} {{(pid=103804) before /opt/stack/neutron/neutron/pecan_wsgi/hooks/quota_enforcement.py:53}}
May 19 12:09:09.103901 dv-cinder-804735-30-iscsi neutron-server[103804]: DEBUG neutron_lib.callbacks.manager [None req-f4bec863-e634-4933-8a30-fa6edd999a76 admin admin] Publish callbacks ['neutron.plugins.ml2.plugin.SecurityGroupDbMixin._ensure_default_security_group_handler-907877'] for network (None), before_create {{(pid=103804) _notify_loop /usr/local/lib/python3.8/dist-packages/neutron_lib/callbacks/manager.py:176}}
May 19 12:09:09.106962 dv-cinder-804735-30-iscsi neutron-server[103804]: DEBUG neutron.api.rpc.handlers.resources_rpc [None req-d9f22332-0f14-4e50-bd67-dd842189a0eb admin admin] Pushing event updated for resources: {'SecurityGroup': ['ID=eec11822-7770-4941-982f-d418be5a99d6,revision_number=1']} {{(pid=103804) push /opt/stack/neutron/neutron/api/rpc/handlers/resources_rpc.py:237}}
May 19 12:09:09.110303 dv-cinder-804735-30-iscsi neutron-server[103806]: DEBUG neutron.plugins.ml2.drivers.mech_agent [None req-15751442-e772-46a6-a172-2710c9b39f8d None None] Checking agent: {'id': '38b102a1-5d34-4ab2-bfd3-9b6bacf395c1', 'agent_type': 'Open vSwitch agent', 'binary': 'neutron-openvswitch-agent', 'topic': 'N/A', 'host': 'dv-cinder-804735-30-iscsi', 'admin_state_up': True, 'created_at': datetime.datetime(2022, 5, 19, 12, 0, 27), 'started_at': datetime.datetime(2022, 5, 19, 12, 0, 57), 'heartbeat_timestamp': datetime.datetime(2022, 5, 19, 12, 8, 57), 'description': None, 'resources_synced': None, 'availability_zone': None, 'alive': True, 'configurations': {'arp_responder_enabled': False, 'baremetal_smartnic': False, 'bridge_mappings': {'physnet1': 'br-data'}, 'datapath_type': 'system', 'devices': 0, 'enable_distributed_routing': False, 'extensions': [], 'in_distributed_mode': False, 'integration_bridge': 'br-int', 'l2_population': False, 'log_agent_heartbeats': False, 'ovs_capabilities': {'datapath_types': ['netdev', 'system'], 'iface_types': ['erspan', 'geneve', 'gre', 'internal', 'ip6erspan', 'ip6gre', 'lisp', 'patch', 'stt', 'system', 'tap', 'vxlan']}, 'ovs_hybrid_plug': False, 'resource_provider_bandwidths': {}, 'resource_provider_hypervisors': {'br-data': 'dv-cinder-804735-30-iscsi'}, 'resource_provider_inventory_defaults': {'allocation_ratio': 1.0, 'min_unit': 1, 'step_size': 1, 'reserved': 0}, 'resource_provider_packet_processing_inventory_defaults': {'allocation_ratio': 1.0, 'min_unit': 1, 'step_size': 1, 'reserved': 0}, 'resource_provider_packet_processing_with_direction': {}, 'resource_provider_packet_processing_without_direction': {}, 'tunnel_types': [], 'tunneling_ip': None, 'vhostuser_socket_dir': '/var/run/openvswitch'}, 'resource_versions': {'AddressGroup': '1.2', 'Agent': '1.1', 'ConntrackHelper': '1.0', 'LocalIPAssociation': '1.0', 'Log': '1.0', 'NDPProxy': '1.0', 'Network': '1.1', 'Port': '1.7', 'PortForwarding': '1.3', 'QosPolicy': '1.10', 'SecurityGroup': '1.5', 'SecurityGroupRule': '1.2', 'SubPort': '1.0', 'Subnet': '1.1', 'Trunk': '1.1'}} {{(pid=103806) bind_port /opt/stack/neutron/neutron/plugins/ml2/drivers/mech_agent.py:110}}
May 19 12:09:09.110863 dv-cinder-804735-30-iscsi neutron-server[103806]: DEBUG neutron.plugins.ml2.drivers.mech_agent [None req-15751442-e772-46a6-a172-2710c9b39f8d None None] Checking segment: {'id': 'da73aef7-dc1c-4a6d-b1dc-e485dea352e1', 'network_type': 'vlan', 'physical_network': 'physnet1', 'segmentation_id': 501, 'network_id': '31dbaa3b-af2d-4782-acbc-1ce43838265d'} for mappings: {'physnet1': 'br-data'} with network types: ['local', 'flat', 'vlan'] {{(pid=103806) check_segment_for_agent /opt/stack/neutron/neutron/plugins/ml2/drivers/mech_agent.py:373}}
May 19 12:09:09.111397 dv-cinder-804735-30-iscsi neutron-server[103806]: DEBUG neutron_lib.callbacks.manager [None req-15751442-e772-46a6-a172-2710c9b39f8d None None] Publish callbacks [] for ovs_bridge_name (None), before_read {{(pid=103806) _notify_loop /usr/local/lib/python3.8/dist-packages/neutron_lib/callbacks/manager.py:176}}
May 19 12:09:09.111948 dv-cinder-804735-30-iscsi neutron-server[103806]: DEBUG neutron.plugins.ml2.drivers.mech_agent [None req-15751442-e772-46a6-a172-2710c9b39f8d None None] Bound using segment: {'id': 'da73aef7-dc1c-4a6d-b1dc-e485dea352e1', 'network_type': 'vlan', 'physical_network': 'physnet1', 'segmentation_id': 501, 'network_id': '31dbaa3b-af2d-4782-acbc-1ce43838265d'} {{(pid=103806) bind_port /opt/stack/neutron/neutron/plugins/ml2/drivers/mech_agent.py:120}}
May 19 12:09:09.112544 dv-cinder-804735-30-iscsi neutron-server[103806]: DEBUG neutron.plugins.ml2.managers [None req-15751442-e772-46a6-a172-2710c9b39f8d None None] Bound port: d2fa8885-f4f0-44ef-906d-b003e1f62438, host: dv-cinder-804735-30-iscsi, vif_type: ovs, vif_details: {"connectivity": "l2", "port_filter": true, "ovs_hybrid_plug": false, "datapath_type": "system", "bridge_name": "br-int"}, binding_levels: [{'bound_driver': 'openvswitch', 'bound_segment': {'id': 'da73aef7-dc1c-4a6d-b1dc-e485dea352e1', 'network_type': 'vlan', 'physical_network': 'physnet1', 'segmentation_id': 501, 'network_id': '31dbaa3b-af2d-4782-acbc-1ce43838265d'}}] {{(pid=103806) _bind_port_level /opt/stack/neutron/neutron/plugins/ml2/managers.py:932}}
May 19 12:09:09.113061 dv-cinder-804735-30-iscsi neutron-server[103806]: DEBUG neutron_lib.callbacks.manager [None req-15751442-e772-46a6-a172-2710c9b39f8d None None] Publish callbacks ['neutron.plugins.ml2.plugin.SecurityGroupDbMixin._ensure_default_security_group_handler-907877'] for port (d2fa8885-f4f0-44ef-906d-b003e1f62438), before_update {{(pid=103806) _notify_loop /usr/local/lib/python3.8/dist-packages/neutron_lib/callbacks/manager.py:176}}
May 19 12:09:09.138766 dv-cinder-804735-30-iscsi neutron-server[103806]: DEBUG neutron.api.rpc.handlers.resources_rpc [None req-f8ac7375-de9b-45c1-a51c-fae615e500cf None None] Pushing event updated for resources: {'Port': ['ID=a7b3eb15-35bf-4a03-ad32-7594c7f76b61,revision_number=4']} {{(pid=103806) push /opt/stack/neutron/neutron/api/rpc/handlers/resources_rpc.py:237}}
