May 12 11:47:23.259640 dv-cinder-804735-29-smb neutron-server[115214]: DEBUG neutron_lib.callbacks.manager [None req-a115dec7-ecce-41a4-98f0-377f6a5659ad admin admin] Publish callbacks ['neutron.plugins.ml2.plugin.SecurityGroupServerNotifierRpcMixin._notify_sg_on_port_change-882921', 'neutron.plugins.ml2.ovo_rpc._ObjectChangeHandler.handle_event-445917', 'neutron.api.rpc.agentnotifiers.dhcp_rpc_agent_api.DhcpAgentNotifyAPI._native_event_send_dhcp_notification-7905625', 'neutron.db.l3_db.L3RpcNotifierMixin._notify_gateway_port_ip_changed-8744230815883', 'neutron.db.l3_dvrscheduler_db._notify_l3_agent_port_update-8744230272121', 'neutron.db.l3_hascheduler_db._notify_l3_agent_ha_port_update-8744230272139'] for port (bf0ad269-7bc1-40d4-9e47-80ebab2718ea), after_update {{(pid=115214) _notify_loop /usr/local/lib/python3.8/dist-packages/neutron_lib/callbacks/manager.py:176}}
May 12 11:47:23.261204 dv-cinder-804735-29-smb neutron-server[115214]: DEBUG neutron_lib.callbacks.manager [None req-a115dec7-ecce-41a4-98f0-377f6a5659ad admin admin] Publish callbacks ['neutron.api.rpc.agentnotifiers.dhcp_rpc_agent_api.DhcpAgentNotifyAPI._after_router_interface_created-7905611', 'neutron.services.l3_router.l3_router_plugin.DVRResourceOperationHandler._update_snat_v6_addrs_after_intf_update-7928240'] for router_interface (028afbce-a356-4525-b5d7-ef187ed0025e), after_create {{(pid=115214) _notify_loop /usr/local/lib/python3.8/dist-packages/neutron_lib/callbacks/manager.py:176}}
May 12 11:47:23.322532 dv-cinder-804735-29-smb neutron-server[115215]: INFO neutron.wsgi [req-a97ee818-1956-41a2-9a99-f743117d0fe0 req-8225e4b7-966f-4e5a-9170-ba42a9407e07 tempest-VolumesActionsTest-564356002 tempest-VolumesActionsTest-564356002-project] 10.222.0.23 "GET /v2.0/ports?device_id=26784131-caf7-420e-a545-b62e5e41754f HTTP/1.1" status: 200 len: 210 time: 0.1293344
May 12 11:47:23.358433 dv-cinder-804735-29-smb neutron-server[115214]: DEBUG neutron.api.rpc.handlers.resources_rpc [None req-a115dec7-ecce-41a4-98f0-377f6a5659ad admin admin] Pushing event updated for resources: {'Port': ['ID=bf0ad269-7bc1-40d4-9e47-80ebab2718ea,revision_number=2']} {{(pid=115214) push /opt/stack/neutron/neutron/api/rpc/handlers/resources_rpc.py:237}}
May 12 11:47:23.424999 dv-cinder-804735-29-smb neutron-server[115216]: DEBUG neutron.plugins.ml2.rpc [None req-c38a135c-e8fa-4685-867a-94977659f057 None None] Device b33c4e9b-9caf-4846-ac6f-fcc57e6942ed up at agent ovs-agent-dv-cinder-804735-29-smb {{(pid=115216) update_device_up /opt/stack/neutron/neutron/plugins/ml2/rpc.py:296}}
May 12 11:47:23.449536 dv-cinder-804735-29-smb neutron-server[115214]: DEBUG neutron.scheduler.dhcp_agent_scheduler [None req-a115dec7-ecce-41a4-98f0-377f6a5659ad admin admin] Network bd4b893b-da31-422a-9608-ecc0d6236f6d is already hosted by enough agents. {{(pid=115214) _get_dhcp_agents_hosting_network /opt/stack/neutron/neutron/scheduler/dhcp_agent_scheduler.py:275}}
May 12 11:47:23.451628 dv-cinder-804735-29-smb neutron-server[115214]: DEBUG neutron.scheduler.base_scheduler [None req-a115dec7-ecce-41a4-98f0-377f6a5659ad admin admin] Resources bound (agent type, host, resource id): {{(pid=115214) schedule /opt/stack/neutron/neutron/scheduler/base_scheduler.py:57}}
May 12 11:47:23.501797 dv-cinder-804735-29-smb neutron-server[115216]: DEBUG neutron.db.provisioning_blocks [None req-c38a135c-e8fa-4685-867a-94977659f057 None None] Provisioning complete for port b33c4e9b-9caf-4846-ac6f-fcc57e6942ed triggered by entity L2. {{(pid=115216) provisioning_complete /opt/stack/neutron/neutron/db/provisioning_blocks.py:145}}
May 12 11:47:23.502203 dv-cinder-804735-29-smb neutron-server[115216]: DEBUG neutron_lib.callbacks.manager [None req-c38a135c-e8fa-4685-867a-94977659f057 None None] Publish callbacks ['neutron.plugins.ml2.plugin.Ml2Plugin._port_provisioned-819415'] for port (b33c4e9b-9caf-4846-ac6f-fcc57e6942ed), provisioning_complete {{(pid=115216) _notify_loop /usr/local/lib/python3.8/dist-packages/neutron_lib/callbacks/manager.py:176}}
May 12 11:47:23.634717 dv-cinder-804735-29-smb neutron-server[115214]: DEBUG neutron.scheduler.l3_agent_scheduler [None req-a115dec7-ecce-41a4-98f0-377f6a5659ad admin admin] Router 028afbce-a356-4525-b5d7-ef187ed0025e has already been hosted by L3 agent 14eba2fe-45b0-4202-98f5-a5bd4e798c80 {{(pid=115214) _get_candidates /opt/stack/neutron/neutron/scheduler/l3_agent_scheduler.py:126}}
May 12 11:47:23.725793 dv-cinder-804735-29-smb neutron-server[115216]: DEBUG neutron.plugins.ml2.plugin [None req-c38a135c-e8fa-4685-867a-94977659f057 None None] Current status of the port b33c4e9b-9caf-4846-ac6f-fcc57e6942ed is: DOWN; New status is: ACTIVE {{(pid=115216) _update_individual_port_db_status /opt/stack/neutron/neutron/plugins/ml2/plugin.py:2296}}
May 12 11:47:23.726899 dv-cinder-804735-29-smb neutron-server[115216]: DEBUG neutron_lib.callbacks.manager [None req-c38a135c-e8fa-4685-867a-94977659f057 None None] Publish callbacks ['neutron.plugins.ml2.plugin.SecurityGroupDbMixin._ensure_default_security_group_handler-882759'] for port (b33c4e9b-9caf-4846-ac6f-fcc57e6942ed), before_update {{(pid=115216) _notify_loop /usr/local/lib/python3.8/dist-packages/neutron_lib/callbacks/manager.py:176}}
May 12 11:47:23.777096 dv-cinder-804735-29-smb neutron-server[115216]: DEBUG neutron.plugins.ml2.db [None req-c38a135c-e8fa-4685-867a-94977659f057 None None] For port b33c4e9b-9caf-4846-ac6f-fcc57e6942ed, host dv-cinder-804735-29-smb, got binding levels [PortBindingLevel(driver='openvswitch',host='dv-cinder-804735-29-smb',level=0,port_id=b33c4e9b-9caf-4846-ac6f-fcc57e6942ed,segment=NetworkSegment(ad66116c-ba11-4839-ac6d-648aed29649c),segment_id=ad66116c-ba11-4839-ac6d-648aed29649c)] {{(pid=115216) get_binding_level_objs /opt/stack/neutron/neutron/plugins/ml2/db.py:74}}
May 12 11:47:23.785656 dv-cinder-804735-29-smb neutron-server[115216]: DEBUG neutron_lib.callbacks.manager [None req-c38a135c-e8fa-4685-867a-94977659f057 None None] Publish callbacks ['neutron.plugins.ml2.plugin.SecurityGroupServerNotifierRpcMixin._notify_sg_on_port_change-882921', 'neutron.plugins.ml2.ovo_rpc._ObjectChangeHandler.handle_event-445917', 'neutron.api.rpc.agentnotifiers.dhcp_rpc_agent_api.DhcpAgentNotifyAPI._native_event_send_dhcp_notification-7905625', 'neutron.db.l3_db.L3RpcNotifierMixin._notify_gateway_port_ip_changed-8744230815883', 'neutron.db.l3_dvrscheduler_db._notify_l3_agent_port_update-8744230272121', 'neutron.db.l3_hascheduler_db._notify_l3_agent_ha_port_update-8744230272139'] for port (b33c4e9b-9caf-4846-ac6f-fcc57e6942ed), after_update {{(pid=115216) _notify_loop /usr/local/lib/python3.8/dist-packages/neutron_lib/callbacks/manager.py:176}}
May 12 11:47:23.846801 dv-cinder-804735-29-smb neutron-server[115214]: DEBUG neutron.api.rpc.agentnotifiers.l3_rpc_agent_api [None req-a115dec7-ecce-41a4-98f0-377f6a5659ad admin admin] Notify agent at l3_agent.dv-cinder-804735-29-smb the message routers_updated {{(pid=115214) _agent_notification /opt/stack/neutron/neutron/api/rpc/agentnotifiers/l3_rpc_agent_api.py:65}}
May 12 11:47:23.853084 dv-cinder-804735-29-smb neutron-server[115214]: INFO neutron.wsgi [None req-a115dec7-ecce-41a4-98f0-377f6a5659ad admin admin] 10.222.0.23 "PUT /v2.0/routers/028afbce-a356-4525-b5d7-ef187ed0025e/add_router_interface HTTP/1.1" status: 200 len: 503 time: 3.5362322
May 12 11:47:23.891830 dv-cinder-804735-29-smb neutron-server[115216]: DEBUG neutron.db.provisioning_blocks [None req-e0588de4-342d-4574-9b93-27b4e8095bcb None None] Provisioning complete for port bf0ad269-7bc1-40d4-9e47-80ebab2718ea triggered by entity DHCP. {{(pid=115216) provisioning_complete /opt/stack/neutron/neutron/db/provisioning_blocks.py:145}}
May 12 11:47:23.893327 dv-cinder-804735-29-smb neutron-server[115216]: DEBUG neutron_lib.callbacks.manager [None req-e0588de4-342d-4574-9b93-27b4e8095bcb None None] Publish callbacks ['neutron.plugins.ml2.plugin.Ml2Plugin._port_provisioned-819415'] for port (bf0ad269-7bc1-40d4-9e47-80ebab2718ea), provisioning_complete {{(pid=115216) _notify_loop /usr/local/lib/python3.8/dist-packages/neutron_lib/callbacks/manager.py:176}}
May 12 11:47:23.953558 dv-cinder-804735-29-smb neutron-server[115216]: DEBUG neutron.api.rpc.handlers.resources_rpc [None req-c38a135c-e8fa-4685-867a-94977659f057 None None] Pushing event updated for resources: {'Port': ['ID=b33c4e9b-9caf-4846-ac6f-fcc57e6942ed,revision_number=4']} {{(pid=115216) push /opt/stack/neutron/neutron/api/rpc/handlers/resources_rpc.py:237}}
May 12 11:47:23.968264 dv-cinder-804735-29-smb neutron-server[115216]: DEBUG neutron.api.rpc.callbacks.version_manager [None req-c38a135c-e8fa-4685-867a-94977659f057 None None] Version for resource type AddressGroup changed None to 1.2 on consumer Open vSwitch agent@dv-cinder-804735-29-smb {{(pid=115216) _set_version /opt/stack/neutron/neutron/api/rpc/callbacks/version_manager.py:113}}
May 12 11:47:23.968883 dv-cinder-804735-29-smb neutron-server[115216]: DEBUG neutron.api.rpc.callbacks.version_manager [None req-c38a135c-e8fa-4685-867a-94977659f057 None None] Version for resource type Agent changed None to 1.1 on consumer Open vSwitch agent@dv-cinder-804735-29-smb {{(pid=115216) _set_version /opt/stack/neutron/neutron/api/rpc/callbacks/version_manager.py:113}}
May 12 11:47:23.970233 dv-cinder-804735-29-smb neutron-server[115216]: DEBUG neutron.api.rpc.callbacks.version_manager [None req-c38a135c-e8fa-4685-867a-94977659f057 None None] Version for resource type ConntrackHelper changed None to 1.0 on consumer Open vSwitch agent@dv-cinder-804735-29-smb {{(pid=115216) _set_version /opt/stack/neutron/neutron/api/rpc/callbacks/version_manager.py:113}}
May 12 11:47:23.970790 dv-cinder-804735-29-smb neutron-server[115216]: DEBUG neutron.api.rpc.callbacks.version_manager [None req-c38a135c-e8fa-4685-867a-94977659f057 None None] Version for resource type LocalIPAssociation changed None to 1.0 on consumer Open vSwitch agent@dv-cinder-804735-29-smb {{(pid=115216) _set_version /opt/stack/neutron/neutron/api/rpc/callbacks/version_manager.py:113}}
May 12 11:47:23.971335 dv-cinder-804735-29-smb neutron-server[115216]: DEBUG neutron.api.rpc.callbacks.version_manager [None req-c38a135c-e8fa-4685-867a-94977659f057 None None] Version for resource type Log changed None to 1.0 on consumer Open vSwitch agent@dv-cinder-804735-29-smb {{(pid=115216) _set_version /opt/stack/neutron/neutron/api/rpc/callbacks/version_manager.py:113}}
May 12 11:47:23.971875 dv-cinder-804735-29-smb neutron-server[115216]: DEBUG neutron.api.rpc.callbacks.version_manager [None req-c38a135c-e8fa-4685-867a-94977659f057 None None] Version for resource type NDPProxy changed None to 1.0 on consumer Open vSwitch agent@dv-cinder-804735-29-smb {{(pid=115216) _set_version /opt/stack/neutron/neutron/api/rpc/callbacks/version_manager.py:113}}
May 12 11:47:23.972459 dv-cinder-804735-29-smb neutron-server[115216]: DEBUG neutron.api.rpc.callbacks.version_manager [None req-c38a135c-e8fa-4685-867a-94977659f057 None None] Version for resource type Network changed None to 1.1 on consumer Open vSwitch agent@dv-cinder-804735-29-smb {{(pid=115216) _set_version /opt/stack/neutron/neutron/api/rpc/callbacks/version_manager.py:113}}
May 12 11:47:23.972992 dv-cinder-804735-29-smb neutron-server[115216]: DEBUG neutron.api.rpc.callbacks.version_manager [None req-c38a135c-e8fa-4685-867a-94977659f057 None None] Version for resource type Port changed None to 1.7 on consumer Open vSwitch agent@dv-cinder-804735-29-smb {{(pid=115216) _set_version /opt/stack/neutron/neutron/api/rpc/callbacks/version_manager.py:113}}
May 12 11:47:23.973555 dv-cinder-804735-29-smb neutron-server[115216]: DEBUG neutron.api.rpc.callbacks.version_manager [None req-c38a135c-e8fa-4685-867a-94977659f057 None None] Version for resource type PortForwarding changed None to 1.3 on consumer Open vSwitch agent@dv-cinder-804735-29-smb {{(pid=115216) _set_version /opt/stack/neutron/neutron/api/rpc/callbacks/version_manager.py:113}}
May 12 11:47:23.974165 dv-cinder-804735-29-smb neutron-server[115216]: DEBUG neutron.api.rpc.callbacks.version_manager [None req-c38a135c-e8fa-4685-867a-94977659f057 None None] Version for resource type QosPolicy changed None to 1.10 on consumer Open vSwitch agent@dv-cinder-804735-29-smb {{(pid=115216) _set_version /opt/stack/neutron/neutron/api/rpc/callbacks/version_manager.py:113}}
May 12 11:47:23.974698 dv-cinder-804735-29-smb neutron-server[115216]: DEBUG neutron.api.rpc.callbacks.version_manager [None req-c38a135c-e8fa-4685-867a-94977659f057 None None] Version for resource type SecurityGroup changed None to 1.5 on consumer Open vSwitch agent@dv-cinder-804735-29-smb {{(pid=115216) _set_version /opt/stack/neutron/neutron/api/rpc/callbacks/version_manager.py:113}}
May 12 11:47:23.975260 dv-cinder-804735-29-smb neutron-server[115216]: DEBUG neutron.api.rpc.callbacks.version_manager [None req-c38a135c-e8fa-4685-867a-94977659f057 None None] Version for resource type SecurityGroupRule changed None to 1.2 on consumer Open vSwitch agent@dv-cinder-804735-29-smb {{(pid=115216) _set_version /opt/stack/neutron/neutron/api/rpc/callbacks/version_manager.py:113}}
May 12 11:47:23.975790 dv-cinder-804735-29-smb neutron-server[115216]: DEBUG neutron.api.rpc.callbacks.version_manager [None req-c38a135c-e8fa-4685-867a-94977659f057 None None] Version for resource type SubPort changed None to 1.0 on consumer Open vSwitch agent@dv-cinder-804735-29-smb {{(pid=115216) _set_version /opt/stack/neutron/neutron/api/rpc/callbacks/version_manager.py:113}}
May 12 11:47:23.976367 dv-cinder-804735-29-smb neutron-server[115216]: DEBUG neutron.api.rpc.callbacks.version_manager [None req-c38a135c-e8fa-4685-867a-94977659f057 None None] Version for resource type Subnet changed None to 1.1 on consumer Open vSwitch agent@dv-cinder-804735-29-smb {{(pid=115216) _set_version /opt/stack/neutron/neutron/api/rpc/callbacks/version_manager.py:113}}
May 12 11:47:23.976907 dv-cinder-804735-29-smb neutron-server[115216]: DEBUG neutron.api.rpc.callbacks.version_manager [None req-c38a135c-e8fa-4685-867a-94977659f057 None None] Version for resource type Trunk changed None to 1.1 on consumer Open vSwitch agent@dv-cinder-804735-29-smb {{(pid=115216) _set_version /opt/stack/neutron/neutron/api/rpc/callbacks/version_manager.py:113}}
May 12 11:47:23.996128 dv-cinder-804735-29-smb neutron-server[115216]: DEBUG neutron.plugins.ml2.plugin [None req-e0588de4-342d-4574-9b93-27b4e8095bcb None None] Port bf0ad269-7bc1-40d4-9e47-80ebab2718ea cannot update to ACTIVE because it is not bound. {{(pid=115216) _port_provisioned /opt/stack/neutron/neutron/plugins/ml2/plugin.py:352}}
May 12 11:47:24.056013 dv-cinder-804735-29-smb neutron-server[115215]: DEBUG neutron.pecan_wsgi.hooks.policy_enforcement [req-28ab11c6-d8bd-4e97-935d-98046a1e0766 req-7556610a-9018-43b8-8413-82dcbd8146d5 tempest-VolumesActionsTest-564356002 tempest-VolumesActionsTest-564356002-project] Attributes excluded by policy engine: ['standard_attr_id', 'vlan_transparent', 'provider:network_type', 'provider:physical_network', 'provider:segmentation_id'] {{(pid=115215) _exclude_attributes_by_policy /opt/stack/neutron/neutron/pecan_wsgi/hooks/policy_enforcement.py:259}}
May 12 11:47:24.058084 dv-cinder-804735-29-smb neutron-server[115215]: INFO neutron.wsgi [req-28ab11c6-d8bd-4e97-935d-98046a1e0766 req-7556610a-9018-43b8-8413-82dcbd8146d5 tempest-VolumesActionsTest-564356002 tempest-VolumesActionsTest-564356002-project] 10.222.0.36 "GET /v2.0/networks?id=ec3a48ce-26d9-43d6-96f3-3a567ab9db47 HTTP/1.1" status: 200 len: 808 time: 0.2592759
May 12 11:47:24.084820 dv-cinder-804735-29-smb neutron-server[115215]: DEBUG neutron.api.v2.base [req-28ab11c6-d8bd-4e97-935d-98046a1e0766 req-335ad34f-3f1a-40eb-bbb4-56589db2b594 tempest-VolumesActionsTest-564356002 tempest-VolumesActionsTest-564356002-project] Request body: {'port': {'device_id': '26784131-caf7-420e-a545-b62e5e41754f', 'network_id': 'ec3a48ce-26d9-43d6-96f3-3a567ab9db47', 'admin_state_up': True, 'tenant_id': 'd1e2314c7fdc41039f073b6403067740'}} {{(pid=115215) prepare_request_body /opt/stack/neutron/neutron/api/v2/base.py:730}}
May 12 11:47:24.318785 dv-cinder-804735-29-smb neutron-server[115215]: DEBUG neutron.pecan_wsgi.hooks.quota_enforcement [req-28ab11c6-d8bd-4e97-935d-98046a1e0766 req-335ad34f-3f1a-40eb-bbb4-56589db2b594 tempest-VolumesActionsTest-564356002 tempest-VolumesActionsTest-564356002-project] Made reservation on behalf of d1e2314c7fdc41039f073b6403067740 for: {'port': 1} {{(pid=115215) before /opt/stack/neutron/neutron/pecan_wsgi/hooks/quota_enforcement.py:53}}
May 12 11:47:24.322570 dv-cinder-804735-29-smb neutron-server[115215]: DEBUG neutron_lib.callbacks.manager [req-28ab11c6-d8bd-4e97-935d-98046a1e0766 req-335ad34f-3f1a-40eb-bbb4-56589db2b594 tempest-VolumesActionsTest-564356002 tempest-VolumesActionsTest-564356002-project] Publish callbacks ['neutron.plugins.ml2.plugin.SecurityGroupDbMixin._ensure_default_security_group_handler-882759'] for port (None), before_create {{(pid=115215) _notify_loop /usr/local/lib/python3.8/dist-packages/neutron_lib/callbacks/manager.py:176}}
May 12 11:47:24.371636 dv-cinder-804735-29-smb neutron-server[115215]: DEBUG neutron.pecan_wsgi.hooks.policy_enforcement [req-dde97230-4313-4bd7-8d88-a3e65628da73 req-53f977c1-10c7-473f-9803-339b68b1c473 tempest-ServerRescueNegativeTestJSON-1508075146 tempest-ServerRescueNegativeTestJSON-1508075146-project] Attributes excluded by policy engine: ['standard_attr_id', 'binding:profile', 'binding:host_id', 'binding:vif_type', 'binding:vif_details'] {{(pid=115215) _exclude_attributes_by_policy /opt/stack/neutron/neutron/pecan_wsgi/hooks/policy_enforcement.py:259}}
May 12 11:47:24.373465 dv-cinder-804735-29-smb neutron-server[115215]: INFO neutron.wsgi [req-dde97230-4313-4bd7-8d88-a3e65628da73 req-53f977c1-10c7-473f-9803-339b68b1c473 tempest-ServerRescueNegativeTestJSON-1508075146 tempest-ServerRescueNegativeTestJSON-1508075146-project] 10.222.0.23 "GET /v2.0/ports?device_id=5b4e0c31-b5ff-46b9-b4b2-0180d2b88d54 HTTP/1.1" status: 200 len: 945 time: 0.1016552
May 12 11:47:24.522409 dv-cinder-804735-29-smb neutron-server[115215]: INFO neutron.wsgi [req-dde97230-4313-4bd7-8d88-a3e65628da73 req-af302ef4-14e0-456d-826e-63d05f695580 tempest-ServerRescueNegativeTestJSON-1508075146 tempest-ServerRescueNegativeTestJSON-1508075146-project] 10.222.0.23 "GET /v2.0/security-groups?id=fd30f461-d130-457b-b4f2-be48f6a1ace8&fields=id&fields=name HTTP/1.1" status: 200 len: 286 time: 0.0852714
May 12 11:47:24.531793 dv-cinder-804735-29-smb neutron-server[115215]: DEBUG neutron.db.db_base_plugin_common [req-28ab11c6-d8bd-4e97-935d-98046a1e0766 req-335ad34f-3f1a-40eb-bbb4-56589db2b594 tempest-VolumesActionsTest-564356002 tempest-VolumesActionsTest-564356002-project] Allocated IP 172.20.0.13 (ec3a48ce-26d9-43d6-96f3-3a567ab9db47/95d5fa19-0d83-46bb-8483-873fa1cbce85/2889f6fd-e601-4474-a4e3-212aff64a7ae) {{(pid=115215) _store_ip_allocation /opt/stack/neutron/neutron/db/db_base_plugin_common.py:131}}
May 12 11:47:24.563534 dv-cinder-804735-29-smb neutron-server[115214]: DEBUG neutron.wsgi [-] (115214) accepted ('10.222.0.23', 47586) {{(pid=115214) server /usr/local/lib/python3.8/dist-packages/eventlet/wsgi.py:1004}}
May 12 11:47:24.579756 dv-cinder-804735-29-smb neutron-server[115214]: DEBUG neutron.api.v2.base [None req-2d8d5830-7eed-43dd-bb18-34eb2adcc5b4 tempest-AttachVolumeShelveTestJSON-1077585070 tempest-AttachVolumeShelveTestJSON-1077585070-project] Request body: {'security_group': {'name': 'tempest-securitygroup--1538988540', 'description': 'tempest-description--1940743120'}} {{(pid=115214) prepare_request_body /opt/stack/neutron/neutron/api/v2/base.py:730}}
May 12 11:47:24.616935 dv-cinder-804735-29-smb neutron-server[115214]: DEBUG neutron_lib.callbacks.manager [None req-2d8d5830-7eed-43dd-bb18-34eb2adcc5b4 tempest-AttachVolumeShelveTestJSON-1077585070 tempest-AttachVolumeShelveTestJSON-1077585070-project] Publish callbacks [] for security_group (None), before_create {{(pid=115214) _notify_loop /usr/local/lib/python3.8/dist-packages/neutron_lib/callbacks/manager.py:176}}
May 12 11:47:24.735840 dv-cinder-804735-29-smb neutron-server[115214]: DEBUG neutron_lib.callbacks.manager [None req-2d8d5830-7eed-43dd-bb18-34eb2adcc5b4 tempest-AttachVolumeShelveTestJSON-1077585070 tempest-AttachVolumeShelveTestJSON-1077585070-project] Publish callbacks [] for security_group (57fb1c4b-76c5-4f12-aaee-019d91ec3e2c), precommit_create {{(pid=115214) _notify_loop /usr/local/lib/python3.8/dist-packages/neutron_lib/callbacks/manager.py:176}}
May 12 11:47:24.742207 dv-cinder-804735-29-smb neutron-server[115214]: DEBUG neutron_lib.callbacks.manager [None req-2d8d5830-7eed-43dd-bb18-34eb2adcc5b4 tempest-AttachVolumeShelveTestJSON-1077585070 tempest-AttachVolumeShelveTestJSON-1077585070-project] Publish callbacks ['neutron.plugins.ml2.ovo_rpc._ObjectChangeHandler.handle_event-7991394'] for security_group (57fb1c4b-76c5-4f12-aaee-019d91ec3e2c), after_create {{(pid=115214) _notify_loop /usr/local/lib/python3.8/dist-packages/neutron_lib/callbacks/manager.py:176}}
May 12 11:47:24.746938 dv-cinder-804735-29-smb neutron-server[115216]: DEBUG neutron.api.rpc.handlers.l3_rpc [None req-c73e083d-1c3d-4a97-bbba-910f2f7ed3a3 None None] Sync routers for ids ['028afbce-a356-4525-b5d7-ef187ed0025e'] in dv-cinder-804735-29-smb {{(pid=115216) sync_routers /opt/stack/neutron/neutron/api/rpc/handlers/l3_rpc.py:125}}
May 12 11:47:24.780284 dv-cinder-804735-29-smb neutron-server[115216]: DEBUG neutron.db.l3_dvrscheduler_db [None req-c73e083d-1c3d-4a97-bbba-910f2f7ed3a3 None None] Routers {'028afbce-a356-4525-b5d7-ef187ed0025e'} bound to L3 agent in host dv-cinder-804735-29-smb {{(pid=115216) _get_router_ids_for_agent /opt/stack/neutron/neutron/db/l3_dvrscheduler_db.py:421}}
May 12 11:47:24.783210 dv-cinder-804735-29-smb neutron-server[115216]: DEBUG neutron.db.l3_hamode_db [None req-c73e083d-1c3d-4a97-bbba-910f2f7ed3a3 None None] neutron.services.l3_router.l3_router_plugin.L3RouterPlugin method get_ha_sync_data_for_host called with arguments (, 'dv-cinder-804735-29-smb', Agent(admin_state_up=True,agent_type='L3 agent',availability_zone='nova',binary='neutron-l3-agent',configurations={"agent_mode": "legacy", "ex_gw_ports": 3, "extensions": [], "floating_ips": 1, "handle_internal_only_routers": true, "interface_driver": "openvswitch", "interfaces": 3, "log_agent_heartbeats": false, "routers": 3},created_at=2022-05-12T11:37:46Z,description=,heartbeat_timestamp=2022-05-12T11:47:16Z,host='dv-cinder-804735-29-smb',id=14eba2fe-45b0-4202-98f5-a5bd4e798c80,load=0,resource_versions=,resources_synced=,started_at=2022-05-12T11:37:46Z,topic='l3_agent')) {'router_ids': ['028afbce-a356-4525-b5d7-ef187ed0025e'], 'active': True} {{(pid=115216) wrapper /usr/local/lib/python3.8/dist-packages/oslo_log/helpers.py:65}}
May 12 11:47:24.786239 dv-cinder-804735-29-smb neutron-server[115214]: DEBUG neutron_lib.callbacks.manager [None req-2d8d5830-7eed-43dd-bb18-34eb2adcc5b4 tempest-AttachVolumeShelveTestJSON-1077585070 tempest-AttachVolumeShelveTestJSON-1077585070-project] Publish callbacks [] for security_group (None), before_response {{(pid=115214) _notify_loop /usr/local/lib/python3.8/dist-packages/neutron_lib/callbacks/manager.py:176}}
May 12 11:47:24.791014 dv-cinder-804735-29-smb neutron-server[115214]: INFO neutron.wsgi [None req-2d8d5830-7eed-43dd-bb18-34eb2adcc5b4 tempest-AttachVolumeShelveTestJSON-1077585070 tempest-AttachVolumeShelveTestJSON-1077585070-project] 10.222.0.23 "POST /v2.0/security-groups HTTP/1.1" status: 201 len: 1797 time: 0.2163355
May 12 11:47:24.791801 dv-cinder-804735-29-smb neutron-server[115214]: DEBUG neutron.wsgi [-] (115214) accepted ('10.222.0.23', 47596) {{(pid=115214) server /usr/local/lib/python3.8/dist-packages/eventlet/wsgi.py:1004}}
May 12 11:47:24.797577 dv-cinder-804735-29-smb neutron-server[115214]: DEBUG neutron.api.v2.base [None req-8afd213c-1c21-4b5e-be17-d7d449bd5577 tempest-AttachVolumeShelveTestJSON-1077585070 tempest-AttachVolumeShelveTestJSON-1077585070-project] Request body: {'security_group_rule': {'security_group_id': '57fb1c4b-76c5-4f12-aaee-019d91ec3e2c', 'protocol': 'tcp', 'ethertype': 'IPv4', 'port_range_min': 22, 'port_range_max': 22, 'direction': 'ingress'}} {{(pid=115214) prepare_request_body /opt/stack/neutron/neutron/api/v2/base.py:730}}
May 12 11:47:24.819405 dv-cinder-804735-29-smb neutron-server[115214]: DEBUG neutron.api.rpc.handlers.resources_rpc [None req-2d8d5830-7eed-43dd-bb18-34eb2adcc5b4 tempest-AttachVolumeShelveTestJSON-1077585070 tempest-AttachVolumeShelveTestJSON-1077585070-project] Pushing event updated for resources: {'SecurityGroup': ['ID=57fb1c4b-76c5-4f12-aaee-019d91ec3e2c,revision_number=1']} {{(pid=115214) push /opt/stack/neutron/neutron/api/rpc/handlers/resources_rpc.py:237}}
May 12 11:47:24.832793 dv-cinder-804735-29-smb neutron-server[115214]: DEBUG neutron_lib.callbacks.manager [None req-8afd213c-1c21-4b5e-be17-d7d449bd5577 tempest-AttachVolumeShelveTestJSON-1077585070 tempest-AttachVolumeShelveTestJSON-1077585070-project] Publish callbacks [] for security_group_rule (17baac40-e2b3-466e-9077-59b7336452f4), before_create {{(pid=115214) _notify_loop /usr/local/lib/python3.8/dist-packages/neutron_lib/callbacks/manager.py:176}}
May 12 11:47:24.945762 dv-cinder-804735-29-smb neutron-server[115215]: INFO neutron.wsgi [req-df926291-5a29-4237-94d4-c13ae43e6ba0 req-8f355e36-06f3-4a9d-91cc-cb9a1d1eb04e tempest-VolumesActionsTest-564356002 tempest-VolumesActionsTest-564356002-project] 10.222.0.23 "GET /v2.0/ports?device_id=26784131-caf7-420e-a545-b62e5e41754f HTTP/1.1" status: 200 len: 210 time: 0.0440063
May 12 11:47:24.967632 dv-cinder-804735-29-smb neutron-server[115214]: DEBUG neutron_lib.callbacks.manager [None req-8afd213c-1c21-4b5e-be17-d7d449bd5577 tempest-AttachVolumeShelveTestJSON-1077585070 tempest-AttachVolumeShelveTestJSON-1077585070-project] Publish callbacks [] for security_group_rule (17baac40-e2b3-466e-9077-59b7336452f4), precommit_create {{(pid=115214) _notify_loop /usr/local/lib/python3.8/dist-packages/neutron_lib/callbacks/manager.py:176}}
May 12 11:47:24.974045 dv-cinder-804735-29-smb neutron-server[115214]: DEBUG neutron_lib.callbacks.manager [None req-8afd213c-1c21-4b5e-be17-d7d449bd5577 tempest-AttachVolumeShelveTestJSON-1077585070 tempest-AttachVolumeShelveTestJSON-1077585070-project] Publish callbacks ['neutron.plugins.ml2.ovo_rpc._ObjectChangeHandler.handle_event-7991347'] for security_group_rule (17baac40-e2b3-466e-9077-59b7336452f4), after_create {{(pid=115214) _notify_loop /usr/local/lib/python3.8/dist-packages/neutron_lib/callbacks/manager.py:176}}
May 12 11:47:24.985238 dv-cinder-804735-29-smb neutron-server[115215]: DEBUG neutron_lib.callbacks.manager [req-28ab11c6-d8bd-4e97-935d-98046a1e0766 req-335ad34f-3f1a-40eb-bbb4-56589db2b594 tempest-VolumesActionsTest-564356002 tempest-VolumesActionsTest-564356002-project] Publish callbacks [] for port (2889f6fd-e601-4474-a4e3-212aff64a7ae), precommit_create {{(pid=115215) _notify_loop /usr/local/lib/python3.8/dist-packages/neutron_lib/callbacks/manager.py:176}}
May 12 11:47:24.997484 dv-cinder-804735-29-smb neutron-server[115214]: DEBUG neutron.api.rpc.handlers.resources_rpc [None req-8afd213c-1c21-4b5e-be17-d7d449bd5577 tempest-AttachVolumeShelveTestJSON-1077585070 tempest-AttachVolumeShelveTestJSON-1077585070-project] Pushing event updated for resources: {'SecurityGroupRule': ['ID=17baac40-e2b3-466e-9077-59b7336452f4,revision_number=0']} {{(pid=115214) push /opt/stack/neutron/neutron/api/rpc/handlers/resources_rpc.py:237}}
May 12 11:47:25.017809 dv-cinder-804735-29-smb neutron-server[115214]: DEBUG neutron_lib.callbacks.manager [None req-8afd213c-1c21-4b5e-be17-d7d449bd5577 tempest-AttachVolumeShelveTestJSON-1077585070 tempest-AttachVolumeShelveTestJSON-1077585070-project] Publish callbacks [] for security_group_rule (None), before_response {{(pid=115214) _notify_loop /usr/local/lib/python3.8/dist-packages/neutron_lib/callbacks/manager.py:176}}
May 12 11:47:25.020600 dv-cinder-804735-29-smb neutron-server[115214]: INFO neutron.wsgi [None req-8afd213c-1c21-4b5e-be17-d7d449bd5577 tempest-AttachVolumeShelveTestJSON-1077585070 tempest-AttachVolumeShelveTestJSON-1077585070-project] 10.222.0.23 "POST /v2.0/security-group-rules HTTP/1.1" status: 201 len: 764 time: 0.2266603
May 12 11:47:25.022514 dv-cinder-804735-29-smb neutron-server[115214]: DEBUG neutron.wsgi [-] (115214) accepted ('10.222.0.23', 47602) {{(pid=115214) server /usr/local/lib/python3.8/dist-packages/eventlet/wsgi.py:1004}}
May 12 11:47:25.033330 dv-cinder-804735-29-smb neutron-server[115214]: DEBUG neutron.api.v2.base [None req-1b488aff-f996-48f5-99c9-808a94d59dc0 tempest-AttachVolumeShelveTestJSON-1077585070 tempest-AttachVolumeShelveTestJSON-1077585070-project] Request body: {'security_group_rule': {'security_group_id': '57fb1c4b-76c5-4f12-aaee-019d91ec3e2c', 'protocol': 'icmp', 'ethertype': 'IPv4', 'direction': 'ingress'}} {{(pid=115214) prepare_request_body /opt/stack/neutron/neutron/api/v2/base.py:730}}
May 12 11:47:25.041180 dv-cinder-804735-29-smb neutron-server[115215]: DEBUG neutron_lib.callbacks.manager [req-28ab11c6-d8bd-4e97-935d-98046a1e0766 req-335ad34f-3f1a-40eb-bbb4-56589db2b594 tempest-VolumesActionsTest-564356002 tempest-VolumesActionsTest-564356002-project] Publish callbacks ['neutron.plugins.ml2.plugin.SecurityGroupServerNotifierRpcMixin._notify_sg_on_port_change-882921', 'neutron.plugins.ml2.ovo_rpc._ObjectChangeHandler.handle_event-445917', 'neutron.api.rpc.agentnotifiers.dhcp_rpc_agent_api.DhcpAgentNotifyAPI._native_event_send_dhcp_notification-7905625', 'neutron.db.l3_dvrscheduler_db._notify_l3_agent_new_port-8744230272103', 'neutron.services.segments.plugin.NovaSegmentNotifier._notify_port_created_or_deleted-5014299'] for port (2889f6fd-e601-4474-a4e3-212aff64a7ae), after_create {{(pid=115215) _notify_loop /usr/local/lib/python3.8/dist-packages/neutron_lib/callbacks/manager.py:176}}
May 12 11:47:25.044228 dv-cinder-804735-29-smb neutron-server[115216]: DEBUG neutron.db.l3_dvr_db [None req-c73e083d-1c3d-4a97-bbba-910f2f7ed3a3 None None] Set router 028afbce-a356-4525-b5d7-ef187ed0025e gateway port host: dv-cinder-804735-29-smb {{(pid=115216) _build_routers_list /opt/stack/neutron/neutron/db/l3_dvr_db.py:906}}
May 12 11:47:25.068166 dv-cinder-804735-29-smb neutron-server[115214]: DEBUG neutron_lib.callbacks.manager [None req-1b488aff-f996-48f5-99c9-808a94d59dc0 tempest-AttachVolumeShelveTestJSON-1077585070 tempest-AttachVolumeShelveTestJSON-1077585070-project] Publish callbacks [] for security_group_rule (3831e18d-4f0a-40a9-8fea-553c1355a2a5), before_create {{(pid=115214) _notify_loop /usr/local/lib/python3.8/dist-packages/neutron_lib/callbacks/manager.py:176}}
May 12 11:47:25.120509 dv-cinder-804735-29-smb neutron-server[115215]: DEBUG neutron.scheduler.dhcp_agent_scheduler [req-28ab11c6-d8bd-4e97-935d-98046a1e0766 req-335ad34f-3f1a-40eb-bbb4-56589db2b594 tempest-VolumesActionsTest-564356002 tempest-VolumesActionsTest-564356002-project] Network ec3a48ce-26d9-43d6-96f3-3a567ab9db47 is already hosted by enough agents. {{(pid=115215) _get_dhcp_agents_hosting_network /opt/stack/neutron/neutron/scheduler/dhcp_agent_scheduler.py:275}}
May 12 11:47:25.126338 dv-cinder-804735-29-smb neutron-server[115215]: DEBUG neutron.scheduler.base_scheduler [req-28ab11c6-d8bd-4e97-935d-98046a1e0766 req-335ad34f-3f1a-40eb-bbb4-56589db2b594 tempest-VolumesActionsTest-564356002 tempest-VolumesActionsTest-564356002-project] Resources bound (agent type, host, resource id): {{(pid=115215) schedule /opt/stack/neutron/neutron/scheduler/base_scheduler.py:57}}
May 12 11:47:25.131195 dv-cinder-804735-29-smb neutron-server[115215]: DEBUG neutron.db.l3_dvrscheduler_db [req-28ab11c6-d8bd-4e97-935d-98046a1e0766 req-335ad34f-3f1a-40eb-bbb4-56589db2b594 tempest-VolumesActionsTest-564356002 tempest-VolumesActionsTest-564356002-project] Received port after_create {{(pid=115215) _notify_l3_agent_new_port /opt/stack/neutron/neutron/db/l3_dvrscheduler_db.py:536}}
May 12 11:47:25.134974 dv-cinder-804735-29-smb neutron-server[115215]: DEBUG neutron.api.rpc.handlers.resources_rpc [None req-335ad34f-3f1a-40eb-bbb4-56589db2b594 tempest-VolumesActionsTest-564356002 tempest-VolumesActionsTest-564356002-project] Pushing event updated for resources: {'Port': ['ID=2889f6fd-e601-4474-a4e3-212aff64a7ae,revision_number=1']} {{(pid=115215) push /opt/stack/neutron/neutron/api/rpc/handlers/resources_rpc.py:237}}
May 12 11:47:25.156028 dv-cinder-804735-29-smb neutron-server[115214]: DEBUG neutron.wsgi [-] (115214) accepted ('10.222.0.23', 47606) {{(pid=115214) server /usr/local/lib/python3.8/dist-packages/eventlet/wsgi.py:1004}}
May 12 11:47:25.176162 dv-cinder-804735-29-smb neutron-server[115214]: DEBUG neutron_lib.callbacks.manager [None req-1b488aff-f996-48f5-99c9-808a94d59dc0 tempest-AttachVolumeShelveTestJSON-1077585070 tempest-AttachVolumeShelveTestJSON-1077585070-project] Publish callbacks [] for security_group_rule (3831e18d-4f0a-40a9-8fea-553c1355a2a5), precommit_create {{(pid=115214) _notify_loop /usr/local/lib/python3.8/dist-packages/neutron_lib/callbacks/manager.py:176}}
May 12 11:47:25.181760 dv-cinder-804735-29-smb neutron-server[115214]: DEBUG neutron_lib.callbacks.manager [None req-1b488aff-f996-48f5-99c9-808a94d59dc0 tempest-AttachVolumeShelveTestJSON-1077585070 tempest-AttachVolumeShelveTestJSON-1077585070-project] Publish callbacks ['neutron.plugins.ml2.ovo_rpc._ObjectChangeHandler.handle_event-7991347'] for security_group_rule (3831e18d-4f0a-40a9-8fea-553c1355a2a5), after_create {{(pid=115214) _notify_loop /usr/local/lib/python3.8/dist-packages/neutron_lib/callbacks/manager.py:176}}
May 12 11:47:25.189398 dv-cinder-804735-29-smb neutron-server[115215]: DEBUG neutron.pecan_wsgi.hooks.policy_enforcement [req-28ab11c6-d8bd-4e97-935d-98046a1e0766 req-335ad34f-3f1a-40eb-bbb4-56589db2b594 tempest-VolumesActionsTest-564356002 tempest-VolumesActionsTest-564356002-project] Attributes excluded by policy engine: ['standard_attr_id', 'binding:profile', 'binding:host_id', 'binding:vif_type', 'binding:vif_details', 'network'] {{(pid=115215) _exclude_attributes_by_policy /opt/stack/neutron/neutron/pecan_wsgi/hooks/policy_enforcement.py:259}}
May 12 11:47:25.190070 dv-cinder-804735-29-smb neutron-server[115215]: DEBUG neutron_lib.callbacks.manager [req-28ab11c6-d8bd-4e97-935d-98046a1e0766 req-335ad34f-3f1a-40eb-bbb4-56589db2b594 tempest-VolumesActionsTest-564356002 tempest-VolumesActionsTest-564356002-project] Publish callbacks ['neutron.notifiers.nova.Notifier._send_nova_notification-61121'] for port (None), before_response {{(pid=115215) _notify_loop /usr/local/lib/python3.8/dist-packages/neutron_lib/callbacks/manager.py:176}}
May 12 11:47:25.209556 dv-cinder-804735-29-smb neutron-server[115214]: DEBUG neutron.api.rpc.handlers.resources_rpc [None req-1b488aff-f996-48f5-99c9-808a94d59dc0 tempest-AttachVolumeShelveTestJSON-1077585070 tempest-AttachVolumeShelveTestJSON-1077585070-project] Pushing event updated for resources: {'SecurityGroupRule': ['ID=3831e18d-4f0a-40a9-8fea-553c1355a2a5,revision_number=0']} {{(pid=115214) push /opt/stack/neutron/neutron/api/rpc/handlers/resources_rpc.py:237}}
May 12 11:47:25.211891 dv-cinder-804735-29-smb neutron-server[115215]: INFO neutron.wsgi [req-28ab11c6-d8bd-4e97-935d-98046a1e0766 req-335ad34f-3f1a-40eb-bbb4-56589db2b594 tempest-VolumesActionsTest-564356002 tempest-VolumesActionsTest-564356002-project] 10.222.0.36 "POST /v2.0/ports HTTP/1.1" status: 201 len: 934 time: 1.1345143
May 12 11:47:25.225240 dv-cinder-804735-29-smb neutron-server[115214]: DEBUG neutron_lib.callbacks.manager [None req-1b488aff-f996-48f5-99c9-808a94d59dc0 tempest-AttachVolumeShelveTestJSON-1077585070 tempest-AttachVolumeShelveTestJSON-1077585070-project] Publish callbacks [] for security_group_rule (None), before_response {{(pid=115214) _notify_loop /usr/local/lib/python3.8/dist-packages/neutron_lib/callbacks/manager.py:176}}
May 12 11:47:25.231930 dv-cinder-804735-29-smb neutron-server[115214]: INFO neutron.wsgi [None req-1b488aff-f996-48f5-99c9-808a94d59dc0 tempest-AttachVolumeShelveTestJSON-1077585070 tempest-AttachVolumeShelveTestJSON-1077585070-project] 10.222.0.23 "POST /v2.0/security-group-rules HTTP/1.1" status: 201 len: 769 time: 0.2034431
May 12 11:47:25.232271 dv-cinder-804735-29-smb neutron-server[115214]: DEBUG neutron.wsgi [-] (115214) accepted ('10.222.0.23', 47610) {{(pid=115214) server /usr/local/lib/python3.8/dist-packages/eventlet/wsgi.py:1004}}
May 12 11:47:25.237675 dv-cinder-804735-29-smb neutron-server[115214]: DEBUG neutron.api.v2.base [None req-478b4ffb-b5c0-4133-864a-e9af070b8261 tempest-AttachVolumeShelveTestJSON-1077585070 tempest-AttachVolumeShelveTestJSON-1077585070-project] Request body: {'floatingip': {'floating_network_id': '8f688b90-b66b-491e-a46a-efdfe906430d'}} {{(pid=115214) prepare_request_body /opt/stack/neutron/neutron/api/v2/base.py:730}}
May 12 11:47:25.243410 dv-cinder-804735-29-smb neutron-server[115215]: DEBUG neutron.api.v2.base [req-28ab11c6-d8bd-4e97-935d-98046a1e0766 req-be30c54d-a035-4d8a-a124-7d4338453832 service neutron] Request body: {'port': {'device_id': '26784131-caf7-420e-a545-b62e5e41754f', 'device_owner': 'compute:nova', 'binding:host_id': 'hv-cinder-80473'}} {{(pid=115215) prepare_request_body /opt/stack/neutron/neutron/api/v2/base.py:730}}
May 12 11:47:25.264230 dv-cinder-804735-29-smb neutron-server[115214]: DEBUG neutron_lib.callbacks.manager [None req-478b4ffb-b5c0-4133-864a-e9af070b8261 tempest-AttachVolumeShelveTestJSON-1077585070 tempest-AttachVolumeShelveTestJSON-1077585070-project] Publish callbacks [] for floatingip (None), before_create {{(pid=115214) _notify_loop /usr/local/lib/python3.8/dist-packages/neutron_lib/callbacks/manager.py:176}}
May 12 11:47:25.315053 dv-cinder-804735-29-smb neutron-server[115215]: DEBUG neutron_lib.callbacks.manager [req-28ab11c6-d8bd-4e97-935d-98046a1e0766 req-be30c54d-a035-4d8a-a124-7d4338453832 service neutron] Publish callbacks ['neutron.plugins.ml2.plugin.SecurityGroupDbMixin._ensure_default_security_group_handler-882759'] for port (2889f6fd-e601-4474-a4e3-212aff64a7ae), before_update {{(pid=115215) _notify_loop /usr/local/lib/python3.8/dist-packages/neutron_lib/callbacks/manager.py:176}}
May 12 11:47:25.346334 dv-cinder-804735-29-smb neutron-server[115214]: DEBUG neutron_lib.callbacks.manager [None req-8aa47ba0-2981-4c1d-be30-f5bfef5bbca9 admin admin] Publish callbacks [] for security_group (None), before_create {{(pid=115214) _notify_loop /usr/local/lib/python3.8/dist-packages/neutron_lib/callbacks/manager.py:176}}
May 12 11:47:25.356025 dv-cinder-804735-29-smb neutron-server[115216]: DEBUG neutron.db.l3_hamode_db [None req-c73e083d-1c3d-4a97-bbba-910f2f7ed3a3 None None] neutron.services.l3_router.l3_router_plugin.L3RouterPlugin method _process_sync_ha_data called with arguments (, [{'id': '028afbce-a356-4525-b5d7-ef187ed0025e', 'name': 'tempest-AttachVolumeShelveTestJSON-2110667338-router', 'tenant_id': 'ca3cb63ad7ba41c39b112cefa28e6421', 'admin_state_up': True, 'status': 'ACTIVE', 'external_gateway_info': {'network_id': '8f688b90-b66b-491e-a46a-efdfe906430d', 'external_fixed_ips': [{'subnet_id': '72fd2465-d3ea-4baa-bcb0-d756b1f15350', 'ip_address': '172.28.1.128'}], 'enable_snat': True}, 'gw_port_id': 'b33c4e9b-9caf-4846-ac6f-fcc57e6942ed', 'description': '', 'availability_zones': ['nova'], 'distributed': False, 'ha': False, 'ha_vr_id': 0, 'availability_zone_hints': [], 'routes': [], 'flavor_id': None, 'tags': [], 'created_at': '2022-05-12T11:47:16Z', 'updated_at': '2022-05-12T11:47:22Z', 'revision_number': 4, 'project_id': 'ca3cb63ad7ba41c39b112cefa28e6421', 'gw_port': {'id': 'b33c4e9b-9caf-4846-ac6f-fcc57e6942ed', 'name': '', 'network_id': '8f688b90-b66b-491e-a46a-efdfe906430d', 'tenant_id': '', 'mac_address': 'fa:16:3e:ab:a9:ea', 'admin_state_up': True, 'status': 'ACTIVE', 'device_id': '028afbce-a356-4525-b5d7-ef187ed0025e', 'device_owner': 'network:router_gateway', 'standard_attr_id': 263, 'fixed_ips': [{'subnet_id': '72fd2465-d3ea-4baa-bcb0-d756b1f15350', 'ip_address': '172.28.1.128', 'prefixlen': 24}], 'allowed_address_pairs': [], 'extra_dhcp_opts': [], 'security_groups': [], 'description': '', 'binding:vnic_type': 'normal', 'binding:profile': {}, 'binding:host_id': 'dv-cinder-804735-29-smb', 'binding:vif_type': 'ovs', 'binding:vif_details': {'connectivity': 'l2', 'port_filter': True, 'ovs_hybrid_plug': False, 'datapath_type': 'system', 'bridge_name': 'br-int', 'bound_drivers': {'0': 'openvswitch'}}, 'port_security_enabled': False, 'tags': [], 'created_at': '2022-05-12T11:47:17Z', 'updated_at': '2022-05-12T11:47:23Z', 'revision_number': 4, 'project_id': '', 'subnets': [{'id': '72fd2465-d3ea-4baa-bcb0-d756b1f15350', 'cidr': '172.28.1.0/24', 'gateway_ip': '172.28.1.1', 'dns_nameservers': [], 'ipv6_ra_mode': None, 'subnetpool_id': None}], 'extra_subnets': [], 'address_scopes': {4: None, 6: None}, 'mtu': 1500}, 'enable_snat': True, 'gw_port_host': 'dv-cinder-804735-29-smb', '_interfaces': [{'id': 'bf0ad269-7bc1-40d4-9e47-80ebab2718ea', 'name': '', 'network_id': 'bd4b893b-da31-422a-9608-ecc0d6236f6d', 'tenant_id': 'ca3cb63ad7ba41c39b112cefa28e6421', 'mac_address': 'fa:16:3e:eb:c5:be', 'admin_state_up': True, 'status': 'DOWN', 'device_id': '028afbce-a356-4525-b5d7-ef187ed0025e', 'device_owner': 'network:router_interface', 'standard_attr_id': 292, 'fixed_ips': [{'subnet_id': '9b420fdc-642b-4538-939d-3e13c6533e2e', 'ip_address': '172.20.0.1', 'prefixlen': 28}], 'allowed_address_pairs': [], 'extra_dhcp_opts': [], 'security_groups': [], 'description': '', 'binding:vnic_type': 'normal', 'binding:profile': {}, 'binding:host_id': '', 'binding:vif_type': 'unbound', 'binding:vif_details': {}, 'port_security_enabled': False, 'tags': [], 'created_at': '2022-05-12T11:47:21Z', 'updated_at': '2022-05-12T11:47:22Z', 'revision_number': 2, 'project_id': 'ca3cb63ad7ba41c39b112cefa28e6421', 'subnets': [{'id': '9b420fdc-642b-4538-939d-3e13c6533e2e', 'cidr': '172.20.0.0/28', 'gateway_ip': '172.20.0.1', 'dns_nameservers': [], 'ipv6_ra_mode': None, 'subnetpool_id': None}], 'extra_subnets': [], 'address_scopes': {4: None, 6: None}, 'mtu': 1500}]}], 'dv-cinder-804735-29-smb', False) {} {{(pid=115216) wrapper /usr/local/lib/python3.8/dist-packages/oslo_log/helpers.py:65}}
May 12 11:47:25.376333 dv-cinder-804735-29-smb neutron-server[115214]: DEBUG neutron_lib.callbacks.manager [None req-478b4ffb-b5c0-4133-864a-e9af070b8261 tempest-AttachVolumeShelveTestJSON-1077585070 tempest-AttachVolumeShelveTestJSON-1077585070-project] Publish callbacks ['neutron.plugins.ml2.plugin.SecurityGroupDbMixin._ensure_default_security_group_handler-882759'] for port (None), before_create {{(pid=115214) _notify_loop /usr/local/lib/python3.8/dist-packages/neutron_lib/callbacks/manager.py:176}}
May 12 11:47:25.401375 dv-cinder-804735-29-smb neutron-server[115216]: DEBUG neutron.plugins.ml2.rpc [None req-c38a135c-e8fa-4685-867a-94977659f057 None None] Device b33c4e9b-9caf-4846-ac6f-fcc57e6942ed up at agent ovs-agent-dv-cinder-804735-29-smb {{(pid=115216) update_device_up /opt/stack/neutron/neutron/plugins/ml2/rpc.py:296}}
May 12 11:47:25.439347 dv-cinder-804735-29-smb neutron-server[115216]: DEBUG neutron.api.rpc.handlers.l3_rpc [None req-c73e083d-1c3d-4a97-bbba-910f2f7ed3a3 None None] Checking router: 028afbce-a356-4525-b5d7-ef187ed0025e for host: dv-cinder-804735-29-smb {{(pid=115216) _ensure_host_set_on_ports /opt/stack/neutron/neutron/api/rpc/handlers/l3_rpc.py:155}}
May 12 11:47:25.439347 dv-cinder-804735-29-smb neutron-server[115216]: DEBUG neutron.api.rpc.handlers.l3_rpc [None req-c73e083d-1c3d-4a97-bbba-910f2f7ed3a3 None None] Updating router 028afbce-a356-4525-b5d7-ef187ed0025e port bf0ad269-7bc1-40d4-9e47-80ebab2718ea binding host dv-cinder-804735-29-smb {{(pid=115216) _ensure_host_set_on_port /opt/stack/neutron/neutron/api/rpc/handlers/l3_rpc.py:205}}
May 12 11:47:25.489160 dv-cinder-804735-29-smb neutron-server[115216]: DEBUG neutron_lib.callbacks.manager [None req-c73e083d-1c3d-4a97-bbba-910f2f7ed3a3 None None] Publish callbacks ['neutron.plugins.ml2.plugin.SecurityGroupDbMixin._ensure_default_security_group_handler-882759'] for port (bf0ad269-7bc1-40d4-9e47-80ebab2718ea), before_update {{(pid=115216) _notify_loop /usr/local/lib/python3.8/dist-packages/neutron_lib/callbacks/manager.py:176}}
May 12 11:47:25.500022 dv-cinder-804735-29-smb neutron-server[115216]: DEBUG neutron.db.provisioning_blocks [None req-c38a135c-e8fa-4685-867a-94977659f057 None None] Provisioning complete for port b33c4e9b-9caf-4846-ac6f-fcc57e6942ed triggered by entity L2. {{(pid=115216) provisioning_complete /opt/stack/neutron/neutron/db/provisioning_blocks.py:145}}
May 12 11:47:25.500022 dv-cinder-804735-29-smb neutron-server[115216]: DEBUG neutron_lib.callbacks.manager [None req-c38a135c-e8fa-4685-867a-94977659f057 None None] Publish callbacks ['neutron.plugins.ml2.plugin.Ml2Plugin._port_provisioned-819415'] for port (b33c4e9b-9caf-4846-ac6f-fcc57e6942ed), provisioning_complete {{(pid=115216) _notify_loop /usr/local/lib/python3.8/dist-packages/neutron_lib/callbacks/manager.py:176}}
May 12 11:47:25.554229 dv-cinder-804735-29-smb neutron-server[115214]: DEBUG neutron_lib.callbacks.manager [None req-8aa47ba0-2981-4c1d-be30-f5bfef5bbca9 admin admin] Publish callbacks [] for security_group (ca125515-655b-410d-b319-6b5b7e233cc4), precommit_create {{(pid=115214) _notify_loop /usr/local/lib/python3.8/dist-packages/neutron_lib/callbacks/manager.py:176}}
May 12 11:47:25.568491 dv-cinder-804735-29-smb neutron-server[115214]: DEBUG neutron_lib.callbacks.manager [None req-8aa47ba0-2981-4c1d-be30-f5bfef5bbca9 admin admin] Publish callbacks ['neutron.plugins.ml2.ovo_rpc._ObjectChangeHandler.handle_event-7991394'] for security_group (ca125515-655b-410d-b319-6b5b7e233cc4), after_create {{(pid=115214) _notify_loop /usr/local/lib/python3.8/dist-packages/neutron_lib/callbacks/manager.py:176}}
May 12 11:47:25.602642 dv-cinder-804735-29-smb neutron-server[115214]: DEBUG neutron.db.db_base_plugin_common [None req-478b4ffb-b5c0-4133-864a-e9af070b8261 tempest-AttachVolumeShelveTestJSON-1077585070 tempest-AttachVolumeShelveTestJSON-1077585070-project] Allocated IP 172.28.1.98 (8f688b90-b66b-491e-a46a-efdfe906430d/72fd2465-d3ea-4baa-bcb0-d756b1f15350/a88c8e7d-65b2-4f45-b05b-396505d8bdf4) {{(pid=115214) _store_ip_allocation /opt/stack/neutron/neutron/db/db_base_plugin_common.py:131}}
May 12 11:47:25.712945 dv-cinder-804735-29-smb neutron-server[115215]: DEBUG neutron.notifiers.nova [req-28ab11c6-d8bd-4e97-935d-98046a1e0766 req-be30c54d-a035-4d8a-a124-7d4338453832 service neutron] Ignoring state change previous_port_status: DOWN current_port_status: DOWN port_id 2889f6fd-e601-4474-a4e3-212aff64a7ae {{(pid=115215) record_port_status_changed /opt/stack/neutron/neutron/notifiers/nova.py:233}}
May 12 11:47:25.722498 dv-cinder-804735-29-smb neutron-server[115215]: DEBUG neutron_lib.callbacks.manager [req-28ab11c6-d8bd-4e97-935d-98046a1e0766 req-be30c54d-a035-4d8a-a124-7d4338453832 service neutron] Publish callbacks [] for port (2889f6fd-e601-4474-a4e3-212aff64a7ae), precommit_update {{(pid=115215) _notify_loop /usr/local/lib/python3.8/dist-packages/neutron_lib/callbacks/manager.py:176}}
May 12 11:47:25.744106 dv-cinder-804735-29-smb neutron-server[115215]: DEBUG neutron.db.provisioning_blocks [req-28ab11c6-d8bd-4e97-935d-98046a1e0766 req-be30c54d-a035-4d8a-a124-7d4338453832 service neutron] Transition to ACTIVE for port object 2889f6fd-e601-4474-a4e3-212aff64a7ae will not be triggered until provisioned by entity L2. {{(pid=115215) add_provisioning_component /opt/stack/neutron/neutron/db/provisioning_blocks.py:75}}
May 12 11:47:25.749261 dv-cinder-804735-29-smb neutron-server[115215]: DEBUG neutron_lib.callbacks.manager [req-28ab11c6-d8bd-4e97-935d-98046a1e0766 req-be30c54d-a035-4d8a-a124-7d4338453832 service neutron] Publish callbacks ['neutron.plugins.ml2.plugin.SecurityGroupServerNotifierRpcMixin._notify_sg_on_port_change-882921', 'neutron.plugins.ml2.ovo_rpc._ObjectChangeHandler.handle_event-445917', 'neutron.api.rpc.agentnotifiers.dhcp_rpc_agent_api.DhcpAgentNotifyAPI._native_event_send_dhcp_notification-7905625', 'neutron.db.l3_db.L3RpcNotifierMixin._notify_gateway_port_ip_changed-8744230815883', 'neutron.db.l3_dvrscheduler_db._notify_l3_agent_port_update-8744230272121', 'neutron.db.l3_hascheduler_db._notify_l3_agent_ha_port_update-8744230272139', 'neutron.services.segments.plugin.NovaSegmentNotifier._notify_port_updated-5014316'] for port (2889f6fd-e601-4474-a4e3-212aff64a7ae), after_update {{(pid=115215) _notify_loop /usr/local/lib/python3.8/dist-packages/neutron_lib/callbacks/manager.py:176}}
May 12 11:47:25.832402 dv-cinder-804735-29-smb neutron-server[115215]: DEBUG neutron.api.rpc.handlers.resources_rpc [None req-be30c54d-a035-4d8a-a124-7d4338453832 service neutron] Pushing event updated for resources: {'Port': ['ID=2889f6fd-e601-4474-a4e3-212aff64a7ae,revision_number=2']} {{(pid=115215) push /opt/stack/neutron/neutron/api/rpc/handlers/resources_rpc.py:237}}
May 12 11:47:25.883300 dv-cinder-804735-29-smb neutron-server[115216]: DEBUG neutron.plugins.ml2.plugin [None req-c38a135c-e8fa-4685-867a-94977659f057 None None] Current status of the port b33c4e9b-9caf-4846-ac6f-fcc57e6942ed is: ACTIVE; New status is: ACTIVE {{(pid=115216) _update_individual_port_db_status /opt/stack/neutron/neutron/plugins/ml2/plugin.py:2296}}
May 12 11:47:25.888118 dv-cinder-804735-29-smb neutron-server[115215]: DEBUG neutron.plugins.ml2.managers [req-28ab11c6-d8bd-4e97-935d-98046a1e0766 req-be30c54d-a035-4d8a-a124-7d4338453832 service neutron] Attempting to bind port 2889f6fd-e601-4474-a4e3-212aff64a7ae on host hv-cinder-80473 for vnic_type normal with profile {{(pid=115215) bind_port /opt/stack/neutron/neutron/plugins/ml2/managers.py:795}}
