Mar 10 06:18:57.970160 dv-cinder-804735-28-smb devstack@c-api.service[110437]: INFO cinder.volume.api [None req-05bb3631-8ee3-418d-953f-175fc2d71b09 tempest-VolumeRetypeWithoutMigrationTest-2057209802 tempest-VolumeRetypeWithoutMigrationTest-2057209802-project] Volume info retrieved successfully.
Mar 10 06:18:58.190385 dv-cinder-804735-28-smb devstack@c-api.service[110436]: INFO cinder.volume.api [None req-d661ee30-9fb3-460c-9047-4abbca0e5e6e tempest-VolumesServicesTestJSON-524572786 tempest-VolumesServicesTestJSON-524572786-project] Delete volume request issued successfully.
Mar 10 06:18:58.190731 dv-cinder-804735-28-smb devstack@c-api.service[110437]: INFO cinder.volume.api [None req-05bb3631-8ee3-418d-953f-175fc2d71b09 tempest-VolumeRetypeWithoutMigrationTest-2057209802 tempest-VolumeRetypeWithoutMigrationTest-2057209802-project] Delete volume request issued successfully.
Mar 10 06:18:58.190843 dv-cinder-804735-28-smb devstack@c-api.service[110436]: INFO cinder.api.openstack.wsgi [None req-d661ee30-9fb3-460c-9047-4abbca0e5e6e tempest-VolumesServicesTestJSON-524572786 tempest-VolumesServicesTestJSON-524572786-project] http://10.222.0.18/volume/v3/0dcb4fdaa98148f7a5b4d940de211db9/volumes/5a750f19-5cf9-47ca-b870-0bb1a1ff5d7e returned with HTTP 202
Mar 10 06:18:58.191523 dv-cinder-804735-28-smb devstack@c-api.service[110437]: INFO cinder.api.openstack.wsgi [None req-05bb3631-8ee3-418d-953f-175fc2d71b09 tempest-VolumeRetypeWithoutMigrationTest-2057209802 tempest-VolumeRetypeWithoutMigrationTest-2057209802-project] http://10.222.0.18/volume/v3/54489bca198948c392bbc3c3f2ba3216/volumes/72141147-3ef8-4a68-a9bd-18f7590a3bde returned with HTTP 202
Mar 10 06:18:58.195160 dv-cinder-804735-28-smb devstack@c-api.service[110436]: [pid: 110436|app: 0|req: 91/177] 10.222.0.18 () {58 vars in 1327 bytes} [Thu Mar 10 06:18:57 2022] DELETE /volume/v3/0dcb4fdaa98148f7a5b4d940de211db9/volumes/5a750f19-5cf9-47ca-b870-0bb1a1ff5d7e => generated 0 bytes in 265 msecs (HTTP/1.1 202) 6 headers in 233 bytes (1 switches on core 0)
Mar 10 06:18:58.196454 dv-cinder-804735-28-smb devstack@c-api.service[110436]: DEBUG cinder.api.middleware.request_id [None req-ec9ebe2a-d0d9-42d7-a9e9-e436370e3045 None None] RequestId filter calling following filter/app {{(pid=110436) _context_setter /opt/stack/cinder/cinder/api/middleware/request_id.py:62}}
Mar 10 06:18:58.196570 dv-cinder-804735-28-smb devstack@c-api.service[110437]: [pid: 110437|app: 0|req: 87/178] 10.222.0.18 () {58 vars in 1327 bytes} [Thu Mar 10 06:18:57 2022] DELETE /volume/v3/54489bca198948c392bbc3c3f2ba3216/volumes/72141147-3ef8-4a68-a9bd-18f7590a3bde => generated 0 bytes in 253 msecs (HTTP/1.1 202) 6 headers in 233 bytes (1 switches on core 0)
Mar 10 06:18:58.198212 dv-cinder-804735-28-smb devstack@c-api.service[110437]: DEBUG cinder.api.middleware.request_id [None req-c9161ae4-8269-46ce-a48b-ee0ad7910b1a None None] RequestId filter calling following filter/app {{(pid=110437) _context_setter /opt/stack/cinder/cinder/api/middleware/request_id.py:62}}
Mar 10 06:18:58.202025 dv-cinder-804735-28-smb devstack@c-api.service[110437]: INFO cinder.api.openstack.wsgi [None req-c9161ae4-8269-46ce-a48b-ee0ad7910b1a tempest-VolumeRetypeWithoutMigrationTest-2057209802 tempest-VolumeRetypeWithoutMigrationTest-2057209802-project] GET http://10.222.0.18/volume/v3/54489bca198948c392bbc3c3f2ba3216/volumes/72141147-3ef8-4a68-a9bd-18f7590a3bde
Mar 10 06:18:58.203369 dv-cinder-804735-28-smb devstack@c-api.service[110437]: DEBUG cinder.api.openstack.wsgi [None req-c9161ae4-8269-46ce-a48b-ee0ad7910b1a tempest-VolumeRetypeWithoutMigrationTest-2057209802 tempest-VolumeRetypeWithoutMigrationTest-2057209802-project] Empty body provided in request {{(pid=110437) get_body /opt/stack/cinder/cinder/api/openstack/wsgi.py:715}}
Mar 10 06:18:58.203809 dv-cinder-804735-28-smb devstack@c-api.service[110437]: DEBUG cinder.api.openstack.wsgi [None req-c9161ae4-8269-46ce-a48b-ee0ad7910b1a tempest-VolumeRetypeWithoutMigrationTest-2057209802 tempest-VolumeRetypeWithoutMigrationTest-2057209802-project] Calling method 'show' {{(pid=110437) _process_stack /opt/stack/cinder/cinder/api/openstack/wsgi.py:868}}
Mar 10 06:18:58.205348 dv-cinder-804735-28-smb devstack@c-api.service[110436]: INFO cinder.api.openstack.wsgi [None req-ec9ebe2a-d0d9-42d7-a9e9-e436370e3045 tempest-VolumesServicesTestJSON-524572786 tempest-VolumesServicesTestJSON-524572786-project] GET http://10.222.0.18/volume/v3/0dcb4fdaa98148f7a5b4d940de211db9/volumes/5a750f19-5cf9-47ca-b870-0bb1a1ff5d7e
Mar 10 06:18:58.205848 dv-cinder-804735-28-smb devstack@c-api.service[110436]: DEBUG cinder.api.openstack.wsgi [None req-ec9ebe2a-d0d9-42d7-a9e9-e436370e3045 tempest-VolumesServicesTestJSON-524572786 tempest-VolumesServicesTestJSON-524572786-project] Empty body provided in request {{(pid=110436) get_body /opt/stack/cinder/cinder/api/openstack/wsgi.py:715}}
Mar 10 06:18:58.206292 dv-cinder-804735-28-smb devstack@c-api.service[110436]: DEBUG cinder.api.openstack.wsgi [None req-ec9ebe2a-d0d9-42d7-a9e9-e436370e3045 tempest-VolumesServicesTestJSON-524572786 tempest-VolumesServicesTestJSON-524572786-project] Calling method 'show' {{(pid=110436) _process_stack /opt/stack/cinder/cinder/api/openstack/wsgi.py:868}}
Mar 10 06:18:58.224456 dv-cinder-804735-28-smb devstack@c-api.service[110436]: /usr/local/lib/python3.8/dist-packages/oslo_context/context.py:100: DeprecationWarning: Policy enforcement is depending on the value of is_admin. This key is deprecated. Please update your policy file to use the standard policy values.
Mar 10 06:18:58.224456 dv-cinder-804735-28-smb devstack@c-api.service[110436]: warnings.warn('Policy enforcement is depending on the value of '
Mar 10 06:18:58.229089 dv-cinder-804735-28-smb devstack@c-api.service[110437]: /usr/local/lib/python3.8/dist-packages/oslo_context/context.py:100: DeprecationWarning: Policy enforcement is depending on the value of is_admin. This key is deprecated. Please update your policy file to use the standard policy values.
Mar 10 06:18:58.229089 dv-cinder-804735-28-smb devstack@c-api.service[110437]: warnings.warn('Policy enforcement is depending on the value of '
Mar 10 06:18:58.233866 dv-cinder-804735-28-smb devstack@c-api.service[110436]: INFO cinder.volume.api [None req-ec9ebe2a-d0d9-42d7-a9e9-e436370e3045 tempest-VolumesServicesTestJSON-524572786 tempest-VolumesServicesTestJSON-524572786-project] Volume info retrieved successfully.
Mar 10 06:18:58.244461 dv-cinder-804735-28-smb devstack@c-api.service[110436]: INFO cinder.api.openstack.wsgi [None req-ec9ebe2a-d0d9-42d7-a9e9-e436370e3045 tempest-VolumesServicesTestJSON-524572786 tempest-VolumesServicesTestJSON-524572786-project] http://10.222.0.18/volume/v3/0dcb4fdaa98148f7a5b4d940de211db9/volumes/5a750f19-5cf9-47ca-b870-0bb1a1ff5d7e returned with HTTP 200
Mar 10 06:18:58.245619 dv-cinder-804735-28-smb devstack@c-api.service[110436]: [pid: 110436|app: 0|req: 92/179] 10.222.0.18 () {58 vars in 1324 bytes} [Thu Mar 10 06:18:58 2022] GET /volume/v3/0dcb4fdaa98148f7a5b4d940de211db9/volumes/5a750f19-5cf9-47ca-b870-0bb1a1ff5d7e => generated 915 bytes in 50 msecs (HTTP/1.1 200) 7 headers in 285 bytes (1 switches on core 0)
Mar 10 06:18:58.245735 dv-cinder-804735-28-smb devstack@c-api.service[110437]: INFO cinder.volume.api [None req-c9161ae4-8269-46ce-a48b-ee0ad7910b1a tempest-VolumeRetypeWithoutMigrationTest-2057209802 tempest-VolumeRetypeWithoutMigrationTest-2057209802-project] Volume info retrieved successfully.
Mar 10 06:18:58.255407 dv-cinder-804735-28-smb devstack@c-api.service[110437]: INFO cinder.api.openstack.wsgi [None req-c9161ae4-8269-46ce-a48b-ee0ad7910b1a tempest-VolumeRetypeWithoutMigrationTest-2057209802 tempest-VolumeRetypeWithoutMigrationTest-2057209802-project] http://10.222.0.18/volume/v3/54489bca198948c392bbc3c3f2ba3216/volumes/72141147-3ef8-4a68-a9bd-18f7590a3bde returned with HTTP 200
Mar 10 06:18:58.256810 dv-cinder-804735-28-smb devstack@c-api.service[110437]: [pid: 110437|app: 0|req: 88/180] 10.222.0.18 () {58 vars in 1324 bytes} [Thu Mar 10 06:18:58 2022] GET /volume/v3/54489bca198948c392bbc3c3f2ba3216/volumes/72141147-3ef8-4a68-a9bd-18f7590a3bde => generated 926 bytes in 59 msecs (HTTP/1.1 200) 7 headers in 285 bytes (1 switches on core 0)
Mar 10 06:18:58.625996 dv-cinder-804735-28-smb devstack@c-api.service[110436]: DEBUG cinder.api.middleware.request_id [None req-bff9f632-b6eb-46de-8fcd-3126eec049e9 None None] RequestId filter calling following filter/app {{(pid=110436) _context_setter /opt/stack/cinder/cinder/api/middleware/request_id.py:62}}
Mar 10 06:18:58.629818 dv-cinder-804735-28-smb devstack@c-api.service[110436]: INFO cinder.api.openstack.wsgi [None req-bff9f632-b6eb-46de-8fcd-3126eec049e9 tempest-VolumesTestJSON-1319528196 tempest-VolumesTestJSON-1319528196-project] GET http://10.222.0.18/volume/v3/d41472a3fcd6498aa5561eac0dce09ef/volumes/d2307992-ace3-457d-ba60-21de0f05cfd0
Mar 10 06:18:58.630337 dv-cinder-804735-28-smb devstack@c-api.service[110436]: DEBUG cinder.api.openstack.wsgi [None req-bff9f632-b6eb-46de-8fcd-3126eec049e9 tempest-VolumesTestJSON-1319528196 tempest-VolumesTestJSON-1319528196-project] Empty body provided in request {{(pid=110436) get_body /opt/stack/cinder/cinder/api/openstack/wsgi.py:715}}
Mar 10 06:18:58.630855 dv-cinder-804735-28-smb devstack@c-api.service[110436]: DEBUG cinder.api.openstack.wsgi [None req-bff9f632-b6eb-46de-8fcd-3126eec049e9 tempest-VolumesTestJSON-1319528196 tempest-VolumesTestJSON-1319528196-project] Calling method 'show' {{(pid=110436) _process_stack /opt/stack/cinder/cinder/api/openstack/wsgi.py:868}}
Mar 10 06:18:58.641999 dv-cinder-804735-28-smb devstack@c-api.service[110436]: INFO cinder.api.openstack.wsgi [None req-bff9f632-b6eb-46de-8fcd-3126eec049e9 tempest-VolumesTestJSON-1319528196 tempest-VolumesTestJSON-1319528196-project] http://10.222.0.18/volume/v3/d41472a3fcd6498aa5561eac0dce09ef/volumes/d2307992-ace3-457d-ba60-21de0f05cfd0 returned with HTTP 404
Mar 10 06:18:58.642917 dv-cinder-804735-28-smb devstack@c-api.service[110436]: [pid: 110436|app: 0|req: 93/181] 10.222.0.18 () {58 vars in 1324 bytes} [Thu Mar 10 06:18:58 2022] GET /volume/v3/d41472a3fcd6498aa5561eac0dce09ef/volumes/d2307992-ace3-457d-ba60-21de0f05cfd0 => generated 109 bytes in 19 msecs (HTTP/1.1 404) 7 headers in 292 bytes (1 switches on core 0)
Mar 10 06:18:58.647411 dv-cinder-804735-28-smb devstack@c-api.service[110437]: DEBUG cinder.api.middleware.request_id [None req-254184e2-67af-4e45-ab93-42f7ed6a6994 None None] RequestId filter calling following filter/app {{(pid=110437) _context_setter /opt/stack/cinder/cinder/api/middleware/request_id.py:62}}
Mar 10 06:18:58.651071 dv-cinder-804735-28-smb devstack@c-api.service[110437]: INFO cinder.api.openstack.wsgi [None req-254184e2-67af-4e45-ab93-42f7ed6a6994 tempest-VolumesTestJSON-1319528196 tempest-VolumesTestJSON-1319528196-project] DELETE http://10.222.0.18/volume/v3/d41472a3fcd6498aa5561eac0dce09ef/volumes/1b8b5bea-1b97-46af-a80f-eef8b0164d66
Mar 10 06:18:58.651553 dv-cinder-804735-28-smb devstack@c-api.service[110437]: DEBUG cinder.api.openstack.wsgi [None req-254184e2-67af-4e45-ab93-42f7ed6a6994 tempest-VolumesTestJSON-1319528196 tempest-VolumesTestJSON-1319528196-project] Empty body provided in request {{(pid=110437) get_body /opt/stack/cinder/cinder/api/openstack/wsgi.py:715}}
Mar 10 06:18:58.652019 dv-cinder-804735-28-smb devstack@c-api.service[110437]: DEBUG cinder.api.openstack.wsgi [None req-254184e2-67af-4e45-ab93-42f7ed6a6994 tempest-VolumesTestJSON-1319528196 tempest-VolumesTestJSON-1319528196-project] Calling method 'delete' {{(pid=110437) _process_stack /opt/stack/cinder/cinder/api/openstack/wsgi.py:868}}
Mar 10 06:18:58.652435 dv-cinder-804735-28-smb devstack@c-api.service[110437]: INFO cinder.api.v3.volumes [None req-254184e2-67af-4e45-ab93-42f7ed6a6994 tempest-VolumesTestJSON-1319528196 tempest-VolumesTestJSON-1319528196-project] Delete volume with id: 1b8b5bea-1b97-46af-a80f-eef8b0164d66
Mar 10 06:18:58.665856 dv-cinder-804735-28-smb devstack@c-api.service[110437]: /usr/local/lib/python3.8/dist-packages/oslo_context/context.py:100: DeprecationWarning: Policy enforcement is depending on the value of is_admin. This key is deprecated. Please update your policy file to use the standard policy values.
Mar 10 06:18:58.665856 dv-cinder-804735-28-smb devstack@c-api.service[110437]: warnings.warn('Policy enforcement is depending on the value of '
Mar 10 06:18:58.666851 dv-cinder-804735-28-smb devstack@c-api.service[110437]: INFO cinder.volume.api [None req-254184e2-67af-4e45-ab93-42f7ed6a6994 tempest-VolumesTestJSON-1319528196 tempest-VolumesTestJSON-1319528196-project] Volume info retrieved successfully.
Mar 10 06:18:58.907013 dv-cinder-804735-28-smb devstack@c-api.service[110436]: DEBUG cinder.api.middleware.request_id [None req-ddfd7f9d-ef9a-489c-b041-58a9e73a1261 None None] RequestId filter calling following filter/app {{(pid=110436) _context_setter /opt/stack/cinder/cinder/api/middleware/request_id.py:62}}
Mar 10 06:18:58.911501 dv-cinder-804735-28-smb devstack@c-api.service[110436]: INFO cinder.api.openstack.wsgi [None req-ddfd7f9d-ef9a-489c-b041-58a9e73a1261 tempest-GroupsTest-1024376420 tempest-GroupsTest-1024376420-project] GET http://10.222.0.18/volume/v3/f59758aafcfb49a382c50bc9bcc3e710/groups/74f7dd68-03e8-44a4-8167-476b54dcb4d9
Mar 10 06:18:58.912543 dv-cinder-804735-28-smb devstack@c-api.service[110436]: DEBUG cinder.api.openstack.wsgi [None req-ddfd7f9d-ef9a-489c-b041-58a9e73a1261 tempest-GroupsTest-1024376420 tempest-GroupsTest-1024376420-project] Empty body provided in request {{(pid=110436) get_body /opt/stack/cinder/cinder/api/openstack/wsgi.py:715}}
Mar 10 06:18:58.913246 dv-cinder-804735-28-smb devstack@c-api.service[110436]: DEBUG cinder.api.openstack.wsgi [None req-ddfd7f9d-ef9a-489c-b041-58a9e73a1261 tempest-GroupsTest-1024376420 tempest-GroupsTest-1024376420-project] Calling method 'version_select' {{(pid=110436) _process_stack /opt/stack/cinder/cinder/api/openstack/wsgi.py:868}}
Mar 10 06:18:58.913820 dv-cinder-804735-28-smb devstack@c-api.service[110436]: DEBUG cinder.api.v3.groups [None req-ddfd7f9d-ef9a-489c-b041-58a9e73a1261 tempest-GroupsTest-1024376420 tempest-GroupsTest-1024376420-project] show called for member 74f7dd68-03e8-44a4-8167-476b54dcb4d9 {{(pid=110436) show /opt/stack/cinder/cinder/api/v3/groups.py:58}}
Mar 10 06:18:58.920879 dv-cinder-804735-28-smb devstack@c-api.service[110436]: /usr/local/lib/python3.8/dist-packages/oslo_context/context.py:100: DeprecationWarning: Policy enforcement is depending on the value of is_admin. This key is deprecated. Please update your policy file to use the standard policy values.
Mar 10 06:18:58.920879 dv-cinder-804735-28-smb devstack@c-api.service[110436]: warnings.warn('Policy enforcement is depending on the value of '
Mar 10 06:18:58.931729 dv-cinder-804735-28-smb devstack@c-api.service[110437]: INFO cinder.volume.api [None req-254184e2-67af-4e45-ab93-42f7ed6a6994 tempest-VolumesTestJSON-1319528196 tempest-VolumesTestJSON-1319528196-project] Delete volume request issued successfully.
Mar 10 06:18:58.937234 dv-cinder-804735-28-smb devstack@c-api.service[110437]: INFO cinder.api.openstack.wsgi [None req-254184e2-67af-4e45-ab93-42f7ed6a6994 tempest-VolumesTestJSON-1319528196 tempest-VolumesTestJSON-1319528196-project] http://10.222.0.18/volume/v3/d41472a3fcd6498aa5561eac0dce09ef/volumes/1b8b5bea-1b97-46af-a80f-eef8b0164d66 returned with HTTP 202
Mar 10 06:18:58.937813 dv-cinder-804735-28-smb devstack@c-api.service[110436]: INFO cinder.api.openstack.wsgi [None req-ddfd7f9d-ef9a-489c-b041-58a9e73a1261 tempest-GroupsTest-1024376420 tempest-GroupsTest-1024376420-project] http://10.222.0.18/volume/v3/f59758aafcfb49a382c50bc9bcc3e710/groups/74f7dd68-03e8-44a4-8167-476b54dcb4d9 returned with HTTP 200
Mar 10 06:18:58.938365 dv-cinder-804735-28-smb devstack@c-api.service[110437]: [pid: 110437|app: 0|req: 89/182] 10.222.0.18 () {58 vars in 1327 bytes} [Thu Mar 10 06:18:58 2022] DELETE /volume/v3/d41472a3fcd6498aa5561eac0dce09ef/volumes/1b8b5bea-1b97-46af-a80f-eef8b0164d66 => generated 0 bytes in 292 msecs (HTTP/1.1 202) 6 headers in 233 bytes (2 switches on core 0)
Mar 10 06:18:58.947644 dv-cinder-804735-28-smb devstack@c-api.service[110436]: [pid: 110436|app: 0|req: 94/183] 10.222.0.18 () {60 vars in 1362 bytes} [Thu Mar 10 06:18:58 2022] GET /volume/v3/f59758aafcfb49a382c50bc9bcc3e710/groups/74f7dd68-03e8-44a4-8167-476b54dcb4d9 => generated 323 bytes in 37 msecs (HTTP/1.1 200) 7 headers in 286 bytes (2 switches on core 0)
Mar 10 06:18:58.947806 dv-cinder-804735-28-smb devstack@c-api.service[110437]: DEBUG cinder.api.middleware.request_id [None req-c3a6ca15-db60-4d6a-8b31-cd02f69c655f None None] RequestId filter calling following filter/app {{(pid=110437) _context_setter /opt/stack/cinder/cinder/api/middleware/request_id.py:62}}
Mar 10 06:18:58.948895 dv-cinder-804735-28-smb devstack@c-api.service[110437]: INFO cinder.api.openstack.wsgi [None req-c3a6ca15-db60-4d6a-8b31-cd02f69c655f tempest-VolumesTestJSON-1319528196 tempest-VolumesTestJSON-1319528196-project] GET http://10.222.0.18/volume/v3/d41472a3fcd6498aa5561eac0dce09ef/volumes/1b8b5bea-1b97-46af-a80f-eef8b0164d66
Mar 10 06:18:58.950080 dv-cinder-804735-28-smb devstack@c-api.service[110436]: DEBUG cinder.api.middleware.request_id [None req-35584271-169d-46f0-a301-3bd102ad4e78 None None] RequestId filter calling following filter/app {{(pid=110436) _context_setter /opt/stack/cinder/cinder/api/middleware/request_id.py:62}}
Mar 10 06:18:58.950968 dv-cinder-804735-28-smb devstack@c-api.service[110437]: DEBUG cinder.api.openstack.wsgi [None req-c3a6ca15-db60-4d6a-8b31-cd02f69c655f tempest-VolumesTestJSON-1319528196 tempest-VolumesTestJSON-1319528196-project] Empty body provided in request {{(pid=110437) get_body /opt/stack/cinder/cinder/api/openstack/wsgi.py:715}}
Mar 10 06:18:58.951600 dv-cinder-804735-28-smb devstack@c-api.service[110437]: DEBUG cinder.api.openstack.wsgi [None req-c3a6ca15-db60-4d6a-8b31-cd02f69c655f tempest-VolumesTestJSON-1319528196 tempest-VolumesTestJSON-1319528196-project] Calling method 'show' {{(pid=110437) _process_stack /opt/stack/cinder/cinder/api/openstack/wsgi.py:868}}
Mar 10 06:18:58.954868 dv-cinder-804735-28-smb devstack@c-api.service[110436]: INFO cinder.api.openstack.wsgi [None req-35584271-169d-46f0-a301-3bd102ad4e78 tempest-GroupsTest-1024376420 tempest-GroupsTest-1024376420-project] POST http://10.222.0.18/volume/v3/f59758aafcfb49a382c50bc9bcc3e710/volumes
Mar 10 06:18:58.960106 dv-cinder-804735-28-smb devstack@c-api.service[110436]: DEBUG cinder.api.openstack.wsgi [None req-35584271-169d-46f0-a301-3bd102ad4e78 tempest-GroupsTest-1024376420 tempest-GroupsTest-1024376420-project] Action: 'create', calling method: create, body: {"volume": {"name": "tempest-volume-813632648", "volume_type": "ffde5143-9fdc-4993-a3b4-83a09112dbf2", "group_id": "187c1ced-f269-4b46-9bb7-ab4eeb6314ec", "size": 1}} {{(pid=110436) _process_stack /opt/stack/cinder/cinder/api/openstack/wsgi.py:866}}
Mar 10 06:18:58.960106 dv-cinder-804735-28-smb devstack@c-api.service[110436]: DEBUG cinder.api.v3.volumes [None req-35584271-169d-46f0-a301-3bd102ad4e78 tempest-GroupsTest-1024376420 tempest-GroupsTest-1024376420-project] Create volume request body: {'volume': {'name': 'tempest-volume-813632648', 'volume_type': 'ffde5143-9fdc-4993-a3b4-83a09112dbf2', 'group_id': '187c1ced-f269-4b46-9bb7-ab4eeb6314ec', 'size': 1}} {{(pid=110436) create /opt/stack/cinder/cinder/api/v3/volumes.py:298}}
Mar 10 06:18:58.970622 dv-cinder-804735-28-smb devstack@c-api.service[110436]: /usr/local/lib/python3.8/dist-packages/oslo_context/context.py:100: DeprecationWarning: Policy enforcement is depending on the value of is_admin. This key is deprecated. Please update your policy file to use the standard policy values.
Mar 10 06:18:58.970622 dv-cinder-804735-28-smb devstack@c-api.service[110436]: warnings.warn('Policy enforcement is depending on the value of '
Mar 10 06:18:58.971863 dv-cinder-804735-28-smb devstack@c-api.service[110436]: INFO cinder.api.v3.volumes [None req-35584271-169d-46f0-a301-3bd102ad4e78 tempest-GroupsTest-1024376420 tempest-GroupsTest-1024376420-project] Create volume of 1 GB
Mar 10 06:18:58.978468 dv-cinder-804735-28-smb devstack@c-api.service[110437]: /usr/local/lib/python3.8/dist-packages/oslo_context/context.py:100: DeprecationWarning: Policy enforcement is depending on the value of is_admin. This key is deprecated. Please update your policy file to use the standard policy values.
Mar 10 06:18:58.978468 dv-cinder-804735-28-smb devstack@c-api.service[110437]: warnings.warn('Policy enforcement is depending on the value of '
Mar 10 06:18:58.985087 dv-cinder-804735-28-smb devstack@c-api.service[110436]: INFO cinder.volume.api [None req-35584271-169d-46f0-a301-3bd102ad4e78 tempest-GroupsTest-1024376420 tempest-GroupsTest-1024376420-project] Availability Zones retrieved successfully.
Mar 10 06:18:58.993805 dv-cinder-804735-28-smb devstack@c-api.service[110437]: INFO cinder.volume.api [None req-c3a6ca15-db60-4d6a-8b31-cd02f69c655f tempest-VolumesTestJSON-1319528196 tempest-VolumesTestJSON-1319528196-project] Volume info retrieved successfully.
Mar 10 06:18:59.000977 dv-cinder-804735-28-smb devstack@c-api.service[110436]: DEBUG cinder.volume.api [None req-35584271-169d-46f0-a301-3bd102ad4e78 tempest-GroupsTest-1024376420 tempest-GroupsTest-1024376420-project] Flow 'volume_create_api' (d62a9c60-e721-4850-868b-8c6bc59512c4) transitioned into state 'RUNNING' from state 'PENDING' {{(pid=110436) _flow_receiver /usr/local/lib/python3.8/dist-packages/taskflow/listeners/logging.py:141}}
Mar 10 06:18:59.003599 dv-cinder-804735-28-smb devstack@c-api.service[110436]: DEBUG cinder.volume.api [None req-35584271-169d-46f0-a301-3bd102ad4e78 tempest-GroupsTest-1024376420 tempest-GroupsTest-1024376420-project] Task 'cinder.volume.flows.api.create_volume.ExtractVolumeRequestTask;volume:create' (eb72a0dd-2a67-4a0d-b13b-d311efe6ff74) transitioned into state 'RUNNING' from state 'PENDING' {{(pid=110436) _task_receiver /usr/local/lib/python3.8/dist-packages/taskflow/listeners/logging.py:190}}
Mar 10 06:18:59.004919 dv-cinder-804735-28-smb devstack@c-api.service[110437]: INFO cinder.api.openstack.wsgi [None req-c3a6ca15-db60-4d6a-8b31-cd02f69c655f tempest-VolumesTestJSON-1319528196 tempest-VolumesTestJSON-1319528196-project] http://10.222.0.18/volume/v3/d41472a3fcd6498aa5561eac0dce09ef/volumes/1b8b5bea-1b97-46af-a80f-eef8b0164d66 returned with HTTP 200
Mar 10 06:18:59.005784 dv-cinder-804735-28-smb devstack@c-api.service[110437]: [pid: 110437|app: 0|req: 90/184] 10.222.0.18 () {58 vars in 1324 bytes} [Thu Mar 10 06:18:58 2022] GET /volume/v3/d41472a3fcd6498aa5561eac0dce09ef/volumes/1b8b5bea-1b97-46af-a80f-eef8b0164d66 => generated 920 bytes in 64 msecs (HTTP/1.1 200) 7 headers in 285 bytes (2 switches on core 0)
Mar 10 06:18:59.014712 dv-cinder-804735-28-smb devstack@c-api.service[110436]: /usr/local/lib/python3.8/dist-packages/oslo_context/context.py:100: DeprecationWarning: Policy enforcement is depending on the value of is_admin. This key is deprecated. Please update your policy file to use the standard policy values.
Mar 10 06:18:59.014712 dv-cinder-804735-28-smb devstack@c-api.service[110436]: warnings.warn('Policy enforcement is depending on the value of '
Mar 10 06:18:59.016154 dv-cinder-804735-28-smb devstack@c-api.service[110436]: DEBUG cinder.volume.flows.api.create_volume [None req-35584271-169d-46f0-a301-3bd102ad4e78 tempest-GroupsTest-1024376420 tempest-GroupsTest-1024376420-project] Validating volume size '1' using validate_int {{(pid=110436) _extract_size /opt/stack/cinder/cinder/volume/flows/api/create_volume.py:225}}
Mar 10 06:18:59.056019 dv-cinder-804735-28-smb devstack@c-api.service[110436]: DEBUG cinder.volume.api [None req-35584271-169d-46f0-a301-3bd102ad4e78 tempest-GroupsTest-1024376420 tempest-GroupsTest-1024376420-project] Task 'cinder.volume.flows.api.create_volume.ExtractVolumeRequestTask;volume:create' (eb72a0dd-2a67-4a0d-b13b-d311efe6ff74) transitioned into state 'SUCCESS' from state 'RUNNING' with result '{'size': 1, 'snapshot_id': None, 'source_volid': None, 'volume_type': VolumeType(created_at=2022-03-10T06:18:55Z,deleted=False,deleted_at=None,description=None,extra_specs={},id=ffde5143-9fdc-4993-a3b4-83a09112dbf2,is_public=True,name='tempest-GroupsTest-volume-type-1919920814',projects=[],qos_specs=,qos_specs_id=None,updated_at=None), 'volume_type_id': 'ffde5143-9fdc-4993-a3b4-83a09112dbf2', 'encryption_key_id': None, 'qos_specs': None, 'consistencygroup_id': None, 'cgsnapshot_id': None, 'group_id': '187c1ced-f269-4b46-9bb7-ab4eeb6314ec', 'replication_status': 'disabled', 'refresh_az': False, 'backup_id': None, 'multiattach': False, 'availability_zones': ['nova']}' {{(pid=110436) _task_receiver /usr/local/lib/python3.8/dist-packages/taskflow/listeners/logging.py:178}}
Mar 10 06:18:59.065404 dv-cinder-804735-28-smb devstack@c-api.service[110436]: DEBUG cinder.volume.api [None req-35584271-169d-46f0-a301-3bd102ad4e78 tempest-GroupsTest-1024376420 tempest-GroupsTest-1024376420-project] Task 'cinder.volume.flows.api.create_volume.QuotaReserveTask;volume:create' (c0baf553-8a09-4450-8816-42965f7f928e) transitioned into state 'RUNNING' from state 'PENDING' {{(pid=110436) _task_receiver /usr/local/lib/python3.8/dist-packages/taskflow/listeners/logging.py:190}}
Mar 10 06:18:59.108714 dv-cinder-804735-28-smb devstack@c-api.service[110436]: WARNING cinder.quota [None req-35584271-169d-46f0-a301-3bd102ad4e78 tempest-GroupsTest-1024376420 tempest-GroupsTest-1024376420-project] Deprecated: Default quota for resource: volumes_tempest-GroupsTest-volume-type-1919920814 is set by the default quota flag: quota_volumes_tempest-GroupsTest-volume-type-1919920814, it is now deprecated. Please use the default quota class for default quota.
Mar 10 06:18:59.109739 dv-cinder-804735-28-smb devstack@c-api.service[110436]: WARNING cinder.quota [None req-35584271-169d-46f0-a301-3bd102ad4e78 tempest-GroupsTest-1024376420 tempest-GroupsTest-1024376420-project] Deprecated: Default quota for resource: gigabytes_tempest-GroupsTest-volume-type-1919920814 is set by the default quota flag: quota_gigabytes_tempest-GroupsTest-volume-type-1919920814, it is now deprecated. Please use the default quota class for default quota.
Mar 10 06:18:59.258230 dv-cinder-804735-28-smb devstack@c-api.service[110437]: DEBUG cinder.api.middleware.request_id [None req-fea46d38-08e9-40fe-aa0b-7df3ffc1f114 None None] RequestId filter calling following filter/app {{(pid=110437) _context_setter /opt/stack/cinder/cinder/api/middleware/request_id.py:62}}
Mar 10 06:18:59.263104 dv-cinder-804735-28-smb devstack@c-api.service[110437]: INFO cinder.api.openstack.wsgi [None req-fea46d38-08e9-40fe-aa0b-7df3ffc1f114 tempest-VolumesServicesTestJSON-524572786 tempest-VolumesServicesTestJSON-524572786-project] GET http://10.222.0.18/volume/v3/0dcb4fdaa98148f7a5b4d940de211db9/volumes/5a750f19-5cf9-47ca-b870-0bb1a1ff5d7e
Mar 10 06:18:59.263542 dv-cinder-804735-28-smb devstack@c-api.service[110437]: DEBUG cinder.api.openstack.wsgi [None req-fea46d38-08e9-40fe-aa0b-7df3ffc1f114 tempest-VolumesServicesTestJSON-524572786 tempest-VolumesServicesTestJSON-524572786-project] Empty body provided in request {{(pid=110437) get_body /opt/stack/cinder/cinder/api/openstack/wsgi.py:715}}
Mar 10 06:18:59.264455 dv-cinder-804735-28-smb devstack@c-api.service[110437]: DEBUG cinder.api.openstack.wsgi [None req-fea46d38-08e9-40fe-aa0b-7df3ffc1f114 tempest-VolumesServicesTestJSON-524572786 tempest-VolumesServicesTestJSON-524572786-project] Calling method 'show' {{(pid=110437) _process_stack /opt/stack/cinder/cinder/api/openstack/wsgi.py:868}}
Mar 10 06:18:59.284058 dv-cinder-804735-28-smb devstack@c-api.service[110437]: INFO cinder.api.openstack.wsgi [None req-fea46d38-08e9-40fe-aa0b-7df3ffc1f114 tempest-VolumesServicesTestJSON-524572786 tempest-VolumesServicesTestJSON-524572786-project] http://10.222.0.18/volume/v3/0dcb4fdaa98148f7a5b4d940de211db9/volumes/5a750f19-5cf9-47ca-b870-0bb1a1ff5d7e returned with HTTP 404
Mar 10 06:18:59.285511 dv-cinder-804735-28-smb devstack@c-api.service[110437]: [pid: 110437|app: 0|req: 91/185] 10.222.0.18 () {58 vars in 1324 bytes} [Thu Mar 10 06:18:59 2022] GET /volume/v3/0dcb4fdaa98148f7a5b4d940de211db9/volumes/5a750f19-5cf9-47ca-b870-0bb1a1ff5d7e => generated 109 bytes in 28 msecs (HTTP/1.1 404) 7 headers in 292 bytes (2 switches on core 0)
Mar 10 06:18:59.287059 dv-cinder-804735-28-smb devstack@c-api.service[110437]: DEBUG cinder.api.middleware.request_id [None req-3df8ba84-6544-43c7-bf59-81b3a6a25b53 None None] RequestId filter calling following filter/app {{(pid=110437) _context_setter /opt/stack/cinder/cinder/api/middleware/request_id.py:62}}
Mar 10 06:18:59.309984 dv-cinder-804735-28-smb devstack@c-api.service[110437]: INFO cinder.api.openstack.wsgi [None req-3df8ba84-6544-43c7-bf59-81b3a6a25b53 tempest-VolumeRetypeWithoutMigrationTest-2057209802 tempest-VolumeRetypeWithoutMigrationTest-2057209802-project] GET http://10.222.0.18/volume/v3/54489bca198948c392bbc3c3f2ba3216/volumes/72141147-3ef8-4a68-a9bd-18f7590a3bde
Mar 10 06:18:59.310575 dv-cinder-804735-28-smb devstack@c-api.service[110437]: DEBUG cinder.api.openstack.wsgi [None req-3df8ba84-6544-43c7-bf59-81b3a6a25b53 tempest-VolumeRetypeWithoutMigrationTest-2057209802 tempest-VolumeRetypeWithoutMigrationTest-2057209802-project] Empty body provided in request {{(pid=110437) get_body /opt/stack/cinder/cinder/api/openstack/wsgi.py:715}}
Mar 10 06:18:59.311239 dv-cinder-804735-28-smb devstack@c-api.service[110437]: DEBUG cinder.api.openstack.wsgi [None req-3df8ba84-6544-43c7-bf59-81b3a6a25b53 tempest-VolumeRetypeWithoutMigrationTest-2057209802 tempest-VolumeRetypeWithoutMigrationTest-2057209802-project] Calling method 'show' {{(pid=110437) _process_stack /opt/stack/cinder/cinder/api/openstack/wsgi.py:868}}
Mar 10 06:18:59.346470 dv-cinder-804735-28-smb devstack@c-api.service[110437]: INFO cinder.api.openstack.wsgi [None req-3df8ba84-6544-43c7-bf59-81b3a6a25b53 tempest-VolumeRetypeWithoutMigrationTest-2057209802 tempest-VolumeRetypeWithoutMigrationTest-2057209802-project] http://10.222.0.18/volume/v3/54489bca198948c392bbc3c3f2ba3216/volumes/72141147-3ef8-4a68-a9bd-18f7590a3bde returned with HTTP 404
Mar 10 06:18:59.353124 dv-cinder-804735-28-smb devstack@c-api.service[110437]: [pid: 110437|app: 0|req: 92/186] 10.222.0.18 () {58 vars in 1324 bytes} [Thu Mar 10 06:18:59 2022] GET /volume/v3/54489bca198948c392bbc3c3f2ba3216/volumes/72141147-3ef8-4a68-a9bd-18f7590a3bde => generated 109 bytes in 67 msecs (HTTP/1.1 404) 7 headers in 292 bytes (1 switches on core 0)
Mar 10 06:18:59.356452 dv-cinder-804735-28-smb devstack@c-api.service[110437]: DEBUG cinder.api.middleware.request_id [None req-04691e09-a32a-4bb1-a202-75a3fd26c645 None None] RequestId filter calling following filter/app {{(pid=110437) _context_setter /opt/stack/cinder/cinder/api/middleware/request_id.py:62}}
Mar 10 06:18:59.361903 dv-cinder-804735-28-smb devstack@c-api.service[110437]: INFO cinder.api.openstack.wsgi [None req-04691e09-a32a-4bb1-a202-75a3fd26c645 tempest-VolumeRetypeWithoutMigrationTest-865079365 tempest-VolumeRetypeWithoutMigrationTest-865079365-project-admin] DELETE http://10.222.0.18/volume/v3/c23a6bc1540640a1ac5f537b7c70f842/types/908f1178-9361-4132-8d3e-356b3a84525f
Mar 10 06:18:59.362648 dv-cinder-804735-28-smb devstack@c-api.service[110437]: DEBUG cinder.api.openstack.wsgi [None req-04691e09-a32a-4bb1-a202-75a3fd26c645 tempest-VolumeRetypeWithoutMigrationTest-865079365 tempest-VolumeRetypeWithoutMigrationTest-865079365-project-admin] Empty body provided in request {{(pid=110437) get_body /opt/stack/cinder/cinder/api/openstack/wsgi.py:715}}
Mar 10 06:18:59.363367 dv-cinder-804735-28-smb devstack@c-api.service[110437]: DEBUG cinder.api.openstack.wsgi [None req-04691e09-a32a-4bb1-a202-75a3fd26c645 tempest-VolumeRetypeWithoutMigrationTest-865079365 tempest-VolumeRetypeWithoutMigrationTest-865079365-project-admin] Calling method '_delete' {{(pid=110437) _process_stack /opt/stack/cinder/cinder/api/openstack/wsgi.py:868}}
Mar 10 06:18:59.414196 dv-cinder-804735-28-smb devstack@c-api.service[110436]: DEBUG cinder.quota [None req-35584271-169d-46f0-a301-3bd102ad4e78 tempest-GroupsTest-1024376420 tempest-GroupsTest-1024376420-project] Created reservations ['d00ece53-6f93-4e76-ab95-f600bb9a0180', 'eabcd841-96fd-4527-994e-dc63c81914c8', '1689881e-020e-4256-abd7-8a15382a174b', '432a163b-e792-41d0-b873-2f2ba74e90b1'] {{(pid=110436) reserve /opt/stack/cinder/cinder/quota.py:755}}
Mar 10 06:18:59.416432 dv-cinder-804735-28-smb devstack@c-api.service[110436]: DEBUG cinder.volume.api [None req-35584271-169d-46f0-a301-3bd102ad4e78 tempest-GroupsTest-1024376420 tempest-GroupsTest-1024376420-project] Task 'cinder.volume.flows.api.create_volume.QuotaReserveTask;volume:create' (c0baf553-8a09-4450-8816-42965f7f928e) transitioned into state 'SUCCESS' from state 'RUNNING' with result '{'reservations': ['d00ece53-6f93-4e76-ab95-f600bb9a0180', 'eabcd841-96fd-4527-994e-dc63c81914c8', '1689881e-020e-4256-abd7-8a15382a174b', '432a163b-e792-41d0-b873-2f2ba74e90b1']}' {{(pid=110436) _task_receiver /usr/local/lib/python3.8/dist-packages/taskflow/listeners/logging.py:178}}
Mar 10 06:18:59.418708 dv-cinder-804735-28-smb devstack@c-api.service[110436]: DEBUG cinder.volume.api [None req-35584271-169d-46f0-a301-3bd102ad4e78 tempest-GroupsTest-1024376420 tempest-GroupsTest-1024376420-project] Task 'cinder.volume.flows.api.create_volume.EntryCreateTask;volume:create' (f2ea6fcd-d621-46c7-8f3f-6c1c283b45e6) transitioned into state 'RUNNING' from state 'PENDING' {{(pid=110436) _task_receiver /usr/local/lib/python3.8/dist-packages/taskflow/listeners/logging.py:190}}
Mar 10 06:18:59.543069 dv-cinder-804735-28-smb devstack@c-api.service[110436]: DEBUG cinder.volume.api [None req-35584271-169d-46f0-a301-3bd102ad4e78 tempest-GroupsTest-1024376420 tempest-GroupsTest-1024376420-project] Task 'cinder.volume.flows.api.create_volume.EntryCreateTask;volume:create' (f2ea6fcd-d621-46c7-8f3f-6c1c283b45e6) transitioned into state 'SUCCESS' from state 'RUNNING' with result '{'volume_id': 'eb99abec-88e5-4151-bfe2-97d610554034', 'volume_properties': VolumeProperties(attach_status='detached',availability_zone='nova',cgsnapshot_id=None,consistencygroup_id=None,display_description=None,display_name='tempest-volume-813632648',encryption_key_id=None,group_id=187c1ced-f269-4b46-9bb7-ab4eeb6314ec,group_type_id=,metadata={},multiattach=False,project_id='f59758aafcfb49a382c50bc9bcc3e710',qos_specs=None,replication_status=,reservations=['d00ece53-6f93-4e76-ab95-f600bb9a0180','eabcd841-96fd-4527-994e-dc63c81914c8','1689881e-020e-4256-abd7-8a15382a174b','432a163b-e792-41d0-b873-2f2ba74e90b1'],size=1,snapshot_id=None,source_replicaid=,source_volid=None,status='creating',user_id='1536eb19ab414b24800e895978f5675a',volume_type_id=ffde5143-9fdc-4993-a3b4-83a09112dbf2), 'volume': Volume(_name_id=None,admin_metadata=,attach_status='detached',availability_zone='nova',bootable=False,cluster=,cluster_name=None,consistencygroup=,consistencygroup_id=None,created_at=2022-03-10T06:18:59Z,deleted=False,deleted_at=None,display_description=None,display_name='tempest-volume-813632648',ec2_id=None,encryption_key_id=None,glance_metadata=,group=,group_id=187c1ced-f269-4b46-9bb7-ab4eeb6314ec,host=None,id=eb99abec-88e5-4151-bfe2-97d610554034,launched_at=None,metadata={},migration_status=None,multiattach=False,previous_status=None,project_id='f59758aafcfb49a382c50bc9bcc3e710',provider_auth=None,provider_geometry=None,provider_id=None,provider_location=None,replication_driver_data=None,replication_extended_status=None,replication_status=None,scheduled_at=None,service_uuid=None,shared_targets=True,size=1,snapshot_id=None,snapshots=,source_volid=None,status='creating',terminated_at=None,updated_at=None,use_quota=True,user_id='1536eb19ab414b24800e895978f5675a',volume_attachment=VolumeAttachmentList,volume_type=VolumeType(ffde5143-9fdc-4993-a3b4-83a09112dbf2),volume_type_id=ffde5143-9fdc-4993-a3b4-83a09112dbf2)}' {{(pid=110436) _task_receiver /usr/local/lib/python3.8/dist-packages/taskflow/listeners/logging.py:178}}
Mar 10 06:18:59.545446 dv-cinder-804735-28-smb devstack@c-api.service[110436]: DEBUG cinder.volume.api [None req-35584271-169d-46f0-a301-3bd102ad4e78 tempest-GroupsTest-1024376420 tempest-GroupsTest-1024376420-project] Task 'cinder.volume.flows.api.create_volume.QuotaCommitTask;volume:create' (dc8bbd88-ea17-4876-8cd9-ff6f262fcbb6) transitioned into state 'RUNNING' from state 'PENDING' {{(pid=110436) _task_receiver /usr/local/lib/python3.8/dist-packages/taskflow/listeners/logging.py:190}}
Mar 10 06:18:59.589154 dv-cinder-804735-28-smb devstack@c-api.service[110437]: INFO cinder.api.openstack.wsgi [None req-04691e09-a32a-4bb1-a202-75a3fd26c645 tempest-VolumeRetypeWithoutMigrationTest-865079365 tempest-VolumeRetypeWithoutMigrationTest-865079365-project-admin] http://10.222.0.18/volume/v3/c23a6bc1540640a1ac5f537b7c70f842/types/908f1178-9361-4132-8d3e-356b3a84525f returned with HTTP 202
Mar 10 06:18:59.590267 dv-cinder-804735-28-smb devstack@c-api.service[110437]: [pid: 110437|app: 0|req: 93/187] 10.222.0.18 () {58 vars in 1321 bytes} [Thu Mar 10 06:18:59 2022] DELETE /volume/v3/c23a6bc1540640a1ac5f537b7c70f842/types/908f1178-9361-4132-8d3e-356b3a84525f => generated 0 bytes in 236 msecs (HTTP/1.1 202) 6 headers in 233 bytes (1 switches on core 0)
Mar 10 06:18:59.591896 dv-cinder-804735-28-smb devstack@c-api.service[110437]: DEBUG cinder.api.middleware.request_id [None req-6017e79e-7d55-4000-b84f-22e8894888e4 None None] RequestId filter calling following filter/app {{(pid=110437) _context_setter /opt/stack/cinder/cinder/api/middleware/request_id.py:62}}
Mar 10 06:18:59.597532 dv-cinder-804735-28-smb devstack@c-api.service[110437]: INFO cinder.api.openstack.wsgi [None req-6017e79e-7d55-4000-b84f-22e8894888e4 tempest-DeleteServersTestJSON-1314440737 tempest-DeleteServersTestJSON-1314440737-project] POST http://10.222.0.18/volume/v3/b45e53bcc7034ef29a381bd1370afe90/volumes
Mar 10 06:18:59.598912 dv-cinder-804735-28-smb devstack@c-api.service[110437]: DEBUG cinder.api.openstack.wsgi [None req-6017e79e-7d55-4000-b84f-22e8894888e4 tempest-DeleteServersTestJSON-1314440737 tempest-DeleteServersTestJSON-1314440737-project] Action: 'create', calling method: create, body: {"volume": {"size": 1, "display_name": "tempest-DeleteServersTestJSON-volume-191266899"}} {{(pid=110437) _process_stack /opt/stack/cinder/cinder/api/openstack/wsgi.py:866}}
Mar 10 06:18:59.599944 dv-cinder-804735-28-smb devstack@c-api.service[110437]: DEBUG cinder.api.v3.volumes [None req-6017e79e-7d55-4000-b84f-22e8894888e4 tempest-DeleteServersTestJSON-1314440737 tempest-DeleteServersTestJSON-1314440737-project] Create volume request body: {'volume': {'size': 1, 'display_name': 'tempest-DeleteServersTestJSON-volume-191266899'}} {{(pid=110437) create /opt/stack/cinder/cinder/api/v3/volumes.py:298}}
Mar 10 06:18:59.600247 dv-cinder-804735-28-smb devstack@c-api.service[110437]: INFO cinder.api.v3.volumes [None req-6017e79e-7d55-4000-b84f-22e8894888e4 tempest-DeleteServersTestJSON-1314440737 tempest-DeleteServersTestJSON-1314440737-project] Create volume of 1 GB
Mar 10 06:18:59.609495 dv-cinder-804735-28-smb devstack@c-api.service[110437]: INFO cinder.volume.api [None req-6017e79e-7d55-4000-b84f-22e8894888e4 tempest-DeleteServersTestJSON-1314440737 tempest-DeleteServersTestJSON-1314440737-project] Availability Zones retrieved successfully.
Mar 10 06:18:59.628274 dv-cinder-804735-28-smb devstack@c-api.service[110437]: DEBUG cinder.volume.api [None req-6017e79e-7d55-4000-b84f-22e8894888e4 tempest-DeleteServersTestJSON-1314440737 tempest-DeleteServersTestJSON-1314440737-project] Flow 'volume_create_api' (8d969dfe-cac6-44f2-b41b-8040822de805) transitioned into state 'RUNNING' from state 'PENDING' {{(pid=110437) _flow_receiver /usr/local/lib/python3.8/dist-packages/taskflow/listeners/logging.py:141}}
Mar 10 06:18:59.630785 dv-cinder-804735-28-smb devstack@c-api.service[110437]: DEBUG cinder.volume.api [None req-6017e79e-7d55-4000-b84f-22e8894888e4 tempest-DeleteServersTestJSON-1314440737 tempest-DeleteServersTestJSON-1314440737-project] Task 'cinder.volume.flows.api.create_volume.ExtractVolumeRequestTask;volume:create' (a6237c12-7958-4d5e-8d50-5693da2325b1) transitioned into state 'RUNNING' from state 'PENDING' {{(pid=110437) _task_receiver /usr/local/lib/python3.8/dist-packages/taskflow/listeners/logging.py:190}}
Mar 10 06:18:59.633547 dv-cinder-804735-28-smb devstack@c-api.service[110437]: DEBUG cinder.volume.flows.api.create_volume [None req-6017e79e-7d55-4000-b84f-22e8894888e4 tempest-DeleteServersTestJSON-1314440737 tempest-DeleteServersTestJSON-1314440737-project] Validating volume size '1' using validate_int {{(pid=110437) _extract_size /opt/stack/cinder/cinder/volume/flows/api/create_volume.py:225}}
Mar 10 06:18:59.663787 dv-cinder-804735-28-smb devstack@c-api.service[110437]: DEBUG cinder.volume.api [None req-6017e79e-7d55-4000-b84f-22e8894888e4 tempest-DeleteServersTestJSON-1314440737 tempest-DeleteServersTestJSON-1314440737-project] Task 'cinder.volume.flows.api.create_volume.ExtractVolumeRequestTask;volume:create' (a6237c12-7958-4d5e-8d50-5693da2325b1) transitioned into state 'SUCCESS' from state 'RUNNING' with result '{'size': 1, 'snapshot_id': None, 'source_volid': None, 'volume_type': VolumeType(created_at=2022-03-10T06:02:59Z,deleted=False,deleted_at=None,description='Default Volume Type',extra_specs={},id=a71937ab-2cb0-4085-b4c6-239e4cb70444,is_public=True,name='__DEFAULT__',projects=[],qos_specs=,qos_specs_id=None,updated_at=2022-03-10T06:02:59Z), 'volume_type_id': 'a71937ab-2cb0-4085-b4c6-239e4cb70444', 'encryption_key_id': None, 'qos_specs': None, 'consistencygroup_id': None, 'cgsnapshot_id': None, 'group_id': None, 'replication_status': 'disabled', 'refresh_az': False, 'backup_id': None, 'multiattach': False, 'availability_zones': ['nova']}' {{(pid=110437) _task_receiver /usr/local/lib/python3.8/dist-packages/taskflow/listeners/logging.py:178}}
Mar 10 06:18:59.665837 dv-cinder-804735-28-smb devstack@c-api.service[110437]: DEBUG cinder.volume.api [None req-6017e79e-7d55-4000-b84f-22e8894888e4 tempest-DeleteServersTestJSON-1314440737 tempest-DeleteServersTestJSON-1314440737-project] Task 'cinder.volume.flows.api.create_volume.QuotaReserveTask;volume:create' (84a2daca-6171-41db-b1a5-cf27d029a819) transitioned into state 'RUNNING' from state 'PENDING' {{(pid=110437) _task_receiver /usr/local/lib/python3.8/dist-packages/taskflow/listeners/logging.py:190}}
Mar 10 06:18:59.750456 dv-cinder-804735-28-smb devstack@c-api.service[110436]: DEBUG cinder.volume.api [None req-35584271-169d-46f0-a301-3bd102ad4e78 tempest-GroupsTest-1024376420 tempest-GroupsTest-1024376420-project] Task 'cinder.volume.flows.api.create_volume.QuotaCommitTask;volume:create' (dc8bbd88-ea17-4876-8cd9-ff6f262fcbb6) transitioned into state 'SUCCESS' from state 'RUNNING' with result '{'volume_properties': VolumeProperties(attach_status='detached',availability_zone='nova',cgsnapshot_id=None,consistencygroup_id=None,display_description=None,display_name='tempest-volume-813632648',encryption_key_id=None,group_id=187c1ced-f269-4b46-9bb7-ab4eeb6314ec,group_type_id=,metadata={},multiattach=False,project_id='f59758aafcfb49a382c50bc9bcc3e710',qos_specs=None,replication_status=,reservations=['d00ece53-6f93-4e76-ab95-f600bb9a0180','eabcd841-96fd-4527-994e-dc63c81914c8','1689881e-020e-4256-abd7-8a15382a174b','432a163b-e792-41d0-b873-2f2ba74e90b1'],size=1,snapshot_id=None,source_replicaid=,source_volid=None,status='creating',user_id='1536eb19ab414b24800e895978f5675a',volume_type_id=ffde5143-9fdc-4993-a3b4-83a09112dbf2)}' {{(pid=110436) _task_receiver /usr/local/lib/python3.8/dist-packages/taskflow/listeners/logging.py:178}}
Mar 10 06:18:59.755800 dv-cinder-804735-28-smb devstack@c-api.service[110436]: DEBUG cinder.volume.api [None req-35584271-169d-46f0-a301-3bd102ad4e78 tempest-GroupsTest-1024376420 tempest-GroupsTest-1024376420-project] Task 'cinder.volume.flows.api.create_volume.VolumeCastTask;volume:create' (9c10d41d-bd80-487d-a1c6-97017921f581) transitioned into state 'RUNNING' from state 'PENDING' {{(pid=110436) _task_receiver /usr/local/lib/python3.8/dist-packages/taskflow/listeners/logging.py:190}}
Mar 10 06:18:59.886602 dv-cinder-804735-28-smb devstack@c-api.service[110436]: DEBUG cinder.volume.api [None req-35584271-169d-46f0-a301-3bd102ad4e78 tempest-GroupsTest-1024376420 tempest-GroupsTest-1024376420-project] Task 'cinder.volume.flows.api.create_volume.VolumeCastTask;volume:create' (9c10d41d-bd80-487d-a1c6-97017921f581) transitioned into state 'SUCCESS' from state 'RUNNING' with result 'None' {{(pid=110436) _task_receiver /usr/local/lib/python3.8/dist-packages/taskflow/listeners/logging.py:178}}
Mar 10 06:18:59.889092 dv-cinder-804735-28-smb devstack@c-api.service[110436]: DEBUG cinder.volume.api [None req-35584271-169d-46f0-a301-3bd102ad4e78 tempest-GroupsTest-1024376420 tempest-GroupsTest-1024376420-project] Flow 'volume_create_api' (d62a9c60-e721-4850-868b-8c6bc59512c4) transitioned into state 'SUCCESS' from state 'RUNNING' {{(pid=110436) _flow_receiver /usr/local/lib/python3.8/dist-packages/taskflow/listeners/logging.py:141}}
Mar 10 06:18:59.890026 dv-cinder-804735-28-smb devstack@c-api.service[110436]: INFO cinder.volume.api [None req-35584271-169d-46f0-a301-3bd102ad4e78 tempest-GroupsTest-1024376420 tempest-GroupsTest-1024376420-project] Create volume request issued successfully.
Mar 10 06:18:59.891578 dv-cinder-804735-28-smb devstack@c-api.service[110436]: WARNING stevedore.named [None req-35584271-169d-46f0-a301-3bd102ad4e78 tempest-GroupsTest-1024376420 tempest-GroupsTest-1024376420-project] Could not load cinder.keymgr.conf_key_mgr.ConfKeyManager
Mar 10 06:18:59.892053 dv-cinder-804735-28-smb devstack@c-api.service[110436]: WARNING castellan.key_manager [None req-35584271-169d-46f0-a301-3bd102ad4e78 tempest-GroupsTest-1024376420 tempest-GroupsTest-1024376420-project] Deprecation Warning : cinder.keymgr.conf_key_mgr.ConfKeyManager is not a stevedore based driver, trying to load it as a class: stevedore.exception.NoMatches: No 'castellan.drivers' driver found, looking for 'cinder.keymgr.conf_key_mgr.ConfKeyManager'
Mar 10 06:18:59.899787 dv-cinder-804735-28-smb devstack@c-api.service[110436]: DEBUG oslo_db.sqlalchemy.engines [None req-35584271-169d-46f0-a301-3bd102ad4e78 tempest-GroupsTest-1024376420 tempest-GroupsTest-1024376420-project] MySQL server mode set to STRICT_TRANS_TABLES,STRICT_ALL_TABLES,NO_ZERO_IN_DATE,NO_ZERO_DATE,ERROR_FOR_DIVISION_BY_ZERO,TRADITIONAL,NO_ENGINE_SUBSTITUTION {{(pid=110436) _check_effective_sql_mode /usr/local/lib/python3.8/dist-packages/oslo_db/sqlalchemy/engines.py:314}}
Mar 10 06:18:59.906274 dv-cinder-804735-28-smb devstack@c-api.service[110436]: /usr/local/lib/python3.8/dist-packages/oslo_context/context.py:100: DeprecationWarning: Policy enforcement is depending on the value of is_admin. This key is deprecated. Please update your policy file to use the standard policy values.
Mar 10 06:18:59.906274 dv-cinder-804735-28-smb devstack@c-api.service[110436]: warnings.warn('Policy enforcement is depending on the value of '
Mar 10 06:18:59.912292 dv-cinder-804735-28-smb devstack@c-api.service[110436]: INFO cinder.api.openstack.wsgi [None req-35584271-169d-46f0-a301-3bd102ad4e78 tempest-GroupsTest-1024376420 tempest-GroupsTest-1024376420-project] http://10.222.0.18/volume/v3/f59758aafcfb49a382c50bc9bcc3e710/volumes returned with HTTP 202
Mar 10 06:18:59.913129 dv-cinder-804735-28-smb devstack@c-api.service[110436]: [pid: 110436|app: 0|req: 95/188] 10.222.0.18 () {62 vars in 1276 bytes} [Thu Mar 10 06:18:58 2022] POST /volume/v3/f59758aafcfb49a382c50bc9bcc3e710/volumes => generated 880 bytes in 964 msecs (HTTP/1.1 202) 7 headers in 292 bytes (1 switches on core 0)
Mar 10 06:18:59.925809 dv-cinder-804735-28-smb devstack@c-api.service[110436]: DEBUG cinder.api.middleware.request_id [None req-d077ee53-c725-478d-9515-f5895de3d3b2 None None] RequestId filter calling following filter/app {{(pid=110436) _context_setter /opt/stack/cinder/cinder/api/middleware/request_id.py:62}}
Mar 10 06:18:59.925809 dv-cinder-804735-28-smb devstack@c-api.service[110436]: INFO cinder.api.openstack.wsgi [None req-d077ee53-c725-478d-9515-f5895de3d3b2 tempest-VolumeRetypeWithoutMigrationTest-865079365 tempest-VolumeRetypeWithoutMigrationTest-865079365-project-admin] GET http://10.222.0.18/volume/v3/c23a6bc1540640a1ac5f537b7c70f842/types/908f1178-9361-4132-8d3e-356b3a84525f
Mar 10 06:18:59.925809 dv-cinder-804735-28-smb devstack@c-api.service[110436]: DEBUG cinder.api.openstack.wsgi [None req-d077ee53-c725-478d-9515-f5895de3d3b2 tempest-VolumeRetypeWithoutMigrationTest-865079365 tempest-VolumeRetypeWithoutMigrationTest-865079365-project-admin] Empty body provided in request {{(pid=110436) get_body /opt/stack/cinder/cinder/api/openstack/wsgi.py:715}}
Mar 10 06:18:59.925809 dv-cinder-804735-28-smb devstack@c-api.service[110436]: DEBUG cinder.api.openstack.wsgi [None req-d077ee53-c725-478d-9515-f5895de3d3b2 tempest-VolumeRetypeWithoutMigrationTest-865079365 tempest-VolumeRetypeWithoutMigrationTest-865079365-project-admin] Calling method 'show' {{(pid=110436) _process_stack /opt/stack/cinder/cinder/api/openstack/wsgi.py:868}}
Mar 10 06:18:59.925809 dv-cinder-804735-28-smb devstack@c-api.service[110436]: INFO cinder.api.openstack.wsgi [None req-d077ee53-c725-478d-9515-f5895de3d3b2 tempest-VolumeRetypeWithoutMigrationTest-865079365 tempest-VolumeRetypeWithoutMigrationTest-865079365-project-admin] http://10.222.0.18/volume/v3/c23a6bc1540640a1ac5f537b7c70f842/types/908f1178-9361-4132-8d3e-356b3a84525f returned with HTTP 404
