Mar 01 15:59:23.565733 dv-cinder-804735-26-iscsi devstack@g-api.service[111584]: DEBUG glance_store.location [None req-6387d275-07b4-4990-a65d-58e676db94c1 admin admin] Registering scheme swift+https with {'store': , 'location_class': , 'store_entry': 'swift'} {{(pid=111584) register_scheme_map /usr/local/lib/python3.8/dist-packages/glance_store/location.py:146}}
Mar 01 15:59:23.565733 dv-cinder-804735-26-iscsi devstack@g-api.service[111584]: DEBUG glance_store.location [None req-6387d275-07b4-4990-a65d-58e676db94c1 admin admin] Registering scheme swift with {'store': , 'location_class': , 'store_entry': 'swift'} {{(pid=111584) register_scheme_map /usr/local/lib/python3.8/dist-packages/glance_store/location.py:146}}
Mar 01 15:59:23.565733 dv-cinder-804735-26-iscsi devstack@g-api.service[111584]: DEBUG glance_store.location [None req-6387d275-07b4-4990-a65d-58e676db94c1 admin admin] Registering scheme swift+https with {'store': , 'location_class': , 'store_entry': 'swift'} {{(pid=111584) register_scheme_map /usr/local/lib/python3.8/dist-packages/glance_store/location.py:146}}
Mar 01 15:59:23.565733 dv-cinder-804735-26-iscsi devstack@g-api.service[111584]: DEBUG glance_store.location [None req-6387d275-07b4-4990-a65d-58e676db94c1 admin admin] Registering scheme swift with {'store': , 'location_class': , 'store_entry': 'swift'} {{(pid=111584) register_scheme_map /usr/local/lib/python3.8/dist-packages/glance_store/location.py:146}}
Mar 01 15:59:23.565993 dv-cinder-804735-26-iscsi devstack@g-api.service[111584]: DEBUG glance_store.location [None req-6387d275-07b4-4990-a65d-58e676db94c1 admin admin] Registering scheme swift+http with {'store': , 'location_class': , 'store_entry': 'swift'} {{(pid=111584) register_scheme_map /usr/local/lib/python3.8/dist-packages/glance_store/location.py:146}}
Mar 01 15:59:23.565993 dv-cinder-804735-26-iscsi devstack@g-api.service[111584]: DEBUG glance_store.location [None req-6387d275-07b4-4990-a65d-58e676db94c1 admin admin] Registering scheme swift+https with {'store': , 'location_class': , 'store_entry': 'swift'} {{(pid=111584) register_scheme_map /usr/local/lib/python3.8/dist-packages/glance_store/location.py:146}}
Mar 01 15:59:23.565993 dv-cinder-804735-26-iscsi devstack@g-api.service[111584]: DEBUG glance_store.location [None req-6387d275-07b4-4990-a65d-58e676db94c1 admin admin] Registering scheme swift with {'store': , 'location_class': , 'store_entry': 'swift'} {{(pid=111584) register_scheme_map /usr/local/lib/python3.8/dist-packages/glance_store/location.py:146}}
Mar 01 15:59:23.565993 dv-cinder-804735-26-iscsi devstack@g-api.service[111584]: DEBUG glance_store.location [None req-6387d275-07b4-4990-a65d-58e676db94c1 admin admin] Registering scheme swift+http with {'store': , 'location_class': , 'store_entry': 'swift'} {{(pid=111584) register_scheme_map /usr/local/lib/python3.8/dist-packages/glance_store/location.py:146}}
Mar 01 15:59:23.566281 dv-cinder-804735-26-iscsi devstack@g-api.service[111584]: DEBUG glance_store.location [None req-6387d275-07b4-4990-a65d-58e676db94c1 admin admin] Registering scheme swift+config with {'store': , 'location_class': , 'store_entry': 'swift'} {{(pid=111584) register_scheme_map /usr/local/lib/python3.8/dist-packages/glance_store/location.py:146}}
Mar 01 15:59:24.001596 dv-cinder-804735-26-iscsi devstack@g-api.service[111584]: INFO swiftclient [None req-6387d275-07b4-4990-a65d-58e676db94c1 admin admin] REQ: curl -i http://10.222.0.36:8080/v1/AUTH_041bfa492b404b479da91cc2ce305e06/glance -I -H "X-Auth-Token: gAAAAABiHkLbRNml..."
Mar 01 15:59:24.001836 dv-cinder-804735-26-iscsi devstack@g-api.service[111584]: INFO swiftclient [None req-6387d275-07b4-4990-a65d-58e676db94c1 admin admin] RESP STATUS: 404 Not Found
Mar 01 15:59:24.002180 dv-cinder-804735-26-iscsi devstack@g-api.service[111584]: INFO swiftclient [None req-6387d275-07b4-4990-a65d-58e676db94c1 admin admin] RESP HEADERS: {'Content-Type': 'text/html; charset=UTF-8', 'Content-Length': '0', 'X-Trans-Id': 'tx8f9b1287117a4be48925a-00621e42db', 'X-Openstack-Request-Id': 'tx8f9b1287117a4be48925a-00621e42db', 'Date': 'Tue, 01 Mar 2022 15:59:24 GMT'}
Mar 01 15:59:24.002669 dv-cinder-804735-26-iscsi devstack@g-api.service[111584]: INFO glance_store._drivers.swift.store [None req-6387d275-07b4-4990-a65d-58e676db94c1 admin admin] Creating swift container glance
Mar 01 15:59:24.332154 dv-cinder-804735-26-iscsi devstack@g-api.service[111584]: DEBUG swiftclient [None req-6387d275-07b4-4990-a65d-58e676db94c1 admin admin] REQ: curl -i http://10.222.0.36:8080/v1/AUTH_041bfa492b404b479da91cc2ce305e06/glance -X PUT -H "X-Auth-Token: gAAAAABiHkLbRNml..." -H "Content-Length: 0" {{(pid=111584) http_log /usr/local/lib/python3.8/dist-packages/swiftclient/client.py:187}}
Mar 01 15:59:24.332409 dv-cinder-804735-26-iscsi devstack@g-api.service[111584]: DEBUG swiftclient [None req-6387d275-07b4-4990-a65d-58e676db94c1 admin admin] RESP STATUS: 201 Created {{(pid=111584) http_log /usr/local/lib/python3.8/dist-packages/swiftclient/client.py:188}}
Mar 01 15:59:24.332755 dv-cinder-804735-26-iscsi devstack@g-api.service[111584]: DEBUG swiftclient [None req-6387d275-07b4-4990-a65d-58e676db94c1 admin admin] RESP HEADERS: {'Content-Type': 'text/html; charset=UTF-8', 'Content-Length': '0', 'X-Trans-Id': 'txa5ce11787177441ea6ab3-00621e42dc', 'X-Openstack-Request-Id': 'txa5ce11787177441ea6ab3-00621e42dc', 'Date': 'Tue, 01 Mar 2022 15:59:24 GMT'} {{(pid=111584) http_log /usr/local/lib/python3.8/dist-packages/swiftclient/client.py:189}}
Mar 01 15:59:24.333052 dv-cinder-804735-26-iscsi devstack@g-api.service[111584]: DEBUG glance_store._drivers.swift.store [None req-6387d275-07b4-4990-a65d-58e676db94c1 admin admin] Adding image object 'df3c294f-0ef2-43fe-9251-b6d3109c868f' to Swift {{(pid=111584) add /usr/local/lib/python3.8/dist-packages/glance_store/_drivers/swift/store.py:945}}
Mar 01 15:59:40.312499 dv-cinder-804735-26-iscsi devstack@g-api.service[111584]: DEBUG swiftclient [None req-6387d275-07b4-4990-a65d-58e676db94c1 admin admin] REQ: curl -i http://10.222.0.36:8080/v1/AUTH_041bfa492b404b479da91cc2ce305e06/glance/df3c294f-0ef2-43fe-9251-b6d3109c868f -X PUT -H "X-Auth-Token: gAAAAABiHkLbRNml..." -H "Content-Length: 645922816" {{(pid=111584) http_log /usr/local/lib/python3.8/dist-packages/swiftclient/client.py:187}}
Mar 01 15:59:40.313052 dv-cinder-804735-26-iscsi devstack@g-api.service[111584]: DEBUG swiftclient [None req-6387d275-07b4-4990-a65d-58e676db94c1 admin admin] RESP STATUS: 201 Created {{(pid=111584) http_log /usr/local/lib/python3.8/dist-packages/swiftclient/client.py:188}}
Mar 01 15:59:40.313052 dv-cinder-804735-26-iscsi devstack@g-api.service[111584]: DEBUG swiftclient [None req-6387d275-07b4-4990-a65d-58e676db94c1 admin admin] RESP HEADERS: {'Content-Type': 'text/html; charset=UTF-8', 'Content-Length': '0', 'Etag': '318f990048c8a194829e52141534610d', 'Last-Modified': 'Tue, 01 Mar 2022 15:59:25 GMT', 'X-Trans-Id': 'tx25bd1d745ad14008bd041-00621e42dc', 'X-Openstack-Request-Id': 'tx25bd1d745ad14008bd041-00621e42dc', 'Date': 'Tue, 01 Mar 2022 15:59:40 GMT'} {{(pid=111584) http_log /usr/local/lib/python3.8/dist-packages/swiftclient/client.py:189}}
Mar 01 15:59:40.313767 dv-cinder-804735-26-iscsi devstack@g-api.service[111584]: INFO glance.location [None req-6387d275-07b4-4990-a65d-58e676db94c1 admin admin] Image format matched and virtual size computed: 734003200
Mar 01 15:59:40.422645 dv-cinder-804735-26-iscsi devstack@g-api.service[111584]: DEBUG glance_store.backend [None req-6387d275-07b4-4990-a65d-58e676db94c1 admin admin] Attempting to import store swift {{(pid=111584) _load_store /usr/local/lib/python3.8/dist-packages/glance_store/backend.py:217}}
Mar 01 15:59:40.428134 dv-cinder-804735-26-iscsi devstack@g-api.service[111584]: DEBUG glance_store.capabilities [None req-6387d275-07b4-4990-a65d-58e676db94c1 admin admin] Store glance_store._drivers.swift.store.SingleTenantStore doesn't support updating dynamic storage capabilities. Please overwrite 'update_capabilities' method of the store to implement updating logics if needed. {{(pid=111584) update_capabilities /usr/local/lib/python3.8/dist-packages/glance_store/capabilities.py:91}}
Mar 01 15:59:40.428590 dv-cinder-804735-26-iscsi devstack@g-api.service[111584]: DEBUG glance_store.driver [None req-6387d275-07b4-4990-a65d-58e676db94c1 admin admin] Late loading location class glance_store._drivers.swift.store.StoreLocation {{(pid=111584) get_store_location_class /usr/local/lib/python3.8/dist-packages/glance_store/driver.py:117}}
Mar 01 15:59:40.428999 dv-cinder-804735-26-iscsi devstack@g-api.service[111584]: DEBUG glance_store.location [None req-6387d275-07b4-4990-a65d-58e676db94c1 admin admin] Registering scheme swift+https with {'store': , 'location_class': , 'store_entry': 'swift'} {{(pid=111584) register_scheme_map /usr/local/lib/python3.8/dist-packages/glance_store/location.py:146}}
Mar 01 15:59:40.429403 dv-cinder-804735-26-iscsi devstack@g-api.service[111584]: DEBUG glance_store.location [None req-6387d275-07b4-4990-a65d-58e676db94c1 admin admin] Registering scheme swift+https with {'store': , 'location_class': , 'store_entry': 'swift'} {{(pid=111584) register_scheme_map /usr/local/lib/python3.8/dist-packages/glance_store/location.py:146}}
Mar 01 15:59:40.429823 dv-cinder-804735-26-iscsi devstack@g-api.service[111584]: DEBUG glance_store.location [None req-6387d275-07b4-4990-a65d-58e676db94c1 admin admin] Registering scheme swift with {'store': , 'location_class': , 'store_entry': 'swift'} {{(pid=111584) register_scheme_map /usr/local/lib/python3.8/dist-packages/glance_store/location.py:146}}
Mar 01 15:59:40.430254 dv-cinder-804735-26-iscsi devstack@g-api.service[111584]: DEBUG glance_store.location [None req-6387d275-07b4-4990-a65d-58e676db94c1 admin admin] Registering scheme swift+https with {'store': , 'location_class': , 'store_entry': 'swift'} {{(pid=111584) register_scheme_map /usr/local/lib/python3.8/dist-packages/glance_store/location.py:146}}
Mar 01 15:59:40.430626 dv-cinder-804735-26-iscsi devstack@g-api.service[111584]: DEBUG glance_store.location [None req-6387d275-07b4-4990-a65d-58e676db94c1 admin admin] Registering scheme swift with {'store': , 'location_class': , 'store_entry': 'swift'} {{(pid=111584) register_scheme_map /usr/local/lib/python3.8/dist-packages/glance_store/location.py:146}}
Mar 01 15:59:40.430980 dv-cinder-804735-26-iscsi devstack@g-api.service[111584]: DEBUG glance_store.location [None req-6387d275-07b4-4990-a65d-58e676db94c1 admin admin] Registering scheme swift+http with {'store': , 'location_class': , 'store_entry': 'swift'} {{(pid=111584) register_scheme_map /usr/local/lib/python3.8/dist-packages/glance_store/location.py:146}}
Mar 01 15:59:40.431376 dv-cinder-804735-26-iscsi devstack@g-api.service[111584]: DEBUG glance_store.location [None req-6387d275-07b4-4990-a65d-58e676db94c1 admin admin] Registering scheme swift+https with {'store': , 'location_class': , 'store_entry': 'swift'} {{(pid=111584) register_scheme_map /usr/local/lib/python3.8/dist-packages/glance_store/location.py:146}}
Mar 01 15:59:40.431785 dv-cinder-804735-26-iscsi devstack@g-api.service[111584]: DEBUG glance_store.location [None req-6387d275-07b4-4990-a65d-58e676db94c1 admin admin] Registering scheme swift with {'store': , 'location_class': , 'store_entry': 'swift'} {{(pid=111584) register_scheme_map /usr/local/lib/python3.8/dist-packages/glance_store/location.py:146}}
Mar 01 15:59:40.432101 dv-cinder-804735-26-iscsi devstack@g-api.service[111584]: DEBUG glance_store.location [None req-6387d275-07b4-4990-a65d-58e676db94c1 admin admin] Registering scheme swift+http with {'store': , 'location_class': , 'store_entry': 'swift'} {{(pid=111584) register_scheme_map /usr/local/lib/python3.8/dist-packages/glance_store/location.py:146}}
Mar 01 15:59:40.432481 dv-cinder-804735-26-iscsi devstack@g-api.service[111584]: DEBUG glance_store.location [None req-6387d275-07b4-4990-a65d-58e676db94c1 admin admin] Registering scheme swift+config with {'store': , 'location_class': , 'store_entry': 'swift'} {{(pid=111584) register_scheme_map /usr/local/lib/python3.8/dist-packages/glance_store/location.py:146}}
Mar 01 15:59:40.432861 dv-cinder-804735-26-iscsi devstack@g-api.service[111584]: DEBUG glance_store.backend [None req-6387d275-07b4-4990-a65d-58e676db94c1 admin admin] Skipping store.set_acls... not implemented. {{(pid=111584) set_acls /usr/local/lib/python3.8/dist-packages/glance_store/backend.py:509}}
Mar 01 15:59:40.442373 dv-cinder-804735-26-iscsi devstack@g-api.service[111584]: [pid: 111584|app: 0|req: 2/4] 127.0.0.1 () {40 vars in 878 bytes} [Tue Mar 1 15:59:23 2022] PUT /v2/images/df3c294f-0ef2-43fe-9251-b6d3109c868f/file => generated 0 bytes in 17190 msecs (HTTP/1.1 204) 4 headers in 171 bytes (1 switches on core 0)
Mar 01 16:00:53.072012 dv-cinder-804735-26-iscsi devstack@g-api.service[111583]: DEBUG glance.api.middleware.version_negotiation [None req-93f2ae38-4842-42a3-8acd-744f59c6cf86 admin admin] Determining version of request: GET / Accept: application/json {{(pid=111583) process_request /opt/stack/glance/glance/api/middleware/version_negotiation.py:44}}
Mar 01 16:00:53.072627 dv-cinder-804735-26-iscsi devstack@g-api.service[111583]: DEBUG glance.api.middleware.version_negotiation [None req-93f2ae38-4842-42a3-8acd-744f59c6cf86 admin admin] Using url versioning {{(pid=111583) process_request /opt/stack/glance/glance/api/middleware/version_negotiation.py:57}}
Mar 01 16:00:53.072627 dv-cinder-804735-26-iscsi devstack@g-api.service[111583]: DEBUG glance.api.middleware.version_negotiation [None req-93f2ae38-4842-42a3-8acd-744f59c6cf86 admin admin] Unknown version. Returning version choices. {{(pid=111583) process_request /opt/stack/glance/glance/api/middleware/version_negotiation.py:64}}
Mar 01 16:00:53.074224 dv-cinder-804735-26-iscsi devstack@g-api.service[111583]: [pid: 111583|app: 0|req: 3/5] 127.0.0.1 () {34 vars in 521 bytes} [Tue Mar 1 16:00:53 2022] GET / => generated 1191 bytes in 3 msecs (HTTP/1.1 300) 3 headers in 106 bytes (1 switches on core 0)
Mar 01 16:00:53.086227 dv-cinder-804735-26-iscsi devstack@g-api.service[111584]: DEBUG glance.api.middleware.version_negotiation [None req-6387d275-07b4-4990-a65d-58e676db94c1 admin admin] Determining version of request: GET /v2/images Accept: application/json {{(pid=111584) process_request /opt/stack/glance/glance/api/middleware/version_negotiation.py:44}}
Mar 01 16:00:53.086795 dv-cinder-804735-26-iscsi devstack@g-api.service[111584]: DEBUG glance.api.middleware.version_negotiation [None req-6387d275-07b4-4990-a65d-58e676db94c1 admin admin] Using url versioning {{(pid=111584) process_request /opt/stack/glance/glance/api/middleware/version_negotiation.py:57}}
Mar 01 16:00:53.086898 dv-cinder-804735-26-iscsi devstack@g-api.service[111584]: DEBUG glance.api.middleware.version_negotiation [None req-6387d275-07b4-4990-a65d-58e676db94c1 admin admin] Matched version: v2 {{(pid=111584) process_request /opt/stack/glance/glance/api/middleware/version_negotiation.py:69}}
Mar 01 16:00:53.087130 dv-cinder-804735-26-iscsi devstack@g-api.service[111584]: DEBUG glance.api.middleware.version_negotiation [None req-6387d275-07b4-4990-a65d-58e676db94c1 admin admin] new path /v2/images {{(pid=111584) process_request /opt/stack/glance/glance/api/middleware/version_negotiation.py:70}}
Mar 01 16:00:53.210556 dv-cinder-804735-26-iscsi devstack@g-api.service[111584]: [pid: 111584|app: 0|req: 3/6] 127.0.0.1 () {36 vars in 743 bytes} [Tue Mar 1 16:00:53 2022] GET /v2/images => generated 1015 bytes in 125 msecs (HTTP/1.1 200) 4 headers in 158 bytes (1 switches on core 0)
Mar 01 16:02:43.003671 dv-cinder-804735-26-iscsi devstack@g-api.service[111583]: DEBUG glance.api.middleware.version_negotiation [None req-93f2ae38-4842-42a3-8acd-744f59c6cf86 admin admin] Determining version of request: GET /v1 Accept: application/json {{(pid=111583) process_request /opt/stack/glance/glance/api/middleware/version_negotiation.py:44}}
Mar 01 16:02:43.004119 dv-cinder-804735-26-iscsi devstack@g-api.service[111583]: DEBUG glance.api.middleware.version_negotiation [None req-93f2ae38-4842-42a3-8acd-744f59c6cf86 admin admin] Using url versioning {{(pid=111583) process_request /opt/stack/glance/glance/api/middleware/version_negotiation.py:57}}
Mar 01 16:02:43.004325 dv-cinder-804735-26-iscsi devstack@g-api.service[111583]: DEBUG glance.api.middleware.version_negotiation [None req-93f2ae38-4842-42a3-8acd-744f59c6cf86 admin admin] Unknown version. Returning version choices. {{(pid=111583) process_request /opt/stack/glance/glance/api/middleware/version_negotiation.py:64}}
Mar 01 16:02:43.005681 dv-cinder-804735-26-iscsi devstack@g-api.service[111583]: [pid: 111583|app: 0|req: 4/7] 127.0.0.1 () {38 vars in 700 bytes} [Tue Mar 1 16:02:43 2022] GET /v1 => generated 1191 bytes in 2 msecs (HTTP/1.1 300) 3 headers in 106 bytes (1 switches on core 0)
Mar 01 16:04:13.138457 dv-cinder-804735-26-iscsi devstack@g-api.service[111584]: DEBUG oslo_concurrency.lockutils [-] Acquired lock "glance-cache" {{(pid=111584) lock /usr/local/lib/python3.8/dist-packages/oslo_concurrency/lockutils.py:294}}
Mar 01 16:04:13.139089 dv-cinder-804735-26-iscsi devstack@g-api.service[111584]: DEBUG oslo_concurrency.lockutils [-] Acquired external semaphore "glance-cache" {{(pid=111584) lock /usr/local/lib/python3.8/dist-packages/oslo_concurrency/lockutils.py:302}}
Mar 01 16:04:13.139403 dv-cinder-804735-26-iscsi devstack@g-api.service[111584]: DEBUG glance.image_cache.prefetcher [-] Nothing to prefetch. {{(pid=111584) run /opt/stack/glance/glance/image_cache/prefetcher.py:79}}
Mar 01 16:04:13.139624 dv-cinder-804735-26-iscsi devstack@g-api.service[111584]: DEBUG oslo_concurrency.lockutils [-] Releasing lock "glance-cache" {{(pid=111584) lock /usr/local/lib/python3.8/dist-packages/oslo_concurrency/lockutils.py:312}}
Mar 01 16:04:13.278058 dv-cinder-804735-26-iscsi devstack@g-api.service[111583]: DEBUG oslo_concurrency.lockutils [-] Acquired lock "glance-cache" {{(pid=111583) lock /usr/local/lib/python3.8/dist-packages/oslo_concurrency/lockutils.py:294}}
Mar 01 16:04:13.278726 dv-cinder-804735-26-iscsi devstack@g-api.service[111583]: DEBUG oslo_concurrency.lockutils [-] Acquired external semaphore "glance-cache" {{(pid=111583) lock /usr/local/lib/python3.8/dist-packages/oslo_concurrency/lockutils.py:302}}
Mar 01 16:04:13.279028 dv-cinder-804735-26-iscsi devstack@g-api.service[111583]: DEBUG glance.image_cache.prefetcher [-] Nothing to prefetch. {{(pid=111583) run /opt/stack/glance/glance/image_cache/prefetcher.py:79}}
Mar 01 16:04:13.279247 dv-cinder-804735-26-iscsi devstack@g-api.service[111583]: DEBUG oslo_concurrency.lockutils [-] Releasing lock "glance-cache" {{(pid=111583) lock /usr/local/lib/python3.8/dist-packages/oslo_concurrency/lockutils.py:312}}
Mar 01 16:06:31.016421 dv-cinder-804735-26-iscsi devstack@g-api.service[111584]: DEBUG glance.api.middleware.version_negotiation [None req-560d2f10-a066-49ad-b1f3-f6e8a21bb790 admin admin] Determining version of request: GET / Accept: application/json {{(pid=111584) process_request /opt/stack/glance/glance/api/middleware/version_negotiation.py:44}}
Mar 01 16:06:31.017229 dv-cinder-804735-26-iscsi devstack@g-api.service[111584]: DEBUG glance.api.middleware.version_negotiation [None req-560d2f10-a066-49ad-b1f3-f6e8a21bb790 admin admin] Using url versioning {{(pid=111584) process_request /opt/stack/glance/glance/api/middleware/version_negotiation.py:57}}
Mar 01 16:06:31.017229 dv-cinder-804735-26-iscsi devstack@g-api.service[111584]: DEBUG glance.api.middleware.version_negotiation [None req-560d2f10-a066-49ad-b1f3-f6e8a21bb790 admin admin] Unknown version. Returning version choices. {{(pid=111584) process_request /opt/stack/glance/glance/api/middleware/version_negotiation.py:64}}
Mar 01 16:06:31.018873 dv-cinder-804735-26-iscsi devstack@g-api.service[111584]: [pid: 111584|app: 0|req: 4/8] 127.0.0.1 () {34 vars in 507 bytes} [Tue Mar 1 16:06:31 2022] GET / => generated 1191 bytes in 3 msecs (HTTP/1.1 300) 3 headers in 106 bytes (1 switches on core 0)
Mar 01 16:06:31.200602 dv-cinder-804735-26-iscsi devstack@g-api.service[111583]: DEBUG glance.api.middleware.version_negotiation [None req-93f2ae38-4842-42a3-8acd-744f59c6cf86 admin admin] Determining version of request: GET /v2/images/df3c294f-0ef2-43fe-9251-b6d3109c868f Accept: */* {{(pid=111583) process_request /opt/stack/glance/glance/api/middleware/version_negotiation.py:44}}
Mar 01 16:06:31.201098 dv-cinder-804735-26-iscsi devstack@g-api.service[111583]: DEBUG glance.api.middleware.version_negotiation [None req-93f2ae38-4842-42a3-8acd-744f59c6cf86 admin admin] Using url versioning {{(pid=111583) process_request /opt/stack/glance/glance/api/middleware/version_negotiation.py:57}}
Mar 01 16:06:31.201463 dv-cinder-804735-26-iscsi devstack@g-api.service[111583]: DEBUG glance.api.middleware.version_negotiation [None req-93f2ae38-4842-42a3-8acd-744f59c6cf86 admin admin] Matched version: v2 {{(pid=111583) process_request /opt/stack/glance/glance/api/middleware/version_negotiation.py:69}}
Mar 01 16:06:31.201950 dv-cinder-804735-26-iscsi devstack@g-api.service[111583]: DEBUG glance.api.middleware.version_negotiation [None req-93f2ae38-4842-42a3-8acd-744f59c6cf86 admin admin] new path /v2/images/df3c294f-0ef2-43fe-9251-b6d3109c868f {{(pid=111583) process_request /opt/stack/glance/glance/api/middleware/version_negotiation.py:70}}
Mar 01 16:06:31.635081 dv-cinder-804735-26-iscsi devstack@g-api.service[111583]: WARNING keystonemiddleware.auth_token [None req-93f2ae38-4842-42a3-8acd-744f59c6cf86 admin admin] A valid token was submitted as a service token, but it was not a valid service token. This is incorrect but backwards compatible behaviour. This will be removed in future releases.
Mar 01 16:06:31.716125 dv-cinder-804735-26-iscsi devstack@g-api.service[111584]: DEBUG glance.api.middleware.version_negotiation [None req-560d2f10-a066-49ad-b1f3-f6e8a21bb790 admin admin] Determining version of request: GET /v2/schemas/image Accept: */* {{(pid=111584) process_request /opt/stack/glance/glance/api/middleware/version_negotiation.py:44}}
Mar 01 16:06:31.716518 dv-cinder-804735-26-iscsi devstack@g-api.service[111583]: [pid: 111583|app: 0|req: 5/9] 127.0.0.1 () {42 vars in 1064 bytes} [Tue Mar 1 16:06:31 2022] GET /v2/images/df3c294f-0ef2-43fe-9251-b6d3109c868f => generated 946 bytes in 516 msecs (HTTP/1.1 200) 4 headers in 157 bytes (1 switches on core 0)
Mar 01 16:06:31.716696 dv-cinder-804735-26-iscsi devstack@g-api.service[111584]: DEBUG glance.api.middleware.version_negotiation [None req-560d2f10-a066-49ad-b1f3-f6e8a21bb790 admin admin] Using url versioning {{(pid=111584) process_request /opt/stack/glance/glance/api/middleware/version_negotiation.py:57}}
Mar 01 16:06:31.717213 dv-cinder-804735-26-iscsi devstack@g-api.service[111584]: DEBUG glance.api.middleware.version_negotiation [None req-560d2f10-a066-49ad-b1f3-f6e8a21bb790 admin admin] Matched version: v2 {{(pid=111584) process_request /opt/stack/glance/glance/api/middleware/version_negotiation.py:69}}
Mar 01 16:06:31.718099 dv-cinder-804735-26-iscsi devstack@g-api.service[111584]: DEBUG glance.api.middleware.version_negotiation [None req-560d2f10-a066-49ad-b1f3-f6e8a21bb790 admin admin] new path /v2/schemas/image {{(pid=111584) process_request /opt/stack/glance/glance/api/middleware/version_negotiation.py:70}}
Mar 01 16:06:31.720686 dv-cinder-804735-26-iscsi devstack@g-api.service[111584]: WARNING keystonemiddleware.auth_token [None req-560d2f10-a066-49ad-b1f3-f6e8a21bb790 admin admin] A valid token was submitted as a service token, but it was not a valid service token. This is incorrect but backwards compatible behaviour. This will be removed in future releases.
Mar 01 16:06:31.726562 dv-cinder-804735-26-iscsi devstack@g-api.service[111584]: [pid: 111584|app: 0|req: 5/10] 127.0.0.1 () {42 vars in 1004 bytes} [Tue Mar 1 16:06:31 2022] GET /v2/schemas/image => generated 6083 bytes in 11 msecs (HTTP/1.1 200) 4 headers in 158 bytes (1 switches on core 0)
Mar 01 16:06:32.143159 dv-cinder-804735-26-iscsi devstack@g-api.service[111583]: DEBUG glance.api.middleware.version_negotiation [None req-9dd0df9b-d078-413d-ae09-ffb458d96248 tempest-DeleteServersTestJSON-839564075 tempest-DeleteServersTestJSON-839564075-project] Determining version of request: GET / Accept: application/json {{(pid=111583) process_request /opt/stack/glance/glance/api/middleware/version_negotiation.py:44}}
Mar 01 16:06:32.144521 dv-cinder-804735-26-iscsi devstack@g-api.service[111583]: DEBUG glance.api.middleware.version_negotiation [None req-9dd0df9b-d078-413d-ae09-ffb458d96248 tempest-DeleteServersTestJSON-839564075 tempest-DeleteServersTestJSON-839564075-project] Using url versioning {{(pid=111583) process_request /opt/stack/glance/glance/api/middleware/version_negotiation.py:57}}
Mar 01 16:06:32.145400 dv-cinder-804735-26-iscsi devstack@g-api.service[111583]: DEBUG glance.api.middleware.version_negotiation [None req-9dd0df9b-d078-413d-ae09-ffb458d96248 tempest-DeleteServersTestJSON-839564075 tempest-DeleteServersTestJSON-839564075-project] Unknown version. Returning version choices. {{(pid=111583) process_request /opt/stack/glance/glance/api/middleware/version_negotiation.py:64}}
Mar 01 16:06:32.161347 dv-cinder-804735-26-iscsi devstack@g-api.service[111583]: [pid: 111583|app: 0|req: 6/11] 127.0.0.1 () {34 vars in 507 bytes} [Tue Mar 1 16:06:32 2022] GET / => generated 1191 bytes in 19 msecs (HTTP/1.1 300) 3 headers in 106 bytes (1 switches on core 0)
Mar 01 16:06:32.188377 dv-cinder-804735-26-iscsi devstack@g-api.service[111584]: DEBUG glance.api.middleware.version_negotiation [None req-9dd0df9b-d078-413d-ae09-ffb458d96248 tempest-DeleteServersTestJSON-839564075 tempest-DeleteServersTestJSON-839564075-project] Determining version of request: GET /v2/images/df3c294f-0ef2-43fe-9251-b6d3109c868f Accept: */* {{(pid=111584) process_request /opt/stack/glance/glance/api/middleware/version_negotiation.py:44}}
Mar 01 16:06:32.188951 dv-cinder-804735-26-iscsi devstack@g-api.service[111584]: DEBUG glance.api.middleware.version_negotiation [None req-9dd0df9b-d078-413d-ae09-ffb458d96248 tempest-DeleteServersTestJSON-839564075 tempest-DeleteServersTestJSON-839564075-project] Using url versioning {{(pid=111584) process_request /opt/stack/glance/glance/api/middleware/version_negotiation.py:57}}
Mar 01 16:06:32.189035 dv-cinder-804735-26-iscsi devstack@g-api.service[111584]: DEBUG glance.api.middleware.version_negotiation [None req-9dd0df9b-d078-413d-ae09-ffb458d96248 tempest-DeleteServersTestJSON-839564075 tempest-DeleteServersTestJSON-839564075-project] Matched version: v2 {{(pid=111584) process_request /opt/stack/glance/glance/api/middleware/version_negotiation.py:69}}
Mar 01 16:06:32.189527 dv-cinder-804735-26-iscsi devstack@g-api.service[111584]: DEBUG glance.api.middleware.version_negotiation [None req-9dd0df9b-d078-413d-ae09-ffb458d96248 tempest-DeleteServersTestJSON-839564075 tempest-DeleteServersTestJSON-839564075-project] new path /v2/images/df3c294f-0ef2-43fe-9251-b6d3109c868f {{(pid=111584) process_request /opt/stack/glance/glance/api/middleware/version_negotiation.py:70}}
Mar 01 16:06:32.231279 dv-cinder-804735-26-iscsi devstack@g-api.service[111584]: [pid: 111584|app: 0|req: 6/12] 127.0.0.1 () {42 vars in 1064 bytes} [Tue Mar 1 16:06:32 2022] GET /v2/images/df3c294f-0ef2-43fe-9251-b6d3109c868f => generated 946 bytes in 43 msecs (HTTP/1.1 200) 4 headers in 157 bytes (1 switches on core 0)
Mar 01 16:06:32.238254 dv-cinder-804735-26-iscsi devstack@g-api.service[111583]: DEBUG glance.api.middleware.version_negotiation [None req-9dd0df9b-d078-413d-ae09-ffb458d96248 tempest-DeleteServersTestJSON-839564075 tempest-DeleteServersTestJSON-839564075-project] Determining version of request: GET /v2/schemas/image Accept: */* {{(pid=111583) process_request /opt/stack/glance/glance/api/middleware/version_negotiation.py:44}}
Mar 01 16:06:32.239300 dv-cinder-804735-26-iscsi devstack@g-api.service[111583]: DEBUG glance.api.middleware.version_negotiation [None req-9dd0df9b-d078-413d-ae09-ffb458d96248 tempest-DeleteServersTestJSON-839564075 tempest-DeleteServersTestJSON-839564075-project] Using url versioning {{(pid=111583) process_request /opt/stack/glance/glance/api/middleware/version_negotiation.py:57}}
Mar 01 16:06:32.239797 dv-cinder-804735-26-iscsi devstack@g-api.service[111583]: DEBUG glance.api.middleware.version_negotiation [None req-9dd0df9b-d078-413d-ae09-ffb458d96248 tempest-DeleteServersTestJSON-839564075 tempest-DeleteServersTestJSON-839564075-project] Matched version: v2 {{(pid=111583) process_request /opt/stack/glance/glance/api/middleware/version_negotiation.py:69}}
Mar 01 16:06:32.240376 dv-cinder-804735-26-iscsi devstack@g-api.service[111583]: DEBUG glance.api.middleware.version_negotiation [None req-9dd0df9b-d078-413d-ae09-ffb458d96248 tempest-DeleteServersTestJSON-839564075 tempest-DeleteServersTestJSON-839564075-project] new path /v2/schemas/image {{(pid=111583) process_request /opt/stack/glance/glance/api/middleware/version_negotiation.py:70}}
Mar 01 16:06:32.247662 dv-cinder-804735-26-iscsi devstack@g-api.service[111583]: [pid: 111583|app: 0|req: 7/13] 127.0.0.1 () {42 vars in 1004 bytes} [Tue Mar 1 16:06:32 2022] GET /v2/schemas/image => generated 6083 bytes in 10 msecs (HTTP/1.1 200) 4 headers in 158 bytes (1 switches on core 0)
Mar 01 16:06:42.719012 dv-cinder-804735-26-iscsi devstack@g-api.service[111584]: DEBUG glance.api.middleware.version_negotiation [None req-b1bc59df-2fed-4ac5-9f88-8d19c4b59b99 tempest-AttachVolumeNegativeTest-21262647 tempest-AttachVolumeNegativeTest-21262647-project] Determining version of request: GET /v2/images/df3c294f-0ef2-43fe-9251-b6d3109c868f Accept: */* {{(pid=111584) process_request /opt/stack/glance/glance/api/middleware/version_negotiation.py:44}}
Mar 01 16:06:42.719012 dv-cinder-804735-26-iscsi devstack@g-api.service[111584]: DEBUG glance.api.middleware.version_negotiation [None req-b1bc59df-2fed-4ac5-9f88-8d19c4b59b99 tempest-AttachVolumeNegativeTest-21262647 tempest-AttachVolumeNegativeTest-21262647-project] Using url versioning {{(pid=111584) process_request /opt/stack/glance/glance/api/middleware/version_negotiation.py:57}}
Mar 01 16:06:42.719012 dv-cinder-804735-26-iscsi devstack@g-api.service[111584]: DEBUG glance.api.middleware.version_negotiation [None req-b1bc59df-2fed-4ac5-9f88-8d19c4b59b99 tempest-AttachVolumeNegativeTest-21262647 tempest-AttachVolumeNegativeTest-21262647-project] Matched version: v2 {{(pid=111584) process_request /opt/stack/glance/glance/api/middleware/version_negotiation.py:69}}
Mar 01 16:06:42.719012 dv-cinder-804735-26-iscsi devstack@g-api.service[111584]: DEBUG glance.api.middleware.version_negotiation [None req-b1bc59df-2fed-4ac5-9f88-8d19c4b59b99 tempest-AttachVolumeNegativeTest-21262647 tempest-AttachVolumeNegativeTest-21262647-project] new path /v2/images/df3c294f-0ef2-43fe-9251-b6d3109c868f {{(pid=111584) process_request /opt/stack/glance/glance/api/middleware/version_negotiation.py:70}}
Mar 01 16:06:42.793062 dv-cinder-804735-26-iscsi devstack@g-api.service[111583]: DEBUG glance.api.middleware.version_negotiation [None req-b1bc59df-2fed-4ac5-9f88-8d19c4b59b99 tempest-AttachVolumeNegativeTest-21262647 tempest-AttachVolumeNegativeTest-21262647-project] Determining version of request: GET /v2/schemas/image Accept: */* {{(pid=111583) process_request /opt/stack/glance/glance/api/middleware/version_negotiation.py:44}}
Mar 01 16:06:42.793874 dv-cinder-804735-26-iscsi devstack@g-api.service[111584]: [pid: 111584|app: 0|req: 7/14] 127.0.0.1 () {42 vars in 1064 bytes} [Tue Mar 1 16:06:42 2022] GET /v2/images/df3c294f-0ef2-43fe-9251-b6d3109c868f => generated 946 bytes in 81 msecs (HTTP/1.1 200) 4 headers in 157 bytes (1 switches on core 0)
Mar 01 16:06:42.796070 dv-cinder-804735-26-iscsi devstack@g-api.service[111583]: DEBUG glance.api.middleware.version_negotiation [None req-b1bc59df-2fed-4ac5-9f88-8d19c4b59b99 tempest-AttachVolumeNegativeTest-21262647 tempest-AttachVolumeNegativeTest-21262647-project] Using url versioning {{(pid=111583) process_request /opt/stack/glance/glance/api/middleware/version_negotiation.py:57}}
Mar 01 16:06:42.796710 dv-cinder-804735-26-iscsi devstack@g-api.service[111583]: DEBUG glance.api.middleware.version_negotiation [None req-b1bc59df-2fed-4ac5-9f88-8d19c4b59b99 tempest-AttachVolumeNegativeTest-21262647 tempest-AttachVolumeNegativeTest-21262647-project] Matched version: v2 {{(pid=111583) process_request /opt/stack/glance/glance/api/middleware/version_negotiation.py:69}}
Mar 01 16:06:42.797215 dv-cinder-804735-26-iscsi devstack@g-api.service[111583]: DEBUG glance.api.middleware.version_negotiation [None req-b1bc59df-2fed-4ac5-9f88-8d19c4b59b99 tempest-AttachVolumeNegativeTest-21262647 tempest-AttachVolumeNegativeTest-21262647-project] new path /v2/schemas/image {{(pid=111583) process_request /opt/stack/glance/glance/api/middleware/version_negotiation.py:70}}
Mar 01 16:06:42.808047 dv-cinder-804735-26-iscsi devstack@g-api.service[111583]: [pid: 111583|app: 0|req: 8/15] 127.0.0.1 () {42 vars in 1004 bytes} [Tue Mar 1 16:06:42 2022] GET /v2/schemas/image => generated 6083 bytes in 16 msecs (HTTP/1.1 200) 4 headers in 158 bytes (1 switches on core 0)
Mar 01 16:06:44.716811 dv-cinder-804735-26-iscsi devstack@g-api.service[111584]: DEBUG glance.api.middleware.version_negotiation [None req-24f9cb3f-e77e-41c2-88ac-896a00612f4a tempest-ServerRescueNegativeTestJSON-1966987808 tempest-ServerRescueNegativeTestJSON-1966987808-project] Determining version of request: GET /v2/images/df3c294f-0ef2-43fe-9251-b6d3109c868f Accept: */* {{(pid=111584) process_request /opt/stack/glance/glance/api/middleware/version_negotiation.py:44}}
Mar 01 16:06:44.717404 dv-cinder-804735-26-iscsi devstack@g-api.service[111584]: DEBUG glance.api.middleware.version_negotiation [None req-24f9cb3f-e77e-41c2-88ac-896a00612f4a tempest-ServerRescueNegativeTestJSON-1966987808 tempest-ServerRescueNegativeTestJSON-1966987808-project] Using url versioning {{(pid=111584) process_request /opt/stack/glance/glance/api/middleware/version_negotiation.py:57}}
Mar 01 16:06:44.717478 dv-cinder-804735-26-iscsi devstack@g-api.service[111584]: DEBUG glance.api.middleware.version_negotiation [None req-24f9cb3f-e77e-41c2-88ac-896a00612f4a tempest-ServerRescueNegativeTestJSON-1966987808 tempest-ServerRescueNegativeTestJSON-1966987808-project] Matched version: v2 {{(pid=111584) process_request /opt/stack/glance/glance/api/middleware/version_negotiation.py:69}}
Mar 01 16:06:44.717771 dv-cinder-804735-26-iscsi devstack@g-api.service[111584]: DEBUG glance.api.middleware.version_negotiation [None req-24f9cb3f-e77e-41c2-88ac-896a00612f4a tempest-ServerRescueNegativeTestJSON-1966987808 tempest-ServerRescueNegativeTestJSON-1966987808-project] new path /v2/images/df3c294f-0ef2-43fe-9251-b6d3109c868f {{(pid=111584) process_request /opt/stack/glance/glance/api/middleware/version_negotiation.py:70}}
Mar 01 16:06:44.752424 dv-cinder-804735-26-iscsi devstack@g-api.service[111584]: [pid: 111584|app: 0|req: 8/16] 127.0.0.1 () {42 vars in 1064 bytes} [Tue Mar 1 16:06:44 2022] GET /v2/images/df3c294f-0ef2-43fe-9251-b6d3109c868f => generated 946 bytes in 36 msecs (HTTP/1.1 200) 4 headers in 157 bytes (1 switches on core 0)
Mar 01 16:06:44.758074 dv-cinder-804735-26-iscsi devstack@g-api.service[111583]: DEBUG glance.api.middleware.version_negotiation [None req-24f9cb3f-e77e-41c2-88ac-896a00612f4a tempest-ServerRescueNegativeTestJSON-1966987808 tempest-ServerRescueNegativeTestJSON-1966987808-project] Determining version of request: GET /v2/schemas/image Accept: */* {{(pid=111583) process_request /opt/stack/glance/glance/api/middleware/version_negotiation.py:44}}
Mar 01 16:06:44.758637 dv-cinder-804735-26-iscsi devstack@g-api.service[111583]: DEBUG glance.api.middleware.version_negotiation [None req-24f9cb3f-e77e-41c2-88ac-896a00612f4a tempest-ServerRescueNegativeTestJSON-1966987808 tempest-ServerRescueNegativeTestJSON-1966987808-project] Using url versioning {{(pid=111583) process_request /opt/stack/glance/glance/api/middleware/version_negotiation.py:57}}
Mar 01 16:06:44.762086 dv-cinder-804735-26-iscsi devstack@g-api.service[111583]: DEBUG glance.api.middleware.version_negotiation [None req-24f9cb3f-e77e-41c2-88ac-896a00612f4a tempest-ServerRescueNegativeTestJSON-1966987808 tempest-ServerRescueNegativeTestJSON-1966987808-project] Matched version: v2 {{(pid=111583) process_request /opt/stack/glance/glance/api/middleware/version_negotiation.py:69}}
Mar 01 16:06:44.762086 dv-cinder-804735-26-iscsi devstack@g-api.service[111583]: DEBUG glance.api.middleware.version_negotiation [None req-24f9cb3f-e77e-41c2-88ac-896a00612f4a tempest-ServerRescueNegativeTestJSON-1966987808 tempest-ServerRescueNegativeTestJSON-1966987808-project] new path /v2/schemas/image {{(pid=111583) process_request /opt/stack/glance/glance/api/middleware/version_negotiation.py:70}}
Mar 01 16:06:44.768708 dv-cinder-804735-26-iscsi devstack@g-api.service[111583]: [pid: 111583|app: 0|req: 9/17] 127.0.0.1 () {42 vars in 1004 bytes} [Tue Mar 1 16:06:44 2022] GET /v2/schemas/image => generated 6083 bytes in 11 msecs (HTTP/1.1 200) 4 headers in 158 bytes (1 switches on core 0)
Mar 01 16:06:45.430095 dv-cinder-804735-26-iscsi devstack@g-api.service[111584]: DEBUG glance.api.middleware.version_negotiation [None req-b366ce5f-a490-4c50-91c8-76d155971751 tempest-ServerRescueNegativeTestJSON-1966987808 tempest-ServerRescueNegativeTestJSON-1966987808-project] Determining version of request: GET /v2/images/df3c294f-0ef2-43fe-9251-b6d3109c868f Accept: */* {{(pid=111584) process_request /opt/stack/glance/glance/api/middleware/version_negotiation.py:44}}
Mar 01 16:06:45.430517 dv-cinder-804735-26-iscsi devstack@g-api.service[111584]: DEBUG glance.api.middleware.version_negotiation [None req-b366ce5f-a490-4c50-91c8-76d155971751 tempest-ServerRescueNegativeTestJSON-1966987808 tempest-ServerRescueNegativeTestJSON-1966987808-project] Using url versioning {{(pid=111584) process_request /opt/stack/glance/glance/api/middleware/version_negotiation.py:57}}
Mar 01 16:06:45.430854 dv-cinder-804735-26-iscsi devstack@g-api.service[111584]: DEBUG glance.api.middleware.version_negotiation [None req-b366ce5f-a490-4c50-91c8-76d155971751 tempest-ServerRescueNegativeTestJSON-1966987808 tempest-ServerRescueNegativeTestJSON-1966987808-project] Matched version: v2 {{(pid=111584) process_request /opt/stack/glance/glance/api/middleware/version_negotiation.py:69}}
Mar 01 16:06:45.431142 dv-cinder-804735-26-iscsi devstack@g-api.service[111584]: DEBUG glance.api.middleware.version_negotiation [None req-b366ce5f-a490-4c50-91c8-76d155971751 tempest-ServerRescueNegativeTestJSON-1966987808 tempest-ServerRescueNegativeTestJSON-1966987808-project] new path /v2/images/df3c294f-0ef2-43fe-9251-b6d3109c868f {{(pid=111584) process_request /opt/stack/glance/glance/api/middleware/version_negotiation.py:70}}
Mar 01 16:06:45.481475 dv-cinder-804735-26-iscsi devstack@g-api.service[111583]: DEBUG glance.api.middleware.version_negotiation [None req-b366ce5f-a490-4c50-91c8-76d155971751 tempest-ServerRescueNegativeTestJSON-1966987808 tempest-ServerRescueNegativeTestJSON-1966987808-project] Determining version of request: GET /v2/schemas/image Accept: */* {{(pid=111583) process_request /opt/stack/glance/glance/api/middleware/version_negotiation.py:44}}
Mar 01 16:06:45.481818 dv-cinder-804735-26-iscsi devstack@g-api.service[111583]: DEBUG glance.api.middleware.version_negotiation [None req-b366ce5f-a490-4c50-91c8-76d155971751 tempest-ServerRescueNegativeTestJSON-1966987808 tempest-ServerRescueNegativeTestJSON-1966987808-project] Using url versioning {{(pid=111583) process_request /opt/stack/glance/glance/api/middleware/version_negotiation.py:57}}
Mar 01 16:06:45.482147 dv-cinder-804735-26-iscsi devstack@g-api.service[111583]: DEBUG glance.api.middleware.version_negotiation [None req-b366ce5f-a490-4c50-91c8-76d155971751 tempest-ServerRescueNegativeTestJSON-1966987808 tempest-ServerRescueNegativeTestJSON-1966987808-project] Matched version: v2 {{(pid=111583) process_request /opt/stack/glance/glance/api/middleware/version_negotiation.py:69}}
Mar 01 16:06:45.482458 dv-cinder-804735-26-iscsi devstack@g-api.service[111583]: DEBUG glance.api.middleware.version_negotiation [None req-b366ce5f-a490-4c50-91c8-76d155971751 tempest-ServerRescueNegativeTestJSON-1966987808 tempest-ServerRescueNegativeTestJSON-1966987808-project] new path /v2/schemas/image {{(pid=111583) process_request /opt/stack/glance/glance/api/middleware/version_negotiation.py:70}}
Mar 01 16:06:45.488009 dv-cinder-804735-26-iscsi devstack@g-api.service[111583]: [pid: 111583|app: 0|req: 10/18] 127.0.0.1 () {40 vars in 797 bytes} [Tue Mar 1 16:06:45 2022] GET /v2/schemas/image => generated 6083 bytes in 7 msecs (HTTP/1.1 200) 4 headers in 158 bytes (1 switches on core 0)
Mar 01 16:06:45.491207 dv-cinder-804735-26-iscsi devstack@g-api.service[111584]: [pid: 111584|app: 0|req: 9/19] 127.0.0.1 () {40 vars in 857 bytes} [Tue Mar 1 16:06:45 2022] GET /v2/images/df3c294f-0ef2-43fe-9251-b6d3109c868f => generated 946 bytes in 61 msecs (HTTP/1.1 200) 4 headers in 157 bytes (1 switches on core 0)
Mar 01 16:06:45.582900 dv-cinder-804735-26-iscsi devstack@g-api.service[111583]: DEBUG glance.api.middleware.version_negotiation [None req-b1bc59df-2fed-4ac5-9f88-8d19c4b59b99 tempest-AttachVolumeNegativeTest-21262647 tempest-AttachVolumeNegativeTest-21262647-project] Determining version of request: GET /v2/images/df3c294f-0ef2-43fe-9251-b6d3109c868f Accept: */* {{(pid=111583) process_request /opt/stack/glance/glance/api/middleware/version_negotiation.py:44}}
Mar 01 16:06:45.583243 dv-cinder-804735-26-iscsi devstack@g-api.service[111583]: DEBUG glance.api.middleware.version_negotiation [None req-b1bc59df-2fed-4ac5-9f88-8d19c4b59b99 tempest-AttachVolumeNegativeTest-21262647 tempest-AttachVolumeNegativeTest-21262647-project] Using url versioning {{(pid=111583) process_request /opt/stack/glance/glance/api/middleware/version_negotiation.py:57}}
Mar 01 16:06:45.583606 dv-cinder-804735-26-iscsi devstack@g-api.service[111583]: DEBUG glance.api.middleware.version_negotiation [None req-b1bc59df-2fed-4ac5-9f88-8d19c4b59b99 tempest-AttachVolumeNegativeTest-21262647 tempest-AttachVolumeNegativeTest-21262647-project] Matched version: v2 {{(pid=111583) process_request /opt/stack/glance/glance/api/middleware/version_negotiation.py:69}}
Mar 01 16:06:45.583908 dv-cinder-804735-26-iscsi devstack@g-api.service[111583]: DEBUG glance.api.middleware.version_negotiation [None req-b1bc59df-2fed-4ac5-9f88-8d19c4b59b99 tempest-AttachVolumeNegativeTest-21262647 tempest-AttachVolumeNegativeTest-21262647-project] new path /v2/images/df3c294f-0ef2-43fe-9251-b6d3109c868f {{(pid=111583) process_request /opt/stack/glance/glance/api/middleware/version_negotiation.py:70}}
Mar 01 16:06:45.596512 dv-cinder-804735-26-iscsi devstack@g-api.service[111584]: DEBUG glance.api.middleware.version_negotiation [None req-b1bc59df-2fed-4ac5-9f88-8d19c4b59b99 tempest-AttachVolumeNegativeTest-21262647 tempest-AttachVolumeNegativeTest-21262647-project] Determining version of request: GET /v2/images/df3c294f-0ef2-43fe-9251-b6d3109c868f Accept: */* {{(pid=111584) process_request /opt/stack/glance/glance/api/middleware/version_negotiation.py:44}}
Mar 01 16:06:45.596878 dv-cinder-804735-26-iscsi devstack@g-api.service[111584]: DEBUG glance.api.middleware.version_negotiation [None req-b1bc59df-2fed-4ac5-9f88-8d19c4b59b99 tempest-AttachVolumeNegativeTest-21262647 tempest-AttachVolumeNegativeTest-21262647-project] Using url versioning {{(pid=111584) process_request /opt/stack/glance/glance/api/middleware/version_negotiation.py:57}}
Mar 01 16:06:45.597205 dv-cinder-804735-26-iscsi devstack@g-api.service[111584]: DEBUG glance.api.middleware.version_negotiation [None req-b1bc59df-2fed-4ac5-9f88-8d19c4b59b99 tempest-AttachVolumeNegativeTest-21262647 tempest-AttachVolumeNegativeTest-21262647-project] Matched version: v2 {{(pid=111584) process_request /opt/stack/glance/glance/api/middleware/version_negotiation.py:69}}
Mar 01 16:06:45.597510 dv-cinder-804735-26-iscsi devstack@g-api.service[111584]: DEBUG glance.api.middleware.version_negotiation [None req-b1bc59df-2fed-4ac5-9f88-8d19c4b59b99 tempest-AttachVolumeNegativeTest-21262647 tempest-AttachVolumeNegativeTest-21262647-project] new path /v2/images/df3c294f-0ef2-43fe-9251-b6d3109c868f {{(pid=111584) process_request /opt/stack/glance/glance/api/middleware/version_negotiation.py:70}}
Mar 01 16:06:45.663264 dv-cinder-804735-26-iscsi devstack@g-api.service[111583]: [pid: 111583|app: 0|req: 11/20] 127.0.0.1 () {40 vars in 857 bytes} [Tue Mar 1 16:06:45 2022] GET /v2/images/df3c294f-0ef2-43fe-9251-b6d3109c868f => generated 946 bytes in 81 msecs (HTTP/1.1 200) 4 headers in 157 bytes (1 switches on core 0)
Mar 01 16:06:45.675908 dv-cinder-804735-26-iscsi devstack@g-api.service[111584]: [pid: 111584|app: 0|req: 10/21] 127.0.0.1 () {42 vars in 1064 bytes} [Tue Mar 1 16:06:45 2022] GET /v2/images/df3c294f-0ef2-43fe-9251-b6d3109c868f => generated 946 bytes in 80 msecs (HTTP/1.1 200) 4 headers in 157 bytes (1 switches on core 0)
Mar 01 16:06:45.677198 dv-cinder-804735-26-iscsi devstack@g-api.service[111584]: DEBUG glance.api.middleware.version_negotiation [None req-91f796f2-1536-4800-aeb0-a3d406ba93fd tempest-AttachVolumeTestJSON-2143012642 tempest-AttachVolumeTestJSON-2143012642-project] Determining version of request: GET /v2/images/df3c294f-0ef2-43fe-9251-b6d3109c868f/file Accept: */* {{(pid=111584) process_request /opt/stack/glance/glance/api/middleware/version_negotiation.py:44}}
Mar 01 16:06:45.678872 dv-cinder-804735-26-iscsi devstack@g-api.service[111584]: DEBUG glance.api.middleware.version_negotiation [None req-91f796f2-1536-4800-aeb0-a3d406ba93fd tempest-AttachVolumeTestJSON-2143012642 tempest-AttachVolumeTestJSON-2143012642-project] Using url versioning {{(pid=111584) process_request /opt/stack/glance/glance/api/middleware/version_negotiation.py:57}}
Mar 01 16:06:45.679935 dv-cinder-804735-26-iscsi devstack@g-api.service[111584]: DEBUG glance.api.middleware.version_negotiation [None req-91f796f2-1536-4800-aeb0-a3d406ba93fd tempest-AttachVolumeTestJSON-2143012642 tempest-AttachVolumeTestJSON-2143012642-project] Matched version: v2 {{(pid=111584) process_request /opt/stack/glance/glance/api/middleware/version_negotiation.py:69}}
Mar 01 16:06:45.680890 dv-cinder-804735-26-iscsi devstack@g-api.service[111584]: DEBUG glance.api.middleware.version_negotiation [None req-91f796f2-1536-4800-aeb0-a3d406ba93fd tempest-AttachVolumeTestJSON-2143012642 tempest-AttachVolumeTestJSON-2143012642-project] new path /v2/images/df3c294f-0ef2-43fe-9251-b6d3109c868f/file {{(pid=111584) process_request /opt/stack/glance/glance/api/middleware/version_negotiation.py:70}}
Mar 01 16:06:45.693962 dv-cinder-804735-26-iscsi devstack@g-api.service[111583]: DEBUG glance.api.middleware.version_negotiation [None req-b1bc59df-2fed-4ac5-9f88-8d19c4b59b99 tempest-AttachVolumeNegativeTest-21262647 tempest-AttachVolumeNegativeTest-21262647-project] Determining version of request: GET /v2/schemas/image Accept: */* {{(pid=111583) process_request /opt/stack/glance/glance/api/middleware/version_negotiation.py:44}}
Mar 01 16:06:45.695917 dv-cinder-804735-26-iscsi devstack@g-api.service[111583]: DEBUG glance.api.middleware.version_negotiation [None req-b1bc59df-2fed-4ac5-9f88-8d19c4b59b99 tempest-AttachVolumeNegativeTest-21262647 tempest-AttachVolumeNegativeTest-21262647-project] Using url versioning {{(pid=111583) process_request /opt/stack/glance/glance/api/middleware/version_negotiation.py:57}}
Mar 01 16:06:45.696468 dv-cinder-804735-26-iscsi devstack@g-api.service[111583]: DEBUG glance.api.middleware.version_negotiation [None req-b1bc59df-2fed-4ac5-9f88-8d19c4b59b99 tempest-AttachVolumeNegativeTest-21262647 tempest-AttachVolumeNegativeTest-21262647-project] Matched version: v2 {{(pid=111583) process_request /opt/stack/glance/glance/api/middleware/version_negotiation.py:69}}
Mar 01 16:06:45.697089 dv-cinder-804735-26-iscsi devstack@g-api.service[111583]: DEBUG glance.api.middleware.version_negotiation [None req-b1bc59df-2fed-4ac5-9f88-8d19c4b59b99 tempest-AttachVolumeNegativeTest-21262647 tempest-AttachVolumeNegativeTest-21262647-project] new path /v2/schemas/image {{(pid=111583) process_request /opt/stack/glance/glance/api/middleware/version_negotiation.py:70}}
Mar 01 16:06:45.720832 dv-cinder-804735-26-iscsi devstack@g-api.service[111584]: DEBUG glance_store.backend [None req-b1bc59df-2fed-4ac5-9f88-8d19c4b59b99 tempest-AttachVolumeNegativeTest-21262647 tempest-AttachVolumeNegativeTest-21262647-project] Attempting to import store swift {{(pid=111584) _load_store /usr/local/lib/python3.8/dist-packages/glance_store/backend.py:217}}
Mar 01 16:06:45.739295 dv-cinder-804735-26-iscsi devstack@g-api.service[111584]: DEBUG glance_store.capabilities [None req-b1bc59df-2fed-4ac5-9f88-8d19c4b59b99 tempest-AttachVolumeNegativeTest-21262647 tempest-AttachVolumeNegativeTest-21262647-project] Store glance_store._drivers.swift.store.SingleTenantStore doesn't support updating dynamic storage capabilities. Please overwrite 'update_capabilities' method of the store to implement updating logics if needed. {{(pid=111584) update_capabilities /usr/local/lib/python3.8/dist-packages/glance_store/capabilities.py:91}}
Mar 01 16:06:45.740141 dv-cinder-804735-26-iscsi devstack@g-api.service[111583]: [pid: 111583|app: 0|req: 12/22] 127.0.0.1 () {42 vars in 1004 bytes} [Tue Mar 1 16:06:45 2022] GET /v2/schemas/image => generated 6083 bytes in 52 msecs (HTTP/1.1 200) 4 headers in 158 bytes (1 switches on core 0)
